09-11 09:39:28.486  1581  1593 I ActivityManager: Start proc com.htc.demoflopackageinstaller for broadcast com.htc.demoflopackageinstaller/.PIReceiver: pid=3777 uid=10013 gids={3003, 1015}

09-11 09:39:28.806  1581  1990 I ActivityManager: Start proc ind.fem.black.xposed.mods for content provider ind.fem.black.xposed.mods/.AppSidebar.SidebarContentProvider: pid=3793 uid=10040 gids={1015, 1006}

09-11 09:39:30.118  1997  1997 W CarrierLabel: updateNetworkNameExt: mSimState = READY

09-11 09:39:30.128  1997  1997 W CarrierLabel: updateNetworkNameExt: mSimState = UNKNOWN

09-11 09:39:30.188  1581  2659 I ActivityManager: Process com.htc.bg (pid 3664) has died.

09-11 09:39:30.288  1581  1985 I ActivityManager: Process android.process.media (pid 3545) has died.

09-11 09:39:30.308  1581  1599 I ActivityManager: Start proc android.process.media for broadcast com.android.providers.drm/.DrmScannerReceiver: pid=3807 uid=10016 gids={1015, 1023, 1024, 5001, 5002, 2001, 3003, 3007}

09-11 09:39:30.638  1581  1982 I ActivityManager: Start proc com.htc.home.personalize for broadcast com.htc.home.personalize/.localresource.DownloadDelegant: pid=3823 uid=10032 gids={3003, 2001, 1015, 5001}

09-11 09:39:32.330  1581  1953 I ActivityManager: Process com.htc.demoflopackageinstaller (pid 3777) has died.

09-11 09:39:32.400  1581  2658 I ActivityManager: Start proc com.htc.syncagent for broadcast com.htc.syncagent/.svc.HTCSyncBroadcastReceiver: pid=3846 uid=10028 gids={3003}

09-11 09:39:32.860  1581  1985 I ActivityManager: Start proc com.htc.MediaCacheService for broadcast com.htc.MediaCacheService/.main.MediaCacheReceiver: pid=3861 uid=10045 gids={1015}

09-11 09:39:33.020  1581  1581 I ActivityManager: Process com.android.settings (pid 3740) has died.

09-11 09:39:33.211  1581  1787 I ActivityManager: Start proc com.htc.sdm for broadcast com.htc.sdm/.receiver.SDMReceiver: pid=3875 uid=10052 gids={3003, 2001, 1015, 5001, 5002}

09-11 09:39:33.361  2876  3170 E ActivityThread: Failed to find provider info for com.sec.badge

09-11 09:39:33.361  2876  3170 E ActivityThread: Failed to find provider info for com.sec.badge

09-11 09:39:33.711  1581  1786 I ActivityManager: Start proc com.android.settings:remote for broadcast com.android.settings/.framework.activity.powersaver.SmartSyncScreenOnOffTimeReceiver: pid=3891 uid=1000 gids={3006, 1015, 3002, 3001, 3003, 5001, 5004, 5003, 3007}

09-11 09:39:34.312  1581  1787 I ActivityManager: Process com.htc.home.personalize (pid 3823) has died.

09-11 09:39:34.912  1581  1973 I ActivityManager: Start proc com.htc.pen for broadcast com.htc.pen/.plugin.PenReceiver: pid=3910 uid=10068 gids={}

09-11 09:39:35.253  1581  1753 I ActivityManager: Process com.htc.syncagent (pid 3846) has died.

09-11 09:39:35.383  1581  1593 I ActivityManager: Start proc com.htc.task for broadcast com.htc.task/.TodoTaskReceiver: pid=3926 uid=10069 gids={}

09-11 09:39:36.133  1581  1592 I ActivityManager: Start proc com.htc.mysketcher for broadcast com.htc.mysketcher/.PenFreshedReceiver: pid=3943 uid=1003 gids={1015}

09-11 09:39:36.464  1581  1787 I ActivityManager: Process com.android.settings:remote (pid 3891) has died.

09-11 09:39:36.914  1581  1985 I ActivityManager: Process com.htc.sdm (pid 3875) has died.

09-11 09:39:37.004  1581  1593 I ActivityManager: START intent from pid 3489

09-11 09:39:37.335  1581  1982 I ActivityManager: Start proc com.devexpert.weatheradfree for broadcast com.devexpert.weatheradfree/.view.WidgetWeather2x1: pid=3960 uid=10112 gids={3003, 1015}

09-11 09:39:37.785  1581  1595 W ActivityManager: Activity pause timeout for ActivityRecord{4168bbb0 com.mdroidapps.easybackup/.EasyBackupActivity}

09-11 09:39:38.596  1581  1593 I ActivityManager: Process com.htc.mysketcher (pid 3943) has died.

09-11 09:39:40.488  1581  1752 I ActivityManager: Process com.android.htccontacts (pid 2457) has died.

09-11 09:39:46.864  1581  1974 I ActivityManager: Process com.htc.task (pid 3926) has died.

09-11 09:39:47.304  1581  1595 W ActivityManager: Launch timeout has expired, giving up wake lock!

09-11 09:39:47.364  1581  2659 I ActivityManager: Process com.htc.MediaCacheService (pid 3861) has died.

09-11 09:39:48.886  1581  1592 I ActivityManager: Start proc com.android.settings:remote for broadcast com.android.settings/.framework.activity.powersaver.SmartSynServiceReceiver: pid=3995 uid=1000 gids={3006, 1015, 3002, 3001, 3003, 5001, 5004, 5003, 3007}

09-11 09:39:49.086  1581  1593 I ActivityManager: Process com.google.android.gms.unstable (pid 3708) has died.

09-11 09:39:51.328  1581  1753 I ActivityManager: Process com.devexpert.weatheradfree (pid 3960) has died.

09-11 09:39:51.358  1581  1599 I ActivityManager: Start proc com.devexpert.weatheradfree for broadcast com.devexpert.weatheradfree/.view.WidgetWeather4x1: pid=4015 uid=10112 gids={3003, 1015}

09-11 09:39:52.620  1581  1973 I ActivityManager: Process com.android.settings:remote (pid 3995) has died.

09-11 09:39:55.422  1581  1789 I ActivityManager: Start proc com.android.settings for broadcast com.android.settings/.wifi.WifiOffloadRequest: pid=4032 uid=1000 gids={3006, 1015, 3002, 3001, 3003, 5001, 5004, 5003, 3007}

09-11 09:39:57.264  1581  1787 I ActivityManager: Start proc com.android.settings:remote for broadcast com.android.settings/.framework.activity.powersaver.SmartSynServiceReceiver: pid=4048 uid=1000 gids={3006, 1015, 3002, 3001, 3003, 5001, 5004, 5003, 3007}

09-11 09:39:57.444  1581  1786 I ActivityManager: Process com.devexpert.weatheradfree (pid 4015) has died.

09-11 09:39:57.845  1581  1581 I ActivityManager: Process com.android.settings (pid 4032) has died.

09-11 09:39:58.635  1581  1581 I ActivityManager: Start proc com.devexpert.weatheradfree for broadcast com.devexpert.weatheradfree/.view.WidgetWeather2x1: pid=4065 uid=10112 gids={3003, 1015}

09-11 09:39:59.887  1581  1752 I ActivityManager: Process com.android.settings:remote (pid 4048) has died.

09-11 09:40:00.878  1581  1990 I ActivityManager: Start proc com.htc.idlescreen.base for broadcast com.htc.idlescreen.base/.setting.UpdateShortcutReceiver: pid=4081 uid=10059 gids={3003}

09-11 09:40:02.850  1581  1753 I ActivityManager: Process com.devexpert.weatheradfree (pid 4065) has died.

09-11 09:40:02.930  1581  1788 I ActivityManager: Start proc com.devexpert.weatheradfree for broadcast com.devexpert.weatheradfree/.view.WidgetWeather2x1: pid=4097 uid=10112 gids={3003, 1015}

09-11 09:40:04.201  1581  1787 I ActivityManager: Process com.htc.idlescreen.base (pid 4081) has died.

09-11 09:40:05.392  1581  1974 I ActivityManager: Start proc com.htc.idlescreen.base for broadcast com.htc.idlescreen.base/.setting.UpdateShortcutReceiver: pid=4112 uid=10059 gids={3003}

09-11 09:40:05.712  1581  1595 W ActivityManager: Failure sending broadcast Intent { act=android.intent.action.TIME_TICK flg=0x40000014 (has extras) }

09-11 09:40:05.712  1581  1595 W ActivityManager: android.os.DeadObjectException

09-11 09:40:05.712  1581  1595 W ActivityManager: 	at android.os.BinderProxy.transact(Native Method)

09-11 09:40:05.712  1581  1595 W ActivityManager: 	at android.content.IIntentReceiver$Stub$Proxy.performReceive(IIntentReceiver.java:121)

09-11 09:40:05.712  1581  1595 W ActivityManager: 	at com.android.server.am.ActivityManagerService.performReceiveLocked(ActivityManagerService.java:13539)

09-11 09:40:05.712  1581  1595 W ActivityManager: 	at com.android.server.am.ActivityManagerService.deliverToRegisteredReceiverLocked(ActivityManagerService.java:13607)

09-11 09:40:05.712  1581  1595 W ActivityManager: 	at com.android.server.am.ActivityManagerService.processNextBroadcast(ActivityManagerService.java:13822)

09-11 09:40:05.712  1581  1595 W ActivityManager: 	at com.android.server.am.ActivityManagerService.finishReceiver(ActivityManagerService.java:13327)

09-11 09:40:05.712  1581  1595 W ActivityManager: 	at android.content.BroadcastReceiver$PendingResult.sendFinished(BroadcastReceiver.java:417)

09-11 09:40:05.712  1581  1595 W ActivityManager: 	at android.content.BroadcastReceiver$PendingResult.finish(BroadcastReceiver.java:393)

09-11 09:40:05.712  1581  1595 W ActivityManager: 	at android.app.LoadedApk$ReceiverDispatcher$Args.run(LoadedApk.java:801)

09-11 09:40:05.712  1581  1595 W ActivityManager: 	at android.os.Handler.handleCallback(Handler.java:605)

09-11 09:40:05.712  1581  1595 W ActivityManager: 	at android.os.Handler.dispatchMessage(Handler.java:92)

09-11 09:40:05.712  1581  1595 W ActivityManager: 	at android.os.Looper.loop(Looper.java:154)

09-11 09:40:05.712  1581  1595 W ActivityManager: 	at com.android.server.ServerThread.run(SystemServer.java:936)

09-11 09:40:05.712  1581  1595 W ActivityManager: 	at de.robv.android.xposed.XposedBridge.invokeOriginalMethodNative(Native Method)

09-11 09:40:05.712  1581  1595 W ActivityManager: 	at de.robv.android.xposed.XposedBridge.handleHookedMethod(XposedBridge.java:631)

09-11 09:40:05.712  1581  1595 W ActivityManager: 	at com.android.server.ServerThread.run(Native Method)

09-11 09:40:06.423  1581  1786 I ActivityManager: Process ind.fem.black.xposed.mods (pid 3793) has died.

09-11 09:40:08.145  1581  1752 I ActivityManager: Process com.devexpert.weatheradfree (pid 4097) has died.

09-11 09:40:08.345  1581  1787 I ActivityManager: Start proc com.htc.calendar for broadcast com.htc.calendar/.CalendarSettingReceiver: pid=4133 uid=10010 gids={3003, 1015, 5001, 2001}

09-11 09:40:08.855  1581  1985 I ActivityManager: Start proc com.htc.task for broadcast com.htc.task/.TodoReceiverTimeZone: pid=4150 uid=10069 gids={}

09-11 09:40:09.316  1581  1789 I ActivityManager: Process com.htc.calendar (pid 4133) has died.

09-11 09:40:09.506  1581  1592 I ActivityManager: Start proc com.htc.android.worldclock for broadcast com.htc.android.worldclock/.AlarmInitReceiver: pid=4165 uid=10092 gids={3003}

09-11 09:40:09.936  1581  1593 I ActivityManager: Start proc ind.fem.black.xposed.mods for broadcast ind.fem.black.xposed.mods/.quiethours.AlarmReceiver: pid=4180 uid=10040 gids={1015, 1006}

09-11 09:40:10.817  1581  1752 I ActivityManager: Process com.htc.idlescreen.base (pid 4112) has died.

09-11 09:40:11.158  1581  1973 I ActivityManager: Start proc com.htc.calendar for broadcast com.htc.calendar/.app.widget.CalendarAppWidgetService$CalendarFactory: pid=4199 uid=10010 gids={3003, 1015, 5001, 2001}

09-11 09:40:12.059  1581  1787 I ActivityManager: Start proc com.htc.home.personalize for broadcast com.htc.home.personalize/.olrespicker.StatusSyncer: pid=4219 uid=10032 gids={3003, 2001, 1015, 5001}

09-11 09:40:12.329  1581  1752 I ActivityManager: Process com.htc.android.worldclock (pid 4165) has died.

09-11 09:40:13.220  1581  2659 I ActivityManager: Process ind.fem.black.xposed.mods (pid 4180) has died.

09-11 09:40:13.320  1581  2658 I ActivityManager: Start proc com.android.settings for broadcast com.android.settings/.wifi.WifiOffloadRequest: pid=4237 uid=1000 gids={3006, 1015, 3002, 3001, 3003, 5001, 5004, 5003, 3007}

09-11 09:40:14.751  1581  1974 I ActivityManager: Process com.htc.calendar (pid 4199) has died.

09-11 09:40:15.442  1581  2658 I ActivityManager: Process com.htc.home.personalize (pid 4219) has died.

09-11 09:40:15.832  1581  1789 I ActivityManager: Start proc com.devexpert.weatheradfree for broadcast com.devexpert.weatheradfree/.view.WidgetWeather2x1: pid=4257 uid=10112 gids={3003, 1015}

09-11 09:40:17.073  1581  1789 I ActivityManager: Process com.android.settings (pid 4237) has died.

09-11 09:40:18.455  1581  1753 I ActivityManager: Start proc com.android.settings:remote for broadcast com.android.settings/.framework.activity.powersaver.SmartSyncScreenOnOffTimeReceiver: pid=4275 uid=1000 gids={3006, 1015, 3002, 3001, 3003, 5001, 5004, 5003, 3007}

09-11 09:40:18.485  1581  1581 I ActivityManager: Process com.htc.pen (pid 3910) has died.

09-11 09:40:18.875  1581  1953 W AlarmManager: RemoveAPPAlarmPendingIntent has no PendingIntent operation

09-11 09:40:18.875  1581  1592 W AlarmManager: RemoveAPPAlarmPendingIntent has no PendingIntent operation

09-11 09:40:18.875  1581  1789 W AlarmManager: RemoveAPPAlarmPendingIntent has no PendingIntent operation

09-11 09:40:18.875  1581  1974 W AlarmManager: RemoveAPPAlarmPendingIntent has no PendingIntent operation

09-11 09:40:18.875  1581  1982 W AlarmManager: RemoveAPPAlarmPendingIntent has no PendingIntent operation

09-11 09:40:18.875  1581  1593 W AlarmManager: RemoveAPPAlarmPendingIntent has no PendingIntent operation

09-11 09:40:18.875  1581  1990 W AlarmManager: RemoveAPPAlarmPendingIntent has no PendingIntent operation

09-11 09:40:18.875  1581  2658 W AlarmManager: RemoveAPPAlarmPendingIntent has no PendingIntent operation

09-11 09:40:19.025  1581  1593 I ActivityManager: Process com.htc.task (pid 4150) has died.

09-11 09:40:20.096  1581  1752 W AlarmManager: RemoveAPPAlarmPendingIntent has no PendingIntent operation

09-11 09:40:20.096  1581  2658 W AlarmManager: RemoveAPPAlarmPendingIntent has no PendingIntent operation

09-11 09:40:20.096  1581  1788 W AlarmManager: RemoveAPPAlarmPendingIntent has no PendingIntent operation

09-11 09:40:20.096  1581  1982 W AlarmManager: RemoveAPPAlarmPendingIntent has no PendingIntent operation

09-11 09:40:20.096  1581  1990 W AlarmManager: RemoveAPPAlarmPendingIntent has no PendingIntent operation

09-11 09:40:20.096  1581  1953 W AlarmManager: RemoveAPPAlarmPendingIntent has no PendingIntent operation

09-11 09:40:20.106  1581  1789 W AlarmManager: RemoveAPPAlarmPendingIntent has no PendingIntent operation

09-11 09:40:20.186  1581  1593 I ActivityManager: Process com.devexpert.weatheradfree (pid 4257) has died.

09-11 09:40:20.287  1581  1786 W AlarmManager: RemoveAPPAlarmPendingIntent has no PendingIntent operation

09-11 09:40:20.297  1581  2658 W AlarmManager: RemoveAPPAlarmPendingIntent has no PendingIntent operation

09-11 09:40:20.297  1581  1788 W AlarmManager: RemoveAPPAlarmPendingIntent has no PendingIntent operation

09-11 09:40:20.297  1581  1982 W AlarmManager: RemoveAPPAlarmPendingIntent has no PendingIntent operation

09-11 09:40:20.297  1581  1990 W AlarmManager: RemoveAPPAlarmPendingIntent has no PendingIntent operation

09-11 09:40:20.297  1581  1592 W AlarmManager: RemoveAPPAlarmPendingIntent has no PendingIntent operation

09-11 09:40:20.297  1581  1753 W AlarmManager: RemoveAPPAlarmPendingIntent has no PendingIntent operation

09-11 09:40:20.457  1581  1788 I ActivityManager: Start proc com.devexpert.weatheradfree for broadcast com.devexpert.weatheradfree/.view.WidgetWeather2x1: pid=4295 uid=10112 gids={3003, 1015}

09-11 09:40:20.517  1581  1990 W InputManagerService: Window already focused, ignoring focus gain of: com.android.internal.view.IInputMethodClient$Stub$Proxy@41421c80

09-11 09:40:22.218  1581  1753 W ActivityManager: Failure sending broadcast Intent { act=android.intent.action.TIME_TICK flg=0x40000014 (has extras) }

09-11 09:40:22.218  1581  1753 W ActivityManager: android.os.DeadObjectException

09-11 09:40:22.218  1581  1753 W ActivityManager: 	at android.os.BinderProxy.transact(Native Method)

09-11 09:40:22.218  1581  1753 W ActivityManager: 	at android.content.IIntentReceiver$Stub$Proxy.performReceive(IIntentReceiver.java:121)

09-11 09:40:22.218  1581  1753 W ActivityManager: 	at com.android.server.am.ActivityManagerService.performReceiveLocked(ActivityManagerService.java:13539)

09-11 09:40:22.218  1581  1753 W ActivityManager: 	at com.android.server.am.ActivityManagerService.deliverToRegisteredReceiverLocked(ActivityManagerService.java:13607)

09-11 09:40:22.218  1581  1753 W ActivityManager: 	at com.android.server.am.ActivityManagerService.processNextBroadcast(ActivityManagerService.java:13822)

09-11 09:40:22.218  1581  1753 W ActivityManager: 	at com.android.server.am.ActivityManagerService.finishReceiver(ActivityManagerService.java:13327)

09-11 09:40:22.218  1581  1753 W ActivityManager: 	at android.app.ActivityManagerNative.onTransact(ActivityManagerNative.java:336)

09-11 09:40:22.218  1581  1753 W ActivityManager: 	at com.android.server.am.ActivityManagerService.onTransact(ActivityManagerService.java:1712)

09-11 09:40:22.218  1581  1753 W ActivityManager: 	at android.os.Binder.execTransact(Binder.java:338)

09-11 09:40:22.218  1581  1753 W ActivityManager: 	at dalvik.system.NativeStart.run(Native Method)

09-11 09:40:23.360  1581  1787 I ActivityManager: Process com.android.settings:remote (pid 4275) has died.

09-11 09:40:23.810  1581  1592 I ActivityManager: Start proc com.htc.home.personalize for broadcast com.htc.home.personalize/.olrespicker.StatusSyncer: pid=4314 uid=10032 gids={3003, 2001, 1015, 5001}

09-11 09:40:24.551  1581  1595 W ActivityManager: Activity pause timeout for ActivityRecord{41473d40 com.mdroidapps.easybackup/.backuprestore.BackupActivity}

09-11 09:40:26.503  1581  1985 I ActivityManager: Process com.htc.home.personalize (pid 4314) has died.

09-11 09:40:26.623  1581  1789 I ActivityManager: Start proc com.htc.mysketcher for broadcast com.htc.mysketcher/.PenFreshedReceiver: pid=4338 uid=1003 gids={1015}

09-11 09:40:26.723  1581  1581 I ActivityManager: Start proc com.android.htccontacts for broadcast com.android.htccontacts/.NotificationRemoveBroadcastReceiver: pid=4351 uid=10003 gids={3003, 1015}

09-11 09:40:27.083  1581  1786 I ActivityManager: Process com.devexpert.weatheradfree (pid 4295) has died.

09-11 09:40:27.323  1581  1953 W ActivityManager: Duplicate finish request for ActivityRecord{4168bbb0 com.mdroidapps.easybackup/.EasyBackupActivity}

09-11 09:40:27.534  1581  1985 I ActivityManager: Start proc com.htc.idlescreen.base for broadcast com.htc.idlescreen.base/.setting.UpdateShortcutReceiver: pid=4369 uid=10059 gids={3003}

09-11 09:40:28.314  1581  1953 I ActivityManager: Process com.htc.mysketcher (pid 4338) has died.

09-11 09:40:28.555  1581  1753 I ActivityManager: Start proc com.devexpert.weatheradfree for broadcast com.devexpert.weatheradfree/.view.WidgetWeather2x1: pid=4385 uid=10112 gids={3003, 1015}

09-11 09:40:28.905  1581  1593 I InputManagerService: [unbindCurrentClientLocked] Disable input method client.

09-11 09:40:28.905  1581  1593 I InputManagerService: [startInputLocked] Enable input method client.

09-11 09:40:28.975  1581  1787 I ActivityManager: Process com.htc.idlescreen.base (pid 4369) has died.

09-11 09:40:29.786  1581  1752 I ActivityManager: Process com.android.htccontacts (pid 4351) has died.

09-11 09:40:31.427  1581  1973 I ActivityManager: Start proc com.htc.home.personalize for broadcast com.htc.home.personalize/.olrespicker.StatusSyncer: pid=4409 uid=10032 gids={3003, 2001, 1015, 5001}

09-11 09:40:31.938  1581  1753 I ActivityManager: Process com.devexpert.weatheradfree (pid 4385) has died.

09-11 09:40:32.168  1581  1617 I ActivityManager: START intent from pid 1581

09-11 09:40:32.599  1581  1617 I WindowManager: WINDOW DIED Window{413af1c0 com.mdroidapps.easybackup/com.mdroidapps.easybackup.EasyBackupActivity paused=false}

09-11 09:40:32.599  1581  1593 I ActivityManager: Process com.mdroidapps.easybackup (pid 3489) has died.

09-11 09:40:32.689  1581  1974 W WindowManager: Failed looking up window

09-11 09:40:32.689  1581  1974 W WindowManager: java.lang.IllegalArgumentException: Requested window android.os.BinderProxy@413888a8 does not exist

09-11 09:40:32.689  1581  1974 W WindowManager: 	at com.android.server.wm.WindowManagerService.windowForClientLocked(WindowManagerService.java:7487)

09-11 09:40:32.689  1581  1974 W WindowManager: 	at com.android.server.wm.WindowManagerService.windowForClientLocked(WindowManagerService.java:7478)

09-11 09:40:32.689  1581  1974 W WindowManager: 	at com.android.server.wm.WindowState$DeathRecipient.binderDied(WindowState.java:1592)

09-11 09:40:32.689  1581  1974 W WindowManager: 	at android.os.BinderProxy.sendDeathNotice(Binder.java:417)

09-11 09:40:32.689  1581  1974 W WindowManager: 	at dalvik.system.NativeStart.run(Native Method)

09-11 09:40:32.689  1581  1974 I WindowManager: WIN DEATH: null

09-11 09:40:32.739  1581  1787 I ActivityManager: Start proc com.devexpert.weatheradfree for broadcast com.devexpert.weatheradfree/.view.WidgetWeather2x1: pid=4426 uid=10112 gids={3003, 1015}

09-11 09:40:39.225  2188  2188 E ActivityThread: Service com.google.android.gms.checkin.CheckinService has leaked ServiceConnection gbd@4109c298 that was originally bound here

09-11 09:40:39.225  2188  2188 E ActivityThread: android.app.ServiceConnectionLeaked: Service com.google.android.gms.checkin.CheckinService has leaked ServiceConnection gbd@4109c298 that was originally bound here

09-11 09:40:39.225  2188  2188 E ActivityThread: 	at android.app.LoadedApk$ServiceDispatcher.<init>(LoadedApk.java:993)

09-11 09:40:39.225  2188  2188 E ActivityThread: 	at android.app.LoadedApk.getServiceDispatcher(LoadedApk.java:887)

09-11 09:40:39.225  2188  2188 E ActivityThread: 	at android.app.ContextImpl.bindService(ContextImpl.java:1365)

09-11 09:40:39.225  2188  2188 E ActivityThread: 	at android.content.ContextWrapper.bindService(ContextWrapper.java:370)

09-11 09:40:39.225  2188  2188 E ActivityThread: 	at gbc.<init>(SourceFile:99)

09-11 09:40:39.225  2188  2188 E ActivityThread: 	at gay.<init>(SourceFile:226)

09-11 09:40:39.225  2188  2188 E ActivityThread: 	at java.lang.reflect.Constructor.constructNative(Native Method)

09-11 09:40:39.225  2188  2188 E ActivityThread: 	at java.lang.reflect.Constructor.newInstance(Constructor.java:417)

09-11 09:40:39.225  2188  2188 E ActivityThread: 	at xs.<init>(SourceFile:175)

09-11 09:40:39.225  2188  2188 E ActivityThread: 	at bkt.a(SourceFile:226)

09-11 09:40:39.225  2188  2188 E ActivityThread: 	at bks.a(SourceFile:298)

09-11 09:40:39.225  2188  2188 E ActivityThread: 	at bks.doInBackground(SourceFile:288)

09-11 09:40:39.225  2188  2188 E ActivityThread: 	at android.os.AsyncTask$2.call(AsyncTask.java:264)

09-11 09:40:39.225  2188  2188 E ActivityThread: 	at java.util.concurrent.FutureTask$Sync.innerRun(FutureTask.java:305)

09-11 09:40:39.225  2188  2188 E ActivityThread: 	at java.util.concurrent.FutureTask.run(FutureTask.java:137)

09-11 09:40:39.225  2188  2188 E ActivityThread: 	at java.lang.Thread.run(Thread.java:864)

09-11 09:40:41.097  1581  1788 I ActivityManager: Process com.devexpert.weatheradfree (pid 4426) has died.

09-11 09:40:42.008  1581  1595 W ActivityManager: Activity destroy timeout for ActivityRecord{41473d40 com.mdroidapps.easybackup/.backuprestore.BackupActivity}

09-11 09:40:42.008  1581  1595 W ActivityManager: Activity destroy timeout for ActivityRecord{4168bbb0 com.mdroidapps.easybackup/.EasyBackupActivity}

09-11 09:40:42.859  1581  1974 I ActivityManager: START intent from pid 1738

09-11 09:40:43.970  1581  1753 I InputManagerService: [unbindCurrentClientLocked] Disable input method client.

09-11 09:40:43.970  1581  1753 I InputManagerService: [startInputLocked] Enable input method client.

09-11 09:40:44.570  1581  1599 I ActivityManager: Start proc com.htc.idlescreen.base for broadcast com.htc.idlescreen.base/.setting.UpdateShortcutReceiver: pid=4457 uid=10059 gids={3003}

09-11 09:40:46.502  1581  1953 I ActivityManager: Process com.htc.home.personalize (pid 4409) has died.

09-11 09:40:48.995  1581  1789 I ActivityManager: START intent from pid 1814

09-11 09:40:50.426  1581  1599 I ActivityManager: Start proc ind.fem.black.xposed.mods for broadcast ind.fem.black.xposed.mods/.DrivingMode.IntentReceiver: pid=4472 uid=10040 gids={1015, 1006}

09-11 09:40:51.277  1581  1788 I ActivityManager: Process com.htc.idlescreen.base (pid 4457) has died.

09-11 09:41:17.813  1581  1595 W ActivityManager: Launch timeout has expired, giving up wake lock!

09-11 09:41:17.873  1581  1595 W ActivityManager: Activity idle timeout for ActivityRecord{413eb2c0 com.android.phone/.InCallScreen}

09-11 09:41:18.033  1581  1788 I ActivityManager: Start proc com.devexpert.weatheradfree for broadcast com.devexpert.weatheradfree/.view.WidgetWeather2x1: pid=4490 uid=10112 gids={3003, 1015}

09-11 09:41:18.493  1581  1595 W ActivityManager: Activity pause timeout for ActivityRecord{413eb2c0 com.android.phone/.InCallScreen}

09-11 09:41:19.624  1581  1974 I InputManagerService: [unbindCurrentClientLocked] Disable input method client.

09-11 09:41:19.624  1581  1974 I InputManagerService: [startInputLocked] Enable input method client.

09-11 09:41:19.624  1581  1788 W InputManagerService: Starting input on non-focused client com.android.internal.view.IInputMethodClient$Stub$Proxy@41229388 (uid=10003 pid=1829)

09-11 09:41:20.615  1581  1595 I InputManagerService: Receive : Intent.ACTION_SCREEN_OFF

09-11 09:41:20.625  1581  1595 I InputManagerService: Disable input method client.

09-11 09:41:21.366  1581  1614 I WindowManager: No lock screen!

09-11 09:41:21.446  1581  1581 I ActivityManager: Process ind.fem.black.xposed.mods (pid 4472) has died.

09-11 09:41:21.476  1581  1990 I ActivityManager: moveTaskToBack: 7

09-11 09:41:21.606  1581  1592 I ActivityManager: moveTaskToBack: 7

09-11 09:41:22.177  1581  1593 I ActivityManager: Start proc com.android.settings:remote for broadcast com.android.settings/.framework.activity.powersaver.SmartSynServiceReceiver: pid=4513 uid=1000 gids={3006, 1015, 3002, 3001, 3003, 5001, 5004, 5003, 3007}

09-11 09:41:22.747  1581  1753 I TelephonyRegistry: notifyDataConnection: state=0 isDataConnectivityPossible=true reason='2GVoiceCallEnded' apn='null' apnType=default networkType=2 roaming=false errorCause=0

09-11 09:41:22.928  1581  1788 I ActivityManager: moveTaskToBack: 7

09-11 09:41:23.228  1581  1786 I ActivityManager: Start proc ind.fem.black.xposed.mods for broadcast ind.fem.black.xposed.mods/.DrivingMode.IntentReceiver: pid=4530 uid=10040 gids={1015, 1006}

09-11 09:41:23.538  1581  1787 I InputManagerService: [unbindCurrentClientLocked] Disable input method client.

09-11 09:41:23.598  1581  1786 I ActivityManager: Start proc com.android.htccontacts for broadcast com.android.htccontacts/.NotificationRemoveBroadcastReceiver: pid=4544 uid=10003 gids={3003, 1015}

09-11 09:41:23.708  1581  1753 I ActivityManager: Process com.devexpert.weatheradfree (pid 4490) has died.

09-11 09:41:24.309  1581  1595 I InputManagerService: Receive : Intent.ACTION_SCREEN_ON

09-11 09:41:24.309  1581  1595 I InputManagerService: Enable input method client.

09-11 09:41:24.729  1581  2658 W ActivityManager: Failure sending broadcast Intent { act=android.intent.action.SCREEN_ON flg=0x40000010 }

09-11 09:41:24.729  1581  2658 W ActivityManager: android.os.DeadObjectException

09-11 09:41:24.729  1581  2658 W ActivityManager: 	at android.os.BinderProxy.transact(Native Method)

09-11 09:41:24.729  1581  2658 W ActivityManager: 	at android.content.IIntentReceiver$Stub$Proxy.performReceive(IIntentReceiver.java:121)

09-11 09:41:24.729  1581  2658 W ActivityManager: 	at com.android.server.am.ActivityManagerService.performReceiveLocked(ActivityManagerService.java:13539)

09-11 09:41:24.729  1581  2658 W ActivityManager: 	at com.android.server.am.ActivityManagerService.deliverToRegisteredReceiverLocked(ActivityManagerService.java:13607)

09-11 09:41:24.729  1581  2658 W ActivityManager: 	at com.android.server.am.ActivityManagerService.processNextBroadcast(ActivityManagerService.java:13822)

09-11 09:41:24.729  1581  2658 W ActivityManager: 	at com.android.server.am.ActivityManagerService.finishReceiver(ActivityManagerService.java:13327)

09-11 09:41:24.729  1581  2658 W ActivityManager: 	at android.app.ActivityManagerNative.onTransact(ActivityManagerNative.java:336)

09-11 09:41:24.729  1581  2658 W ActivityManager: 	at com.android.server.am.ActivityManagerService.onTransact(ActivityManagerService.java:1712)

09-11 09:41:24.729  1581  2658 W ActivityManager: 	at android.os.Binder.execTransact(Binder.java:338)

09-11 09:41:24.729  1581  2658 W ActivityManager: 	at dalvik.system.NativeStart.run(Native Method)

09-11 09:41:25.200  1581  1990 W AlarmManager: RemoveAPPAlarmPendingIntent has no PendingIntent operation

09-11 09:41:25.200  1581  1787 W AlarmManager: RemoveAPPAlarmPendingIntent has no PendingIntent operation

09-11 09:41:25.210  1581  1752 W AlarmManager: RemoveAPPAlarmPendingIntent has no PendingIntent operation

09-11 09:41:25.210  1581  1786 W AlarmManager: RemoveAPPAlarmPendingIntent has no PendingIntent operation

09-11 09:41:25.210  1581  1974 W AlarmManager: RemoveAPPAlarmPendingIntent has no PendingIntent operation

09-11 09:41:25.210  1581  1788 W AlarmManager: RemoveAPPAlarmPendingIntent has no PendingIntent operation

09-11 09:41:25.210  1581  1985 W AlarmManager: RemoveAPPAlarmPendingIntent has no PendingIntent operation

09-11 09:41:25.590  1581  1752 I ActivityManager: Process ind.fem.black.xposed.mods (pid 4530) has died.

09-11 09:41:26.521  1581  1599 I ActivityManager: Start proc com.htc.idlescreen.base for broadcast com.htc.idlescreen.base/.setting.UpdateShortcutReceiver: pid=4566 uid=10059 gids={3003}

09-11 09:41:27.732  1581  1786 I ActivityManager: Start proc com.htc.MediaCacheService for broadcast com.htc.MediaCacheService/.main.MediaCacheReceiver: pid=4581 uid=10045 gids={1015}

09-11 09:41:28.133  1581  1752 I ActivityManager: Start proc com.htc.sdm for broadcast com.htc.sdm/.receiver.SDMReceiver: pid=4594 uid=10052 gids={3003, 2001, 1015, 5001, 5002}

09-11 09:41:28.533  1581  1953 I ActivityManager: Process com.android.settings:remote (pid 4513) has died.

09-11 09:41:29.004  1581  1953 I ActivityManager: Process com.htc.MediaCacheService (pid 4581) has died.

09-11 09:41:29.304  1581  1593 I ActivityManager: START intent from pid 1829

09-11 09:41:30.145  1581  1786 I ActivityManager: Process com.htc.idlescreen.base (pid 4566) has died.

09-11 09:41:30.655  1581  2659 I InputManagerService: [unbindCurrentClientLocked] Disable input method client.

09-11 09:41:30.655  1581  2659 I InputManagerService: [startInputLocked] Enable input method client.

09-11 09:41:30.725  1581  1788 W InputManagerService: Starting input on non-focused client com.android.internal.view.IInputMethodClient$Stub$Proxy@41229388 (uid=10003 pid=1829)

09-11 09:41:35.470  1581  1990 I InputManagerService: [unbindCurrentClientLocked] Disable input method client.

09-11 09:41:35.480  1581  1990 I InputManagerService: [startInputLocked] Enable input method client.

09-11 09:41:35.490  1581  1973 W InputManagerService: Starting input on non-focused client com.android.internal.view.IInputMethodClient$Stub$Proxy@4137a9c0 (uid=10003 pid=4544)

09-11 09:41:36.101  1581  1973 I ActivityManager: moveTaskToBack: 5

09-11 09:41:36.781  1581  2659 I ActivityManager: Process com.htc.sdm (pid 4594) has died.

09-11 09:41:36.881  1581  1982 I InputManagerService: [unbindCurrentClientLocked] Disable input method client.

09-11 09:41:36.881  1581  1982 I InputManagerService: [startInputLocked] Enable input method client.

09-11 09:41:37.011  1581  1599 I ActivityManager: Start proc com.htc.idlescreen.base for broadcast com.htc.idlescreen.base/.setting.UpdateShortcutReceiver: pid=4654 uid=10059 gids={3003}

09-11 09:41:37.112  1581  1786 W InputManagerService: Starting input on non-focused client com.android.internal.view.IInputMethodClient$Stub$Proxy@41229388 (uid=10003 pid=1829)

09-11 09:41:43.668  1581  1638 W ConnectivityService: Exception trying to remove a route: java.lang.IllegalStateException: Unable to communicate with native dameon to add routes - com.android.server.NativeDaemonConnectorException: Cmd {interface route remove wlan0 default 192.168.1.1 32 0.0.0.0} failed with code 400 : {Failed to remove route from default table (No such process)}

09-11 09:41:43.668  1581  1638 W ConnectivityService: Exception trying to remove a route: java.lang.IllegalStateException: Unable to communicate with native dameon to add routes - com.android.server.NativeDaemonConnectorException: Cmd {interface route remove wlan0 default 0.0.0.0 0 192.168.1.1} failed with code 400 : {Failed to remove route from default table (No such process)}

09-11 09:41:43.708  1581  1592 I TelephonyRegistry: notifyDataConnection: state=0 isDataConnectivityPossible=true reason='dataEnabled' apn='null' apnType=httpproxy networkType=2 roaming=false errorCause=0

09-11 09:41:43.738  1581  1787 I ActivityManager: Start proc com.android.settings for broadcast com.android.settings/.wifi.WifiStatusReceiver: pid=4707 uid=1000 gids={3006, 1015, 3002, 3001, 3003, 5001, 5004, 5003, 3007}

09-11 09:41:43.768  1581  1581 I TelephonyRegistry: notifyDataConnection: state=0 isDataConnectivityPossible=true reason='dataEnabled' apn='null' apnType=entitle networkType=2 roaming=false errorCause=0

09-11 09:41:43.808  1581  1953 I TelephonyRegistry: notifyDataConnection: state=0 isDataConnectivityPossible=true reason='dataEnabled' apn='null' apnType=internet networkType=2 roaming=false errorCause=0

09-11 09:41:43.848  1581  1974 I TelephonyRegistry: notifyDataConnection: state=0 isDataConnectivityPossible=true reason='dataEnabled' apn='null' apnType=admin networkType=2 roaming=false errorCause=0

09-11 09:41:43.868  1581  1982 I TelephonyRegistry: notifyDataConnection: state=0 isDataConnectivityPossible=true reason='dataEnabled' apn='null' apnType=cmmail networkType=2 roaming=false errorCause=0

09-11 09:41:43.888  1581  1753 I TelephonyRegistry: notifyDataConnection: state=0 isDataConnectivityPossible=true reason='dataEnabled' apn='null' apnType=fota networkType=2 roaming=false errorCause=0

09-11 09:41:43.928  1581  1788 I TelephonyRegistry: notifyDataConnection: state=0 isDataConnectivityPossible=true reason='dataEnabled' apn='null' apnType=dun networkType=2 roaming=false errorCause=0

09-11 09:41:43.938  1581  2658 I TelephonyRegistry: notifyDataConnection: state=0 isDataConnectivityPossible=true reason='dataEnabled' apn='null' apnType=supl networkType=2 roaming=false errorCause=0

09-11 09:41:43.968  1581  1990 I TelephonyRegistry: notifyDataConnection: state=0 isDataConnectivityPossible=true reason='dataEnabled' apn='null' apnType=hipri networkType=2 roaming=false errorCause=0

09-11 09:41:43.998  1581  1593 I TelephonyRegistry: notifyDataConnection: state=0 isDataConnectivityPossible=true reason='dataEnabled' apn='null' apnType=ims networkType=2 roaming=false errorCause=0

09-11 09:41:44.038  1581  1787 I TelephonyRegistry: notifyDataConnection: state=0 isDataConnectivityPossible=true reason='dataEnabled' apn='null' apnType=mms networkType=2 roaming=false errorCause=0

09-11 09:41:44.449  1581  1753 I ActivityManager: Process com.google.process.gapps (pid 1772) has died.

09-11 09:41:44.459  1581  1753 W ActivityManager: Scheduling restart of crashed service com.google.android.gms/.gcm.GcmService in 5000ms

09-11 09:41:44.469  1581  1753 W ActivityManager: Scheduling restart of crashed service com.google.android.gsf/.gtalkservice.service.GTalkService in 5000ms

09-11 09:41:44.469  1581  1753 W ActivityManager: Scheduling restart of crashed service com.google.android.location/.NetworkLocationService in 15000ms

09-11 09:41:44.469  1581  1753 W ActivityManager: Scheduling restart of crashed service com.google.android.location/.internal.server.NetworkLocationService in 24999ms

09-11 09:41:44.909  1581  1788 I ActivityManager: Start proc com.smarterdroid.wififiletransferpro for broadcast com.smarterdroid.wififiletransferpro/.WifiReceiver: pid=4723 uid=10027 gids={1015, 3003}

09-11 09:41:45.229  1581  1990 I ActivityManager: Process com.smarterdroid.wififiletransferpro (pid 4723) has died.

09-11 09:41:47.392  1581  1752 I ActivityManager: Start proc com.google.process.gapps for broadcast com.google.android.gsf/.gtalkservice.ServiceAutoStarter: pid=4737 uid=10012 gids={3003, 1015, 1007, 1006, 3002, 3001, 2001, 3006}

09-11 09:41:48.152  1434  4526 W SocketClient: write error (Broken pipe)

09-11 09:41:48.643  1581  2658 I ActivityManager: Start proc com.htc.htcMessageUploader for broadcast com.htc.htcMessageUploader/.UploadMessageReceiver: pid=4761 uid=10047 gids={3003}

09-11 09:41:48.863  1581  1985 I ActivityManager: Start proc com.htc.cs for broadcast com.htc.cs/.receiver.PoweronReceiver: pid=4778 uid=10010 gids={3003, 1015, 5001, 2001}

09-11 09:41:49.634  1581  1753 I ActivityManager: Start proc com.htc.bg for broadcast com.htc.providers.uploads/.UploadReceiver: pid=4793 uid=10010 gids={3003, 1015, 5001, 2001}

09-11 09:41:50.655  1581  1752 I ActivityManager: Process com.htc.idlescreen.base (pid 4654) has died.

09-11 09:41:50.675  1581  1985 I ActivityManager: Process com.android.settings (pid 4707) has died.

--------- beginning of /dev/log/main

09-11 09:41:52.627  1581  1786 I Xposed  : java.lang.IllegalAccessError: tried to access class com.android.server.pm.PackageSetting from class com.android.server.pm.a

09-11 09:41:52.627  1581  1786 I Xposed  : 	at com.android.server.pm.a.a(SourceFile:10)

09-11 09:41:52.627  1581  1786 I Xposed  : 	at com.oasisfeng.greenify.pro.a.r.a(SourceFile:35)

09-11 09:41:52.627  1581  1786 I Xposed  : 	at com.oasisfeng.greenify.pro.a.s.beforeHookedMethod(SourceFile:20)

09-11 09:41:52.627  1581  1786 I Xposed  : 	at de.robv.android.xposed.XposedBridge.handleHookedMethod(XposedBridge.java:611)

09-11 09:41:52.627  1581  1786 I Xposed  : 	at com.android.server.pm.PackageManagerService$ActivityIntentResolver.isFilterStopped(Native Method)

09-11 09:41:52.627  1581  1786 I Xposed  : 	at com.android.server.pm.PackageManagerService$ActivityIntentResolver.isFilterStopped(PackageManagerService.java:4819)

09-11 09:41:52.627  1581  1786 I Xposed  : 	at com.android.server.IntentResolver.buildResolveList(IntentResolver.java:522)

09-11 09:41:52.627  1581  1786 I Xposed  : 	at com.android.server.IntentResolver.queryIntentFromList(IntentResolver.java:214)

09-11 09:41:52.627  1581  1786 I Xposed  : 	at com.android.server.pm.PackageManagerService$ActivityIntentResolver.queryIntentForPackage(PackageManagerService.java:4851)

09-11 09:41:52.627  1581  1786 I Xposed  : 	at com.android.server.pm.PackageManagerService.queryIntentReceivers(PackageManagerService.java:2742)

09-11 09:41:52.627  1581  1786 I Xposed  : 	at com.android.server.am.ActivityManagerService.broadcastIntentLocked(ActivityManagerService.java:12999)

09-11 09:41:52.627  1581  1786 I Xposed  : 	at de.robv.android.xposed.XposedBridge.invokeOriginalMethodNative(Native Method)

09-11 09:41:52.627  1581  1786 I Xposed  : 	at de.robv.android.xposed.XposedBridge.handleHookedMethod(XposedBridge.java:631)

09-11 09:41:52.627  1581  1786 I Xposed  : 	at com.android.server.am.ActivityManagerService.broadcastIntentLocked(Native Method)

09-11 09:41:52.627  1581  1786 I Xposed  : 	at com.android.server.am.ActivityManagerService.broadcastIntent(ActivityManagerService.java:13193)

09-11 09:41:52.627  1581  1786 I Xposed  : 	at de.robv.android.xposed.XposedBridge.invokeOriginalMethodNative(Native Method)

09-11 09:41:52.627  1581  1786 I Xposed  : 	at de.robv.android.xposed.XposedBridge.handleHookedMethod(XposedBridge.java:631)

09-11 09:41:52.627  1581  1786 I Xposed  : 	at com.android.server.am.ActivityManagerService.broadcastIntent(Native Method)

09-11 09:41:52.627  1581  1786 I Xposed  : 	at android.app.ActivityManagerNative.onTransact(ActivityManagerNative.java:309)

09-11 09:41:52.627  1581  1786 I Xposed  : 	at com.android.server.am.ActivityManagerService.onTransact(ActivityManagerService.java:1712)

09-11 09:41:52.627  1581  1786 I Xposed  : 	at android.os.Binder.execTransact(Binder.java:338)

09-11 09:41:52.627  1581  1786 I Xposed  : 	at dalvik.system.NativeStart.run(Native Method)

09-11 09:41:52.637  1581  1786 I Xposed  : java.lang.IllegalAccessError: tried to access class com.android.server.pm.PackageSetting from class com.android.server.pm.a

09-11 09:41:52.637  1581  1786 I Xposed  : 	at com.android.server.pm.a.a(SourceFile:10)

09-11 09:41:52.637  1581  1786 I Xposed  : 	at com.oasisfeng.greenify.pro.a.r.a(SourceFile:35)

09-11 09:41:52.637  1581  1786 I Xposed  : 	at com.oasisfeng.greenify.pro.a.s.beforeHookedMethod(SourceFile:20)

09-11 09:41:52.637  1581  1786 I Xposed  : 	at de.robv.android.xposed.XposedBridge.handleHookedMethod(XposedBridge.java:611)

09-11 09:41:52.637  1581  1786 I Xposed  : 	at com.android.server.pm.PackageManagerService$ActivityIntentResolver.isFilterStopped(Native Method)

09-11 09:41:52.637  1581  1786 I Xposed  : 	at com.android.server.pm.PackageManagerService$ActivityIntentResolver.isFilterStopped(PackageManagerService.java:4819)

09-11 09:41:52.637  1581  1786 I Xposed  : 	at com.android.server.IntentResolver.buildResolveList(IntentResolver.java:522)

09-11 09:41:52.637  1581  1786 I Xposed  : 	at com.android.server.IntentResolver.queryIntentFromList(IntentResolver.java:214)

09-11 09:41:52.637  1581  1786 I Xposed  : 	at com.android.server.pm.PackageManagerService$ActivityIntentResolver.queryIntentForPackage(PackageManagerService.java:4851)

09-11 09:41:52.637  1581  1786 I Xposed  : 	at com.android.server.pm.PackageManagerService.queryIntentReceivers(PackageManagerService.java:2742)

09-11 09:41:52.637  1581  1786 I Xposed  : 	at com.android.server.am.ActivityManagerService.broadcastIntentLocked(ActivityManagerService.java:12999)

09-11 09:41:52.637  1581  1786 I Xposed  : 	at de.robv.android.xposed.XposedBridge.invokeOriginalMethodNative(Native Method)

09-11 09:41:52.637  1581  1786 I Xposed  : 	at de.robv.android.xposed.XposedBridge.handleHookedMethod(XposedBridge.java:631)

09-11 09:41:52.637  1581  1786 I Xposed  : 	at com.android.server.am.ActivityManagerService.broadcastIntentLocked(Native Method)

09-11 09:41:52.637  1581  1786 I Xposed  : 	at com.android.server.am.ActivityManagerService.broadcastIntent(ActivityManagerService.java:13193)

09-11 09:41:52.637  1581  1786 I Xposed  : 	at de.robv.android.xposed.XposedBridge.invokeOriginalMethodNative(Native Method)

09-11 09:41:52.637  1581  1786 I Xposed  : 	at de.robv.android.xposed.XposedBridge.handleHookedMethod(XposedBridge.java:631)

09-11 09:41:52.637  1581  1786 I Xposed  : 	at com.android.server.am.ActivityManagerService.broadcastIntent(Native Method)

09-11 09:41:52.637  1581  1786 I Xposed  : 	at android.app.ActivityManagerNative.onTransact(ActivityManagerNative.java:309)

09-11 09:41:52.637  1581  1786 I Xposed  : 	at com.android.server.am.ActivityManagerService.onTransact(ActivityManagerService.java:1712)

09-11 09:41:52.637  1581  1786 I Xposed  : 	at android.os.Binder.execTransact(Binder.java:338)

09-11 09:41:52.637  1581  1786 I Xposed  : 	at dalvik.system.NativeStart.run(Native Method)

09-11 09:41:52.637  1581  1786 I Xposed  : java.lang.IllegalAccessError: tried to access class com.android.server.pm.PackageSetting from class com.android.server.pm.a

09-11 09:41:52.637  1581  1786 I Xposed  : 	at com.android.server.pm.a.a(SourceFile:10)

09-11 09:41:52.637  1581  1786 I Xposed  : 	at com.oasisfeng.greenify.pro.a.r.a(SourceFile:35)

09-11 09:41:52.637  1581  1786 I Xposed  : 	at com.oasisfeng.greenify.pro.a.s.beforeHookedMethod(SourceFile:20)

09-11 09:41:52.637  1581  1786 I Xposed  : 	at de.robv.android.xposed.XposedBridge.handleHookedMethod(XposedBridge.java:611)

09-11 09:41:52.637  1581  1786 I Xposed  : 	at com.android.server.pm.PackageManagerService$ActivityIntentResolver.isFilterStopped(Native Method)

09-11 09:41:52.637  1581  1786 I Xposed  : 	at com.android.server.pm.PackageManagerService$ActivityIntentResolver.isFilterStopped(PackageManagerService.java:4819)

09-11 09:41:52.637  1581  1786 I Xposed  : 	at com.android.server.IntentResolver.buildResolveList(IntentResolver.java:522)

09-11 09:41:52.637  1581  1786 I Xposed  : 	at com.android.server.IntentResolver.queryIntentFromList(IntentResolver.java:214)

09-11 09:41:52.637  1581  1786 I Xposed  : 	at com.android.server.pm.PackageManagerService$ActivityIntentResolver.queryIntentForPackage(PackageManagerService.java:4851)

09-11 09:41:52.637  1581  1786 I Xposed  : 	at com.android.server.pm.PackageManagerService.queryIntentReceivers(PackageManagerService.java:2742)

09-11 09:41:52.637  1581  1786 I Xposed  : 	at com.android.server.am.ActivityManagerService.broadcastIntentLocked(ActivityManagerService.java:12999)

09-11 09:41:52.637  1581  1786 I Xposed  : 	at de.robv.android.xposed.XposedBridge.invokeOriginalMethodNative(Native Method)

09-11 09:41:52.637  1581  1786 I Xposed  : 	at de.robv.android.xposed.XposedBridge.handleHookedMethod(XposedBridge.java:631)

09-11 09:41:52.637  1581  1786 I Xposed  : 	at com.android.server.am.ActivityManagerService.broadcastIntentLocked(Native Method)

09-11 09:41:52.637  1581  1786 I Xposed  : 	at com.android.server.am.ActivityManagerService.broadcastIntent(ActivityManagerService.java:13193)

09-11 09:41:52.637  1581  1786 I Xposed  : 	at de.robv.android.xposed.XposedBridge.invokeOriginalMethodNative(Native Method)

09-11 09:41:52.637  1581  1786 I Xposed  : 	at de.robv.android.xposed.XposedBridge.handleHookedMethod(XposedBridge.java:631)

09-11 09:41:52.637  1581  1786 I Xposed  : 	at com.android.server.am.ActivityManagerService.broadcastIntent(Native Method)

09-11 09:41:52.637  1581  1786 I Xposed  : 	at android.app.ActivityManagerNative.onTransact(ActivityManagerNative.java:309)

09-11 09:41:52.637  1581  1786 I Xposed  : 	at com.android.server.am.ActivityManagerService.onTransact(ActivityManagerService.java:1712)

09-11 09:41:52.637  1581  1786 I Xposed  : 	at android.os.Binder.execTransact(Binder.java:338)

09-11 09:41:52.637  1581  1786 I Xposed  : 	at dalvik.system.NativeStart.run(Native Method)

09-11 09:41:52.647  1581  1786 I Xposed  : java.lang.IllegalAccessError: tried to access class com.android.server.pm.PackageSetting from class com.android.server.pm.a

09-11 09:41:52.647  1581  1786 I Xposed  : 	at com.android.server.pm.a.a(SourceFile:10)

09-11 09:41:52.647  1581  1786 I Xposed  : 	at com.oasisfeng.greenify.pro.a.r.a(SourceFile:35)

09-11 09:41:52.647  1581  1786 I Xposed  : 	at com.oasisfeng.greenify.pro.a.s.beforeHookedMethod(SourceFile:20)

09-11 09:41:52.647  1581  1786 I Xposed  : 	at de.robv.android.xposed.XposedBridge.handleHookedMethod(XposedBridge.java:611)

09-11 09:41:52.647  1581  1786 I Xposed  : 	at com.android.server.pm.PackageManagerService$ActivityIntentResolver.isFilterStopped(Native Method)

09-11 09:41:52.647  1581  1786 I Xposed  : 	at com.android.server.pm.PackageManagerService$ActivityIntentResolver.isFilterStopped(PackageManagerService.java:4819)

09-11 09:41:52.647  1581  1786 I Xposed  : 	at com.android.server.IntentResolver.buildResolveList(IntentResolver.java:522)

09-11 09:41:52.647  1581  1786 I Xposed  : 	at com.android.server.IntentResolver.queryIntentFromList(IntentResolver.java:214)

09-11 09:41:52.647  1581  1786 I Xposed  : 	at com.android.server.pm.PackageManagerService$ActivityIntentResolver.queryIntentForPackage(PackageManagerService.java:4851)

09-11 09:41:52.647  1581  1786 I Xposed  : 	at com.android.server.pm.PackageManagerService.queryIntentReceivers(PackageManagerService.java:2742)

09-11 09:41:52.647  1581  1786 I Xposed  : 	at com.android.server.am.ActivityManagerService.broadcastIntentLocked(ActivityManagerService.java:12999)

09-11 09:41:52.647  1581  1786 I Xposed  : 	at de.robv.android.xposed.XposedBridge.invokeOriginalMethodNative(Native Method)

09-11 09:41:52.647  1581  1786 I Xposed  : 	at de.robv.android.xposed.XposedBridge.handleHookedMethod(XposedBridge.java:631)

09-11 09:41:52.647  1581  1786 I Xposed  : 	at com.android.server.am.ActivityManagerService.broadcastIntentLocked(Native Method)

09-11 09:41:52.647  1581  1786 I Xposed  : 	at com.android.server.am.ActivityManagerService.broadcastIntent(ActivityManagerService.java:13193)

09-11 09:41:52.647  1581  1786 I Xposed  : 	at de.robv.android.xposed.XposedBridge.invokeOriginalMethodNative(Native Method)

09-11 09:41:52.647  1581  1786 I Xposed  : 	at de.robv.android.xposed.XposedBridge.handleHookedMethod(XposedBridge.java:631)

09-11 09:41:52.647  1581  1786 I Xposed  : 	at com.android.server.am.ActivityManagerService.broadcastIntent(Native Method)

09-11 09:41:52.647  1581  1786 I Xposed  : 	at android.app.ActivityManagerNative.onTransact(ActivityManagerNative.java:309)

09-11 09:41:52.647  1581  1786 I Xposed  : 	at com.android.server.am.ActivityManagerService.onTransact(ActivityManagerService.java:1712)

09-11 09:41:52.647  1581  1786 I Xposed  : 	at android.os.Binder.execTransact(Binder.java:338)

09-11 09:41:52.647  1581  1786 I Xposed  : 	at dalvik.system.NativeStart.run(Native Method)

09-11 09:41:52.647  1581  1786 I Xposed  : java.lang.IllegalAccessError: tried to access class com.android.server.pm.PackageSetting from class com.android.server.pm.a

09-11 09:41:52.647  1581  1786 I Xposed  : 	at com.android.server.pm.a.a(SourceFile:10)

09-11 09:41:52.647  1581  1786 I Xposed  : 	at com.oasisfeng.greenify.pro.a.r.a(SourceFile:35)

09-11 09:41:52.647  1581  1786 I Xposed  : 	at com.oasisfeng.greenify.pro.a.s.beforeHookedMethod(SourceFile:20)

09-11 09:41:52.647  1581  1786 I Xposed  : 	at de.robv.android.xposed.XposedBridge.handleHookedMethod(XposedBridge.java:611)

09-11 09:41:52.647  1581  1786 I Xposed  : 	at com.android.server.pm.PackageManagerService$ActivityIntentResolver.isFilterStopped(Native Method)

09-11 09:41:52.647  1581  1786 I Xposed  : 	at com.android.server.pm.PackageManagerService$ActivityIntentResolver.isFilterStopped(PackageManagerService.java:4819)

09-11 09:41:52.647  1581  1786 I Xposed  : 	at com.android.server.IntentResolver.buildResolveList(IntentResolver.java:522)

09-11 09:41:52.647  1581  1786 I Xposed  : 	at com.android.server.IntentResolver.queryIntentFromList(IntentResolver.java:214)

09-11 09:41:52.647  1581  1786 I Xposed  : 	at com.android.server.pm.PackageManagerService$ActivityIntentResolver.queryIntentForPackage(PackageManagerService.java:4851)

