09-11 09:36:30.022  1581  1599 E ActivityManager:   0% 1444/ipd: 0% user + 0% kernel / faults: 9 minor

09-11 09:36:30.022  1581  1599 E ActivityManager:   0% 1659/dhd_watchdog: 0% user + 0% kernel

09-11 09:36:30.022  1581  1599 E ActivityManager: 99% TOTAL: 66% user + 33% kernel

09-11 09:36:30.022  1581  1599 E ActivityManager: CPU usage from 13172ms to 13798ms later:

09-11 09:36:30.022  1581  1599 E ActivityManager:   42% 1581/system_server: 28% user + 14% kernel / faults: 137 minor

09-11 09:36:30.022  1581  1599 E ActivityManager:     8.7% 1599/ActivityManager: 4.3% user + 4.3% kernel

09-11 09:36:30.022  1581  1599 E ActivityManager:     5.4% 1595/er.ServerThread: 5.4% user + 0% kernel

09-11 09:36:30.022  1581  1599 E ActivityManager:     4.3% 1588/Compiler: 2.1% user + 2.1% kernel

09-11 09:36:30.022  1581  1599 E ActivityManager:     3.2% 1592/Binder Thread #: 2.1% user + 1% kernel

09-11 09:36:30.022  1581  1599 E ActivityManager:     3.2% 1593/Binder Thread #: 3.2% user + 0% kernel

09-11 09:36:30.022  1581  1599 E ActivityManager:     3.2% 1753/Binder Thread #: 2.1% user + 1% kernel

09-11 09:36:30.022  1581  1599 E ActivityManager:     3.2% 1786/Binder Thread #: 0% user + 3.2% kernel

09-11 09:36:30.022  1581  1599 E ActivityManager:     3.2% 1788/Binder Thread #: 3.2% user + 0% kernel

09-11 09:36:30.022  1581  1599 E ActivityManager:     2.1% 1581/system_server: 0% user + 2.1% kernel

09-11 09:36:30.022  1581  1599 E ActivityManager:     2.1% 1614/WindowManagerPo: 0% user + 2.1% kernel

09-11 09:36:30.022  1581  1599 E ActivityManager:     2.1% 1752/Binder Thread #: 0% user + 2.1% kernel

09-11 09:36:30.022  1581  1599 E ActivityManager:     2.1% 1789/Binder Thread #: 2.1% user + 0% kernel

09-11 09:36:30.022  1581  1599 E ActivityManager:     1% 1787/Binder Thread #: 0% user + 1% kernel

09-11 09:36:30.022  1581  1599 E ActivityManager:    +0% 1928/pool-1-thread-1: 0% user + 0% kernel

09-11 09:36:30.022  1581  1599 E ActivityManager:   10% 1829/android.process.acore: 4.9% user + 5.6% kernel / faults: 152 minor

09-11 09:36:30.022  1581  1599 E ActivityManager:     6.3% 1829/d.process.acore: 2.8% user + 3.5% kernel

09-11 09:36:30.022  1581  1599 E ActivityManager:     1.4% 1836/Compiler: 0% user + 1.4% kernel

09-11 09:36:30.022  1581  1599 E ActivityManager:     0.7% 1843/Binder Thread #: 0.7% user + 0% kernel

09-11 09:36:30.022  1581  1599 E ActivityManager:    +0% 1927/NotifyDialerSch: 0% user + 0% kernel

09-11 09:36:30.022  1581  1599 E ActivityManager:   8.4% 1814/com.android.phone: 5.6% user + 2.8% kernel / faults: 207 minor

09-11 09:36:30.022  1581  1599 E ActivityManager:     7% 1814/m.android.phone: 4.9% user + 2.1% kernel

09-11 09:36:30.022  1581  1599 E ActivityManager:     2.1% 1821/Compiler: 0.7% user + 1.4% kernel

09-11 09:36:30.022  1581  1599 E ActivityManager:   8.5% 1772/com.google.process.gapps: 7.8% user + 0.7% kernel / faults: 65 minor

09-11 09:36:30.022  1581  1599 E ActivityManager:     7% 1772/e.process.gapps: 6.2% user + 0.7% kernel

09-11 09:36:30.022  1581  1599 E ActivityManager:     0.7% 1779/Compiler: 0.7% user + 0% kernel

09-11 09:36:30.022  1581  1599 E ActivityManager:   7.1% 1791/com.touchtype.swiftkey: 5% user + 2.1% kernel / faults: 69 minor

09-11 09:36:30.022  1581  1599 E ActivityManager:     4.2% 1791/chtype.swiftkey: 3.5% user + 0.7% kernel

09-11 09:36:30.022  1581  1599 E ActivityManager:     2.1% 1799/Compiler: 1.4% user + 0.7% kernel

09-11 09:36:30.022  1581  1599 E ActivityManager:     0.7% 1806/Binder Thread #: 0% user + 0.7% kernel

09-11 09:36:30.022  1581  1599 E ActivityManager:     0.7% 1807/Binder Thread #: 0.7% user + 0% kernel

09-11 09:36:30.022  1581  1599 E ActivityManager:   5.9% 1738/com.teslacoilsw.launcher: 4.2% user + 1.6% kernel / faults: 53 minor

09-11 09:36:30.022  1581  1599 E ActivityManager:     3.3% 1738/coilsw.launcher: 1.6% user + 1.6% kernel

09-11 09:36:30.022  1581  1599 E ActivityManager:     0.8% 1745/Compiler: 0.8% user + 0% kernel

09-11 09:36:30.022  1581  1599 E ActivityManager:     0.8% 1882/Crashlytics Ini: 0.8% user + 0% kernel

09-11 09:36:30.022  1581  1599 E ActivityManager:   4.2% 1678/com.android.systemui: 2.5% user + 1.6% kernel / faults: 81 minor

09-11 09:36:30.022  1581  1599 E ActivityManager:     4.2% 1678/ndroid.systemui: 3.3% user + 0.8% kernel

09-11 09:36:30.022  1581  1599 E ActivityManager:   3.9% 1754/com.htc.weatheridlescreen: 3.9% user + 0% kernel / faults: 48 minor

09-11 09:36:30.022  1581  1599 E ActivityManager:     2.3% 1754/atheridlescreen: 1.5% user + 0.7% kernel

09-11 09:36:30.022  1581  1599 E ActivityManager:     0.7% 1771/

09-11 09:36:31.414  1944  1944 W fsck_msdos: ** /dev/block/vold/179:65

09-11 09:36:31.804  1944  1944 W fsck_msdos: 

09-11 09:36:31.934  1944  1944 W fsck_msdos: ** Phase 1 - Read FAT (compare skipped)

09-11 09:36:31.984  1944  1944 W fsck_msdos: Attempting to allocate 7471 KB for FAT

09-11 09:36:37.279  1581  1595 W WiredAccessoryObserver: This kernel does not have wired headset support

09-11 09:36:38.691  1581  1599 W ActivityManager: Killing ProcessRecord{40f43920 1678:com.android.systemui/1000}: background ANR

09-11 09:36:39.261  1581  1599 W ActivityManager: Timeout executing service: ServiceRecord{412228b0 com.touchtype.swiftkey/com.touchtype.KeyboardService}

09-11 09:36:39.421  1581  1638 E MobileDataStateTracker: dun: Ignoring feature request because could not acquire PhoneService

09-11 09:36:39.421  1581  1638 E MobileDataStateTracker: dun: Could not disable APN type "dun"

09-11 09:36:39.431  1581  1638 E ConnectivityService: Network declined teardown quickly request

09-11 09:36:39.431  1581  1638 E MobileDataStateTracker: default: Ignoring feature request because could not acquire PhoneService

09-11 09:36:39.431  1581  1638 E MobileDataStateTracker: default: Could not disable APN type "default"

09-11 09:36:39.431  1581  1638 E ConnectivityService: Network declined teardown quickly request

09-11 09:36:43.195  1581  1753 I WindowManager: WIN DEATH: Window{413b2568 AppSidebar paused=false}

09-11 09:36:47.800  1581  1617 I WindowManager: WINDOW DIED Window{4144b7b0 RecentsPanel paused=false}

09-11 09:36:49.091  1581  1617 I WindowManager: WINDOW DIED Window{413a3b80 GestureAnywhereView paused=false}

09-11 09:36:49.181  1581  1787 W WindowManager: Failed looking up window

09-11 09:36:49.181  1581  1787 W WindowManager: java.lang.IllegalArgumentException: Requested window android.os.BinderProxy@4144b580 does not exist

09-11 09:36:49.181  1581  1787 W WindowManager: 	at com.android.server.wm.WindowManagerService.windowForClientLocked(WindowManagerService.java:7487)

09-11 09:36:49.181  1581  1787 W WindowManager: 	at com.android.server.wm.WindowManagerService.windowForClientLocked(WindowManagerService.java:7478)

09-11 09:36:49.181  1581  1787 W WindowManager: 	at com.android.server.wm.WindowState$DeathRecipient.binderDied(WindowState.java:1592)

09-11 09:36:49.181  1581  1787 W WindowManager: 	at android.os.BinderProxy.sendDeathNotice(Binder.java:417)

09-11 09:36:49.181  1581  1787 W WindowManager: 	at dalvik.system.NativeStart.run(Native Method)

09-11 09:36:49.221  1581  1787 I WindowManager: WIN DEATH: null

09-11 09:36:49.271  1581  1595 W ActivityManager: Activity idle timeout for ActivityRecord{4132e890 com.teslacoilsw.launcher/com.android.launcher2.Launcher}

09-11 09:36:56.238  1581  1599 W ProcessStats: Skipping unknown process pid 1754

09-11 09:36:57.169  1581  1613 W WindowManager: ***** BOOT TIMEOUT: forcing display enabled

09-11 09:36:59.491  1581  1593 I ActivityManager: Process com.android.systemui (pid 1678) has died.

09-11 09:36:59.521  1581  1593 W ActivityManager: Scheduling restart of crashed service com.android.systemui/.SystemUIService in 132916ms

09-11 09:36:59.521  1581  1593 W ActivityManager: Scheduling restart of crashed service com.android.systemui/.ImageWallpaper in 1250ms

09-11 09:36:59.962  1581  1593 I ActivityManager: Start proc com.android.systemui for restart com.android.systemui: pid=1997 uid=1000 gids={3006, 1015, 3002, 3001, 3003, 5001, 5004, 5003, 3007}

09-11 09:37:00.002  1581  1789 W WindowManager: Failed looking up window

09-11 09:37:00.002  1581  1789 W WindowManager: java.lang.IllegalArgumentException: Requested window android.os.BinderProxy@41081d90 does not exist

09-11 09:37:00.002  1581  1789 W WindowManager: 	at com.android.server.wm.WindowManagerService.windowForClientLocked(WindowManagerService.java:7487)

09-11 09:37:00.002  1581  1789 W WindowManager: 	at com.android.server.wm.WindowManagerService.windowForClientLocked(WindowManagerService.java:7478)

09-11 09:37:00.002  1581  1789 W WindowManager: 	at com.android.server.wm.WindowState$DeathRecipient.binderDied(WindowState.java:1592)

09-11 09:37:00.002  1581  1789 W WindowManager: 	at android.os.BinderProxy.sendDeathNotice(Binder.java:417)

09-11 09:37:00.002  1581  1789 W WindowManager: 	at dalvik.system.NativeStart.run(Native Method)

09-11 09:37:00.022  1581  1789 I WindowManager: WIN DEATH: null

09-11 09:37:00.972  1581  1599 W ProcessStats: Skipping unknown process pid 1993

09-11 09:37:00.983  1581  1937 E VoldConnector: Failed to get response

09-11 09:37:00.983  1581  1937 E VoldConnector: java.lang.NullPointerException

09-11 09:37:00.983  1581  1937 E VoldConnector: 	at com.android.server.NativeDaemonConnector.doCommandLocked(NativeDaemonConnector.java:300)

09-11 09:37:00.983  1581  1937 E VoldConnector: 	at com.android.server.NativeDaemonConnector.doCommand(NativeDaemonConnector.java:281)

09-11 09:37:00.983  1581  1937 E VoldConnector: 	at com.android.server.MountService.doMountVolume(MountService.java:1247)

09-11 09:37:00.983  1581  1937 E VoldConnector: 	at com.android.server.MountService.access$900(MountService.java:115)

09-11 09:37:00.983  1581  1937 E VoldConnector: 	at com.android.server.MountService$1$1.run(MountService.java:562)

09-11 09:37:00.983  1581  1937 E MountService: Boot-time mount /mnt/sdcard failed (-1)

09-11 09:37:02.434  1581  1599 W ProcessStats: Skipping unknown process pid 2013

09-11 09:37:02.714  1581  1599 E ActivityManager: ANR in com.touchtype.swiftkey, time=84554

09-11 09:37:02.714  1581  1599 E ActivityManager: Reason: Executing service com.touchtype.swiftkey/com.touchtype.KeyboardService

09-11 09:37:02.714  1581  1599 E ActivityManager: Load: 9.55 / 2.93 / 1.02

09-11 09:37:02.714  1581  1599 E ActivityManager: CPU usage from 0ms to 19903ms later:

09-11 09:37:02.714  1581  1599 E ActivityManager:   58% 1581/system_server: 45% user + 12% kernel / faults: 6955 minor 1 major

09-11 09:37:02.714  1581  1599 E ActivityManager:   19% 1738/com.teslacoilsw.launcher: 14% user + 4.6% kernel / faults: 2459 minor 6 major

09-11 09:37:02.714  1581  1599 E ActivityManager:   1.5% 1048/mmcqd/0: 0% user + 1.5% kernel

09-11 09:37:02.714  1581  1599 E ActivityManager:   1.4% 1829/android.process.acore: 0.8% user + 0.6% kernel / faults: 635 minor 15 major

09-11 09:37:02.714  1581  1599 E ActivityManager:   1.4% 1944/fsck_msdos: 0% user + 1.4% kernel / faults: 606 minor

09-11 09:37:02.714  1581  1599 E ActivityManager:   0.9% 5/kworker/u:0: 0% user + 0.9% kernel

09-11 09:37:02.714  1581  1599 E ActivityManager:   0.8% 6/rcu_kthread: 0.8% user + 0% kernel

09-11 09:37:02.714  1581  1599 E ActivityManager:   0.8% 1520/logcat2: 0.4% user + 0.4% kernel / faults: 2 minor

09-11 09:37:02.714  1581  1599 E ActivityManager:   0.7% 1434/netd: 0.4% user + 0.3% kernel / faults: 27 minor

09-11 09:37:02.714  1581  1599 E ActivityManager:   0.8% 1814/com.android.phone: 0.4% user + 0.4% kernel / faults: 261 minor 2 major

09-11 09:37:02.714  1581  1599 E ActivityManager:   0.8% 1772/com.google.process.gapps: 0.4% user + 0.3% kernel / faults: 236 minor

09-11 09:37:02.714  1581  1599 E ActivityManager:   0.6% 4/kworker/0:0: 0% user + 0.6% kernel

09-11 09:37:02.714  1581  1599 E ActivityManager:   0.4% 632/kswapd0: 0% user + 0.4% kernel

09-11 09:37:02.714  1581  1599 E ActivityManager:   0.4% 1406/sd-qd: 0% user + 0.4% kernel

09-11 09:37:02.714  1581  1599 E ActivityManager:   0.3% 1519/htc_ebdlogd: 0.2% user + 0.1% kernel / faults: 2 minor

09-11 09:37:02.714  1581  1599 E ActivityManager:   0.3% 1//init: 0.3% user + 0% kernel / faults: 24 minor

09-11 09:37:02.714  1581  1599 E ActivityManager:   0.3% 1791/com.touchtype.swiftkey: 0.1% user + 0.2% kernel / faults: 184 minor

09-11 09:37:02.714  1581  1599 E ActivityManager:   0.2% 1660/dhd_dpc: 0% user + 0.2% kernel

09-11 09:37:02.714  1581  1599 E ActivityManager:   0% 1436/surfaceflinger: 0% user + 0% kernel / faults: 218 minor

09-11 09:37:02.714  1581  1599 E ActivityManager:   0.1% 1672/wpa_supplicant: 0% user + 0.1% kernel / faults: 12 minor

09-11 09:37:02.714  1581  1599 E ActivityManager:   0% 8/kworker/u:1: 0% user + 0% kernel

09-11 09:37:02.714  1581  1599 E ActivityManager:   0.1% 1415/jbd2/mmcblk0p29: 0% user + 0.1% kernel

09-11 09:37:02.714  1581  1599 E ActivityManager:   0.1% 1425/flush-179:0: 0% user + 0.1% kernel

09-11 09:37:02.714  1581  1599 E ActivityManager:   0% 1659/dhd_watchdog: 0% user + 0% kernel

09-11 09:37:02.714  1581  1599 E ActivityManager:   0% 1411/jbd2/mmcblk0p26: 0% user + 0% kernel

09-11 09:37:02.714  1581  1599 E ActivityManager:   0% 1429/servicemanager: 0% user + 0% kernel

09-11 09:37:02.714  1581  1599 E ActivityManager:   0% 1439/mediaserver: 0% user + 0% kernel / faults: 136 minor

09-11 09:37:02.714  1581  1599 E ActivityManager:   0% 1662/adbd: 0% user + 0% kernel / faults: 7 minor

09-11 09:37:02.714  1581  1599 E ActivityManager:   0% 1706/com.google.android.gsf.login: 0% user + 0% kernel / faults: 32 minor

09-11 09:37:02.714  1581  1599 E ActivityManager:  +0% 1992/sh: 0% user + 0% kernel

09-11 09:37:02.714  1581  1599 E ActivityManager: 100% TOTAL: 71% user + 28% kernel

09-11 09:37:02.714  1581  1599 E ActivityManager: CPU usage from 19930ms to 22243ms later:

09-11 09:37:02.714  1581  1599 E ActivityManager:   7.5% 1437/zygote: 6.4% user + 1% kernel / faults: 1858 minor

09-11 09:37:02.714  1581  1599 E ActivityManager:     7.3% 1437/zygote: 6.4% user + 0.9% kernel

09-11 09:37:02.714  1581  1599 E ActivityManager:    +0% 1998/ReferenceQueueD: 0% user + 0% kernel

09-11 09:37:02.714  1581  1599 E ActivityManager:    +0% 2000/FinalizerDaemon: 0% user + 0% kernel

09-11 09:37:02.714  1581  1599 E ActivityManager:    +0% 2002/FinalizerWatchd: 0% user + 0% kernel

09-11 09:37:02.714  1581  1599 E ActivityManager:   20% 1581/system_server: 13% user + 6.8% kernel / faults: 428 minor

09-11 09:37:02.714  1581  1599 E ActivityManager:     4% 1599/ActivityManager: 1% user + 3% kernel

09-11 09:37:02.714  1581  1599 E ActivityManager:     1.7% 1590/FinalizerDaemon: 1.3% user + 0.3% kernel

09-11 09:37:02.714  1581  1599 E ActivityManager:     1.3% 1593/Binder Thread #: 1.3% user + 0% kernel

09-11 09:37:02.714  1581  1599 E ActivityManager:     1.3% 1633/NetworkStats: 1.3% user + 0% kernel

09-11 09:37:02.714  1581  1599 E ActivityManager:     0.6% 1612/AlarmManager: 0.3% user + 0.3% kernel

09-11 09:37:02.714  1581  1599 E ActivityManager:     0.6% 1637/WifiService: 0.3% user + 0.3% kernel

09-11 09:37:02.714  1581  1599 E ActivityManager:     0.6% 1789/Binder Thread #: 0.6% user + 0% kernel

09-11 09:37:02.714  1581  1599 E ActivityManager:     0.3% 1588/Compiler: 0.3% user + 0% kernel

09-11 09:37:02.714  1581  1599 E ActivityManager:     0.3% 1595/er.ServerThread: 0.3% user + 0% kernel

09-11 09:37:02.714  1581  1599 E ActivityManager:     0.3% 1607/SyncHandlerThre: 0.3% user + 0% kernel

09-11 09:37:02.714  1581  1599 E ActivityManager:     0.3% 1611/PowerManagerSer: 0.3% user + 0% kernel

09-11 09:37:02.714  1581  1599 E ActivityManager:     0.3% 1613/WindowManager: 0.3% user + 0% kernel

09-11 09:37:02.714  1581  1599 E ActivityManager:     0.3% 1614/WindowManagerPo: 0.3% user + 0% kernel

09-11 09:37:02.714  1581  1599 E ActivityManager:     0.3% 1636/WifiStateMachin: 0.3% user + 0% kernel

09-11 09:37:02.714  1581  1599 E ActivityManager:     0.3% 1786/Binder Thread #: 0.3% user + 0% kernel

09-11 09:37:02.714  1581  1599 E ActivityManager:     0.3% 1798/LocationManager: 0% user + 0.3% kernel

09-11 09:37:02.714  1581  1599 E ActivityManager:     0.3% 1845/LocationManager: 0% user + 0.3% kernel

09-11 09:37:02.714  1581  1599 E ActivityManager:     0.3% 1953/Binder Thread #: 0.3% user + 0% kernel

09-11 09:37:02.714  1581  1599 E ActivityManager:     0.3% 1973/Binder Thread #: 0% user + 0.3% kernel

09-11 09:37:02.714  1581  1599 E ActivityManager:     0.3% 1974/Binder Thread #: 0% user + 0.3% kernel

09-11 09:37:02.714  1581  1599 E ActivityManager:     0.3% 1985/Binder Thread #: 0.3% user + 0% kernel

09-11 09:37:02.714  1581  1599 E ActivityManager:   9.5% 1738/com.teslacoilsw.launcher: 6.3% user + 3.1% kernel / faults: 196 minor

09-11 09:37:02.714  1581  1599 E ActivityManager:     5.3% 1866/Crashlytics Ini: 3.1% user + 2.1% kernel

09-11 09:37:02.714  1581  1599 E ActivityManager:     3.1% 1745/Compiler: 1.7% user + 1.4% kernel

09-11 09:37:02.714  1581  1599 E ActivityManager:     1% 1738/coilsw.launcher: 0.7% user + 0.3% kernel

09-11 09:37:02.714  1581  1599 E ActivityManager:     0.3% 1882/Crashlytics Ini: 0.3% user + 0% kernel

09-11 09:37:02.714  1581  1599 E ActivityManager:   7.7% 1772/com.google.process.gapps: 5.6% user + 2.1% kernel / faults: 658 minor

09-11 09:37:02.714  1581  1599 E ActivityManager:     5.3% 1980/androidInternal: 3.8% user + 1.4% kernel

09-11 09:37:02.714  1581  1599 E ActivityManager:     1.4% 1779/Compiler: 1% user + 0.3% kernel

09-11 09:37:02.714  1581  1599 E ActivityManager:     0.3% 1772/e.process.gapps: 0% user + 0.3% kernel

09-11 09:37:02.714  1581  1599 E ActivityManager:     0.3% 1784/Binder Thread #: 0.3% user + 0% kernel

09-11 09:37:02.714  1581  1599 E ActivityManager:   1.6% 1814/com.android.phone: 1.1% user + 0.

09-11 09:37:03.225  1581  1788 I ActivityManager: Process com.htc.weatheridlescreen (pid 1754) has died.

09-11 09:37:03.235  1581  1788 W ActivityManager: Scheduling restart of crashed service com.htc.weatheridlescreen/.service.WISService in 7545ms

09-11 09:37:03.285  1581  1614 I WindowManager: Lock screen displayed!

09-11 09:37:03.485  1581  1974 W ActivityManager: Unable to start service Intent { act=com.android.internal.telephony.IWapPushManager }: not found

09-11 09:37:03.495  1581  1599 W ActivityManager: Killing ProcessRecord{41522360 1791:com.touchtype.swiftkey/10115}: background ANR

09-11 09:37:03.545  1581  1595 W ActivityManager: Activity pause timeout for ActivityRecord{4132e890 com.teslacoilsw.launcher/com.android.launcher2.Launcher}

09-11 09:37:05.097  1581  1788 I PackageManager:  setEnabledSetting(), pkgName=com.android.htcdialer, clsName=com.android.htcdialer.NonPhoneActivity, state=2, flag=1, pid=1829, uid=10003

09-11 09:37:05.497  1581  1787 I PackageManager:  setEnabledSetting(), pkgName=com.android.htcdialer, clsName=com.android.htcdialer.Dialer, state=1, flag=1, pid=1829, uid=10003

09-11 09:37:07.098  1581  1599 W ActivityManager: Timeout executing service: ServiceRecord{4161a4b0 com.android.htcdialer/.DialerService}

09-11 09:37:07.139  1581  1953 I ActivityManager: Process com.touchtype.swiftkey (pid 1791) has died.

09-11 09:37:07.179  1581  1953 W ActivityManager: Scheduling restart of crashed service com.touchtype.swiftkey/com.touchtype.KeyboardService in 13639ms

09-11 09:37:07.229  1581  1953 W ActivityManager: Scheduling restart of crashed service com.touchtype.swiftkey/com.touchtype.ReferrerRegistrationService in 56386ms

09-11 09:37:07.239  1581  1953 W ActivityManager: Scheduling restart of crashed service com.touchtype.swiftkey/com.touchtype_fluency.service.FluencyServiceImpl in 80466ms

09-11 09:37:08.039  1581  1614 I ActivityManager: Start proc com.htc.weatheridlescreen for service com.htc.weatheridlescreen/.service.WISService: pid=2025 uid=10058 gids={3003}

09-11 09:37:14.356  1581  1595 W WindowManager: Attempted to remove non-existing token: android.os.Binder@4161aff8

09-11 09:37:15.367  1581  1595 I ActivityManager: Start proc com.android.settings for broadcast com.android.settings/.NSReceiver: pid=2044 uid=1000 gids={3006, 1015, 3002, 3001, 3003, 5001, 5004, 5003, 3007}

09-11 09:37:15.377  1581  1595 W ActivityManager: Activity idle timeout for ActivityRecord{4132e890 com.teslacoilsw.launcher/com.android.launcher2.Launcher}

09-11 09:37:16.117  1581  1595 W ActivityManager: Activity pause timeout for ActivityRecord{4132e890 com.teslacoilsw.launcher/com.android.launcher2.Launcher}

09-11 09:37:16.448  1581  1599 E ActivityManager: ANR in android.process.acore, time=104708

09-11 09:37:16.448  1581  1599 E ActivityManager: Reason: Executing service com.android.htcdialer/.DialerService

09-11 09:37:16.448  1581  1599 E ActivityManager: Load: 12.96 / 4.04 / 1.42

09-11 09:37:16.448  1581  1599 E ActivityManager: CPU usage from 0ms to 8471ms later:

09-11 09:37:16.448  1581  1599 E ActivityManager:   43% 1581/system_server: 31% user + 12% kernel / faults: 849 minor

09-11 09:37:16.448  1581  1599 E ActivityManager:   10% 1738/com.teslacoilsw.launcher: 8.1% user + 2.5% kernel / faults: 423 minor

09-11 09:37:16.448  1581  1599 E ActivityManager:   9.9% 1814/com.android.phone: 5.7% user + 4.1% kernel / faults: 1015 minor 2 major

09-11 09:37:16.448  1581  1599 E ActivityManager:   8% 1772/com.google.process.gapps: 6.1% user + 1.8% kernel / faults: 612 minor

09-11 09:37:16.448  1581  1599 E ActivityManager:   2.2% 1944/fsck_msdos: 0.5% user + 1.6% kernel / faults: 529 minor

09-11 09:37:16.448  1581  1599 E ActivityManager:   1.8% 1437/zygote: 0% user + 1.8% kernel / faults: 132 minor

09-11 09:37:16.448  1581  1599 E ActivityManager:   1.6% 1048/mmcqd/0: 0% user + 1.6% kernel

09-11 09:37:16.448  1581  1599 E ActivityManager:   1.6% 1434/netd: 1.1% user + 0.4% kernel / faults: 15 minor

09-11 09:37:16.448  1581  1599 E ActivityManager:   1.5% 1829/android.process.acore: 1.1% user + 0.3% kernel / faults: 123 minor

09-11 09:37:16.448  1581  1599 E ActivityManager:   1.1% 6/rcu_kthread: 1.1% user + 0% kernel

09-11 09:37:16.448  1581  1599 E ActivityManager:   0.8% 1406/sd-qd: 0% user + 0.8% kernel

09-11 09:37:16.448  1581  1599 E ActivityManager:   0.8% 1520/logcat2: 0.5% user + 0.2% kernel

09-11 09:37:16.448  1581  1599 E ActivityManager:   0.7% 1411/jbd2/mmcblk0p26: 0% user + 0.7% kernel

09-11 09:37:16.448  1581  1599 E ActivityManager:   0.5% 4/kworker/0:0: 0% user + 0.5% kernel

09-11 09:37:16.448  1581  1599 E ActivityManager:   0.4% 5/kworker/u:0: 0% user + 0.4% kernel

09-11 09:37:16.448  1581  1599 E ActivityManager:   0.3% 1660/dhd_dpc: 0% user + 0.3% kernel

09-11 09:37:16.448  1581  1599 E ActivityManager:   0.3% 1997/com.android.systemui: 0.1% user + 0.2% kernel / faults: 34 minor

09-11 09:37:16.448  1581  1599 E ActivityManager:   0.2% 1//init: 0% user + 0.2% kernel / faults: 4 minor

09-11 09:37:16.448  1581  1599 E ActivityManager:   0.2% 1429/servicemanager: 0.1% user + 0.1% kernel / faults: 11 minor

09-11 09:37:16.448  1581  1599 E ActivityManager:   0.2% 1519/htc_ebdlogd: 0.1% user + 0.1% kernel

09-11 09:37:16.448  1581  1599 E ActivityManager:   0.2% 1672/wpa_supplicant: 0% user + 0.2% kernel

09-11 09:37:16.448  1581  1599 E ActivityManager:   0.1% 1415/jbd2/mmcblk0p29: 0% user + 0.1% kernel

09-11 09:37:16.448  1581  1599 E ActivityManager:   0.1% 1425/flush-179:0: 0% user + 0.1% kernel

09-11 09:37:16.448  1581  1599 E ActivityManager:   0.1% 1436/surfaceflinger: 0% user + 0.1% kernel

09-11 09:37:16.448  1581  1599 E ActivityManager:   0% 1658/wlp_sysioc: 0% user + 0% kernel

09-11 09:37:16.448  1581  1599 E ActivityManager:   0% 1659/dhd_watchdog: 0% user + 0% kernel

09-11 09:37:16.448  1581  1599 E ActivityManager:  +0% 2025/com.htc.weatheridlescreen: 0% user + 0% kernel

09-11 09:37:16.448  1581  1599 E ActivityManager:  +0% 2044/<pre-initialized>: 0% user + 0% kernel

09-11 09:37:16.448  1581  1599 E ActivityManager: 100% TOTAL: 62% user + 37% kernel

09-11 09:37:16.448  1581  1599 E ActivityManager: CPU usage from 6071ms to 7643ms later:

09-11 09:37:16.448  1581  1599 E ActivityManager:   40% 1581/system_server: 25% user + 14% kernel / faults: 104 minor

09-11 09:37:16.448  1581  1599 E ActivityManager:     9.6% 1595/er.ServerThread: 9% user + 0.6% kernel

09-11 09:37:16.448  1581  1599 E ActivityManager:     6% 1599/ActivityManager: 0.6% user + 5.4% kernel

09-11 09:37:16.448  1581  1599 E ActivityManager:     4.8% 1985/Binder Thread #: 4.2% user + 0.6% kernel

09-11 09:37:16.448  1581  1599 E ActivityManager:     2.4% 1590/FinalizerDaemon: 1.8% user + 0.6% kernel

09-11 09:37:16.448  1581  1599 E ActivityManager:     1.2% 1614/WindowManagerPo: 1.2% user + 0% kernel

09-11 09:37:16.448  1581  1599 E ActivityManager:     1.2% 1617/InputDispatcher: 1.2% user + 0% kernel

09-11 09:37:16.448  1581  1599 E ActivityManager:     1.2% 1634/NetworkPolicy: 1.2% user + 0% kernel

09-11 09:37:16.448  1581  1599 E ActivityManager:     1.2% 1636/WifiStateMachin: 1.2% user + 0% kernel

09-11 09:37:16.448  1581  1599 E ActivityManager:     1.2% 1753/Binder Thread #: 1.2% user + 0% kernel

09-11 09:37:16.448  1581  1599 E ActivityManager:     1.2% 1789/Binder Thread #: 1.2% user + 0% kernel

09-11 09:37:16.448  1581  1599 E ActivityManager:     1.2% 1973/Binder Thread #: 1.2% user + 0% kernel

09-11 09:37:16.448  1581  1599 E ActivityManager:     1.2% 1974/Binder Thread #: 0.6% user + 0.6% kernel

09-11 09:37:16.448  1581  1599 E ActivityManager:     0.6% 1581/system_server: 0% user + 0.6% kernel

09-11 09:37:16.448  1581  1599 E ActivityManager:     0.6% 1588/Compiler: 0.6% user + 0% kernel

09-11 09:37:16.448  1581  1599 E ActivityManager:     0.6% 1592/Binder Thread #: 0.6% user + 0% kernel

09-11 09:37:16.448  1581  1599 E ActivityManager:     0.6% 1593/Binder Thread #: 0.6% user + 0% kernel

09-11 09:37:16.448  1581  1599 E ActivityManager:     0.6% 1612/AlarmManager: 0.6% user + 0% kernel

09-11 09:37:16.448  1581  1599 E ActivityManager:     0.6% 1637/WifiService: 0% user + 0.6% kernel

09-11 09:37:16.448  1581  1599 E ActivityManager:     0.6% 1638/ConnectivitySer: 0.6% user + 0% kernel

09-11 09:37:16.448  1581  1599 E ActivityManager:     0.6% 1752/Binder Thread #: 0.6% user + 0% kernel

09-11 09:37:16.448  1581  1599 E ActivityManager:     0.6% 1786/Binder Thread #: 0.6% user + 0% kernel

09-11 09:37:16.448  1581  1599 E ActivityManager:     0.6% 1787/Binder Thread #: 0% user + 0.6% kernel

09-11 09:37:16.448  1581  1599 E ActivityManager:     0.6% 1788/Binder Thread #: 0% user + 0.6% kernel

09-11 09:37:16.448  1581  1599 E ActivityManager:     0.6% 1798/LocationManager: 0.6% user + 0% kernel

09-11 09:37:16.448  1581  1599 E ActivityManager:     0.6% 1953/Binder Thread #: 0.6% user + 0% kernel

09-11 09:37:16.448  1581  1599 E ActivityManager:     0.6% 1990/Binder Thread #: 0% user + 0.6% kernel

09-11 09:37:16.448  1581  1599 E ActivityManager:   21% 1814/com.android.phone: 13% user + 7.5% kernel / faults: 441 minor

09-11 09:37:16.448  1581  1599 E ActivityManager:     8% 1814/m.android.phone: 6.3% user + 1.7% kernel

09-11 09:37:16.448  1581  1599 E ActivityManager:     0.5% 1976/RILSender: 0% user + 0.5% kernel

09-11 09:37:16.448  1581  1599 E ActivityManager:    +0% 2045/NotificationMgr: 0% user + 0% kernel

09-11 09:37:16.448  1581  1599 E ActivityManager:   11% 1738/com.teslacoilsw.launcher: 8.8% user + 2.3% kernel / faults: 62 minor

09-11 09:37:16.448  1581  1599 E ActivityManager:     7% 1738/coilsw.launcher: 4.1% user + 2.9% kernel

09-11 09:37:16.448  1581  1599 E ActivityManager:     1.1% 1745/Compiler: 1.1% user + 0% kernel

09-11 09:37:16.448  1581  1599 E ActivityManager:     1.1% 1923/launcher-loader: 1.1% user + 0% kernel

09-11 09:37:16.448  1581  1599 E ActivityManager:     0.5% 1803/novabg: 0.5% user + 0% kernel

09-11 09:37:16.448  1581  1599 E ActivityManager:     0.5% 1853/Crashlytics Exc: 0.5% user + 0% kernel

09-11 09:37:16.448  1581  1599 E ActivityManager:     0.5% 1971/Crashlytics Tra: 0.5% user + 0% kernel

09-11 09:37:16.448  1581  1599 E ActivityManager:   13% 2025/com.htc.weatheridlescreen: 9.7% user + 3.8% kernel / faults: 288 minor

09-11 09:37:16.448  1581  1599 E ActivityManager:     9.7% 2025/re-initialized>: 6.7% user + 2.9% kernel

09-11 09:37:16.448  1581  1599 E ActivityManager:     4.8% 2038/Binder Thread #: 2.9% user + 1.9% kernel

09-11 09:37:16.448  1581  1599 E ActivityManager:   4.7% 

09-11 09:37:20.512  1581  1595 W ActivityManager: Sleep timeout!  Sleeping now.

09-11 09:37:22.053  1581  1599 I ActivityManager: Start proc com.touchtype.swiftkey for service com.touchtype.swiftkey/com.touchtype.KeyboardService: pid=2068 uid=10115 gids={1015, 3003}

09-11 09:37:22.804  1581  1614 I WindowManager: Lock screen displayed!

09-11 09:37:23.034  1581  1593 W ActivityManager: Unable to start service Intent { act=com.android.ussd.IExtendedNetworkService }: not found

09-11 09:37:26.487  1581  1974 I TelephonyRegistry: notifyDataConnection: state=0 isDataConnectivityPossible=false reason='radioTurnedOff' apn='null' apnType=httpproxy networkType=0 roaming=false errorCause=0

09-11 09:37:26.517  1581  1789 I ActivityManager: Start proc com.android.settings:remote for broadcast com.android.settings/.framework.activity.powersaver.SmartSyncDataLinkTurnOffReceiver: pid=2095 uid=1000 gids={3006, 1015, 3002, 3001, 3003, 5001, 5004, 5003, 3007}

09-11 09:37:26.537  1581  1982 I TelephonyRegistry: notifyDataConnection: state=0 isDataConnectivityPossible=false reason='radioTurnedOff' apn='null' apnType=entitle networkType=0 roaming=false errorCause=0

09-11 09:37:26.577  1581  1973 I TelephonyRegistry: notifyDataConnection: state=0 isDataConnectivityPossible=false reason='radioTurnedOff' apn='null' apnType=internet networkType=0 roaming=false errorCause=0

09-11 09:37:26.597  1581  1786 I TelephonyRegistry: notifyDataConnection: state=0 isDataConnectivityPossible=false reason='radioTurnedOff' apn='null' apnType=admin networkType=0 roaming=false errorCause=0

09-11 09:37:26.608  1581  1788 I TelephonyRegistry: notifyDataConnection: state=0 isDataConnectivityPossible=false reason='radioTurnedOff' apn='null' apnType=cmmail networkType=0 roaming=false errorCause=0

09-11 09:37:26.748  1581  1990 I TelephonyRegistry: notifyDataConnection: state=0 isDataConnectivityPossible=false reason='radioTurnedOff' apn='null' apnType=fota networkType=0 roaming=false errorCause=0

09-11 09:37:27.418  1581  1973 I TelephonyRegistry: notifyDataConnection: state=0 isDataConnectivityPossible=false reason='radioTurnedOff' apn='null' apnType=dun networkType=0 roaming=false errorCause=0

09-11 09:37:28.259  1581  1787 I TelephonyRegistry: notifyDataConnection: state=0 isDataConnectivityPossible=false reason='radioTurnedOff' apn='null' apnType=supl networkType=0 roaming=false errorCause=0

09-11 09:37:28.409  1581  1753 I TelephonyRegistry: notifyDataConnection: state=0 isDataConnectivityPossible=false reason='radioTurnedOff' apn='null' apnType=hipri networkType=0 roaming=false errorCause=0

09-11 09:37:28.880  1581  1753 I ActivityManager: Start proc com.smarterdroid.wififiletransferpro for broadcast com.smarterdroid.wififiletransferpro/.WifiReceiver: pid=2122 uid=10027 gids={1015, 3003}

09-11 09:37:28.890  1581  1789 I TelephonyRegistry: notifyDataConnection: state=0 isDataConnectivityPossible=false reason='radioTurnedOff' apn='null' apnType=ims networkType=0 roaming=false errorCause=0

09-11 09:37:29.050  1581  1752 I TelephonyRegistry: notifyDataConnection: state=0 isDataConnectivityPossible=false reason='radioTurnedOff' apn='null' apnType=default networkType=0 roaming=false errorCause=0

09-11 09:37:29.130  1581  1805 W ThrottleService: unable to find stats for iface rmnet0

09-11 09:37:29.340  1581  1990 I TelephonyRegistry: notifyDataConnection: state=0 isDataConnectivityPossible=false reason='radioTurnedOff' apn='null' apnType=mms networkType=0 roaming=false errorCause=0

09-11 09:37:29.450  1581  1752 I TelephonyRegistry: notifyDataConnection: state=0 isDataConnectivityPossible=false reason='null' apn='null' apnType=default networkType=0 roaming=false errorCause=0

09-11 09:37:29.520  1581  1973 I TelephonyRegistry: notifyDataConnection: state=0 isDataConnectivityPossible=false reason='dataDetached' apn='null' apnType=default networkType=0 roaming=false errorCause=0

09-11 09:37:29.590  1581  1974 I TelephonyRegistry: notifyDataConnection: state=0 isDataConnectivityPossible=false reason='roamingOff' apn='null' apnType=default networkType=0 roaming=false errorCause=0

09-11 09:37:30.281  1581  1985 I ActivityManager: Start proc com.htc.launcher for content provider com.htc.launcher/.LauncherProvider: pid=2136 uid=9999 gids={3003, 1015, 3002, 3001}

09-11 09:37:30.491  1581  1786 I ActivityManager: Start proc android.process.media for broadcast com.android.providers.media/.UsbReceiver: pid=2149 uid=10016 gids={1015, 1023, 1024, 5001, 5002, 2001, 3003, 3007}

09-11 09:37:31.172  1944  1944 W fsck_msdos: ** Phase 2 - Check Cluster Chains

09-11 09:37:31.372  1581  1753 I ActivityManager: Start proc com.htc.bgp for content provider com.htc.provider.weather/.WeatherProvider: pid=2167 uid=10010 gids={3003, 1015, 5001, 2001}

09-11 09:37:32.974  1581  1595 I InputManagerService: Receive : Intent.ACTION_SCREEN_OFF

09-11 09:37:33.434  1581  1789 I ActivityManager: Start proc com.google.android.gms for broadcast com.google.android.gms/com.google.android.location.internal.NlpNetworkProviderSettingsUpdateReceiver: pid=2188 uid=10012 gids={3003, 1015, 1007, 1006, 3002, 3001, 2001, 3006}

09-11 09:37:35.226  1581  1985 I TelephonyRegistry: notifyDataConnection: state=0 isDataConnectivityPossible=false reason='nwTypeChanged' apn='null' apnType=default networkType=0 roaming=false errorCause=0

09-11 09:37:37.488  1581  1593 I ActivityManager: Start proc com.google.process.location for service com.google.android.gms/com.google.android.location.internal.server.GoogleLocationService: pid=2219 uid=10012 gids={3003, 1015, 1007, 1006, 3002, 3001, 2001, 3006}

09-11 09:37:41.211  1581  1985 I TelephonyRegistry: notifyDataConnection: state=0 isDataConnectivityPossible=false reason='nwTypeChanged' apn='null' apnType=default networkType=2 roaming=false errorCause=0

09-11 09:37:41.311  1581  1973 I WifiService: WifiService trying to set country code to pe with persist set to true

09-11 09:37:41.331  1581  1990 I ActivityManager: Config changed: {1.0 716mcc6mnc es_ES layoutdir=0 sw320dp w320dp h508dp nrml long port finger qwerty/v/h -nav/h s.4 skin=com.htc.skin.BlueSky fontsize=3}

09-11 09:37:44.184  1581  1786 I TelephonyRegistry: notifyDataConnection: state=0 isDataConnectivityPossible=true reason='simLoaded' apn='null' apnType=default networkType=2 roaming=false errorCause=0

09-11 09:37:44.264  1581  1974 I TelephonyRegistry: notifyDataConnection: state=0 isDataConnectivityPossible=true reason='simLoaded' apn='null' apnType=httpproxy networkType=2 roaming=false errorCause=0

09-11 09:37:44.334  1581  1788 I TelephonyRegistry: notifyDataConnection: state=0 isDataConnectivityPossible=true reason='simLoaded' apn='null' apnType=entitle networkType=2 roaming=false errorCause=0

09-11 09:37:44.374  1581  1990 I TelephonyRegistry: notifyDataConnection: state=0 isDataConnectivityPossible=true reason='simLoaded' apn='null' apnType=internet networkType=2 roaming=false errorCause=0

09-11 09:37:44.525  1581  1592 I TelephonyRegistry: notifyDataConnection: state=0 isDataConnectivityPossible=true reason='simLoaded' apn='null' apnType=admin networkType=2 roaming=false errorCause=0

09-11 09:37:44.545  1581  1982 I TelephonyRegistry: notifyDataConnection: state=0 isDataConnectivityPossible=true reason='simLoaded' apn='null' apnType=cmmail networkType=2 roaming=false errorCause=0

09-11 09:37:44.565  1581  1753 I TelephonyRegistry: notifyDataConnection: state=0 isDataConnectivityPossible=true reason='simLoaded' apn='null' apnType=fota networkType=2 roaming=false errorCause=0

09-11 09:37:44.925  1581  1789 I TelephonyRegistry: notifyDataConnection: state=0 isDataConnectivityPossible=true reason='simLoaded' apn='null' apnType=dun networkType=2 roaming=false errorCause=0

09-11 09:37:44.945  1581  1752 I TelephonyRegistry: notifyDataConnection: state=0 isDataConnectivityPossible=true reason='simLoaded' apn='null' apnType=supl networkType=2 roaming=false errorCause=0

09-11 09:37:45.025  1581  1581 I TelephonyRegistry: notifyDataConnection: state=0 isDataConnectivityPossible=true reason='simLoaded' apn='null' apnType=hipri networkType=2 roaming=false errorCause=0

09-11 09:37:45.586  1581  1787 I TelephonyRegistry: notifyDataConnection: state=0 isDataConnectivityPossible=true reason='simLoaded' apn='null' apnType=ims networkType=2 roaming=false errorCause=0

09-11 09:37:45.626  1581  1592 I TelephonyRegistry: notifyDataConnection: state=0 isDataConnectivityPossible=true reason='simLoaded' apn='null' apnType=mms networkType=2 roaming=false errorCause=0

09-11 09:37:45.666  1581  1753 I TelephonyRegistry: notifyDataConnection: state=0 isDataConnectivityPossible=true reason='dataAttached' apn='null' apnType=default networkType=2 roaming=false errorCause=0

09-11 09:37:45.736  1581  1593 I TelephonyRegistry: notifyDataConnection: state=0 isDataConnectivityPossible=true reason='dataAttached' apn='null' apnType=httpproxy networkType=2 roaming=false errorCause=0

09-11 09:37:45.796  1581  1752 I TelephonyRegistry: notifyDataConnection: state=0 isDataConnectivityPossible=true reason='dataAttached' apn='null' apnType=entitle networkType=2 roaming=false errorCause=0

09-11 09:37:45.836  1581  1953 I TelephonyRegistry: notifyDataConnection: state=0 isDataConnectivityPossible=true reason='dataAttached' apn='null' apnType=internet networkType=2 roaming=false errorCause=0

09-11 09:37:45.876  1581  1581 I TelephonyRegistry: notifyDataConnection: state=0 isDataConnectivityPossible=true reason='dataAttached' apn='null' apnType=admin networkType=2 roaming=false errorCause=0

09-11 09:37:45.906  1581  1788 I TelephonyRegistry: notifyDataConnection: state=0 isDataConnectivityPossible=true reason='dataAttached' apn='null' apnType=cmmail networkType=2 roaming=false errorCause=0

09-11 09:37:45.956  1581  1982 I TelephonyRegistry: notifyDataConnection: state=0 isDataConnectivityPossible=true reason='dataAttached' apn='null' apnType=fota networkType=2 roaming=false errorCause=0

09-11 09:37:46.006  1581  1787 I TelephonyRegistry: notifyDataConnection: state=0 isDataConnectivityPossible=true reason='dataAttached' apn='null' apnType=dun networkType=2 roaming=false errorCause=0

09-11 09:37:46.036  1581  1592 I TelephonyRegistry: notifyDataConnection: state=0 isDataConnectivityPossible=true reason='dataAttached' apn='null' apnType=supl networkType=2 roaming=false errorCause=0

09-11 09:37:46.046  1581  1753 E LocationManagerService: add listener to CarGpsProvider to provide NMEA

09-11 09:37:46.126  1581  1953 I TelephonyRegistry: notifyDataConnection: state=0 isDataConnectivityPossible=true reason='dataAttached' apn='null' apnType=hipri networkType=2 roaming=false errorCause=0

09-11 09:37:46.206  1581  1788 I TelephonyRegistry: notifyDataConnection: state=0 isDataConnectivityPossible=true reason='dataAttached' apn='null' apnType=ims networkType=2 roaming=false errorCause=0

09-11 09:37:46.426  1581  1786 I TelephonyRegistry: notifyDataConnection: state=0 isDataConnectivityPossible=true reason='dataAttached' apn='null' apnType=mms networkType=2 roaming=false errorCause=0

09-11 09:37:46.627  1581  1638 W ConnectivityService: Exception trying to remove a route: java.lang.IllegalStateException: Unable to communicate with native dameon to add routes - com.android.server.NativeDaemonConnectorException: Cmd {interface route remove wlan0 default 192.168.1.1 32 0.0.0.0} failed with code 400 : {Failed to remove route from default table (No such process)}

09-11 09:37:46.737  1581  1581 I ActivityManager: Start proc com.htc.cs for broadcast com.htc.cs/.receiver.PoweronReceiver: pid=2308 uid=10010 gids={3003, 1015, 5001, 2001}

09-11 09:37:47.167  1581  1599 W ProcessStats: Skipping unknown process pid 2312

09-11 09:37:48.408  1581  1985 I ActivityManager: Start proc android.process.htcmessage for content provider com.android.providers.htcmessage/.CBsettingProvider: pid=2346 uid=10046 gids={}

09-11 09:37:49.359  1581  1595 I ActivityManager: Start proc com.htc.calendar for broadcast com.htc.calendar/.CalendarSettingReceiver: pid=2363 uid=10010 gids={3003, 1015, 5001, 2001}

09-11 09:37:49.549  1581  1982 I ActivityManager: Start proc com.google.android.gms.wearable for service com.google.android.gms/.wearable.service.WearableService: pid=2376 uid=10012 gids={3003, 1015, 1007, 1006, 3002, 3001, 2001, 3006}

09-11 09:37:53.413  1581  1973 W InputManagerService: Ignoring setImeWindowStatus of uid 10115 token: null

09-11 09:37:54.755  1581  1786 I ActivityManager: Start proc com.google.android.partnersetup for broadcast com.google.android.partnersetup/.GooglePartnerSetup: pid=2416 uid=10023 gids={3003}

09-11 09:37:55.205  2068  2068 E ActivityThread: Service com.touchtype.KeyboardService has leaked ServiceConnection com.touchtype.keyboard.service.c@40f8dc10 that was originally bound here

09-11 09:37:55.205  2068  2068 E ActivityThread: android.app.ServiceConnectionLeaked: Service com.touchtype.KeyboardService has leaked ServiceConnection com.touchtype.keyboard.service.c@40f8dc10 that was originally bound here

09-11 09:37:55.205  2068  2068 E ActivityThread: 	at android.app.LoadedApk$ServiceDispatcher.<init>(LoadedApk.java:993)

09-11 09:37:55.205  2068  2068 E ActivityThread: 	at android.app.LoadedApk.getServiceDispatcher(LoadedApk.java:887)

09-11 09:37:55.205  2068  2068 E ActivityThread: 	at android.app.ContextImpl.bindService(ContextImpl.java:1365)

09-11 09:37:55.205  2068  2068 E ActivityThread: 	at android.content.ContextWrapper.bindService(ContextWrapper.java:370)

09-11 09:37:55.205  2068  2068 E ActivityThread: 	at com.touchtype.keyboard.service.TouchTypeSoftKeyboard.i(TouchTypeSoftKeyboard.java:635)

09-11 09:37:55.205  2068  2068 E ActivityThread: 	at com.touchtype.keyboard.service.TouchTypeSoftKeyboard.onCreate(TouchTypeSoftKeyboard.java:395)

09-11 09:37:55.205  2068  2068 E ActivityThread: 	at android.app.ActivityThread.handleCreateService(ActivityThread.java:2560)

09-11 09:37:55.205  2068  2068 E ActivityThread: 	at android.app.ActivityThread.access$1600(ActivityThread.java:139)

09-11 09:37:55.205  2068  2068 E ActivityThread: 	at android.app.ActivityThread$H.handleMessage(ActivityThread.java:1325)

09-11 09:37:55.205  2068  2068 E ActivityThread: 	at android.os.Handler.dispatchMessage(Handler.java:99)

09-11 09:37:55.205  2068  2068 E ActivityThread: 	at android.os.Looper.loop(Looper.java:154)

09-11 09:37:55.205  2068  2068 E ActivityThread: 	at android.app.ActivityThread.main(ActivityThread.java:4945)

09-11 09:37:55.205  2068  2068 E ActivityThread: 	at java.lang.reflect.Method.invokeNative(Native Method)

09-11 09:37:55.205  2068  2068 E ActivityThread: 	at java.lang.reflect.Method.invoke(Method.java:511)

09-11 09:37:55.205  2068  2068 E ActivityThread: 	at com.android.internal.os.ZygoteInit$MethodAndArgsCaller.run(ZygoteInit.java:784)

09-11 09:37:55.205  2068  2068 E ActivityThread: 	at com.android.internal.os.ZygoteInit.main(ZygoteInit.java:551)

09-11 09:37:55.205  2068  2068 E ActivityThread: 	at de.robv.android.xposed.XposedBridge.main(XposedBridge.java:132)

09-11 09:37:55.205  2068  2068 E ActivityThread: 	at dalvik.system.NativeStart.main(Native Method)

09-11 09:37:55.986  1581  1581 I PackageManager:  setEnabledSetting(), pkgName=com.android.vending, clsName=null, state=1, flag=0, pid=2416, uid=10023

09-11 09:37:56.006  1581  1752 I PackageManager:  setEnabledSetting(), pkgName=com.google.android.voicesearch, clsName=null, state=1, flag=0, pid=2416, uid=10023

09-11 09:37:56.346  1581  1786 I ActivityManager: Start proc com.android.htccontacts for broadcast com.android.htccontacts/.BootCompletedReceiver: pid=2457 uid=10003 gids={3003, 1015}

09-11 09:37:57.417  1581  1982 I ActivityManager: Start proc com.htc.fm for broadcast com.htc.fm/.FMReceiver: pid=2474 uid=10038 gids={3003, 1015}

09-11 09:37:57.928  1581  1990 I ActivityManager: Start proc com.htc.htcMessageUploader for broadcast com.htc.htcMessageUploader/.UploadMessageReceiver: pid=2490 uid=10047 gids={3003}

09-11 09:37:58.398  1581  1789 I PackageManager:  setEnabledSetting(), pkgName=com.google.android.gsf, clsName=com.google.android.gsf.checkin.CheckinService$Receiver, state=2, flag=1, pid=2188, uid=10012

09-11 09:37:58.418  1581  1985 I PackageManager:  setEnabledSetting(), pkgName=com.google.android.gsf, clsName=com.google.android.gsf.checkin.CheckinService$TriggerReceiver, state=2, flag=1, pid=2188, uid=10012

09-11 09:37:58.418  1581  1753 I PackageManager:  setEnabledSetting(), pkgName=com.google.android.gsf, clsName=com.google.android.gsf.checkin.CheckinService$SecretCodeReceiver, state=2, flag=1, pid=2188, uid=10012

09-11 09:37:58.428  1944  1944 W fsck_msdos: ** Phase 3 - Checking Directories

09-11 09:37:58.428  1581  1982 I PackageManager:  setEnabledSetting(), pkgName=com.google.android.gsf, clsName=com.google.android.gsf.checkin.CheckinService, state=2, flag=1, pid=2188, uid=10012

09-11 09:37:58.488  1581  1953 I ActivityManager: Start proc com.htc.resetnotify for broadcast com.htc.resetnotify/.BootCompleteReceiver: pid=2507 uid=10049 gids={1007}

09-11 09:37:58.718  1581  1593 I PackageManager:  setEnabledSetting(), pkgName=com.google.android.gsf, clsName=com.google.android.gsf.update.SystemUpdateActivity, state=1, flag=1, pid=2188, uid=10012

09-11 09:37:58.809  1581  1753 I ActivityManager: Start proc com.htc.sdm for broadcast com.htc.sdm/.receiver.SDMReceiver: pid=2522 uid=10052 gids={3003, 2001, 1015, 5001, 5002}

09-11 09:37:58.879  1581  1788 I PackageManager:  setEnabledSetting(), pkgName=com.google.android.gsf, clsName=com.google.android.gsf.update.SystemUpdateService, state=1, flag=1, pid=2188, uid=10012

09-11 09:37:58.989  1581  1974 I PackageManager:  setEnabledSetting(), pkgName=com.google.android.gsf, clsName=com.google.android.gsf.update.SystemUpdateService$SecretCodeReceiver, state=1, flag=1, pid=2188, uid=10012

09-11 09:37:59.029  1581  1789 I PackageManager:  setEnabledSetting(), pkgName=com.google.android.gsf, clsName=com.google.android.gsf.update.SystemUpdateService$Receiver, state=1, flag=1, pid=2188, uid=10012

09-11 09:37:59.189  1581  1592 I ActivityManager: Start proc com.htc.sdm:remote for service com.htc.sdm/.service.SDMService: pid=2538 uid=10052 gids={3003, 2001, 1015, 5001, 5002}

09-11 09:37:59.249  1581  1753 I ActivityManager: Start proc com.htc.lmw for broadcast com.htc.lmw/.StorageBroadcastReceiver: pid=2550 uid=10060 gids={}

09-11 09:37:59.599  1581  1982 I PackageManager:  setEnabledSetting(), pkgName=com.google.android.gsf, clsName=com.google.android.gsf.checkin.EventLogService, state=2, flag=1, pid=2188, uid=10012

09-11 09:37:59.609  1581  1788 I ActivityManager: Process com.android.settings (pid 2044) has died.

09-11 09:37:59.619  1581  1787 I PackageManager:  setEnabledSetting(), pkgName=com.google.android.gsf, clsName=com.google.android.gsf.checkin.EventLogService$Receiver, state=2, flag=1, pid=2188, uid=10012

09-11 09:37:59.900  1581  1953 I ActivityManager: Start proc com.android.mms for broadcast com.android.mms/.transaction.MmsSystemEventReceiver: pid=2568 uid=10065 gids={3003, 1015, 5002}

09-11 09:38:00.080  1581  1593 I ActivityManager: Process com.google.android.gsf.login (pid 1706) has died.

09-11 09:38:00.280  1581  1786 I ActivityManager: START intent from pid 1772

09-11 09:38:00.500  1581  1753 I ActivityManager: Process com.android.settings:remote (pid 2095) has died.

09-11 09:38:01.091  1581  1990 I ActivityManager: START intent from pid 1772

09-11 09:38:01.611  1581  1595 W ActivityManager: Activity pause timeout for ActivityRecord{41316af0 com.google.android.gsf/.update.SystemUpdateInstallDialog}

09-11 09:38:01.781  1581  1786 I ActivityManager: Process com.htc.calendar (pid 2363) has died.

09-11 09:38:02.052  1581  1752 W InputManagerService: Window already focused, ignoring focus gain of: com.android.internal.view.IInputMethodClient$Stub$Proxy@413b24b0

09-11 09:38:02.432  1944  1944 W fsck_msdos: ** Phase 4 - Checking for Lost Files

09-11 09:38:02.772  1581  1974 I ActivityManager: Start proc com.htc.pen for broadcast com.htc.pen/.plugin.PenReceiver: pid=2604 uid=10068 gids={}

09-11 09:38:02.862  1581  1973 I ActivityManager: Process com.google.android.partnersetup (pid 2416) has died.

09-11 09:38:02.923  1944  1944 W fsck_msdos: Next free cluster in FSInfo block (5060) not free

09-11 09:38:02.923  1944  1944 W fsck_msdos: FIXED

09-11 09:38:02.933  1944  1944 W fsck_msdos: 1936 files, 875848 free (1158057 clusters)

09-11 09:38:03.013  1581  1990 I ActivityManager: Start proc com.google.android.onetimeinitializer for broadcast com.google.android.onetimeinitializer/.OneTimeInitializerReceiver: pid=2620 uid=10071 gids={}

09-11 09:38:03.193  1430  1515 I Vold    : Filesystem check completed OK

09-11 09:38:03.213  1430  1515 W Vold    : Device /dev/block/vold/179:65, target /mnt/sdcard mounted @ /mnt/secure/staging

09-11 09:38:03.223  1581  1645 I MountService: onEvent:: raw= 605 Volume sdcard /mnt/sdcard state changed from 3 (Checking) to 4 (Mounted) cooked =  605 Volume sdcard /mnt/sdcard state changed from 3 (Checking) to 4 (Mounted)

09-11 09:38:03.223  1581  1645 I MountService: notifyVolumeStateChanged::checking

09-11 09:38:03.223  1581  1645 I MountService: updating volume state mounted

09-11 09:38:03.223  1581  1645 I MountService: Updating external media status on PackageManager

