09-11 09:42:01.505  1581  1612 I Xposed  : 	at com.android.server.pm.PackageManagerService$ActivityIntentResolver.isFilterStopped(PackageManagerService.java:4819)

09-11 09:42:01.505  1581  1612 I Xposed  : 	at com.android.server.IntentResolver.buildResolveList(IntentResolver.java:522)

09-11 09:42:01.505  1581  1612 I Xposed  : 	at com.android.server.IntentResolver.queryIntent(IntentResolver.java:292)

09-11 09:42:01.505  1581  1612 I Xposed  : 	at com.android.server.pm.PackageManagerService$ActivityIntentResolver.queryIntent(PackageManagerService.java:4829)

09-11 09:42:01.505  1581  1612 I Xposed  : 	at com.android.server.pm.PackageManagerService.queryIntentReceivers(PackageManagerService.java:2738)

09-11 09:42:01.505  1581  1612 I Xposed  : 	at com.android.server.am.ActivityManagerService.broadcastIntentLocked(ActivityManagerService.java:12999)

09-11 09:42:01.505  1581  1612 I Xposed  : 	at de.robv.android.xposed.XposedBridge.invokeOriginalMethodNative(Native Method)

09-11 09:42:01.505  1581  1612 I Xposed  : 	at de.robv.android.xposed.XposedBridge.handleHookedMethod(XposedBridge.java:631)

09-11 09:42:01.505  1581  1612 I Xposed  : 	at com.android.server.am.ActivityManagerService.broadcastIntentLocked(Native Method)

09-11 09:42:01.505  1581  1612 I Xposed  : 	at com.android.server.am.ActivityManagerService.broadcastIntentInPackage(ActivityManagerService.java:13211)

09-11 09:42:01.505  1581  1612 I Xposed  : 	at com.android.server.am.PendingIntentRecord.sendInner(PendingIntentRecord.java:248)

09-11 09:42:01.505  1581  1612 I Xposed  : 	at com.android.server.am.PendingIntentRecord.send(PendingIntentRecord.java:182)

09-11 09:42:01.505  1581  1612 I Xposed  : 	at android.app.PendingIntent.send(PendingIntent.java:605)

09-11 09:42:01.505  1581  1612 I Xposed  : 	at android.app.PendingIntent.send(PendingIntent.java:559)

09-11 09:42:01.505  1581  1612 I Xposed  : 	at com.android.server.AlarmManagerService$AlarmThread.run(AlarmManagerService.java:1362)

09-11 09:42:01.505  1581  1612 I Xposed  : java.lang.IllegalAccessError: tried to access class com.android.server.pm.PackageSetting from class com.android.server.pm.a

09-11 09:42:01.505  1581  1612 I Xposed  : 	at com.android.server.pm.a.a(SourceFile:10)

09-11 09:42:01.505  1581  1612 I Xposed  : 	at com.oasisfeng.greenify.pro.a.r.a(SourceFile:35)

09-11 09:42:01.505  1581  1612 I Xposed  : 	at com.oasisfeng.greenify.pro.a.s.beforeHookedMethod(SourceFile:20)

09-11 09:42:01.505  1581  1612 I Xposed  : 	at de.robv.android.xposed.XposedBridge.handleHookedMethod(XposedBridge.java:611)

09-11 09:42:01.505  1581  1612 I Xposed  : 	at com.android.server.pm.PackageManagerService$ActivityIntentResolver.isFilterStopped(Native Method)

09-11 09:42:01.505  1581  1612 I Xposed  : 	at com.android.server.pm.PackageManagerService$ActivityIntentResolver.isFilterStopped(PackageManagerService.java:4819)

09-11 09:42:01.505  1581  1612 I Xposed  : 	at com.android.server.IntentResolver.buildResolveList(IntentResolver.java:522)

09-11 09:42:01.505  1581  1612 I Xposed  : 	at com.android.server.IntentResolver.queryIntent(IntentResolver.java:292)

09-11 09:42:01.505  1581  1612 I Xposed  : 	at com.android.server.pm.PackageManagerService$ActivityIntentResolver.queryIntent(PackageManagerService.java:4829)

09-11 09:42:01.505  1581  1612 I Xposed  : 	at com.android.server.pm.PackageManagerService.queryIntentReceivers(PackageManagerService.java:2738)

09-11 09:42:01.505  1581  1612 I Xposed  : 	at com.android.server.am.ActivityManagerService.broadcastIntentLocked(ActivityManagerService.java:12999)

09-11 09:42:01.505  1581  1612 I Xposed  : 	at de.robv.android.xposed.XposedBridge.invokeOriginalMethodNative(Native Method)

09-11 09:42:01.505  1581  1612 I Xposed  : 	at de.robv.android.xposed.XposedBridge.handleHookedMethod(XposedBridge.java:631)

09-11 09:42:01.505  1581  1612 I Xposed  : 	at com.android.server.am.ActivityManagerService.broadcastIntentLocked(Native Method)

09-11 09:42:01.505  1581  1612 I Xposed  : 	at com.android.server.am.ActivityManagerService.broadcastIntentInPackage(ActivityManagerService.java:13211)

09-11 09:42:01.505  1581  1612 I Xposed  : 	at com.android.server.am.PendingIntentRecord.sendInner(PendingIntentRecord.java:248)

09-11 09:42:01.505  1581  1612 I Xposed  : 	at com.android.server.am.PendingIntentRecord.send(PendingIntentRecord.java:182)

09-11 09:42:01.505  1581  1612 I Xposed  : 	at android.app.PendingIntent.send(PendingIntent.java:605)

09-11 09:42:01.505  1581  1612 I Xposed  : 	at android.app.PendingIntent.send(PendingIntent.java:559)

09-11 09:42:01.505  1581  1612 I Xposed  : 	at com.android.server.AlarmManagerService$AlarmThread.run(AlarmManagerService.java:1362)

09-11 09:42:01.515  4737  4737 I GTalkService/c: [AndroidEndpoint@1090366104] connect: acct=1000000, state=CONNECTING

09-11 09:42:01.525  1581  1636 I Xposed  : java.lang.IllegalAccessError: tried to access class com.android.server.pm.PackageSetting from class com.android.server.pm.a

09-11 09:42:01.525  1581  1636 I Xposed  : 	at com.android.server.pm.a.a(SourceFile:10)

09-11 09:42:01.525  1581  1636 I Xposed  : 	at com.oasisfeng.greenify.pro.a.r.a(SourceFile:35)

09-11 09:42:01.525  1581  1636 I Xposed  : 	at com.oasisfeng.greenify.pro.a.s.beforeHookedMethod(SourceFile:20)

09-11 09:42:01.525  1581  1636 I Xposed  : 	at de.robv.android.xposed.XposedBridge.handleHookedMethod(XposedBridge.java:611)

09-11 09:42:01.525  1581  1636 I Xposed  : 	at com.android.server.pm.PackageManagerService$ActivityIntentResolver.isFilterStopped(Native Method)

09-11 09:42:01.525  1581  1636 I Xposed  : 	at com.android.server.pm.PackageManagerService$ActivityIntentResolver.isFilterStopped(PackageManagerService.java:4819)

09-11 09:42:01.525  1581  1636 I Xposed  : 	at com.android.server.IntentResolver.buildResolveList(IntentResolver.java:522)

09-11 09:42:01.525  1581  1636 I Xposed  : 	at com.android.server.IntentResolver.queryIntent(IntentResolver.java:292)

09-11 09:42:01.525  1581  1636 I Xposed  : 	at com.android.server.pm.PackageManagerService$ActivityIntentResolver.queryIntent(PackageManagerService.java:4829)

09-11 09:42:01.525  1581  1636 I Xposed  : 	at com.android.server.pm.PackageManagerService.queryIntentReceivers(PackageManagerService.java:2738)

09-11 09:42:01.525  1581  1636 I Xposed  : 	at com.android.server.am.ActivityManagerService.broadcastIntentLocked(ActivityManagerService.java:12999)

09-11 09:42:01.525  1581  1636 I Xposed  : 	at de.robv.android.xposed.XposedBridge.invokeOriginalMethodNative(Native Method)

09-11 09:42:01.525  1581  1636 I Xposed  : 	at de.robv.android.xposed.XposedBridge.handleHookedMethod(XposedBridge.java:631)

09-11 09:42:01.525  1581  1636 I Xposed  : 	at com.android.server.am.ActivityManagerService.broadcastIntentLocked(Native Method)

09-11 09:42:01.525  1581  1636 I Xposed  : 	at com.android.server.am.ActivityManagerService.broadcastIntent(ActivityManagerService.java:13193)

09-11 09:42:01.525  1581  1636 I Xposed  : 	at de.robv.android.xposed.XposedBridge.invokeOriginalMethodNative(Native Method)

09-11 09:42:01.525  1581  1636 I Xposed  : 	at de.robv.android.xposed.XposedBridge.handleHookedMethod(XposedBridge.java:631)

09-11 09:42:01.525  1581  1636 I Xposed  : 	at com.android.server.am.ActivityManagerService.broadcastIntent(Native Method)

09-11 09:42:01.525  1581  1636 I Xposed  : 	at android.app.ContextImpl.sendBroadcast(ContextImpl.java:1145)

09-11 09:42:01.525  1581  1636 I Xposed  : 	at android.net.wifi.WifiStateMachine.sendScanResultsAvailableBroadcast(WifiStateMachine.java:3361)

09-11 09:42:01.525  1581  1636 I Xposed  : 	at android.net.wifi.WifiStateMachine.access$7100(WifiStateMachine.java:155)

09-11 09:42:01.525  1581  1636 I Xposed  : 	at android.net.wifi.WifiStateMachine$SupplicantStartedState.processMessage(WifiStateMachine.java:5110)

09-11 09:42:01.525  1581  1636 I Xposed  : 	at com.android.internal.util.StateMachine$SmHandler.processMsg(StateMachine.java:885)

09-11 09:42:01.525  1581  1636 I Xposed  : 	at com.android.internal.util.StateMachine$SmHandler.handleMessage(StateMachine.java:741)

09-11 09:42:01.525  1581  1636 I Xposed  : 	at android.os.Handler.dispatchMessage(Handler.java:99)

09-11 09:42:01.525  1581  1636 I Xposed  : 	at android.os.Looper.loop(Looper.java:154)

09-11 09:42:01.525  1581  1636 I Xposed  : 	at android.os.HandlerThread.run(HandlerThread.java:60)

09-11 09:42:01.525  1581  1789 I ActivityManager: Process com.smarterdroid.wififiletransferpro (pid 4877) has died.

09-11 09:42:01.685  1581  1985 I ActivityManager: Start proc com.htc.htcMessageUploader for broadcast com.htc.htcMessageUploader/.UploadMessageReceiver: pid=4948 uid=10047 gids={3003}

09-11 09:42:01.796  4948  4948 I htcMessageUploader: Start thread to upload fota event message:com.htc.htcMessageUploader.UploadMessageReceiver

09-11 09:42:01.846  1581  1953 I ActivityManager: Start proc com.htc.cs for broadcast com.htc.cs/.receiver.PoweronReceiver: pid=4962 uid=10010 gids={3003, 1015, 5001, 2001}

09-11 09:42:01.906  1439  1563 I AudioHardwareMSM7X30: disable current rx device = 6

09-11 09:42:01.916  1439  1563 I AudioHardwareMSM7X30: AudioHardware pcm playback is going to standby.

09-11 09:42:01.976  1581  1752 I ActivityManager: START intent from pid 1738

09-11 09:42:01.986  1439  1563 I AudioHardwareMSM7X30: doTpa2051_Control mode = 1 rc = 0

09-11 09:42:01.986  1439  1563 E AudioHardwareMSM7X30: get_batt_temp: cannot open /sys/devices/platform/rs30100001:00000000/power_supply/battery/batt_temp: No such file or directory

09-11 09:42:02.006  4948  4961 I htcMessageUploader: == UploadMessageReceiver finished ==

09-11 09:42:02.036  4962  4962 I ActivityThread: Pub com.htc.connectedservice.csprovider: com.htc.cs.provider.ConnectedServiceProvider

09-11 09:42:02.076  4962  4962 I ActivityThread: Pub com.htc.cs.dashboard: com.htc.cs.sync.dashboard.DashboardProvider

09-11 09:42:02.076  1439  1563 I AudioHardwareMSM7X30: batt_temp =365

09-11 09:42:02.076  1439  1563 I HTC Acoustic: update ACDB id: (tx, rx, tx_acdb, rx_acdb) = (11, 6, 0, 607)

09-11 09:42:02.086  1439  1563 I AudioHardwareMSM7X30: AUDIO_START: start kernel pcm_out driver.

09-11 09:42:02.136  1581  1789 I ActivityManager: Start proc scd.lcex for activity scd.lcex/.ActivityMain: pid=4976 uid=10104 gids={1007, 1015}

09-11 09:42:02.196  4737  4755 E SqliteDatabaseCpp: native_1x1_string (step): errno = 2, error message = No such file or directory, path = /data/data/com.google.android.gsf/databases , key = cwevragew, handle = 0x10bea00

09-11 09:42:02.366  1581  2658 W ContentService: binderDied() at ObserverNode

09-11 09:42:02.546  4737  4944 E SqliteDatabaseCpp: native_1x1_string (step): errno = 2, error message = No such file or directory, path = /data/data/com.google.android.gsf/databases , key = cwevragew, handle = 0x10bea00

09-11 09:42:02.576  1581  1789 I Xposed  : java.lang.IllegalAccessError: tried to access class com.android.server.pm.PackageSetting from class com.android.server.pm.a

09-11 09:42:02.576  1581  1789 I Xposed  : 	at com.android.server.pm.a.a(SourceFile:10)

09-11 09:42:02.576  1581  1789 I Xposed  : 	at com.oasisfeng.greenify.pro.a.r.a(SourceFile:35)

09-11 09:42:02.576  1581  1789 I Xposed  : 	at com.oasisfeng.greenify.pro.a.s.beforeHookedMethod(SourceFile:20)

09-11 09:42:02.576  1581  1789 I Xposed  : 	at de.robv.android.xposed.XposedBridge.handleHookedMethod(XposedBridge.java:611)

09-11 09:42:02.576  1581  1789 I Xposed  : 	at com.android.server.pm.PackageManagerService$ActivityIntentResolver.isFilterStopped(Native Method)

09-11 09:42:02.576  1581  1789 I Xposed  : 	at com.android.server.pm.PackageManagerService$ActivityIntentResolver.isFilterStopped(PackageManagerService.java:4819)

09-11 09:42:02.576  1581  1789 I Xposed  : 	at com.android.server.IntentResolver.buildResolveList(IntentResolver.java:522)

09-11 09:42:02.576  1581  1789 I Xposed  : 	at com.android.server.IntentResolver.queryIntentFromList(IntentResolver.java:214)

09-11 09:42:02.576  1581  1789 I Xposed  : 	at com.android.server.pm.PackageManagerService$ActivityIntentResolver.queryIntentForPackage(PackageManagerService.java:4851)

09-11 09:42:02.576  1581  1789 I Xposed  : 	at com.android.server.pm.PackageManagerService.queryIntentReceivers(PackageManagerService.java:2742)

09-11 09:42:02.576  1581  1789 I Xposed  : 	at com.android.server.am.ActivityManagerService.broadcastIntentLocked(ActivityManagerService.java:12999)

09-11 09:42:02.576  1581  1789 I Xposed  : 	at de.robv.android.xposed.XposedBridge.invokeOriginalMethodNative(Native Method)

09-11 09:42:02.576  1581  1789 I Xposed  : 	at de.robv.android.xposed.XposedBridge.handleHookedMethod(XposedBridge.java:631)

09-11 09:42:02.576  1581  1789 I Xposed  : 	at com.android.server.am.ActivityManagerService.broadcastIntentLocked(Native Method)

09-11 09:42:02.576  1581  1789 I Xposed  : 	at com.android.server.am.ActivityManagerService.broadcastIntent(ActivityManagerService.java:13193)

09-11 09:42:02.576  1581  1789 I Xposed  : 	at de.robv.android.xposed.XposedBridge.invokeOriginalMethodNative(Native Method)

09-11 09:42:02.576  1581  1789 I Xposed  : 	at de.robv.android.xposed.XposedBridge.handleHookedMethod(XposedBridge.java:631)

09-11 09:42:02.576  1581  1789 I Xposed  : 	at com.android.server.am.ActivityManagerService.broadcastIntent(Native Method)

09-11 09:42:02.576  1581  1789 I Xposed  : 	at com.oasisfeng.greenify.pro.q.a(SourceFile:39)

09-11 09:42:02.576  1581  1789 I Xposed  : 	at com.oasisfeng.greenify.pro.q.a(SourceFile:27)

09-11 09:42:02.576  1581  1789 I Xposed  : 	at com.oasisfeng.greenify.pro.a.ab.a(SourceFile:90)

09-11 09:42:02.576  1581  1789 I Xposed  : 	at com.oasisfeng.d.a.afterHookedMethod(SourceFile:27)

09-11 09:42:02.576  1581  1789 I Xposed  : 	at de.robv.android.xposed.XposedBridge.handleHookedMethod(XposedBridge.java:645)

09-11 09:42:02.576  1581  1789 I Xposed  : 	at android.os.Parcel.recycle(Native Method)

09-11 09:42:02.576  1581  1789 I Xposed  : 	at android.os.Binder.execTransact(Binder.java:350)

09-11 09:42:02.576  1581  1789 I Xposed  : 	at dalvik.system.NativeStart.run(Native Method)

09-11 09:42:02.606  1581  1789 I Xposed  : java.lang.IllegalAccessError: tried to access class com.android.server.pm.PackageSetting from class com.android.server.pm.a

09-11 09:42:02.606  1581  1789 I Xposed  : 	at com.android.server.pm.a.a(SourceFile:10)

09-11 09:42:02.606  1581  1789 I Xposed  : 	at com.oasisfeng.greenify.pro.a.r.a(SourceFile:35)

09-11 09:42:02.606  1581  1789 I Xposed  : 	at com.oasisfeng.greenify.pro.a.s.beforeHookedMethod(SourceFile:20)

09-11 09:42:02.606  1581  1789 I Xposed  : 	at de.robv.android.xposed.XposedBridge.handleHookedMethod(XposedBridge.java:611)

09-11 09:42:02.606  1581  1789 I Xposed  : 	at com.android.server.pm.PackageManagerService$ActivityIntentResolver.isFilterStopped(Native Method)

09-11 09:42:02.606  1581  1789 I Xposed  : 	at com.android.server.pm.PackageManagerService$ActivityIntentResolver.isFilterStopped(PackageManagerService.java:4819)

09-11 09:42:02.606  1581  1789 I Xposed  : 	at com.android.server.IntentResolver.buildResolveList(IntentResolver.java:522)

09-11 09:42:02.606  1581  1789 I Xposed  : 	at com.android.server.IntentResolver.queryIntentFromList(IntentResolver.java:214)

09-11 09:42:02.606  1581  1789 I Xposed  : 	at com.android.server.pm.PackageManagerService$ActivityIntentResolver.queryIntentForPackage(PackageManagerService.java:4851)

09-11 09:42:02.606  1581  1789 I Xposed  : 	at com.android.server.pm.PackageManagerService.queryIntentReceivers(PackageManagerService.java:2742)

09-11 09:42:02.606  1581  1789 I Xposed  : 	at com.android.server.am.ActivityManagerService.broadcastIntentLocked(ActivityManagerService.java:12999)

09-11 09:42:02.606  1581  1789 I Xposed  : 	at de.robv.android.xposed.XposedBridge.invokeOriginalMethodNative(Native Method)

09-11 09:42:02.606  1581  1789 I Xposed  : 	at de.robv.android.xposed.XposedBridge.handleHookedMethod(XposedBridge.java:631)

09-11 09:42:02.606  1581  1789 I Xposed  : 	at com.android.server.am.ActivityManagerService.broadcastIntentLocked(Native Method)

09-11 09:42:02.606  1581  1789 I Xposed  : 	at com.android.server.am.ActivityManagerService.broadcastIntent(ActivityManagerService.java:13193)

09-11 09:42:02.606  1581  1789 I Xposed  : 	at de.robv.android.xposed.XposedBridge.invokeOriginalMethodNative(Native Method)

09-11 09:42:02.606  1581  1789 I Xposed  : 	at de.robv.android.xposed.XposedBridge.handleHookedMethod(XposedBridge.java:631)

09-11 09:42:02.606  1581  1789 I Xposed  : 	at com.android.server.am.ActivityManagerService.broadcastIntent(Native Method)

09-11 09:42:02.606  1581  1789 I Xposed  : 	at com.oasisfeng.greenify.pro.q.a(SourceFile:39)

09-11 09:42:02.606  1581  1789 I Xposed  : 	at com.oasisfeng.greenify.pro.q.a(SourceFile:27)

09-11 09:42:02.606  1581  1789 I Xposed  : 	at com.oasisfeng.greenify.pro.a.ab.a(SourceFile:90)

09-11 09:42:02.606  1581  1789 I Xposed  : 	at com.oasisfeng.d.a.afterHookedMethod(SourceFile:27)

09-11 09:42:02.606  1581  1789 I Xposed  : 	at de.robv.android.xposed.XposedBridge.handleHookedMethod(XposedBridge.java:645)

09-11 09:42:02.606  1581  1789 I Xposed  : 	at android.os.Parcel.recycle(Native Method)

09-11 09:42:02.606  1581  1789 I Xposed  : 	at android.os.Binder.execTransact(Binder.java:350)

09-11 09:42:02.606  1581  1789 I Xposed  : 	at dalvik.system.NativeStart.run(Native Method)

09-11 09:42:02.646  1581  1789 I Xposed  : java.lang.IllegalAccessError: tried to access class com.android.server.pm.PackageSetting from class com.android.server.pm.a

09-11 09:42:02.646  1581  1789 I Xposed  : 	at com.android.server.pm.a.a(SourceFile:10)

09-11 09:42:02.646  1581  1789 I Xposed  : 	at com.oasisfeng.greenify.pro.a.r.a(SourceFile:35)

09-11 09:42:02.646  1581  1789 I Xposed  : 	at com.oasisfeng.greenify.pro.a.s.beforeHookedMethod(SourceFile:20)

09-11 09:42:02.646  1581  1789 I Xposed  : 	at de.robv.android.xposed.XposedBridge.handleHookedMethod(XposedBridge.java:611)

09-11 09:42:02.646  1581  1789 I Xposed  : 	at com.android.server.pm.PackageManagerService$ActivityIntentResolver.isFilterStopped(Native Method)

09-11 09:42:02.646  1581  1789 I Xposed  : 	at com.android.server.pm.PackageManagerService$ActivityIntentResolver.isFilterStopped(PackageManagerService.java:4819)

09-11 09:42:02.646  1581  1789 I Xposed  : 	at com.android.server.IntentResolver.buildResolveList(IntentResolver.java:522)

09-11 09:42:02.646  1581  1789 I Xposed  : 	at com.android.server.IntentResolver.queryIntentFromList(IntentResolver.java:214)

09-11 09:42:02.646  1581  1789 I Xposed  : 	at com.android.server.pm.PackageManagerService$ActivityIntentResolver.queryIntentForPackage(PackageManagerService.java:4851)

09-11 09:42:02.646  1581  1789 I Xposed  : 	at com.android.server.pm.PackageManagerService.queryIntentReceivers(PackageManagerService.java:2742)

09-11 09:42:02.646  1581  1789 I Xposed  : 	at com.android.server.am.ActivityManagerService.broadcastIntentLocked(ActivityManagerService.java:12999)

09-11 09:42:02.646  1581  1789 I Xposed  : 	at de.robv.android.xposed.XposedBridge.invokeOriginalMethodNative(Native Method)

09-11 09:42:02.646  1581  1789 I Xposed  : 	at de.robv.android.xposed.XposedBridge.handleHookedMethod(XposedBridge.java:631)

09-11 09:42:02.646  1581  1789 I Xposed  : 	at com.android.server.am.ActivityManagerService.broadcastIntentLocked(Native Method)

09-11 09:42:02.646  1581  1789 I Xposed  : 	at com.android.server.am.ActivityManagerService.broadcastIntent(ActivityManagerService.java:13193)

09-11 09:42:02.646  1581  1789 I Xposed  : 	at de.robv.android.xposed.XposedBridge.invokeOriginalMethodNative(Native Method)

09-11 09:42:02.646  1581  1789 I Xposed  : 	at de.robv.android.xposed.XposedBridge.handleHookedMethod(XposedBridge.java:631)

09-11 09:42:02.646  1581  1789 I Xposed  : 	at com.android.server.am.ActivityManagerService.broadcastIntent(Native Method)

09-11 09:42:02.646  1581  1789 I Xposed  : 	at com.oasisfeng.greenify.pro.q.a(SourceFile:39)

09-11 09:42:02.646  1581  1789 I Xposed  : 	at com.oasisfeng.greenify.pro.q.a(SourceFile:27)

09-11 09:42:02.646  1581  1789 I Xposed  : 	at com.oasisfeng.greenify.pro.a.ab.a(SourceFile:90)

09-11 09:42:02.646  1581  1789 I Xposed  : 	at com.oasisfeng.d.a.afterHookedMethod(SourceFile:27)

09-11 09:42:02.646  1581  1789 I Xposed  : 	at de.robv.android.xposed.XposedBridge.handleHookedMethod(XposedBridge.java:645)

09-11 09:42:02.646  1581  1789 I Xposed  : 	at android.os.Parcel.recycle(Native Method)

09-11 09:42:02.646  1581  1789 I Xposed  : 	at android.os.Binder.execTransact(Binder.java:350)

09-11 09:42:02.646  1581  1789 I Xposed  : 	at dalvik.system.NativeStart.run(Native Method)

09-11 09:42:02.686  1581  1789 I Xposed  : java.lang.IllegalAccessError: tried to access class com.android.server.pm.PackageSetting from class com.android.server.pm.a

09-11 09:42:02.686  1581  1789 I Xposed  : 	at com.android.server.pm.a.a(SourceFile:10)

09-11 09:42:02.686  1581  1789 I Xposed  : 	at com.oasisfeng.greenify.pro.a.r.a(SourceFile:35)

09-11 09:42:02.686  1581  1789 I Xposed  : 	at com.oasisfeng.greenify.pro.a.s.beforeHookedMethod(SourceFile:20)

09-11 09:42:02.686  1581  1789 I Xposed  : 	at de.robv.android.xposed.XposedBridge.handleHookedMethod(XposedBridge.java:611)

09-11 09:42:02.686  1581  1789 I Xposed  : 	at com.android.server.pm.PackageManagerService$ActivityIntentResolver.isFilterStopped(Native Method)

09-11 09:42:02.686  1581  1789 I Xposed  : 	at com.android.server.pm.PackageManagerService$ActivityIntentResolver.isFilterStopped(PackageManagerService.java:4819)

09-11 09:42:02.686  1581  1789 I Xposed  : 	at com.android.server.IntentResolver.buildResolveList(IntentResolver.java:522)

09-11 09:42:02.686  1581  1789 I Xposed  : 	at com.android.server.IntentResolver.queryIntentFromList(IntentResolver.java:214)

09-11 09:42:02.686  1581  1789 I Xposed  : 	at com.android.server.pm.PackageManagerService$ActivityIntentResolver.queryIntentForPackage(PackageManagerService.java:4851)

09-11 09:42:02.686  1581  1789 I Xposed  : 	at com.android.server.pm.PackageManagerService.queryIntentReceivers(PackageManagerService.java:2742)

09-11 09:42:02.686  1581  1789 I Xposed  : 	at com.android.server.am.ActivityManagerService.broadcastIntentLocked(ActivityManagerService.java:12999)

09-11 09:42:02.686  1581  1789 I Xposed  : 	at de.robv.android.xposed.XposedBridge.invokeOriginalMethodNative(Native Method)

09-11 09:42:02.686  1581  1789 I Xposed  : 	at de.robv.android.xposed.XposedBridge.handleHookedMethod(XposedBridge.java:631)

09-11 09:42:02.686  1581  1789 I Xposed  : 	at com.android.server.am.ActivityManagerService.broadcastIntentLocked(Native Method)

09-11 09:42:02.686  1581  1789 I Xposed  : 	at com.android.server.am.ActivityManagerService.broadcastIntent(ActivityManagerService.java:13193)

09-11 09:42:02.686  1581  1789 I Xposed  : 	at de.robv.android.xposed.XposedBridge.invokeOriginalMethodNative(Native Method)

09-11 09:42:02.686  1581  1789 I Xposed  : 	at de.robv.android.xposed.XposedBridge.handleHookedMethod(XposedBridge.java:631)

09-11 09:42:02.686  1581  1789 I Xposed  : 	at com.android.server.am.ActivityManagerService.broadcastIntent(Native Method)

09-11 09:42:02.686  1581  1789 I Xposed  : 	at com.oasisfeng.greenify.pro.q.a(SourceFile:39)

09-11 09:42:02.686  1581  1789 I Xposed  : 	at com.oasisfeng.greenify.pro.q.a(SourceFile:27)

09-11 09:42:02.686  1581  1789 I Xposed  : 	at com.oasisfeng.greenify.pro.a.ab.a(SourceFile:90)

09-11 09:42:02.686  1581  1789 I Xposed  : 	at com.oasisfeng.d.a.afterHookedMethod(SourceFile:27)

09-11 09:42:02.686  1581  1789 I Xposed  : 	at de.robv.android.xposed.XposedBridge.handleHookedMethod(XposedBridge.java:645)

09-11 09:42:02.686  1581  1789 I Xposed  : 	at android.os.Parcel.recycle(Native Method)

09-11 09:42:02.686  1581  1789 I Xposed  : 	at android.os.Binder.execTransact(Binder.java:350)

09-11 09:42:02.686  1581  1789 I Xposed  : 	at dalvik.system.NativeStart.run(Native Method)

09-11 09:42:02.706  1581  1789 I Xposed  : java.lang.IllegalAccessError: tried to access class com.android.server.pm.PackageSetting from class com.android.server.pm.a

09-11 09:42:02.706  1581  1789 I Xposed  : 	at com.android.server.pm.a.a(SourceFile:10)

09-11 09:42:02.706  1581  1789 I Xposed  : 	at com.oasisfeng.greenify.pro.a.r.a(SourceFile:35)

09-11 09:42:02.706  1581  1789 I Xposed  : 	at com.oasisfeng.greenify.pro.a.s.beforeHookedMethod(SourceFile:20)

09-11 09:42:02.706  1581  1789 I Xposed  : 	at de.robv.android.xposed.XposedBridge.handleHookedMethod(XposedBridge.java:611)

09-11 09:42:02.706  1581  1789 I Xposed  : 	at com.android.server.pm.PackageManagerService$ActivityIntentResolver.isFilterStopped(Native Method)

09-11 09:42:02.706  1581  1789 I Xposed  : 	at com.android.server.pm.PackageManagerService$ActivityIntentResolver.isFilterStopped(PackageManagerService.java:4819)

09-11 09:42:02.706  1581  1789 I Xposed  : 	at com.android.server.IntentResolver.buildResolveList(IntentResolver.java:522)

09-11 09:42:02.706  1581  1789 I Xposed  : 	at com.android.server.IntentResolver.queryIntentFromList(IntentResolver.java:214)

09-11 09:42:02.706  1581  1789 I Xposed  : 	at com.android.server.pm.PackageManagerService$ActivityIntentResolver.queryIntentForPackage(PackageManagerService.java:4851)

09-11 09:42:02.706  1581  1789 I Xposed  : 	at com.android.server.pm.PackageManagerService.queryIntentReceivers(PackageManagerService.java:2742)

09-11 09:42:02.706  1581  1789 I Xposed  : 	at com.android.server.am.ActivityManagerService.broadcastIntentLocked(ActivityManagerService.java:12999)

09-11 09:42:02.706  1581  1789 I Xposed  : 	at de.robv.android.xposed.XposedBridge.invokeOriginalMethodNative(Native Method)

09-11 09:42:02.706  1581  1789 I Xposed  : 	at de.robv.android.xposed.XposedBridge.handleHookedMethod(XposedBridge.java:631)

09-11 09:42:02.706  1581  1789 I Xposed  : 	at com.android.server.am.ActivityManagerService.broadcastIntentLocked(Native Method)

09-11 09:42:02.706  1581  1789 I Xposed  : 	at com.android.server.am.ActivityManagerService.broadcastIntent(ActivityManagerService.java:13193)

09-11 09:42:02.706  1581  1789 I Xposed  : 	at de.robv.android.xposed.XposedBridge.invokeOriginalMethodNative(Native Method)

09-11 09:42:02.706  1581  1789 I Xposed  : 	at de.robv.android.xposed.XposedBridge.handleHookedMethod(XposedBridge.java:631)

09-11 09:42:02.706  1581  1789 I Xposed  : 	at com.android.server.am.ActivityManagerService.broadcastIntent(Native Method)

09-11 09:42:02.706  1581  1789 I Xposed  : 	at com.oasisfeng.greenify.pro.q.a(SourceFile:39)

09-11 09:42:02.706  1581  1789 I Xposed  : 	at com.oasisfeng.greenify.pro.q.a(SourceFile:27)

09-11 09:42:02.706  1581  1789 I Xposed  : 	at com.oasisfeng.greenify.pro.a.ab.a(SourceFile:90)

09-11 09:42:02.706  1581  1789 I Xposed  : 	at com.oasisfeng.d.a.afterHookedMethod(SourceFile:27)

09-11 09:42:02.706  1581  1789 I Xposed  : 	at de.robv.android.xposed.XposedBridge.handleHookedMethod(XposedBridge.java:645)

09-11 09:42:02.706  1581  1789 I Xposed  : 	at android.os.Parcel.recycle(Native Method)

09-11 09:42:02.706  1581  1789 I Xposed  : 	at android.os.Binder.execTransact(Binder.java:350)

09-11 09:42:02.706  1581  1789 I Xposed  : 	at dalvik.system.NativeStart.run(Native Method)

09-11 09:42:02.716  1436  1536 I Adreno200-EGLSUB: <CreateImage:893>: Android Image

09-11 09:42:02.716  1436  1536 I Adreno200-EGLSUB: <GetImageAttributes:1102>: RGBA_8888

09-11 09:42:02.737  1581  1789 I Xposed  : java.lang.IllegalAccessError: tried to access class com.android.server.pm.PackageSetting from class com.android.server.pm.a

09-11 09:42:02.737  1581  1789 I Xposed  : 	at com.android.server.pm.a.a(SourceFile:10)

09-11 09:42:02.737  1581  1789 I Xposed  : 	at com.oasisfeng.greenify.pro.a.r.a(SourceFile:35)

09-11 09:42:02.737  1581  1789 I Xposed  : 	at com.oasisfeng.greenify.pro.a.s.beforeHookedMethod(SourceFile:20)

09-11 09:42:02.737  1581  1789 I Xposed  : 	at de.robv.android.xposed.XposedBridge.handleHookedMethod(XposedBridge.java:611)

09-11 09:42:02.737  1581  1789 I Xposed  : 	at com.android.server.pm.PackageManagerService$ActivityIntentResolver.isFilterStopped(Native Method)

09-11 09:42:02.737  1581  1789 I Xposed  : 	at com.android.server.pm.PackageManagerService$ActivityIntentResolver.isFilterStopped(PackageManagerService.java:4819)

09-11 09:42:02.737  1581  1789 I Xposed  : 	at com.android.server.IntentResolver.buildResolveList(IntentResolver.java:522)

09-11 09:42:02.737  1581  1789 I Xposed  : 	at com.android.server.IntentResolver.queryIntentFromList(IntentResolver.java:214)

09-11 09:42:02.737  1581  1789 I Xposed  : 	at com.android.server.pm.PackageManagerService$ActivityIntentResolver.queryIntentForPackage(PackageManagerService.java:4851)

09-11 09:42:02.737  1581  1789 I Xposed  : 	at com.android.server.pm.PackageManagerService.queryIntentReceivers(PackageManagerService.java:2742)

09-11 09:42:02.737  1581  1789 I Xposed  : 	at com.android.server.am.ActivityManagerService.broadcastIntentLocked(ActivityManagerService.java:12999)

09-11 09:42:02.737  1581  1789 I Xposed  : 	at de.robv.android.xposed.XposedBridge.invokeOriginalMethodNative(Native Method)

09-11 09:42:02.737  1581  1789 I Xposed  : 	at de.robv.android.xposed.XposedBridge.handleHookedMethod(XposedBridge.java:631)

09-11 09:42:02.737  1581  1789 I Xposed  : 	at com.android.server.am.ActivityManagerService.broadcastIntentLocked(Native Method)

09-11 09:42:02.737  1581  1789 I Xposed  : 	at com.android.server.am.ActivityManagerService.broadcastIntent(ActivityManagerService.java:13193)

09-11 09:42:02.737  1581  1789 I Xposed  : 	at de.robv.android.xposed.XposedBridge.invokeOriginalMethodNative(Native Method)

09-11 09:42:02.737  1581  1789 I Xposed  : 	at de.robv.android.xposed.XposedBridge.handleHookedMethod(XposedBridge.java:631)

09-11 09:42:02.737  1581  1789 I Xposed  : 	at com.android.server.am.ActivityManagerService.broadcastIntent(Native Method)

09-11 09:42:02.737  1581  1789 I Xposed  : 	at com.oasisfeng.greenify.pro.q.a(SourceFile:39)

09-11 09:42:02.737  1581  1789 I Xposed  : 	at com.oasisfeng.greenify.pro.q.a(SourceFile:27)

09-11 09:42:02.737  1581  1789 I Xposed  : 	at com.oasisfeng.greenify.pro.a.ab.a(SourceFile:90)

09-11 09:42:02.737  1581  1789 I Xposed  : 	at com.oasisfeng.d.a.afterHookedMethod(SourceFile:27)

09-11 09:42:02.737  1581  1789 I Xposed  : 	at de.robv.android.xposed.XposedBridge.handleHookedMethod(XposedBridge.java:645)

09-11 09:42:02.737  1581  1789 I Xposed  : 	at android.os.Parcel.recycle(Native Method)

09-11 09:42:02.737  1581  1789 I Xposed  : 	at android.os.Binder.execTransact(Binder.java:350)

09-11 09:42:02.737  1581  1789 I Xposed  : 	at dalvik.system.NativeStart.run(Native Method)

09-11 09:42:02.747  1581  1789 I Xposed  : java.lang.IllegalAccessError: tried to access class com.android.server.pm.PackageSetting from class com.android.server.pm.a

09-11 09:42:02.747  1581  1789 I Xposed  : 	at com.android.server.pm.a.a(SourceFile:10)

09-11 09:42:02.747  1581  1789 I Xposed  : 	at com.oasisfeng.greenify.pro.a.r.a(SourceFile:35)

09-11 09:42:02.747  1581  1789 I Xposed  : 	at com.oasisfeng.greenify.pro.a.s.beforeHookedMethod(SourceFile:20)

09-11 09:42:02.747  1581  1789 I Xposed  : 	at de.robv.android.xposed.XposedBridge.handleHookedMethod(XposedBridge.java:611)

09-11 09:42:02.747  1581  1789 I Xposed  : 	at com.android.server.pm.PackageManagerService$ActivityIntentResolver.isFilterStopped(Native Method)

09-11 09:42:02.747  1581  1789 I Xposed  : 	at com.android.server.pm.PackageManagerService$ActivityIntentResolver.isFilterStopped(PackageManagerService.java:4819)

09-11 09:42:02.747  1581  1789 I Xposed  : 	at com.android.server.IntentResolver.buildResolveList(IntentResolver.java:522)

09-11 09:42:02.747  1581  1789 I Xposed  : 	at com.android.server.IntentResolver.queryIntentFromList(IntentResolver.java:214)

09-11 09:42:02.747  1581  1789 I Xposed  : 	at com.android.server.pm.PackageManagerService$ActivityIntentResolver.queryIntentForPackage(PackageManagerService.java:4851)

09-11 09:42:02.747  1581  1789 I Xposed  : 	at com.android.server.pm.PackageManagerService.queryIntentReceivers(PackageManagerService.java:2742)

09-11 09:42:02.747  1581  1789 I Xposed  : 	at com.android.server.am.ActivityManagerService.broadcastIntentLocked(ActivityManagerService.java:12999)

09-11 09:42:02.747  1581  1789 I Xposed  : 	at de.robv.android.xposed.XposedBridge.invokeOriginalMethodNative(Native Method)

09-11 09:42:02.747  1581  1789 I Xposed  : 	at de.robv.android.xposed.XposedBridge.handleHookedMethod(XposedBridge.java:631)

09-11 09:42:02.747  1581  1789 I Xposed  : 	at com.android.server.am.ActivityManagerService.broadcastIntentLocked(Native Method)

09-11 09:42:02.747  1581  1789 I Xposed  : 	at com.android.server.am.ActivityManagerService.broadcastIntent(ActivityManagerService.java:13193)

09-11 09:42:02.747  1581  1789 I Xposed  : 	at de.robv.android.xposed.XposedBridge.invokeOriginalMethodNative(Native Method)

09-11 09:42:02.747  1581  1789 I Xposed  : 	at de.robv.android.xposed.XposedBridge.handleHookedMethod(XposedBridge.java:631)

09-11 09:42:02.747  1581  1789 I Xposed  : 	at com.android.server.am.ActivityManagerService.broadcastIntent(Native Method)

09-11 09:42:02.747  1581  1789 I Xposed  : 	at com.oasisfeng.greenify.pro.q.a(SourceFile:39)

09-11 09:42:02.747  1581  1789 I Xposed  : 	at com.oasisfeng.greenify.pro.q.a(SourceFile:27)

09-11 09:42:02.747  1581  1789 I Xposed  : 	at com.oasisfeng.greenify.pro.a.ab.a(SourceFile:90)

09-11 09:42:02.747  1581  1789 I Xposed  : 	at com.oasisfeng.d.a.afterHookedMethod(SourceFile:27)

09-11 09:42:02.747  1581  1789 I Xposed  : 	at de.robv.android.xposed.XposedBridge.handleHookedMethod(XposedBridge.java:645)

09-11 09:42:02.747  1581  1789 I Xposed  : 	at android.os.Parcel.recycle(Native Method)

09-11 09:42:02.747  1581  1789 I Xposed  : 	at android.os.Binder.execTransact(Binder.java:350)

09-11 09:42:02.747  1581  1789 I Xposed  : 	at dalvik.system.NativeStart.run(Native Method)

09-11 09:42:02.757  1581  1592 I ActivityManager: Process com.htc.htcMessageUploader (pid 4948) has died.

09-11 09:42:02.757  1581  1953 I ActivityManager: Process com.android.htccontacts (pid 4544) has died.

09-11 09:42:02.787  1581  1985 I ActivityManager: Start proc com.htc.bg for broadcast com.htc.providers.uploads/.UploadReceiver: pid=4993 uid=10010 gids={3003, 1015, 5001, 2001}

09-11 09:42:02.897  4993  4993 I ActivityThread: Pub com.htc.accounts: com.htc.CustomizationSetup.AccountsProvider

09-11 09:42:02.947  4993  4993 I ActivityThread: Pub com.htc.opensense.snprovider: com.htc.opensense.snprovider.SocialNetworkProvider

09-11 09:42:02.977  4993  4993 I ActivityThread: Pub com.htc.provider.settings: com.htc.provider.settings.NotificationFlashLightProvider

09-11 09:42:02.987  4993  4993 I ActivityThread: Pub com.htc.settings.accountsync.SYNC: com.htc.opensense.syncprovider.SyncProvider

09-11 09:42:02.987  4737  4939 I System.out: [INFO:3398]: LogSource: Running flush

09-11 09:42:03.017  4993  4993 I ActivityThread: Pub com.htc.providers.uploads: com.htc.providers.uploads.UploadProvider

09-11 09:42:03.017  4993  4993 I ActivityThread: Pub com.htc.cachemanager: com.htc.opensense.cachemanager.CacheProvider

09-11 09:42:03.087  4993  4993 I UploadService: Service onCreate

09-11 09:42:03.087  2188  2188 I SystemUpdateService: receiver: Intent { act=android.net.conn.CONNECTIVITY_CHANGE flg=0x10000010 cmp=com.google.android.gms/.update.SystemUpdateService$ActiveReceiver (has extras) }

09-11 09:42:03.177  4993  4993 I UploadNotification: updateNotification

09-11 09:42:03.187  4993  4993 I UploadNotification: colloateNotification

09-11 09:42:03.207  2188  5010 W TelephonyManager: Hidden constructor called more than once per process!

09-11 09:42:03.217  2188  5010 W TelephonyManager: Original: com.google.android.gms, new: com.google.android.gms

09-11 09:42:03.237  4993  4993 I UploadNotification: updateAllNotification

09-11 09:42:03.247  4993  4993 I UploadService: Service onStart

09-11 09:42:03.247  4993  4993 W UploadService: UpdateThread already running

09-11 09:42:03.277  4737  4941 I System.out: [INFO:3680]: LogSource: Sending payload [bytes=388]

09-11 09:42:03.547  4976  4976 I Adreno200-EGLSUB: <ConfigWindowMatch:2078>: Format RGBA_8888.

09-11 09:42:03.597  1436  1536 E SurfaceTexture: [com.teslacoilsw.launcher/com.android.launcher2.Launcher] abandon: SurfaceTexture(0x0x167d298) has been abandoned!

09-11 09:42:03.637  1581  1788 I InputManagerService: [unbindCurrentClientLocked] Disable input method client.

09-11 09:42:03.647  1581  1788 I InputManagerService: [startInputLocked] Enable input method client.

09-11 09:42:03.727  1581  1953 I ActivityManager: Start proc com.droids.appwidget.apns for broadcast com.droids.appwidget.apns/.APNWidgetProvider: pid=5021 uid=10053 gids={3003}

09-11 09:42:03.768  5021  5021 I dalvikvm: Turning on JNI app bug workarounds for target SDK version 10...

09-11 09:42:03.948  1581  1592 I Xposed  : java.lang.IllegalAccessError: tried to access class com.android.server.pm.PackageSetting from class com.android.server.pm.a

09-11 09:42:03.948  1581  1592 I Xposed  : 	at com.android.server.pm.a.a(SourceFile:10)

09-11 09:42:03.948  1581  1592 I Xposed  : 	at com.oasisfeng.greenify.pro.a.r.a(SourceFile:35)

09-11 09:42:03.948  1581  1592 I Xposed  : 	at com.oasisfeng.greenify.pro.a.s.beforeHookedMethod(SourceFile:20)

09-11 09:42:03.948  1581  1592 I Xposed  : 	at de.robv.android.xposed.XposedBridge.handleHookedMethod(XposedBridge.java:611)

09-11 09:42:03.948  1581  1592 I Xposed  : 	at com.android.server.pm.PackageManagerService$ActivityIntentResolver.isFilterStopped(Native Method)

09-11 09:42:03.948  1581  1592 I Xposed  : 	at com.android.server.pm.PackageManagerService$ActivityIntentResolver.isFilterStopped(PackageManagerService.java:4819)

09-11 09:42:03.948  1581  1592 I Xposed  : 	at com.android.server.IntentResolver.buildResolveList(IntentResolver.java:522)

09-11 09:42:03.948  1581  1592 I Xposed  : 	at com.android.server.IntentResolver.queryIntent(IntentResolver.java:292)

09-11 09:42:03.948  1581  1592 I Xposed  : 	at com.android.server.pm.PackageManagerService$ActivityIntentResolver.queryIntent(PackageManagerService.java:4829)

09-11 09:42:03.948  1581  1592 I Xposed  : 	at com.android.server.pm.PackageManagerService.queryIntentReceivers(PackageManagerService.java:2738)

09-11 09:42:03.948  1581  1592 I Xposed  : 	at com.android.server.am.ActivityManagerService.broadcastIntentLocked(ActivityManagerService.java:12999)

09-11 09:42:03.948  1581  1592 I Xposed  : 	at de.robv.android.xposed.XposedBridge.invokeOriginalMethodNative(Native Method)

09-11 09:42:03.948  1581  1592 I Xposed  : 	at de.robv.android.xposed.XposedBridge.handleHookedMethod(XposedBridge.java:631)

09-11 09:42:03.948  1581  1592 I Xposed  : 	at com.android.server.am.ActivityManagerService.broadcastIntentLocked(Native Method)

09-11 09:42:03.948  1581  1592 I Xposed  : 	at com.android.server.am.ActivityManagerService.broadcastIntent(ActivityManagerService.java:13193)

09-11 09:42:03.948  1581  1592 I Xposed  : 	at de.robv.android.xposed.XposedBridge.invokeOriginalMethodNative(Native Method)

09-11 09:42:03.948  1581  1592 I Xposed  : 	at de.robv.android.xposed.XposedBridge.handleHookedMethod(XposedBridge.java:631)

09-11 09:42:03.948  1581  1592 I Xposed  : 	at com.android.server.am.ActivityManagerService.broadcastIntent(Native Method)

09-11 09:42:03.948  1581  1592 I Xposed  : 	at android.app.ActivityManagerNative.onTransact(ActivityManagerNative.java:309)

09-11 09:42:03.948  1581  1592 I Xposed  : 	at com.android.server.am.ActivityManagerService.onTransact(ActivityManagerService.java:1712)

09-11 09:42:03.948  1581  1592 I Xposed  : 	at android.os.Binder.execTransact(Binder.java:338)

09-11 09:42:03.948  1581  1592 I Xposed  : 	at dalvik.system.NativeStart.run(Native Method)

09-11 09:42:03.948  1581  1990 W InputManagerService: Starting input on non-focused client com.android.internal.view.IInputMethodClient$Stub$Proxy@415d2770 (uid=10108 pid=1738)

09-11 09:42:03.958  1436  1536 I Adreno200-EGLSUB: <CreateImage:893>: Android Image

09-11 09:42:03.958  1436  1536 I Adreno200-EGLSUB: <GetImageAttributes:1102>: RGBA_8888

09-11 09:42:03.958  1581  1990 I ActivityManager: Process com.htc.cs (pid 4962) has died.

09-11 09:42:03.968  1581  1613 I ActivityManager: Displayed scd.lcex/.ActivityMain: +1s850ms

09-11 09:42:04.178  1436  1536 E SurfaceTexture: [Starting scd.lcex] abandon: SurfaceTexture(0x0x169f7d0) has been abandoned!

09-11 09:42:04.648  1581  1985 I ActivityManager: Start proc com.devexpert.weatheradfree for broadcast com.devexpert.weatheradfree/.view.WidgetWeather2x1: pid=5038 uid=10112 gids={3003, 1015}

09-11 09:42:05.129  1439  1563 I AudioHardwareMSM7X30: disable current rx device = 6

09-11 09:42:05.129  1439  1563 I AudioHardwareMSM7X30: AudioHardware pcm playback is going to standby.

09-11 09:42:06.500  1434  1488 E FrameworkListener: read() failed (Connection reset by peer)

09-11 09:42:07.411  2068  2068 W InputConnectionWrapper.ICC: Timed out waiting on IInputContextCallback

09-11 09:42:07.671  1581  1581 I ActivityManager: Process com.droids.appwidget.apns (pid 5021) has died.

09-11 09:42:08.442  4737  4939 I System.out: [INFO:8839]: LogSource: Running delayed flush

09-11 09:42:08.752  1436  1536 I Adreno200-EGLSUB: <CreateImage:893>: Android Image

09-11 09:42:08.752  1436  1536 I Adreno200-EGLSUB: <GetImageAttributes:1102>: RGBA_8888

09-11 09:42:08.782  1581  1752 I Xposed  : java.lang.IllegalAccessError: tried to access class com.android.server.pm.PackageSetting from class com.android.server.pm.a

09-11 09:42:08.782  1581  1752 I Xposed  : 	at com.android.server.pm.a.a(SourceFile:10)

09-11 09:42:08.782  1581  1752 I Xposed  : 	at com.oasisfeng.greenify.pro.a.r.a(SourceFile:35)

09-11 09:42:08.782  1581  1752 I Xposed  : 	at com.oasisfeng.greenify.pro.a.s.beforeHookedMethod(SourceFile:20)

09-11 09:42:08.782  1581  1752 I Xposed  : 	at de.robv.android.xposed.XposedBridge.handleHookedMethod(XposedBridge.java:611)

09-11 09:42:08.782  1581  1752 I Xposed  : 	at com.android.server.pm.PackageManagerService$ActivityIntentResolver.isFilterStopped(Native Method)

09-11 09:42:08.782  1581  1752 I Xposed  : 	at com.android.server.pm.PackageManagerService$ActivityIntentResolver.isFilterStopped(PackageManagerService.java:4819)

09-11 09:42:08.782  1581  1752 I Xposed  : 	at com.android.server.IntentResolver.buildResolveList(IntentResolver.java:522)

09-11 09:42:08.782  1581  1752 I Xposed  : 	at com.android.server.IntentResolver.queryIntent(IntentResolver.java:292)

09-11 09:42:08.782  1581  1752 I Xposed  : 	at com.android.server.pm.PackageManagerService$ActivityIntentResolver.queryIntent(PackageManagerService.java:4829)

09-11 09:42:08.782  1581  1752 I Xposed  : 	at com.android.server.pm.PackageManagerService.queryIntentReceivers(PackageManagerService.java:2738)

09-11 09:42:08.782  1581  1752 I Xposed  : 	at com.android.server.am.ActivityManagerService.broadcastIntentLocked(ActivityManagerService.java:12999)

09-11 09:42:08.782  1581  1752 I Xposed  : 	at de.robv.android.xposed.XposedBridge.invokeOriginalMethodNative(Native Method)

09-11 09:42:08.782  1581  1752 I Xposed  : 	at de.robv.android.xposed.XposedBridge.handleHookedMethod(XposedBridge.java:631)

09-11 09:42:08.782  1581  1752 I Xposed  : 	at com.android.server.am.ActivityManagerService.broadcastIntentLocked(Native Method)

09-11 09:42:08.782  1581  1752 I Xposed  : 	at com.android.server.am.ActivityManagerService.broadcastIntent(ActivityManagerService.java:13193)

09-11 09:42:08.782  1581  1752 I Xposed  : 	at de.robv.android.xposed.XposedBridge.invokeOriginalMethodNative(Native Method)

09-11 09:42:08.782  1581  1752 I Xposed  : 	at de.robv.android.xposed.XposedBridge.handleHookedMethod(XposedBridge.java:631)

09-11 09:42:08.782  1581  1752 I Xposed  : 	at com.android.server.am.ActivityManagerService.broadcastIntent(Native Method)

09-11 09:42:08.782  1581  1752 I Xposed  : 	at android.app.ActivityManagerNative.onTransact(ActivityManagerNative.java:309)

09-11 09:42:08.782  1581  1752 I Xposed  : 	at com.android.server.am.ActivityManagerService.onTransact(ActivityManagerService.java:1712)

09-11 09:42:08.782  1581  1752 I Xposed  : 	at android.os.Binder.execTransact(Binder.java:338)

09-11 09:42:08.782  1581  1752 I Xposed  : 	at dalvik.system.NativeStart.run(Native Method)

09-11 09:42:08.782  1581  1752 I Xposed  : java.lang.IllegalAccessError: tried to access class com.android.server.pm.PackageSetting from class com.android.server.pm.a

09-11 09:42:08.782  1581  1752 I Xposed  : 	at com.android.server.pm.a.a(SourceFile:10)

09-11 09:42:08.782  1581  1752 I Xposed  : 	at com.oasisfeng.greenify.pro.a.r.a(SourceFile:35)

09-11 09:42:08.782  1581  1752 I Xposed  : 	at com.oasisfeng.greenify.pro.a.s.beforeHookedMethod(SourceFile:20)

09-11 09:42:08.782  1581  1752 I Xposed  : 	at de.robv.android.xposed.XposedBridge.handleHookedMethod(XposedBridge.java:611)

09-11 09:42:08.782  1581  1752 I Xposed  : 	at com.android.server.pm.PackageManagerService$ActivityIntentResolver.isFilterStopped(Native Method)

09-11 09:42:08.782  1581  1752 I Xposed  : 	at com.android.server.pm.PackageManagerService$ActivityIntentResolver.isFilterStopped(PackageManagerService.java:4819)

09-11 09:42:08.782  1581  1752 I Xposed  : 	at com.android.server.IntentResolver.buildResolveList(IntentResolver.java:522)

09-11 09:42:08.782  1581  1752 I Xposed  : 	at com.android.server.IntentResolver.queryIntent(IntentResolver.java:292)

09-11 09:42:08.782  1581  1752 I Xposed  : 	at com.android.server.pm.PackageManagerService$ActivityIntentResolver.queryIntent(PackageManagerService.java:4829)

09-11 09:42:08.782  1581  1752 I Xposed  : 	at com.android.server.pm.PackageManagerService.queryIntentReceivers(PackageManagerService.java:2738)

09-11 09:42:08.782  1581  1752 I Xposed  : 	at com.android.server.am.ActivityManagerService.broadcastIntentLocked(ActivityManagerService.java:12999)

09-11 09:42:08.782  1581  1752 I Xposed  : 	at de.robv.android.xposed.XposedBridge.invokeOriginalMethodNative(Native Method)

09-11 09:42:08.782  1581  1752 I Xposed  : 	at de.robv.android.xposed.XposedBridge.handleHookedMethod(XposedBridge.java:631)

09-11 09:42:08.782  1581  1752 I Xposed  : 	at com.android.server.am.ActivityManagerService.broadcastIntentLocked(Native Method)

09-11 09:42:08.782  1581  1752 I Xposed  : 	at com.android.server.am.ActivityManagerService.broadcastIntent(ActivityManagerService.java:13193)

09-11 09:42:08.782  1581  1752 I Xposed  : 	at de.robv.android.xposed.XposedBridge.invokeOriginalMethodNative(Native Method)

09-11 09:42:08.782  1581  1752 I Xposed  : 	at de.robv.android.xposed.XposedBridge.handleHookedMethod(XposedBridge.java:631)

09-11 09:42:08.782  1581  1752 I Xposed  : 	at com.android.server.am.ActivityManagerService.broadcastIntent(Native Method)

09-11 09:42:08.782  1581  1752 I Xposed  : 	at android.app.ActivityManagerNative.onTransact(ActivityManagerNative.java:309)

09-11 09:42:08.782  1581  1752 I Xposed  : 	at com.android.server.am.ActivityManagerService.onTransact(ActivityManagerService.java:1712)

09-11 09:42:08.782  1581  1752 I Xposed  : 	at android.os.Binder.execTransact(Binder.java:338)

09-11 09:42:08.782  1581  1752 I Xposed  : 	at dalvik.system.NativeStart.run(Native Method)

09-11 09:42:08.822  1581  1752 I Xposed  : java.lang.IllegalAccessError: tried to access class com.android.server.pm.PackageSetting from class com.android.server.pm.a

09-11 09:42:08.822  1581  1752 I Xposed  : 	at com.android.server.pm.a.a(SourceFile:10)

09-11 09:42:08.822  1581  1752 I Xposed  : 	at com.oasisfeng.greenify.pro.a.r.a(SourceFile:35)

09-11 09:42:08.822  1581  1752 I Xposed  : 	at com.oasisfeng.greenify.pro.a.s.beforeHookedMethod(SourceFile:20)

09-11 09:42:08.822  1581  1752 I Xposed  : 	at de.robv.android.xposed.XposedBridge.handleHookedMethod(XposedBridge.java:611)

09-11 09:42:08.822  1581  1752 I Xposed  : 	at com.android.server.pm.PackageManagerService$ActivityIntentResolver.isFilterStopped(Native Method)

09-11 09:42:08.822  1581  1752 I Xposed  : 	at com.android.server.pm.PackageManagerService$ActivityIntentResolver.isFilterStopped(PackageManagerService.java:4819)

09-11 09:42:08.822  1581  1752 I Xposed  : 	at com.android.server.IntentResolver.buildResolveList(IntentResolver.java:522)

09-11 09:42:08.822  1581  1752 I Xposed  : 	at com.android.server.IntentResolver.queryIntent(IntentResolver.java:292)

09-11 09:42:08.822  1581  1752 I Xposed  : 	at com.android.server.pm.PackageManagerService$ActivityIntentResolver.queryIntent(PackageManagerService.java:4829)

09-11 09:42:08.822  1581  1752 I Xposed  : 	at com.android.server.pm.PackageManagerService.queryIntentReceivers(PackageManagerService.java:2738)

09-11 09:42:08.822  1581  1752 I Xposed  : 	at com.android.server.am.ActivityManagerService.broadcastIntentLocked(ActivityManagerService.java:12999)

09-11 09:42:08.822  1581  1752 I Xposed  : 	at de.robv.android.xposed.XposedBridge.invokeOriginalMethodNative(Native Method)

09-11 09:42:08.822  1581  1752 I Xposed  : 	at de.robv.android.xposed.XposedBridge.handleHookedMethod(XposedBridge.java:631)

09-11 09:42:08.822  1581  1752 I Xposed  : 	at com.android.server.am.ActivityManagerService.broadcastIntentLocked(Native Method)

09-11 09:42:08.822  1581  1752 I Xposed  : 	at com.android.server.am.ActivityManagerService.broadcastIntent(ActivityManagerService.java:13193)

09-11 09:42:08.822  1581  1752 I Xposed  : 	at de.robv.android.xposed.XposedBridge.invokeOriginalMethodNative(Native Method)

