---- 11/09/2014 09:42:20 ----

--------- beginning of /dev/log/system

09-11 09:35:26.571  1430  1430 I Vold    : Vold 2.1 (the revenge) firing up

09-11 09:35:26.571  1430  1430 I Vold    : Set handling read only 0

09-11 09:35:26.861  1430  1461 W VoldDirectVolume: device name = mmcblk1

09-11 09:35:38.642  1581  1581 I SystemServer: Entered the Android system server!

09-11 09:35:38.742  1581  1595 I SystemServer: Entropy Service

09-11 09:35:38.842  1581  1595 I SystemServer: Power Manager

09-11 09:35:38.852  1581  1595 I SystemServer: DeviceManager3LM

09-11 09:35:38.852  1581  1595 I SystemServer: Activity Manager

09-11 09:35:39.073  1581  1599 I ActivityManager: Memory class: 48

09-11 09:35:39.273  1581  1595 I SystemServer: Telephony Registry

09-11 09:35:39.283  1581  1595 I SystemServer: Package Manager

09-11 09:35:39.913  1581  1595 W PackageManager: Permission com.htc.permission.RECEIVE_SYNC_DM_NOTIFICATION from package com.htc ignored: no group null

09-11 09:35:40.104  1581  1595 W PackageParser: No actions in intent filter at /system/app/Bluetooth.apk Binary XML file line #145

09-11 09:35:40.184  1581  1595 W PackageManager: Package com.android.browser desires unavailable shared library com.android.qualcomm.modemwarmup; ignoring!

09-11 09:35:41.185  1581  1595 W PackageParser: Unknown element under <application>: uses-feature at /system/app/HtcAutoRotateWidget.apk Binary XML file line #10

09-11 09:35:41.195  1581  1595 W PackageParser: Unknown element under <application>: uses-feature at /system/app/HtcBackgroundDataWidget.apk Binary XML file line #15

09-11 09:35:41.195  1581  1595 W PackageParser: Unknown element under <application>: intent-filter at /system/app/HtcBackgroundDataWidget.apk Binary XML file line #33

09-11 09:35:41.215  1581  1595 W PackageParser: Unknown element under <application>: uses-feature at /system/app/HtcCalculatorWidget.apk Binary XML file line #32

09-11 09:35:41.245  1581  1595 W PackageParser: Unknown element under <application>: uses-feature at /system/app/HtcClock3DWidget.apk Binary XML file line #16

09-11 09:35:41.435  1581  1595 W PackageParser: No actions in intent filter at /system/app/HtcContacts.apk Binary XML file line #1028

09-11 09:35:41.435  1581  1595 W PackageParser: No actions in intent filter at /system/app/HtcContacts.apk Binary XML file line #1037

09-11 09:35:41.725  1581  1595 W PackageParser: Unknown element under <application>: uses-feature at /system/app/HtcDataStripWidget.apk Binary XML file line #17

09-11 09:35:41.735  1581  1595 W PackageParser: Unknown element under <application>: intent-filter at /system/app/HtcDataStripWidget.apk Binary XML file line #36

09-11 09:35:41.815  1581  1595 W PackageManager: Package com.htc.fm desires unavailable shared library fmradioif; ignoring!

09-11 09:35:41.975  1581  1595 W PackageParser: Unknown element under <application>: uses-feature at /system/app/HtcPowerStripWidget.apk Binary XML file line #16

09-11 09:35:41.975  1581  1595 W PackageParser: Unknown element under <application>: intent-filter at /system/app/HtcPowerStripWidget.apk Binary XML file line #34

09-11 09:35:42.045  1581  1595 W PackageParser: Unknown element under <application>: uses-feature at /system/app/HtcRingtoneWidget.apk Binary XML file line #16

09-11 09:35:42.066  1581  1595 W PackageParser: Unknown element under <application>: uses-feature at /system/app/HtcScreenBrightnessWidget.apk Binary XML file line #15

09-11 09:35:42.066  1581  1595 W PackageParser: Unknown element under <application>: intent-filter at /system/app/HtcScreenBrightnessWidget.apk Binary XML file line #33

09-11 09:35:42.076  1581  1595 W PackageParser: Unknown element under <application>: uses-feature at /system/app/HtcScreenTimeoutWidget.apk Binary XML file line #15

09-11 09:35:42.076  1581  1595 W PackageParser: Unknown element under <application>: intent-filter at /system/app/HtcScreenTimeoutWidget.apk Binary XML file line #33

09-11 09:35:42.156  1581  1595 W PackageParser: Unknown element under <application>: uses-feature at /system/app/HtcWeather3DWidget.apk Binary XML file line #14

09-11 09:35:42.586  1581  1595 W PackageParser: No actions in intent filter at /system/app/MyHTCCSEngine.apk Binary XML file line #73

09-11 09:35:43.217  1581  1595 W PackageParser: No actions in intent filter at /system/app/PolarisOffice.apk Binary XML file line #40

09-11 09:35:43.247  1581  1595 E PackageManager: Package com.qualcomm.privinit has no signatures that match those in shared user android.uid.system; ignoring!

09-11 09:35:44.087  1581  1595 W PackageParser: Unknown element under <manifest>: uses-library at /system/app/UploadProvider.apk Binary XML file line #6

09-11 09:35:44.488  1581  1595 W PackageParser: Unknown element under <application>: uses-feature at /system/app/com.htc.FMRadioWidget.apk Binary XML file line #18

09-11 09:35:44.488  1581  1595 W PackageParser: Unknown element under <application>: intent-filter at /system/app/com.htc.FMRadioWidget.apk Binary XML file line #31

09-11 09:35:44.518  1581  1595 W PackageParser: Unknown element under <application>: uses-feature at /system/app/com.htc.Task3DWidget.apk Binary XML file line #21

09-11 09:35:44.538  1581  1595 W PackageParser: Unknown element under <application>: uses-feature at /system/app/com.htc.htcmsgwidgets3d.apk Binary XML file line #10

09-11 09:35:44.568  1581  1595 W PackageParser: Unknown element under <application>: uses-feature at /system/app/htccalendarwidgets3d.apk Binary XML file line #28

09-11 09:35:44.708  1581  1595 I Installer: connecting...

09-11 09:35:45.058  1581  1595 W PackageParser: Unable to read AndroidManifest.xml of /data/app/com.twitter.android-1.apk

09-11 09:35:45.058  1581  1595 W PackageParser: java.io.FileNotFoundException: AndroidManifest.xml

09-11 09:35:45.058  1581  1595 W PackageParser: 	at android.content.res.AssetManager.openXmlAssetNative(Native Method)

09-11 09:35:45.058  1581  1595 W PackageParser: 	at android.content.res.AssetManager.openXmlBlockAsset(AssetManager.java:562)

09-11 09:35:45.058  1581  1595 W PackageParser: 	at android.content.res.AssetManager.openXmlResourceParser(AssetManager.java:530)

09-11 09:35:45.058  1581  1595 W PackageParser: 	at android.content.pm.PackageParser.parsePackage(PackageParser.java:426)

09-11 09:35:45.058  1581  1595 W PackageParser: 	at com.android.server.pm.PackageManagerService.scanPackageLI(PackageManagerService.java:3164)

09-11 09:35:45.058  1581  1595 W PackageParser: 	at com.android.server.pm.PackageManagerService.scanDirLI(PackageManagerService.java:3088)

09-11 09:35:45.058  1581  1595 W PackageParser: 	at com.android.server.pm.PackageManagerService.<init>(PackageManagerService.java:1241)

09-11 09:35:45.058  1581  1595 W PackageParser: 	at com.android.server.pm.PackageManagerService.main(PackageManagerService.java:852)

09-11 09:35:45.058  1581  1595 W PackageParser: 	at com.android.server.ServerThread.run(SystemServer.java:259)

09-11 09:35:45.058  1581  1595 W PackageParser: 	at de.robv.android.xposed.XposedBridge.invokeOriginalMethodNative(Native Method)

09-11 09:35:45.058  1581  1595 W PackageParser: 	at de.robv.android.xposed.XposedBridge.handleHookedMethod(XposedBridge.java:631)

09-11 09:35:45.058  1581  1595 W PackageParser: 	at com.android.server.ServerThread.run(Native Method)

09-11 09:35:45.078  1581  1595 W PackageManager: Package com.android.mifileexplorer desires unavailable shared library com.sec.android.app.multiwindow; ignoring!

09-11 09:35:45.539  1581  1595 W PackageManager: Package com.google.android.gms desires unavailable shared library com.android.media.remotedisplay; ignoring!

09-11 09:35:45.539  1581  1595 W PackageManager: Package com.google.android.gms desires unavailable shared library com.google.android.ble; ignoring!

09-11 09:35:45.849  1581  1595 W PackageManager: Package com.mxtech.videoplayer.pro desires unavailable shared library com.sec.android.app.multiwindow; ignoring!

09-11 09:35:47.571  1581  1595 W PackageManager: Package com.alensw.PicFolder desires unavailable shared library com.sec.android.app.multiwindow; ignoring!

09-11 09:35:47.801  1581  1595 W PackageParser: Unable to read AndroidManifest.xml of /data/app/com.ligux.flzyup-1.apk

09-11 09:35:47.801  1581  1595 W PackageParser: java.io.FileNotFoundException: AndroidManifest.xml

09-11 09:35:47.801  1581  1595 W PackageParser: 	at android.content.res.AssetManager.openXmlAssetNative(Native Method)

09-11 09:35:47.801  1581  1595 W PackageParser: 	at android.content.res.AssetManager.openXmlBlockAsset(AssetManager.java:562)

09-11 09:35:47.801  1581  1595 W PackageParser: 	at android.content.res.AssetManager.openXmlResourceParser(AssetManager.java:530)

09-11 09:35:47.801  1581  1595 W PackageParser: 	at android.content.pm.PackageParser.parsePackage(PackageParser.java:426)

09-11 09:35:47.801  1581  1595 W PackageParser: 	at com.android.server.pm.PackageManagerService.scanPackageLI(PackageManagerService.java:3164)

09-11 09:35:47.801  1581  1595 W PackageParser: 	at com.android.server.pm.PackageManagerService.scanDirLI(PackageManagerService.java:3088)

09-11 09:35:47.801  1581  1595 W PackageParser: 	at com.android.server.pm.PackageManagerService.<init>(PackageManagerService.java:1241)

09-11 09:35:47.801  1581  1595 W PackageParser: 	at com.android.server.pm.PackageManagerService.main(PackageManagerService.java:852)

09-11 09:35:47.801  1581  1595 W PackageParser: 	at com.android.server.ServerThread.run(SystemServer.java:259)

09-11 09:35:47.801  1581  1595 W PackageParser: 	at de.robv.android.xposed.XposedBridge.invokeOriginalMethodNative(Native Method)

09-11 09:35:47.801  1581  1595 W PackageParser: 	at de.robv.android.xposed.XposedBridge.handleHookedMethod(XposedBridge.java:631)

09-11 09:35:47.801  1581  1595 W PackageParser: 	at com.android.server.ServerThread.run(Native Method)

09-11 09:35:47.881  1581  1595 W PackageManager: Package com.onegravity.k10.pro2 desires unavailable shared library com.sec.android.app.multiwindow; ignoring!

09-11 09:35:48.522  1581  1595 W PackageManager: Package com.adobe.reader desires unavailable shared library com.sec.android.app.multiwindow; ignoring!

09-11 09:35:48.682  1581  1595 I PackageManager: Time to scan packages: 8.901 seconds

09-11 09:35:48.692  1581  1595 W PackageManager: Unknown permission android.permission.READ_SETTINGS in package com.htc.taskmanager

09-11 09:35:48.692  1581  1595 W PackageManager: Unknown permission android.permission.READ_SECURE_SETTINGS in package com.htc.taskmanager

09-11 09:35:48.692  1581  1595 W PackageManager: Unknown permission android.permission.ADD_SYSTEM_SERVICE in package com.android.phone

09-11 09:35:48.692  1581  1595 W PackageManager: Unknown permission com.tmobile.driving.permission.READ_DRIVING_MODE_SETTINGS in package com.android.phone

09-11 09:35:48.692  1581  1595 W PackageManager: Unknown permission com.htc.socialnetwork.plurk.permission.useprovider in package com.android.phone

09-11 09:35:48.692  1581  1595 W PackageManager: Unknown permission htc.socialnetwork.facebook.permission.SYSTEM_USE in package com.android.phone

09-11 09:35:48.692  1581  1595 W PackageManager: Unknown permission com.htc.htctwitter.permission.useprovider in package com.android.phone

09-11 09:35:48.692  1581  1595 W PackageManager: Unknown permission com.tmobile.vvm.application.permission.ACCESS_PROVIDER in package com.android.phone

09-11 09:35:48.692  1581  1595 W PackageManager: Unknown permission com.htc.permission.SOCIAL_NETWORK in package com.android.phone

09-11 09:35:48.692  1581  1595 W PackageManager: Unknown permission com.htc.socialnetwork.permission.useprovider in package com.android.phone

09-11 09:35:48.702  1581  1595 W PackageManager: Unknown permission android.permission.READ_CALL_LOG in package com.mdroidapps.easybackup

09-11 09:35:48.702  1581  1595 W PackageManager: Unknown permission android.permission.WRITE_CALL_LOG in package com.mdroidapps.easybackup

09-11 09:35:48.702  1581  1595 W PackageManager: Not granting permission android.permission.DEVICE_POWER to package com.htc.syncagent (protectionLevel=2 flags=0x83e45)

09-11 09:35:48.702  1581  1595 W PackageManager: Unknown permission com.android.vending.billing.IBillingAccountService.BIND2 in package com.google.android.gsf.login

09-11 09:35:48.702  1581  1595 W PackageManager: Unknown permission com.htc.permission.ACCESS_NOTES in package com.android.providers.calendar

09-11 09:35:48.702  1581  1595 W PackageManager: Unknown permission com.google.android.gm.permission.READ_GMAIL in package com.android.bluetooth

09-11 09:35:48.702  1581  1595 W PackageManager: Unknown permission com.htc.android.mail.permission.READ_MAIL in package com.android.bluetooth

09-11 09:35:48.702  1581  1595 W PackageManager: Unknown permission com.htc.android.mail.permission.READ_ACCOUNT in package com.android.bluetooth

09-11 09:35:48.702  1581  1595 W PackageManager: Unknown permission com.htc.android.mail.permission.WRITE_MAIL in package com.android.bluetooth

09-11 09:35:48.702  1581  1595 W PackageManager: Unknown permission android.permission.READ_EXTERNAL_STORAGE in package com.tbig.playerpro

09-11 09:35:48.702  1581  1595 W PackageManager: Unknown permission com.htc.android.mail.permission.ACCESS_EAS_SERVICE in package com.htc.Task3DWidget

09-11 09:35:48.702  1581  1595 W PackageManager: Not granting permission android.permission.SEND_DOWNLOAD_COMPLETED_INTENTS to package com.android.browser (protectionLevel=2 flags=0x9be45)

09-11 09:35:48.702  1581  1595 W PackageManager: Unknown permission com.westtek.jcp.PRINT in package com.android.browser

09-11 09:35:48.712  1581  1595 W PackageManager: Unknown permission android.permission.ACCESS_NETWORK_LOCATION in package com.htc.htclocationservice

09-11 09:35:48.712  1581  1595 W PackageManager: Unknown permission android.permission.ACCESS_LOCATION in package com.htc.htclocationservice

09-11 09:35:48.712  1581  1595 W PackageManager: Unknown permission android.permission.ACCESS_GPS in package com.htc.htclocationservice

09-11 09:35:48.712  1581  1595 W PackageManager: Unknown permission android.permission.ACCESS_ASSISTED_GPS in package com.htc.htclocationservice

09-11 09:35:48.712  1581  1595 W PackageManager: Unknown permission android.permission.RAISED_THREAD_PRIORITY in package com.android.mms

09-11 09:35:48.712  1581  1595 W PackageManager: Unknown permission android.permission.FULLSCREEN in package com.android.mms

09-11 09:35:48.712  1581  1595 W PackageManager: Unknown permission android.permission.BACKUP_DATA in package com.android.mms

09-11 09:35:48.712  1581  1595 W PackageManager: Unknown permission com.google.android.providers.gmail.permission.READ_GMAIL in package com.android.mms

09-11 09:35:48.712  1581  1595 W PackageManager: Unknown permission com.google.android.gm.permission.READ_GMAIL in package com.android.mms

09-11 09:35:48.712  1581  1595 W PackageManager: Unknown permission com.android.email.permission.READ_ATTACHMENT in package com.android.mms

09-11 09:35:48.712  1581  1595 W PackageManager: Unknown permission javax.microedition.gba.USE_GBA_SERVICE in package com.android.mms

09-11 09:35:48.712  1581  1595 W PackageManager: Unknown permission android.permission.ACCESS_GPS in package com.android.mms

09-11 09:35:48.712  1581  1595 W PackageManager: Unknown permission android.permission.ACCESS_LOCATION in package com.android.mms

09-11 09:35:48.712  1581  1595 W PackageManager: Unknown permission android.permission.ACCESS_ASSISTED_GPS in package com.android.mms

09-11 09:35:48.712  1581  1595 W PackageManager: Unknown permission android.permission.ACCESS_CELL_ID in package com.android.mms

09-11 09:35:48.712  1581  1595 W PackageManager: Unknown permission com.htc.android.permission.LOCATION_PICKER in package com.android.mms

09-11 09:35:48.712  1581  1595 W PackageManager: Unknown permission android.permission.INTERACT_ACROSS_USERS in package com.google.android.gms

09-11 09:35:48.712  1581  1595 W PackageManager: Unknown permission android.permission.RECOVERY in package com.google.android.gms

09-11 09:35:48.712  1581  1595 W PackageManager: Unknown permission android.permission.READ_DREAM_STATE in package com.google.android.gms

09-11 09:35:48.712  1581  1595 W PackageManager: Unknown permission android.permission.RECEIVE_DATA_ACTIVITY_CHANGE in package com.google.android.gms

09-11 09:35:48.712  1581  1595 W PackageManager: Unknown permission android.permission.READ_EXTERNAL_STORAGE in package com.google.android.gms

09-11 09:35:48.712  1581  1595 W PackageManager: Unknown permission android.permission.LOCATION_HARDWARE in package com.google.android.gms

09-11 09:35:48.712  1581  1595 W PackageManager: Unknown permission android.permission.GET_APP_OPS_STATS in package com.google.android.gms

09-11 09:35:48.712  1581  1595 W PackageManager: Unknown permission android.permission.UPDATE_APP_OPS_STATS in package com.google.android.gms

09-11 09:35:48.712  1581  1595 W PackageManager: Unknown permission android.permission.CAPTURE_AUDIO_HOTWORD in package com.google.android.gms

09-11 09:35:48.712  1581  1595 W PackageManager: Unknown permission com.google.android.googlequicksearchbox.permission.PAUSE_HOTWORD in package com.google.android.gms

09-11 09:35:48.712  1581  1595 W PackageManager: Unknown permission android.permission.READ_CALL_LOG in package com.google.android.gms

09-11 09:35:48.712  1581  1595 W PackageManager: Unknown permission com.google.android.hangouts.START_HANGOUT in package com.google.android.gms

09-11 09:35:48.722  1581  1595 W PackageManager: Unknown permission android.permission.ACCESS_NETWORK_CONDITIONS in package com.google.android.gms

09-11 09:35:48.722  1581  1595 W PackageManager: Unknown permission android.permission.MANAGE_DEVICE_ADMINS in package com.google.android.gms

09-11 09:35:48.722  1581  1595 W PackageManager: Not granting permission android.permission.MODIFY_PHONE_STATE to package com.google.android.gms (protectionLevel=3 flags=0x83e44)

09-11 09:35:48.722  1581  1595 W PackageManager: Not granting permission android.permission.MANAGE_USB to package com.google.android.gms (protectionLevel=3 flags=0x83e44)

09-11 09:35:48.722  1581  1595 W PackageManager: Not granting permission android.permission.CALL_PRIVILEGED to package com.google.android.gms (protectionLevel=3 flags=0x83e44)

09-11 09:35:48.722  1581  1595 W PackageManager: Unknown permission android.permission.BLUETOOTH_PRIVILEGED in package com.google.android.gms

09-11 09:35:48.722  1581  1595 W PackageManager: Unknown permission android.permission.CAPTURE_AUDIO_OUTPUT in package com.google.android.gms

09-11 09:35:48.722  1581  1595 W PackageManager: Unknown permission android.permission.CAPTURE_VIDEO_OUTPUT in package com.google.android.gms

09-11 09:35:48.722  1581  1595 W PackageManager: Unknown permission android.permission.CAPTURE_SECURE_VIDEO_OUTPUT in package com.google.android.gms

09-11 09:35:48.722  1581  1595 W PackageManager: Not granting permission android.permission.READ_FRAME_BUFFER to package com.google.android.gms (protectionLevel=3 flags=0x83e44)

09-11 09:35:48.722  1581  1595 W PackageManager: Unknown permission com.google.android.wearable.READ_SETTINGS in package com.google.android.gms

09-11 09:35:48.722  1581  1595 W PackageManager: Unknown permission android.permission.READ_OWNER_DATA in package com.google.android.setupwizard

09-11 09:35:48.722  1581  1595 W PackageManager: Unknown permission android.permission.WRITE_OWNER_DATA in package com.google.android.setupwizard

09-11 09:35:48.722  1581  1595 W PackageManager: Unknown permission com.android.providers.im.permission.READ_ONLY in package com.android.htccontacts

09-11 09:35:48.722  1581  1595 W PackageManager: Unknown permission com.android.providers.im.permission.WRITE_ONLY in package com.android.htccontacts

09-11 09:35:48.722  1581  1595 W PackageManager: Unknown permission android.permission.ACCESS_LOCATION in package com.android.htccontacts

09-11 09:35:48.722  1581  1595 W PackageManager: Unknown permission android.permission.ACCESS_NETWORK_LOCATION in package com.android.htccontacts

09-11 09:35:48.722  1581  1595 W PackageManager: Unknown permission com.htc.socialnetwork.permission.useprovider in package com.android.htccontacts

09-11 09:35:48.732  1581  1595 W PackageManager: Unknown permission com.htc.htctwitter.permission.useprovider in package com.android.htccontacts

09-11 09:35:48.732  1581  1595 W PackageManager: Unknown permission com.htc.socialnetwork.plurk.permission.useprovider in package com.android.htccontacts

09-11 09:35:48.732  1581  1595 W PackageManager: Unknown permission com.htc.permission.SOCIAL_NETWORK in package com.android.htccontacts

09-11 09:35:48.732  1581  1595 W PackageManager: Unknown permission com.htc.android.mail.permission.READ_ACCOUNT in package com.android.htccontacts

09-11 09:35:48.732  1581  1595 W PackageManager: Unknown permission com.htc.android.mail.permission.WRITE_ACCOUNT in package com.android.htccontacts

09-11 09:35:48.732  1581  1595 W PackageManager: Unknown permission com.htc.android.mail.permission.READ_MAIL in package com.android.htccontacts

09-11 09:35:48.732  1581  1595 W PackageManager: Unknown permission com.htc.android.mail.permission.WRITE_MAIL in package com.android.htccontacts

09-11 09:35:48.732  1581  1595 W PackageManager: Unknown permission com.htc.android.mail.permission.ACCESS_MAIL_SERVICE in package com.android.htccontacts

09-11 09:35:48.732  1581  1595 W PackageManager: Unknown permission com.westtek.jcp.PRINT in package com.android.htccontacts

09-11 09:35:48.732  1581  1595 W PackageManager: Unknown permission com.htc.flickr.permission.useprovider in package com.android.htccontacts

09-11 09:35:48.732  1581  1595 W PackageManager: Unknown permission com.android.providers.htccdma.Specific in package com.android.htccontacts

09-11 09:35:48.732  1581  1595 W PackageManager: Unknown permission com.fusionone.android.sync.permission.READ_WRITE_PROVIDERS in package com.android.htccontacts

09-11 09:35:48.732  1581  1595 W PackageManager: Unknown permission com.htc.android.mail.permission.ACCESS_EAS_SERVICE in package com.android.htccontacts

09-11 09:35:48.732  1581  1595 W PackageManager: Unknown permission android.permission.ACCESS_DOWNLOAD_DATA in package com.android.updater

09-11 09:35:48.732  1581  1595 W PackageManager: Unknown permission android.permission.FOTA_UPDATE in package com.android.updater

09-11 09:35:48.732  1581  1595 W PackageManager: Unknown permission com.android.launcher.permission.READ_SETTINGS in package com.android.settings

09-11 09:35:48.732  1581  1595 W PackageManager: Unknown permission com.android.launcher.permission.WRITE_SETTINGS in package com.android.settings

09-11 09:35:48.732  1581  1595 W PackageManager: Unknown permission com.dropbox.android.provider.DROPBOX_SDK_READ in package com.android.settings

09-11 09:35:48.732  1581  1595 W PackageManager: Unknown permission android.permission.BACKUP_DATA in package com.htc.CustomizationSetup

09-11 09:35:48.732  1581  1595 W PackageManager: Unknown permission com.android.email.permission.READ_ATTACHMENT in package com.htc.sdcardwizard

09-11 09:35:48.732  1581  1595 W PackageManager: Unknown permission com.htc.showme.permission.ACCESS_DATA in package com.htc.sdcardwizard

09-11 09:35:48.732  1581  1595 W PackageManager: Unknown permission com.htc.showme.permission.ACCESS_FOR_WIDGET in package com.htc.sdcardwizard

09-11 09:35:48.732  1581  1595 W PackageManager: Unknown permission com.htc.laputa.permission.LB_CONTENT_PROVIDER in package com.htc.sdcardwizard

09-11 09:35:48.732  1581  1595 W PackageManager: Unknown permission com.htc.laputa.permission.FOOTPRINTPICKER in package com.htc.sdcardwizard

09-11 09:35:48.732  1581  1595 W PackageManager: Unknown permission com.htc.laputa.permission.TRIP_PROVIDER in package com.htc.sdcardwizard

09-11 09:35:48.732  1581  1595 W PackageManager: Unknown permission android.webkit.permission.PLUGIN in package com.adobe.flashplayer

09-11 09:35:48.732  1581  1595 W PackageManager: Unknown permission android.permission.ADD_SYSTEM_SERVICE in package com.htc.mysketcher

09-11 09:35:48.742  1581  1595 W PackageManager: Unknown permission com.htc.music.permission.ENHANCER_SERVICE in package com.htc.dlnamiddlelayer

09-11 09:35:48.742  1581  1595 W PackageManager: Unknown permission android.permission.BACKUP_DATA in package com.htc.android.htcime

09-11 09:35:48.742  1581  1595 W PackageManager: Unknown permission com.htc.permission.WRITE_ULOG in package com.htc.android.htcime

09-11 09:35:48.742  1581  1595 W PackageManager: Unknown permission android.permission.ACCESS_HTCDM_PROPERTY in package com.htc.launcher

09-11 09:35:48.742  1581  1595 W PackageManager: Not granting permission android.permission.ACCESS_BLUETOOTH_SHARE to package com.android.mifileexplorer (protectionLevel=2 flags=0x8be44)

09-11 09:35:48.742  1581  1595 W PackageManager: Unknown permission android.permission.READ_EXTERNAL_STORAGE in package com.android.mifileexplorer

09-11 09:35:48.742  1581  1595 W PackageManager: Not granting permission android.permission.WRITE_MEDIA_STORAGE to package com.android.mifileexplorer (protectionLevel=3 flags=0x8be44)

09-11 09:35:48.742  1581  1595 W PackageManager: Unknown permission com.htc.htctwitter.permission.useprovider in package com.htc.clock3dwidget

09-11 09:35:48.742  1581  1595 W PackageManager: Unknown permission com.htc.socialnetwork.plurk.permission.useprovider in package com.htc.clock3dwidget

09-11 09:35:48.742  1581  1595 W PackageManager: Unknown permission htc.friendstream.permission.SYSTEM_USE in package com.htc.clock3dwidget

09-11 09:35:48.742  1581  1595 W PackageManager: Unknown permission android.permission.BACKUP_DATA in package com.htc.UpgradeSetup

09-11 09:35:48.742  1581  1595 W PackageManager: Not granting permission android.permission.DEVICE_POWER to package com.htc.cs (protectionLevel=2 flags=0x8be05)

09-11 09:35:48.742  1581  1595 W PackageManager: Unknown permission com.htc.msg.mfn.set in package com.htc.cs

09-11 09:35:48.742  1581  1595 W PackageManager: Unknown permission com.htc.store.permission.UNREGISTER_ACCOUNT in package com.htc.cs

09-11 09:35:48.742  1581  1595 W PackageManager: Unknown permission com.android.launcher.permission.READ_SETTINGS in package com.google.android.onetimeinitializer

09-11 09:35:48.742  1581  1595 W PackageManager: Unknown permission com.android.launcher.permission.WRITE_SETTINGS in package com.google.android.onetimeinitializer

09-11 09:35:48.742  1581  1595 W PackageManager: Unknown permission com.google.android.apps.googlevoice.permission.AUTO_SEND in package com.google.android.voicesearch

09-11 09:35:48.742  1581  1595 W PackageManager: Unknown permission com.google.android.gm.permission.AUTO_SEND in package com.google.android.voicesearch

09-11 09:35:48.742  1581  1595 W PackageManager: Unknown permission com.htc.android.mail.permission.WRITE_ACCOUNT in package com.htc.lmw

09-11 09:35:48.742  1581  1595 W PackageManager: Unknown permission com.htc.sdcardwizard.permission.ITEMS_ACTIVITY in package com.htc.lmw

09-11 09:35:48.742  1581  1595 W PackageManager: Unknown permission com.android.email.permission.READ_ATTACHMENT in package com.htc.lmw

09-11 09:35:48.742  1581  1595 W PackageManager: Unknown permission com.android.email.permission.WRITE_ATTACHMENT in package com.htc.lmw

09-11 09:35:48.742  1581  1595 W PackageManager: Not granting permission android.permission.DEVICE_POWER to package com.htc.android.teeter (protectionLevel=2 flags=0x8be45)

09-11 09:35:48.742  1581  1595 W PackageManager: Not granting permission android.permission.BIND_APPWIDGET to package com.teslacoilsw.launcher (protectionLevel=3 flags=0x8be44)

09-11 09:35:48.742  1581  1595 W PackageManager: Unknown permission com.android.launcher.permission.READ_SETTINGS in package com.teslacoilsw.launcher

09-11 09:35:48.742  1581  1595 W PackageManager: Unknown permission com.cyanogenmod.trebuchet.permission.READ_SETTINGS in package com.teslacoilsw.launcher

09-11 09:35:48.752  1581  1595 W PackageManager: Unknown permission org.adw.launcher.permission.READ_SETTINGS in package com.teslacoilsw.launcher

09-11 09:35:48.752  1581  1595 W PackageManager: Unknown permission org.adwfreak.launcher.permission.READ_SETTINGS in package com.teslacoilsw.launcher

09-11 09:35:48.752  1581  1595 W PackageManager: Unknown permission com.anddoes.launcher.permission.READ_SETTINGS in package com.teslacoilsw.launcher

09-11 09:35:48.752  1581  1595 W PackageManager: Unknown permission com.android.launcher3.permission.READ_SETTINGS in package com.teslacoilsw.launcher

09-11 09:35:48.752  1581  1595 W PackageManager: Unknown permission com.android.email.permission.READ_ATTACHMENT in package com.htc.htccompressviewer

09-11 09:35:48.752  1581  1595 W PackageManager: Unknown permission com.htc.cloudstorage.dropbox.GET_TOKEN in package com.htc.FilePicker

09-11 09:35:48.752  1581  1595 W PackageManager: Unknown permission com.htc.cloudstorage.skydrive.GET_TOKEN in package com.htc.FilePicker

09-11 09:35:48.752  1581  1595 W PackageManager: Unknown permission com.htc.android.permission.LOCATION_PICKER in package com.htc.calendar

09-11 09:35:48.752  1581  1595 W PackageManager: Unknown permission htc.socialnetwork.facebook.permission.SYSTEM_USE in package com.htc.calendar

09-11 09:35:48.752  1581  1595 W PackageManager: Unknown permission com.westtek.jcp.PRINT in package com.htc.calendar

09-11 09:35:48.752  1581  1595 W PackageManager: Unknown permission com.htc.android.mail.permission.READ_ACCOUNT in package com.htc.calendar

09-11 09:35:48.752  1581  1595 W PackageManager: Unknown permission com.htc.android.mail.permission.WRITE_ACCOUNT in package com.htc.calendar

09-11 09:35:48.752  1581  1595 W PackageManager: Unknown permission com.htc.android.mail.permission.READ_MAIL in package com.htc.calendar

09-11 09:35:48.752  1581  1595 W PackageManager: Unknown permission com.htc.android.mail.permission.WRITE_MAIL in package com.htc.calendar

09-11 09:35:48.752  1581  1595 W PackageManager: Unknown permission android.permission.ACCESS_NOTES in package com.htc.calendar

09-11 09:35:48.752  1581  1595 W PackageManager: Unknown permission com.htc.android.mail.permission.ACCESS_EAS_SERVICE in package com.htc.calendar

09-11 09:35:48.752  1581  1595 W PackageManager: Not granting permission android.permission.CLEAR_APP_USER_DATA to package com.htc.htcsettingwidgets (protectionLevel=2 flags=0x8be45)

09-11 09:35:48.752  1581  1595 W PackageManager: Unknown permission android.permission.ACCESS_LOCATION in package com.htc.htcsettingwidgets

09-11 09:35:48.752  1581  1595 W PackageManager: Unknown permission android.permission.ACCESS_ASSISTED_GPS in package com.htc.htcsettingwidgets

09-11 09:35:48.752  1581  1595 W PackageManager: Unknown permission android.permission.ACCESS_NETWORK_LOCATION in package com.htc.htcsettingwidgets

09-11 09:35:48.752  1581  1595 W PackageManager: Unknown permission android.permission.ACCESS_GPS in package com.htc.htcsettingwidgets

09-11 09:35:48.752  1581  1595 W PackageManager: Unknown permission android.permission.WRITE_OWNER_DATA in package com.infraware.docmaster

09-11 09:35:48.752  1581  1595 W PackageManager: Unknown permission android.permission.READ_OWNER_DATA in package com.infraware.docmaster

09-11 09:35:48.752  1581  1595 W PackageManager: Unknown permission com.westtek.jcp.PRINT in package com.infraware.docmaster

09-11 09:35:48.752  1581  1595 W PackageManager: Unknown permission com.android.providers.htccdma.Specific in package com.android.htcdialer

09-11 09:35:48.752  1581  1595 W PackageManager: Unknown permission com.htc.socialnetwork.permission.useprovider in package com.android.providers.contacts

09-11 09:35:48.752  1581  1595 W PackageManager: Unknown permission com.htc.socialnetwork.plurk.permission.useprovider in package com.android.providers.contacts

09-11 09:35:48.752  1581  1595 W PackageManager: Unknown permission htc.socialnetwork.facebook.permission.SYSTEM_USE in package com.android.providers.contacts

09-11 09:35:48.752  1581  1595 W PackageManager: Unknown permission com.htc.htctwitter.permission.useprovider in package com.android.providers.contacts

09-11 09:35:48.752  1581  1595 W PackageManager: Unknown permission htc.opensense.permission.USE_BROADCAST in package com.android.providers.contacts

09-11 09:35:48.752  1581  1595 W PackageManager: Unknown permission htc.friendstream.permission.SYSTEM_USE in package com.android.providers.contacts

09-11 09:35:48.752  1581  1595 W PackageManager: Unknown permission com.anddoes.launcher.permission.UPDATE_COUNT in package com.onegravity.k10.pro2

09-11 09:35:48.752  1581  1595 W PackageManager: Unknown permission com.sonyericsson.home.permission.BROADCAST_BADGE in package com.onegravity.k10.pro2

09-11 09:35:48.752  1581  1595 W PackageManager: Unknown permission com.sec.android.provider.badge.permission.READ in package com.onegravity.k10.pro2

09-11 09:35:48.752  1581  1595 W PackageManager: Unknown permission com.sec.android.provider.badge.permission.WRITE in package com.onegravity.k10.pro2

09-11 09:35:48.752  1581  1595 W PackageManager: Unknown permission org.thialfihar.android.apg.permission.READ_KEY_DETAILS in package com.onegravity.k10.pro2

09-11 09:35:48.752  1581  1595 W PackageManager: Unknown permission com.htc.permission.POWER_CONTROL in package com.htc.home.personalize

09-11 09:35:48.752  1581  1595 W PackageManager: Not granting permission android.permission.SET_ORIENTATION to package com.popcap.pvz (protectionLevel=2 flags=0xbe44)

09-11 09:35:48.752  1581  1595 W PackageManager: Unknown permission com.htc.socialnetwork.permission.useprovider in package com.htc.providers.uploads

09-11 09:35:48.752  1581  1595 W PackageManager: Unknown permission com.android.launcher.permission.READ_SETTINGS in package com.htc.Weather

09-11 09:35:48.752  1581  1595 W PackageManager: Unknown permission android.permission.READ_EXTERNAL_STORAGE in package com.android.vending

09-11 09:35:48.762  1581  1595 W PackageManager: Not granting permission android.permission.SEND_DOWNLOAD_COMPLETED_INTENTS to package com.android.vending (protectionLevel=2 flags=0xabe45)

09-11 09:35:48.762  1581  1595 W PackageManager: Unknown permission android.permission.MANAGE_USERS in package com.android.vending

09-11 09:35:48.762  1581  1595 W PackageManager: Unknown permission android.permission.INTERACT_ACROSS_USERS in package com.android.vending

09-11 09:35:48.762  1581  1595 W PackageManager: Not granting permission android.permission.FORCE_STOP_PACKAGES to package com.android.vending (protectionLevel=2 flags=0xabe45)

09-11 09:35:48.762  1581  1595 W PackageManager: Unknown permission android.permission.INJECT_AUDIO_VOLUME_SETTINGS in package com.android.camera

09-11 09:35:48.762  1581  1595 W PackageManager: Unknown permission com.htc.MediaAutoUploadSetting.permission.AUTO_UPLOAD in package com.android.camera

09-11 09:35:48.762  1581  1595 W PackageManager: Unknown permission com.android.email.permission.ACCESS_PROVIDER in package com.broadcom.bt.app.system

09-11 09:35:48.762  1581  1595 W PackageManager: Unknown permission android.permission.MANAGE_DOCUMENTS in package com.google.android.youtube

09-11 09:35:48.762  1581  1595 W PackageManager: Not granting permission android.permission.DUMP to package com.oasisfeng.greenify (protectionLevel=3 flags=0x9be44)

09-11 09:35:48.762  1581  1595 W PackageManager: Unknown permission android.permission.BIND_ACCESSIBILITY_SERVICE in package com.oasisfeng.greenify

09-11 09:35:48.762  1581  1595 W PackageManager: Unknown permission android.permission.READ_EXTERNAL_STORAGE in package com.tbig.playerpro.soundpack

09-11 09:35:48.762  1581  1595 W PackageManager: Unknown permission com.htc.android.mail.permission.READ_ACCOUNT in package com.htc.htccontactwidgets_3d_fusion

09-11 09:35:48.762  1581  1595 W PackageManager: Unknown permission com.htc.android.mail.permission.WRITE_ACCOUNT in package com.htc.htccontactwidgets_3d_fusion

09-11 09:35:48.762  1581  1595 W PackageManager: Unknown permission com.htc.socialnetwork.plurk.permission.useprovider in package com.htc.htccontactwidgets_3d_fusion

09-11 09:35:48.762  1581  1595 W PackageManager: Unknown permission com.htc.android.mail.permission.READ_MAIL in package com.htc.htccontactwidgets_3d_fusion

09-11 09:35:48.762  1581  1595 W PackageManager: Unknown permission android.permission.BACKUP_DATA in package com.htc.android.worldclock

09-11 09:35:48.762  1581  1595 W PackageManager: Unknown permission htc.permission.dockmode.NEXT_ALARM in package com.htc.android.worldclock

09-11 09:35:48.762  1581  1595 W PackageManager: Unknown permission com.htc.android.mail.permission.READ_MAIL in package com.htc.task

09-11 09:35:48.762  1581  1595 W PackageManager: Unknown permission com.htc.android.mail.permission.ACCESS_EAS_SERVICE in package com.htc.task

09-11 09:35:49.893  1581  1595 I SystemServer: Account Manager

09-11 09:35:49.933  1581  1595 I SystemServer: Content Manager

09-11 09:35:50.043  1581  1595 I SystemServer: System Content Providers

09-11 09:35:50.674  1581  1595 I SystemServer: Lights Service

09-11 09:35:50.674  1581  1595 I SystemServer: Battery Service

09-11 09:35:50.704  1581  1595 I SystemServer: Vibrator Service

09-11 09:35:50.704  1581  1595 I SystemServer: Hardware Service

09-11 09:35:50.714  1581  1595 I SystemServer: Alarm Manager

09-11 09:35:50.714  1581  1595 I SystemServer: Init Watchdog

09-11 09:35:50.724  1581  1595 I SystemServer: Window Manager

09-11 09:35:50.744  1581  1613 I InputManager: Initializing input manager

09-11 09:35:50.774  1581  1614 W StatusBarManager: warning: no STATUS_BAR_SERVICE

09-11 09:35:50.824  1581  1613 I InputManager: Starting input manager

09-11 09:35:50.824  1581  1595 I SystemServer: Bluetooth Service

09-11 09:35:50.964  1581  1595 I SystemServer: Input Method Service

09-11 09:35:51.034  1581  1595 W InputManagerService: Couldn't create dir.: /data/system/inputmethod

09-11 09:35:51.104  1581  1595 I SystemServer: Accessibility Manager

09-11 09:35:51.104  1581  1595 I ActivityManager: Config changed: {1.0 0mcc0mnc es_ES layoutdir=0 sw320dp w320dp h508dp nrml long port ?uimode ?night finger qwerty/v/h -nav/h s.2 skin=com.htc.skin.BlueSky fontsize=3}

09-11 09:35:51.114  1581  1595 I SystemServer: Device Policy

09-11 09:35:51.114  1581  1595 I SystemServer: Status Bar

09-11 09:35:51.114  1581  1595 I SystemServer: Clipboard Service

09-11 09:35:51.114  1581  1595 I SystemServer: NetworkManagement Service

09-11 09:35:51.114  1581  1595 I SystemServer: Text Service Manager Service

09-11 09:35:51.124  1581  1595 I SystemServer: NetworkStats Service

09-11 09:35:51.134  1581  1595 I SystemServer: NetworkPolicy Service

09-11 09:35:51.134  1581  1595 I SystemServer: Wi-Fi P2pService

09-11 09:35:51.144  1581  1595 I SystemServer: Wi-Fi Service

09-11 09:35:51.224  1581  1595 I SystemServer: Connectivity Service

09-11 09:35:51.285  1581  1595 E ConnectivityService: Ignoring protectedNetwork 12

09-11 09:35:51.295  1581  1595 E MobileDataStateTracker: Error mapping networkType 32 to apnType.

09-11 09:35:51.295  1581  1595 E MobileDataStateTracker: Error mapping networkType 20 to apnType.

09-11 09:35:51.305  1581  1595 E MobileDataStateTracker: Error mapping networkType 14 to apnType.

09-11 09:35:51.315  1581  1595 I WifiService: DockWifi - mAutoEnableWifiApInDockMode =false mAutoEnableWifiInDockMode=true

09-11 09:35:51.315  1581  1595 E ConnectivityService: Trying to create a DataStateTracker for an unsupported net type 6

09-11 09:35:51.315  1581  1595 E MobileDataStateTracker: default: Ignoring feature request because could not acquire PhoneService

09-11 09:35:51.315  1581  1595 E MobileDataStateTracker: default: Could not enable APN type "default"

09-11 09:35:51.335  1581  1595 I WifiService: DockWifi - mAutoEnableWifiApInDockMode =false mAutoEnableWifiInDockMode=true

09-11 09:35:51.335  1581  1595 I WifiService: WifiService starting up with Wi-Fi enabled and Hotspot disabled

09-11 09:35:51.345  1581  1595 I SystemServer: Throttle Service

09-11 09:35:51.345  1581  1595 I SystemServer: Mount Service

09-11 09:35:51.355  1581  1595 I SystemServer: Notification Manager

09-11 09:35:51.365  1581  1595 I SystemServer: Display Service

09-11 09:35:51.365  1581  1595 I SystemServer: Device Storage Monitor

09-11 09:35:51.365  1581  1595 I SystemServer: Location Manager

09-11 09:35:51.375  1581  1595 I SystemServer: Country Detector

09-11 09:35:51.375  1581  1595 I SystemServer: Search Service

09-11 09:35:51.375  1581  1646 I MountService: Updating valid state unmounted

09-11 09:35:51.375  1581  1595 I SystemServer: DropBox Service

09-11 09:35:51.375  1581  1646 I MountService: Updating external media status on PackageManager

09-11 09:35:51.375  1581  1643 I MountService: Flushing all OBB state for path /mnt/sdcard

09-11 09:35:51.385  1581  1595 I SystemServer: HTC Checkin Service.

09-11 09:35:51.385  1581  1595 I SystemServer: Wallpaper Service

09-11 09:35:51.385  1581  1595 I SystemServer: Audio Service

09-11 09:35:51.525  1581  1595 I SystemServer: Dock Observer

09-11 09:35:51.525  1581  1595 I SystemServer: BT Dock Observer

09-11 09:35:51.525  1581  1595 W BtDockObserver: This kernel does not have btdock station support

09-11 09:35:51.525  1581  1595 I SystemServer: Wired Accessory Observer

09-11 09:35:51.525  1581  1595 I SystemServer: USB Service

09-11 09:35:51.535  1581  1595 W UsbDeviceManager: resetting config to persistent property: adb

09-11 09:35:51.545  1581  1595 I SystemServer: UI Mode Manager Service

09-11 09:35:51.965  1581  1595 I SystemServer: Backup Service

09-11 09:35:52.726  1581  1595 I BackupManagerService: Found stale backup journal, scheduling

09-11 09:35:52.736  1581  1595 I BackupManagerService:   com.android.providers.settings

09-11 09:35:52.766  1581  1595 I BackupManagerService: Backup enabled => true

09-11 09:35:52.766  1581  1595 I SystemServer: AppWidget Service

09-11 09:35:52.766  1581  1595 I SystemServer: Recognition Service

09-11 09:35:52.776  1581  1595 I SystemServer: DiskStats Service

09-11 09:35:52.776  1581  1595 I SystemServer: SamplingProfiler Service

09-11 09:35:52.776  1581  1595 I SystemServer: NetworkTimeUpdateService

09-11 09:35:52.776  1581  1595 I SystemServer: Encryption 3LM Service

09-11 09:35:52.786  1581  1595 I SystemServer: User Behavior Logging Service

09-11 09:35:52.896  1581  1595 I ActivityManager: System now ready

09-11 09:35:52.896  1581  1595 I SystemServer: Making services ready

09-11 09:35:52.956  1581  1595 I ActivityManager: Start proc com.android.systemui for service com.android.systemui/.SystemUIService: pid=1678 uid=1000 gids={3006, 1015, 3002, 3001, 3003, 5001, 5004, 5003, 3007}

09-11 09:35:53.156  1581  1614 I ActivityManager: Start proc com.google.android.gsf.login for service com.google.android.gsf.login/com.google.android.gsf.loginservice.GoogleLoginService: pid=1706 uid=10012 gids={3003, 1015, 1007, 1006, 3002, 3001, 2001, 3006}

09-11 09:35:53.166  1581  1611 I ActivityManager: START intent from pid 0

09-11 09:35:53.337  1581  1611 I ActivityManager: Start proc com.teslacoilsw.launcher for activity com.teslacoilsw.launcher/com.android.launcher2.Launcher: pid=1738 uid=10108 gids={3003, 1015}

09-11 09:35:53.517  1581  1614 I WindowManager: Lock screen displayed!

09-11 09:35:53.537  1581  1720 I ActivityManager: Start proc com.htc.weatheridlescreen for service com.htc.weatheridlescreen/.service.WISService: pid=1754 uid=10058 gids={3003}

09-11 09:35:53.697  1581  1752 I ActivityManager: Start proc com.google.process.gapps for content provider com.google.android.gsf/.gservices.GservicesProvider: pid=1772 uid=10012 gids={3003, 1015, 1007, 1006, 3002, 3001, 2001, 3006}

09-11 09:35:53.757  1581  1595 I ActivityManager: Config changed: {1.0 0mcc0mnc es_ES layoutdir=0 sw320dp w320dp h508dp nrml long port finger qwerty/v/h -nav/h s.3 skin=com.htc.skin.BlueSky fontsize=3}

09-11 09:35:57.481  1581  1595 W InputManagerService: Ignoring setImeWindowStatus of uid 1000 token: null

09-11 09:35:58.151  1581  1595 I ActivityManager: Start proc com.touchtype.swiftkey for service com.touchtype.swiftkey/com.touchtype.KeyboardService: pid=1791 uid=10115 gids={1015, 3003}

09-11 09:35:58.772  1581  1613 W WindowManager: App freeze timeout expired.

09-11 09:35:58.772  1581  1613 W WindowManager: Force clearing freeze: AppWindowToken{41279430 token=Token{414250a0 ActivityRecord{4132e890 com.teslacoilsw.launcher/com.android.launcher2.Launcher}}}

09-11 09:36:01.915  1581  1595 I ActivityManager: Start proc com.android.phone for added application com.android.phone: pid=1814 uid=1001 gids={1007, 1015, 3002, 3001, 3003}

09-11 09:36:02.866  1581  1595 I ActivityManager: Start proc android.process.acore for added application android.process.acore: pid=1829 uid=10003 gids={3003, 1015}

09-11 09:36:07.100  1581  1805 W ThrottleService: unable to find stats for iface rmnet0

09-11 09:36:13.456  1581  1599 W ActivityManager: Timeout executing service: ServiceRecord{4140add0 com.android.systemui/.SystemUIService}

09-11 09:36:17.270  1581  1595 W ActivityManager: Activity idle timeout for ActivityRecord{4132e890 com.teslacoilsw.launcher/com.android.launcher2.Launcher}

09-11 09:36:17.340  1581  1595 I ActivityManager: Boot completed, send intent: android.intent.action.BOOT_COMPLETED

09-11 09:36:23.906  1581  1599 W ProcessStats: Skipping unknown process pid 1879

09-11 09:36:24.817  1581  1595 I ActivityManager: System now finish booting

09-11 09:36:27.340  1581  1595 W ActivityManager: Activity pause timeout for ActivityRecord{4132e890 com.teslacoilsw.launcher/com.android.launcher2.Launcher}

09-11 09:36:27.920  1581  1595 I InputManagerService: Receive : Intent.ACTION_SCREEN_ON

09-11 09:36:28.431  1581  1595 W ActivityManager: Sleep timeout!  Sleeping now.

09-11 09:36:29.462  1581  1614 I WindowManager: Lock screen displayed!

09-11 09:36:29.582  1581  1937 I MountService: doMountVolume: Mouting /mnt/sdcard

09-11 09:36:29.592  1581  1937 E MountService: keystore state UNINITIALIZED

09-11 09:36:29.882  1430  1515 I Vold    : /dev/block/vold/179:65 being considered for volume sdcard

09-11 09:36:29.912  1581  1645 I MountService: onEvent:: raw= 605 Volume sdcard /mnt/sdcard state changed from 1 (Idle-Unmounted) to 3 (Checking) cooked =  605 Volume sdcard /mnt/sdcard state changed from 1 (Idle-Unmounted) to 3 (Checking)

09-11 09:36:29.942  1581  1645 I MountService: notifyVolumeStateChanged::unmounted

09-11 09:36:29.942  1581  1645 I MountService: updating volume state checking

09-11 09:36:30.022  1581  1599 E ActivityManager: ANR in com.android.systemui, time=50445

09-11 09:36:30.022  1581  1599 E ActivityManager: Reason: Executing service com.android.systemui/.SystemUIService

09-11 09:36:30.022  1581  1599 E ActivityManager: Load: 5.45 / 1.48 / 0.5

09-11 09:36:30.022  1581  1599 E ActivityManager: CPU usage from 4628ms to -15555ms ago:

09-11 09:36:30.022  1581  1599 E ActivityManager:   44% 1581/system_server: 32% user + 11% kernel / faults: 3666 minor 1 major

09-11 09:36:30.022  1581  1599 E ActivityManager:   10% 1791/com.touchtype.swiftkey: 8.1% user + 2.5% kernel / faults: 4519 minor 39 major

09-11 09:36:30.022  1581  1599 E ActivityManager:   10% 1829/android.process.acore: 7.6% user + 2.9% kernel / faults: 2826 minor 16 major

09-11 09:36:30.022  1581  1599 E ActivityManager:   5.5% 1678/com.android.systemui: 4.3% user + 1.1% kernel / faults: 784 minor 2 major

09-11 09:36:30.022  1581  1599 E ActivityManager:   4.9% 1814/com.android.phone: 3.3% user + 1.5% kernel / faults: 1859 minor 10 major

09-11 09:36:30.022  1581  1599 E ActivityManager:   3.9% 1738/com.teslacoilsw.launcher: 2.4% user + 1.5% kernel / faults: 890 minor

09-11 09:36:30.022  1581  1599 E ActivityManager:   2.5% 1772/com.google.process.gapps: 1.7% user + 0.7% kernel / faults: 493 minor 3 major

09-11 09:36:30.022  1581  1599 E ActivityManager:   2% 1048/mmcqd/0: 0% user + 2% kernel

09-11 09:36:30.022  1581  1599 E ActivityManager:   1.3% 1520/logcat2: 0.8% user + 0.4% kernel

09-11 09:36:30.022  1581  1599 E ActivityManager:   1.1% 1754/com.htc.weatheridlescreen: 0.6% user + 0.4% kernel / faults: 254 minor 3 major

09-11 09:36:30.022  1581  1599 E ActivityManager:   0.8% 6/rcu_kthread: 0.8% user + 0% kernel

09-11 09:36:30.022  1581  1599 E ActivityManager:   0.5% 1//init: 0.4% user + 0% kernel / faults: 17 minor

09-11 09:36:30.022  1581  1599 E ActivityManager:   0.5% 4/kworker/0:0: 0% user + 0.5% kernel

09-11 09:36:30.022  1581  1599 E ActivityManager:   0.2% 1660/dhd_dpc: 0% user + 0.2% kernel

09-11 09:36:30.022  1581  1599 E ActivityManager:   0.1% 1672/wpa_supplicant: 0% user + 0.1% kernel / faults: 1 minor

09-11 09:36:30.022  1581  1599 E ActivityManager:   0.1% 1859/dhcpcd: 0% user + 0.1% kernel / faults: 1 minor

09-11 09:36:30.022  1581  1599 E ActivityManager:   0.1% 1411/jbd2/mmcblk0p26: 0% user + 0.1% kernel

09-11 09:36:30.022  1581  1599 E ActivityManager:   0.1% 1706/com.google.android.gsf.login: 0% user + 0% kernel / faults: 62 minor

09-11 09:36:30.022  1581  1599 E ActivityManager:   0% 1425/flush-179:0: 0% user + 0% kernel

09-11 09:36:30.022  1581  1599 E ActivityManager:   0% 1429/servicemanager: 0% user + 0% kernel

09-11 09:36:30.022  1581  1599 E ActivityManager:   0% 1519/htc_ebdlogd: 0% user + 0% kernel

09-11 09:36:30.022  1581  1599 E ActivityManager:   0% 1547/bootanimation: 0% user + 0% kernel

09-11 09:36:30.022  1581  1599 E ActivityManager:   0% 5/kworker/u:0: 0% user + 0% kernel

09-11 09:36:30.022  1581  1599 E ActivityManager:   0% 1415/jbd2/mmcblk0p29: 0% user + 0% kernel

