09-11 09:38:03.283  1581  1593 I ActivityManager: Start proc com.android.vending for broadcast com.android.vending/com.google.android.finsky.receivers.BootCompletedReceiver: pid=2639 uid=10074 gids={3003, 1015}

09-11 09:38:03.813  1581  1602 W PackageManager: Unknown permission android.permission.READ_SETTINGS in package com.htc.taskmanager

09-11 09:38:03.813  1581  1602 W PackageManager: Unknown permission android.permission.READ_SECURE_SETTINGS in package com.htc.taskmanager

09-11 09:38:03.843  1581  1602 W PackageManager: Unknown permission android.permission.ADD_SYSTEM_SERVICE in package com.android.phone

09-11 09:38:03.873  1581  1602 W PackageManager: Unknown permission com.tmobile.driving.permission.READ_DRIVING_MODE_SETTINGS in package com.android.phone

09-11 09:38:03.873  1581  1602 W PackageManager: Unknown permission com.htc.socialnetwork.plurk.permission.useprovider in package com.android.phone

09-11 09:38:03.883  1581  1602 W PackageManager: Unknown permission htc.socialnetwork.facebook.permission.SYSTEM_USE in package com.android.phone

09-11 09:38:03.883  1581  1602 W PackageManager: Unknown permission com.htc.htctwitter.permission.useprovider in package com.android.phone

09-11 09:38:03.883  1581  1602 W PackageManager: Unknown permission com.tmobile.vvm.application.permission.ACCESS_PROVIDER in package com.android.phone

09-11 09:38:03.883  1581  1602 W PackageManager: Unknown permission com.htc.permission.SOCIAL_NETWORK in package com.android.phone

09-11 09:38:03.883  1581  1602 W PackageManager: Unknown permission com.htc.socialnetwork.permission.useprovider in package com.android.phone

09-11 09:38:03.974  1581  1602 W PackageManager: Unknown permission android.permission.READ_CALL_LOG in package com.mdroidapps.easybackup

09-11 09:38:03.974  1581  1602 W PackageManager: Unknown permission android.permission.WRITE_CALL_LOG in package com.mdroidapps.easybackup

09-11 09:38:03.974  1581  1602 W PackageManager: Not granting permission android.permission.DEVICE_POWER to package com.htc.syncagent (protectionLevel=2 flags=0x83e45)

09-11 09:38:03.984  1581  1602 W PackageManager: Unknown permission com.android.vending.billing.IBillingAccountService.BIND2 in package com.google.android.gsf.login

09-11 09:38:03.984  1581  1602 W PackageManager: Unknown permission com.htc.permission.ACCESS_NOTES in package com.android.providers.calendar

09-11 09:38:03.994  1581  1602 W PackageManager: Unknown permission com.google.android.gm.permission.READ_GMAIL in package com.android.bluetooth

09-11 09:38:03.994  1581  1602 W PackageManager: Unknown permission com.htc.android.mail.permission.READ_MAIL in package com.android.bluetooth

09-11 09:38:03.994  1581  1602 W PackageManager: Unknown permission com.htc.android.mail.permission.READ_ACCOUNT in package com.android.bluetooth

09-11 09:38:03.994  1581  1602 W PackageManager: Unknown permission com.htc.android.mail.permission.WRITE_MAIL in package com.android.bluetooth

09-11 09:38:03.994  1581  1602 W PackageManager: Unknown permission android.permission.READ_EXTERNAL_STORAGE in package com.tbig.playerpro

09-11 09:38:03.994  1581  1602 W PackageManager: Unknown permission com.htc.android.mail.permission.ACCESS_EAS_SERVICE in package com.htc.Task3DWidget

09-11 09:38:03.994  1581  1602 W PackageManager: Not granting permission android.permission.SEND_DOWNLOAD_COMPLETED_INTENTS to package com.android.browser (protectionLevel=2 flags=0x9be45)

09-11 09:38:03.994  1581  1602 W PackageManager: Unknown permission com.westtek.jcp.PRINT in package com.android.browser

09-11 09:38:04.004  1581  1602 W PackageManager: Unknown permission android.permission.ACCESS_NETWORK_LOCATION in package com.htc.htclocationservice

09-11 09:38:04.004  1581  1602 W PackageManager: Unknown permission android.permission.ACCESS_LOCATION in package com.htc.htclocationservice

09-11 09:38:04.004  1581  1602 W PackageManager: Unknown permission android.permission.ACCESS_GPS in package com.htc.htclocationservice

09-11 09:38:04.004  1581  1602 W PackageManager: Unknown permission android.permission.ACCESS_ASSISTED_GPS in package com.htc.htclocationservice

09-11 09:38:04.014  1581  1602 W PackageManager: Unknown permission android.permission.RAISED_THREAD_PRIORITY in package com.android.mms

09-11 09:38:04.014  1581  1602 W PackageManager: Unknown permission android.permission.FULLSCREEN in package com.android.mms

09-11 09:38:04.014  1581  1602 W PackageManager: Unknown permission android.permission.BACKUP_DATA in package com.android.mms

09-11 09:38:04.014  1581  1602 W PackageManager: Unknown permission com.google.android.providers.gmail.permission.READ_GMAIL in package com.android.mms

09-11 09:38:04.014  1581  1602 W PackageManager: Unknown permission com.google.android.gm.permission.READ_GMAIL in package com.android.mms

09-11 09:38:04.014  1581  1602 W PackageManager: Unknown permission com.android.email.permission.READ_ATTACHMENT in package com.android.mms

09-11 09:38:04.014  1581  1602 W PackageManager: Unknown permission javax.microedition.gba.USE_GBA_SERVICE in package com.android.mms

09-11 09:38:04.014  1581  1602 W PackageManager: Unknown permission android.permission.ACCESS_GPS in package com.android.mms

09-11 09:38:04.014  1581  1602 W PackageManager: Unknown permission android.permission.ACCESS_LOCATION in package com.android.mms

09-11 09:38:04.014  1581  1602 W PackageManager: Unknown permission android.permission.ACCESS_ASSISTED_GPS in package com.android.mms

09-11 09:38:04.014  1581  1602 W PackageManager: Unknown permission android.permission.ACCESS_CELL_ID in package com.android.mms

09-11 09:38:04.014  1581  1602 W PackageManager: Unknown permission com.htc.android.permission.LOCATION_PICKER in package com.android.mms

09-11 09:38:04.034  1581  1602 W PackageManager: Unknown permission android.permission.INTERACT_ACROSS_USERS in package com.google.android.gms

09-11 09:38:04.034  1581  1602 W PackageManager: Unknown permission android.permission.RECOVERY in package com.google.android.gms

09-11 09:38:04.034  1581  1602 W PackageManager: Unknown permission android.permission.READ_DREAM_STATE in package com.google.android.gms

09-11 09:38:04.034  1581  1602 W PackageManager: Unknown permission android.permission.RECEIVE_DATA_ACTIVITY_CHANGE in package com.google.android.gms

09-11 09:38:04.044  1581  1602 W PackageManager: Unknown permission android.permission.READ_EXTERNAL_STORAGE in package com.google.android.gms

09-11 09:38:04.054  1581  1602 W PackageManager: Unknown permission android.permission.LOCATION_HARDWARE in package com.google.android.gms

09-11 09:38:04.074  1581  1602 W PackageManager: Unknown permission android.permission.GET_APP_OPS_STATS in package com.google.android.gms

09-11 09:38:04.074  1581  1602 W PackageManager: Unknown permission android.permission.UPDATE_APP_OPS_STATS in package com.google.android.gms

09-11 09:38:04.084  1581  1602 W PackageManager: Unknown permission android.permission.CAPTURE_AUDIO_HOTWORD in package com.google.android.gms

09-11 09:38:04.084  1581  1602 W PackageManager: Unknown permission com.google.android.googlequicksearchbox.permission.PAUSE_HOTWORD in package com.google.android.gms

09-11 09:38:04.094  1581  1602 W PackageManager: Unknown permission android.permission.READ_CALL_LOG in package com.google.android.gms

09-11 09:38:04.094  1581  1602 W PackageManager: Unknown permission com.google.android.hangouts.START_HANGOUT in package com.google.android.gms

09-11 09:38:04.094  1581  1602 W PackageManager: Unknown permission android.permission.ACCESS_NETWORK_CONDITIONS in package com.google.android.gms

09-11 09:38:04.094  1581  1602 W PackageManager: Unknown permission android.permission.MANAGE_DEVICE_ADMINS in package com.google.android.gms

09-11 09:38:04.094  1581  1602 W PackageManager: Not granting permission android.permission.MODIFY_PHONE_STATE to package com.google.android.gms (protectionLevel=3 flags=0x83e44)

09-11 09:38:04.094  1581  1602 W PackageManager: Not granting permission android.permission.MANAGE_USB to package com.google.android.gms (protectionLevel=3 flags=0x83e44)

09-11 09:38:04.104  1581  1602 W PackageManager: Not granting permission android.permission.CALL_PRIVILEGED to package com.google.android.gms (protectionLevel=3 flags=0x83e44)

09-11 09:38:04.104  1581  1602 W PackageManager: Unknown permission android.permission.BLUETOOTH_PRIVILEGED in package com.google.android.gms

09-11 09:38:04.104  1581  1602 W PackageManager: Unknown permission android.permission.CAPTURE_AUDIO_OUTPUT in package com.google.android.gms

09-11 09:38:04.104  1581  1602 W PackageManager: Unknown permission android.permission.CAPTURE_VIDEO_OUTPUT in package com.google.android.gms

09-11 09:38:04.114  1581  1602 W PackageManager: Unknown permission android.permission.CAPTURE_SECURE_VIDEO_OUTPUT in package com.google.android.gms

09-11 09:38:04.114  1581  1602 W PackageManager: Not granting permission android.permission.READ_FRAME_BUFFER to package com.google.android.gms (protectionLevel=3 flags=0x83e44)

09-11 09:38:04.114  1581  1602 W PackageManager: Unknown permission com.google.android.wearable.READ_SETTINGS in package com.google.android.gms

09-11 09:38:04.114  1581  1602 W PackageManager: Unknown permission android.permission.READ_OWNER_DATA in package com.google.android.setupwizard

09-11 09:38:04.134  1581  1602 W PackageManager: Unknown permission android.permission.WRITE_OWNER_DATA in package com.google.android.setupwizard

09-11 09:38:04.154  1581  1602 W PackageManager: Unknown permission com.android.providers.im.permission.READ_ONLY in package com.android.htccontacts

09-11 09:38:04.154  1581  1602 W PackageManager: Unknown permission com.android.providers.im.permission.WRITE_ONLY in package com.android.htccontacts

09-11 09:38:04.154  1581  1602 W PackageManager: Unknown permission android.permission.ACCESS_LOCATION in package com.android.htccontacts

09-11 09:38:04.154  1581  1602 W PackageManager: Unknown permission android.permission.ACCESS_NETWORK_LOCATION in package com.android.htccontacts

09-11 09:38:04.154  1581  1602 W PackageManager: Unknown permission com.htc.socialnetwork.permission.useprovider in package com.android.htccontacts

09-11 09:38:04.154  1581  1602 W PackageManager: Unknown permission com.htc.htctwitter.permission.useprovider in package com.android.htccontacts

09-11 09:38:04.154  1581  1602 W PackageManager: Unknown permission com.htc.socialnetwork.plurk.permission.useprovider in package com.android.htccontacts

09-11 09:38:04.154  1581  1602 W PackageManager: Unknown permission com.htc.permission.SOCIAL_NETWORK in package com.android.htccontacts

09-11 09:38:04.154  1581  1602 W PackageManager: Unknown permission com.htc.android.mail.permission.READ_ACCOUNT in package com.android.htccontacts

09-11 09:38:04.164  1581  1602 W PackageManager: Unknown permission com.htc.android.mail.permission.WRITE_ACCOUNT in package com.android.htccontacts

09-11 09:38:04.174  1581  1602 W PackageManager: Unknown permission com.htc.android.mail.permission.READ_MAIL in package com.android.htccontacts

09-11 09:38:04.174  1581  1602 W PackageManager: Unknown permission com.htc.android.mail.permission.WRITE_MAIL in package com.android.htccontacts

09-11 09:38:04.184  1581  1602 W PackageManager: Unknown permission com.htc.android.mail.permission.ACCESS_MAIL_SERVICE in package com.android.htccontacts

09-11 09:38:04.184  1581  1602 W PackageManager: Unknown permission com.westtek.jcp.PRINT in package com.android.htccontacts

09-11 09:38:04.184  1581  1602 W PackageManager: Unknown permission com.htc.flickr.permission.useprovider in package com.android.htccontacts

09-11 09:38:04.184  1581  1602 W PackageManager: Unknown permission com.android.providers.htccdma.Specific in package com.android.htccontacts

09-11 09:38:04.184  1581  1602 W PackageManager: Unknown permission com.fusionone.android.sync.permission.READ_WRITE_PROVIDERS in package com.android.htccontacts

09-11 09:38:04.184  1581  1602 W PackageManager: Unknown permission com.htc.android.mail.permission.ACCESS_EAS_SERVICE in package com.android.htccontacts

09-11 09:38:04.194  1581  1602 W PackageManager: Unknown permission android.permission.ACCESS_DOWNLOAD_DATA in package com.android.updater

09-11 09:38:04.194  1581  1602 W PackageManager: Unknown permission android.permission.FOTA_UPDATE in package com.android.updater

09-11 09:38:04.214  1581  1602 W PackageManager: Unknown permission com.android.launcher.permission.READ_SETTINGS in package com.android.settings

09-11 09:38:04.214  1581  1602 W PackageManager: Unknown permission com.android.launcher.permission.WRITE_SETTINGS in package com.android.settings

09-11 09:38:04.214  1581  1602 W PackageManager: Unknown permission com.dropbox.android.provider.DROPBOX_SDK_READ in package com.android.settings

09-11 09:38:04.214  1581  1602 W PackageManager: Unknown permission android.permission.BACKUP_DATA in package com.htc.CustomizationSetup

09-11 09:38:04.284  1581  1602 W PackageManager: Unknown permission com.android.email.permission.READ_ATTACHMENT in package com.htc.sdcardwizard

09-11 09:38:04.294  1581  1602 W PackageManager: Unknown permission com.htc.showme.permission.ACCESS_DATA in package com.htc.sdcardwizard

09-11 09:38:04.294  1581  1602 W PackageManager: Unknown permission com.htc.showme.permission.ACCESS_FOR_WIDGET in package com.htc.sdcardwizard

09-11 09:38:04.294  1581  1602 W PackageManager: Unknown permission com.htc.laputa.permission.LB_CONTENT_PROVIDER in package com.htc.sdcardwizard

09-11 09:38:04.304  1581  1602 W PackageManager: Unknown permission com.htc.laputa.permission.FOOTPRINTPICKER in package com.htc.sdcardwizard

09-11 09:38:04.324  1581  1602 W PackageManager: Unknown permission com.htc.laputa.permission.TRIP_PROVIDER in package com.htc.sdcardwizard

09-11 09:38:04.324  1581  1602 W PackageManager: Unknown permission android.webkit.permission.PLUGIN in package com.adobe.flashplayer

09-11 09:38:04.564  1581  1602 W PackageManager: Unknown permission android.permission.ADD_SYSTEM_SERVICE in package com.htc.mysketcher

09-11 09:38:04.764  1581  1602 W PackageManager: Unknown permission com.htc.music.permission.ENHANCER_SERVICE in package com.htc.dlnamiddlelayer

09-11 09:38:04.764  1581  1602 W PackageManager: Unknown permission android.permission.BACKUP_DATA in package com.htc.android.htcime

09-11 09:38:04.774  1581  1602 W PackageManager: Unknown permission com.htc.permission.WRITE_ULOG in package com.htc.android.htcime

09-11 09:38:04.784  1581  1602 W PackageManager: Unknown permission android.permission.ACCESS_HTCDM_PROPERTY in package com.htc.launcher

09-11 09:38:04.794  1581  1602 W PackageManager: Not granting permission android.permission.ACCESS_BLUETOOTH_SHARE to package com.android.mifileexplorer (protectionLevel=2 flags=0x28be44)

09-11 09:38:04.794  1581  1602 W PackageManager: Unknown permission android.permission.READ_EXTERNAL_STORAGE in package com.android.mifileexplorer

09-11 09:38:04.804  1581  1602 W PackageManager: Not granting permission android.permission.WRITE_MEDIA_STORAGE to package com.android.mifileexplorer (protectionLevel=3 flags=0x28be44)

09-11 09:38:04.814  1581  1602 W PackageManager: Unknown permission com.htc.htctwitter.permission.useprovider in package com.htc.clock3dwidget

09-11 09:38:04.814  1581  1602 W PackageManager: Unknown permission com.htc.socialnetwork.plurk.permission.useprovider in package com.htc.clock3dwidget

09-11 09:38:04.824  1581  1602 W PackageManager: Unknown permission htc.friendstream.permission.SYSTEM_USE in package com.htc.clock3dwidget

09-11 09:38:04.824  1581  1602 W PackageManager: Unknown permission android.permission.BACKUP_DATA in package com.htc.UpgradeSetup

09-11 09:38:04.834  1581  1602 W PackageManager: Not granting permission android.permission.DEVICE_POWER to package com.htc.cs (protectionLevel=2 flags=0x8be05)

09-11 09:38:04.854  1581  1602 W PackageManager: Unknown permission com.htc.msg.mfn.set in package com.htc.cs

09-11 09:38:04.864  1581  1602 W PackageManager: Unknown permission com.htc.store.permission.UNREGISTER_ACCOUNT in package com.htc.cs

09-11 09:38:04.864  1581  1602 W PackageManager: Unknown permission com.android.launcher.permission.READ_SETTINGS in package com.google.android.onetimeinitializer

09-11 09:38:04.864  1581  1602 W PackageManager: Unknown permission com.android.launcher.permission.WRITE_SETTINGS in package com.google.android.onetimeinitializer

09-11 09:38:04.884  1581  1602 W PackageManager: Unknown permission com.google.android.apps.googlevoice.permission.AUTO_SEND in package com.google.android.voicesearch

09-11 09:38:04.884  1581  1602 W PackageManager: Unknown permission com.google.android.gm.permission.AUTO_SEND in package com.google.android.voicesearch

09-11 09:38:04.884  1581  1602 W PackageManager: Unknown permission com.htc.android.mail.permission.WRITE_ACCOUNT in package com.htc.lmw

09-11 09:38:04.884  1581  1602 W PackageManager: Unknown permission com.htc.sdcardwizard.permission.ITEMS_ACTIVITY in package com.htc.lmw

09-11 09:38:04.884  1581  1602 W PackageManager: Unknown permission com.android.email.permission.READ_ATTACHMENT in package com.htc.lmw

09-11 09:38:04.884  1581  1602 W PackageManager: Unknown permission com.android.email.permission.WRITE_ATTACHMENT in package com.htc.lmw

09-11 09:38:04.894  1581  1602 W PackageManager: Not granting permission android.permission.DEVICE_POWER to package com.htc.android.teeter (protectionLevel=2 flags=0x28be45)

09-11 09:38:04.904  1581  1602 W PackageManager: Not granting permission android.permission.BIND_APPWIDGET to package com.teslacoilsw.launcher (protectionLevel=3 flags=0x8be44)

09-11 09:38:04.904  1581  1602 W PackageManager: Unknown permission com.android.launcher.permission.READ_SETTINGS in package com.teslacoilsw.launcher

09-11 09:38:04.904  1581  1602 W PackageManager: Unknown permission com.cyanogenmod.trebuchet.permission.READ_SETTINGS in package com.teslacoilsw.launcher

09-11 09:38:04.904  1581  1602 W PackageManager: Unknown permission org.adw.launcher.permission.READ_SETTINGS in package com.teslacoilsw.launcher

09-11 09:38:04.904  1581  1602 W PackageManager: Unknown permission org.adwfreak.launcher.permission.READ_SETTINGS in package com.teslacoilsw.launcher

09-11 09:38:04.904  1581  1602 W PackageManager: Unknown permission com.anddoes.launcher.permission.READ_SETTINGS in package com.teslacoilsw.launcher

09-11 09:38:04.914  1581  1602 W PackageManager: Unknown permission com.android.launcher3.permission.READ_SETTINGS in package com.teslacoilsw.launcher

09-11 09:38:04.914  1581  1602 W PackageManager: Unknown permission com.android.email.permission.READ_ATTACHMENT in package com.htc.htccompressviewer

09-11 09:38:04.924  1581  1602 W PackageManager: Unknown permission com.htc.cloudstorage.dropbox.GET_TOKEN in package com.htc.FilePicker

09-11 09:38:04.935  1581  1602 W PackageManager: Unknown permission com.htc.cloudstorage.skydrive.GET_TOKEN in package com.htc.FilePicker

09-11 09:38:05.015  1581  1602 W PackageManager: Unknown permission com.htc.android.permission.LOCATION_PICKER in package com.htc.calendar

09-11 09:38:05.025  1581  1602 W PackageManager: Unknown permission htc.socialnetwork.facebook.permission.SYSTEM_USE in package com.htc.calendar

09-11 09:38:05.025  1581  1602 W PackageManager: Unknown permission com.westtek.jcp.PRINT in package com.htc.calendar

09-11 09:38:05.025  1581  1602 W PackageManager: Unknown permission com.htc.android.mail.permission.READ_ACCOUNT in package com.htc.calendar

09-11 09:38:05.025  1581  1602 W PackageManager: Unknown permission com.htc.android.mail.permission.WRITE_ACCOUNT in package com.htc.calendar

09-11 09:38:05.025  1581  1602 W PackageManager: Unknown permission com.htc.android.mail.permission.READ_MAIL in package com.htc.calendar

09-11 09:38:05.025  1581  1602 W PackageManager: Unknown permission com.htc.android.mail.permission.WRITE_MAIL in package com.htc.calendar

09-11 09:38:05.025  1581  1602 W PackageManager: Unknown permission android.permission.ACCESS_NOTES in package com.htc.calendar

09-11 09:38:05.025  1581  1602 W PackageManager: Unknown permission com.htc.android.mail.permission.ACCESS_EAS_SERVICE in package com.htc.calendar

09-11 09:38:05.075  1581  1602 W PackageManager: Not granting permission android.permission.CLEAR_APP_USER_DATA to package com.htc.htcsettingwidgets (protectionLevel=2 flags=0x8be45)

09-11 09:38:05.075  1581  1602 W PackageManager: Unknown permission android.permission.ACCESS_LOCATION in package com.htc.htcsettingwidgets

09-11 09:38:05.085  1581  1602 W PackageManager: Unknown permission android.permission.ACCESS_ASSISTED_GPS in package com.htc.htcsettingwidgets

09-11 09:38:05.085  1581  1602 W PackageManager: Unknown permission android.permission.ACCESS_NETWORK_LOCATION in package com.htc.htcsettingwidgets

09-11 09:38:05.085  1581  1602 W PackageManager: Unknown permission android.permission.ACCESS_GPS in package com.htc.htcsettingwidgets

09-11 09:38:05.115  1581  1602 W PackageManager: Unknown permission android.permission.WRITE_OWNER_DATA in package com.infraware.docmaster

09-11 09:38:05.125  1581  1602 W PackageManager: Unknown permission android.permission.READ_OWNER_DATA in package com.infraware.docmaster

09-11 09:38:05.125  1581  1602 W PackageManager: Unknown permission com.westtek.jcp.PRINT in package com.infraware.docmaster

09-11 09:38:05.175  1581  1602 W PackageManager: Unknown permission com.android.providers.htccdma.Specific in package com.android.htcdialer

09-11 09:38:05.185  1581  1602 W PackageManager: Unknown permission com.htc.socialnetwork.permission.useprovider in package com.android.providers.contacts

09-11 09:38:05.185  1581  1602 W PackageManager: Unknown permission com.htc.socialnetwork.plurk.permission.useprovider in package com.android.providers.contacts

09-11 09:38:05.185  1581  1602 W PackageManager: Unknown permission htc.socialnetwork.facebook.permission.SYSTEM_USE in package com.android.providers.contacts

09-11 09:38:05.185  1581  1602 W PackageManager: Unknown permission com.htc.htctwitter.permission.useprovider in package com.android.providers.contacts

09-11 09:38:05.185  1581  1602 W PackageManager: Unknown permission htc.opensense.permission.USE_BROADCAST in package com.android.providers.contacts

09-11 09:38:05.195  1581  1602 W PackageManager: Unknown permission htc.friendstream.permission.SYSTEM_USE in package com.android.providers.contacts

09-11 09:38:05.205  1581  1602 W PackageManager: Unknown permission com.anddoes.launcher.permission.UPDATE_COUNT in package com.onegravity.k10.pro2

09-11 09:38:05.205  1581  1602 W PackageManager: Unknown permission com.sonyericsson.home.permission.BROADCAST_BADGE in package com.onegravity.k10.pro2

09-11 09:38:05.215  1581  1602 W PackageManager: Unknown permission com.sec.android.provider.badge.permission.READ in package com.onegravity.k10.pro2

09-11 09:38:05.215  1581  1602 W PackageManager: Unknown permission com.sec.android.provider.badge.permission.WRITE in package com.onegravity.k10.pro2

09-11 09:38:05.225  1581  1602 W PackageManager: Unknown permission org.thialfihar.android.apg.permission.READ_KEY_DETAILS in package com.onegravity.k10.pro2

09-11 09:38:05.235  1581  1602 W PackageManager: Unknown permission com.htc.permission.POWER_CONTROL in package com.htc.home.personalize

09-11 09:38:05.275  1581  1602 W PackageManager: Not granting permission android.permission.SET_ORIENTATION to package com.popcap.pvz (protectionLevel=2 flags=0xbe44)

09-11 09:38:05.305  1581  1602 W PackageManager: Unknown permission com.htc.socialnetwork.permission.useprovider in package com.htc.providers.uploads

09-11 09:38:05.315  1581  1602 W PackageManager: Unknown permission com.android.launcher.permission.READ_SETTINGS in package com.htc.Weather

09-11 09:38:05.335  1581  1602 W PackageManager: Unknown permission android.permission.READ_EXTERNAL_STORAGE in package com.android.vending

09-11 09:38:05.355  1581  1602 W PackageManager: Not granting permission android.permission.SEND_DOWNLOAD_COMPLETED_INTENTS to package com.android.vending (protectionLevel=2 flags=0xabe45)

09-11 09:38:05.385  1581  1602 W PackageManager: Unknown permission android.permission.MANAGE_USERS in package com.android.vending

09-11 09:38:05.415  1581  1602 W PackageManager: Unknown permission android.permission.INTERACT_ACROSS_USERS in package com.android.vending

09-11 09:38:05.425  1581  1602 W PackageManager: Not granting permission android.permission.FORCE_STOP_PACKAGES to package com.android.vending (protectionLevel=2 flags=0xabe45)

09-11 09:38:05.515  1581  1602 W PackageManager: Unknown permission android.permission.INJECT_AUDIO_VOLUME_SETTINGS in package com.android.camera

09-11 09:38:05.525  1581  1602 W PackageManager: Unknown permission com.htc.MediaAutoUploadSetting.permission.AUTO_UPLOAD in package com.android.camera

09-11 09:38:05.525  1581  1602 W PackageManager: Unknown permission com.android.email.permission.ACCESS_PROVIDER in package com.broadcom.bt.app.system

09-11 09:38:05.535  1581  1602 W PackageManager: Unknown permission android.permission.MANAGE_DOCUMENTS in package com.google.android.youtube

09-11 09:38:05.545  1581  1602 W PackageManager: Not granting permission android.permission.DUMP to package com.oasisfeng.greenify (protectionLevel=3 flags=0x9be44)

09-11 09:38:05.565  1581  1602 W PackageManager: Unknown permission android.permission.BIND_ACCESSIBILITY_SERVICE in package com.oasisfeng.greenify

09-11 09:38:05.575  1581  1602 W PackageManager: Unknown permission android.permission.READ_EXTERNAL_STORAGE in package com.tbig.playerpro.soundpack

09-11 09:38:05.635  1581  1602 W PackageManager: Unknown permission com.htc.android.mail.permission.READ_ACCOUNT in package com.htc.htccontactwidgets_3d_fusion

09-11 09:38:05.645  1581  1602 W PackageManager: Unknown permission com.htc.android.mail.permission.WRITE_ACCOUNT in package com.htc.htccontactwidgets_3d_fusion

09-11 09:38:05.645  1581  1602 W PackageManager: Unknown permission com.htc.socialnetwork.plurk.permission.useprovider in package com.htc.htccontactwidgets_3d_fusion

09-11 09:38:05.645  1581  1602 W PackageManager: Unknown permission com.htc.android.mail.permission.READ_MAIL in package com.htc.htccontactwidgets_3d_fusion

09-11 09:38:05.645  1581  1602 W PackageManager: Unknown permission android.permission.BACKUP_DATA in package com.htc.android.worldclock

09-11 09:38:05.645  1581  1602 W PackageManager: Unknown permission htc.permission.dockmode.NEXT_ALARM in package com.htc.android.worldclock

09-11 09:38:05.665  1581  1602 W PackageManager: Unknown permission com.htc.android.mail.permission.READ_MAIL in package com.htc.task

09-11 09:38:05.675  1581  1602 W PackageManager: Unknown permission com.htc.android.mail.permission.ACCESS_EAS_SERVICE in package com.htc.task

09-11 09:38:08.598  1581  2659 I PackageManager:  setEnabledSetting(), pkgName=com.android.vending, clsName=com.android.vending.AssetBrowserActivity, state=1, flag=1, pid=2639, uid=10074

09-11 09:38:10.009  1581  2659 I PackageManager:  setEnabledSetting(), pkgName=com.android.vending, clsName=com.google.android.finsky.activities.DebugActivity, state=2, flag=1, pid=2639, uid=10074

09-11 09:38:10.150  1581  1788 I ActivityManager: Start proc com.htc.opensense for broadcast com.htc.opensense/.pluginmanager.RegisterReceiver: pid=2684 uid=10010 gids={3003, 1015, 5001, 2001}

09-11 09:38:10.630  1581  1953 I ActivityManager: Start proc com.android.settings for broadcast com.android.settings/.framework.app.HtcIntentReceiver: pid=2701 uid=1000 gids={3006, 1015, 3002, 3001, 3003, 5001, 5004, 5003, 3007}

09-11 09:38:11.341  1581  1593 I ActivityManager: Start proc com.android.settings:remote for service com.android.settings/.framework.app.HtcIntentService: pid=2720 uid=1000 gids={3006, 1015, 3002, 3001, 3003, 5001, 5004, 5003, 3007}

09-11 09:38:11.881  1581  1974 I ActivityManager: Start proc com.koushikdutta.superuser for broadcast com.koushikdutta.superuser/.SuCheckerReceiver: pid=2741 uid=10080 gids={}

09-11 09:38:11.891  1581  1974 I ActivityManager: No longer want com.smarterdroid.wififiletransferpro (pid 2122): hidden #16, adj=15

09-11 09:38:11.991  1581  1982 I ActivityManager: Process android.process.htcmessage (pid 2346) has died.

09-11 09:38:12.632  1581  1593 I ActivityManager: Start proc com.htc.taskmanager for broadcast com.htc.taskmanager/.BootCompletedReceiver: pid=2758 uid=10081 gids={}

09-11 09:38:12.882  1581  2659 I ActivityManager: Process com.htc.cs (pid 2308) has died.

09-11 09:38:13.112  1581  1593 I ActivityManager: Start proc com.android.updater for broadcast com.android.updater/.UpdaterReceiver: pid=2776 uid=10084 gids={3003, 1015, 2001, 5003}

09-11 09:38:14.604  1581  1974 I ActivityManager: Process com.htc.fm (pid 2474) has died.

09-11 09:38:14.764  1581  1753 W InputManagerService: Window already focused, ignoring focus gain of: com.android.internal.view.IInputMethodClient$Stub$Proxy@415ef828

09-11 09:38:14.884  1581  1581 I ActivityManager: Start proc com.htc.bg for broadcast com.htc.providers.uploads/.UploadReceiver: pid=2797 uid=10010 gids={3003, 1015, 5001, 2001}

09-11 09:38:15.144  1581  2658 I ActivityManager: Process com.htc.htcMessageUploader (pid 2490) has died.

09-11 09:38:15.565  1581  1581 I ActivityManager: Start proc com.htc.android.worldclock for broadcast com.htc.android.worldclock/.AlarmInitReceiver: pid=2816 uid=10092 gids={3003}

09-11 09:38:15.825  1581  1953 I ActivityManager: Start proc com.oasisfeng.greenify:service for broadcast com.oasisfeng.greenify/.Startup: pid=2833 uid=10019 gids={3003, 1007}

09-11 09:38:15.845  1581  1788 I ActivityManager: Process com.htc.resetnotify (pid 2507) has died.

09-11 09:38:16.065  1581  1953 I ActivityManager: Process android.process.media (pid 2149) has died.

09-11 09:38:16.786  1581  1788 I ActivityManager: Start proc ind.fem.black.xposed.mods for broadcast ind.fem.black.xposed.mods/.BootReceiver: pid=2859 uid=10040 gids={1015, 1006}

09-11 09:38:17.677  1581  1953 I ActivityManager: Start proc com.onegravity.k10.pro2 for broadcast com.onegravity.k10.pro2/com.onegravity.k10.service.CoreReceiver: pid=2876 uid=10103 gids={3003, 1015}

09-11 09:38:18.328  1581  1982 W ActivityManager: Unable to start service Intent { act=android.intent.action.BOOT_COMPLETED flg=0x10 cmp=com.google.android.gms/.fitness.service.BrokeredFitnessService }: not found

09-11 09:38:18.378  1581  1786 I ActivityManager: Process com.android.settings:remote (pid 2720) has died.

09-11 09:38:18.418  1581  1982 I ActivityManager: Process com.htc.sdm:remote (pid 2538) has died.

09-11 09:38:18.998  1581  1592 I ActivityManager: Process com.htc.lmw (pid 2550) has died.

09-11 09:38:20.450  1581  2658 I ActivityManager: Process com.android.settings (pid 2701) has died.

09-11 09:38:22.181  1581  1982 I ActivityManager: Start proc com.devexpert.weatheradfree for broadcast com.devexpert.weatheradfree/.controller.PackageReceiver: pid=2913 uid=10112 gids={3003, 1015}

09-11 09:38:22.702  1581  1787 I ActivityManager: Process com.htc.opensense (pid 2684) has died.

09-11 09:38:23.092  1581  1787 W InputManagerService: Window already focused, ignoring focus gain of: com.android.internal.view.IInputMethodClient$Stub$Proxy@415eb738

09-11 09:38:23.152  1581  1592 I ActivityManager: Start proc com.google.android.youtube for broadcast com.google.android.youtube/com.google.android.apps.youtube.core.transfer.DownloadService$BootReceiver: pid=2942 uid=10043 gids={3003, 1015, 1006}

09-11 09:38:23.583  1581  1753 I ActivityManager: Process com.htc.pen (pid 2604) has died.

09-11 09:38:24.454  1581  1953 I ActivityManager: Process com.koushikdutta.superuser (pid 2741) has died.

09-11 09:38:25.094  1581  1593 I ActivityManager: Process com.htc.sdm (pid 2522) has died.

09-11 09:38:25.845  1581  1593 I ActivityManager: Process com.google.android.onetimeinitializer (pid 2620) has died.

09-11 09:38:26.355  1581  1953 I ActivityManager: Process com.htc.taskmanager (pid 2758) has died.

09-11 09:38:26.566  1581  1581 I ActivityManager: Process com.android.updater (pid 2776) has died.

09-11 09:38:27.827  1581  1592 I ActivityManager: Start proc com.android.settings for broadcast com.android.settings/.NSReceiver: pid=2996 uid=1000 gids={3006, 1015, 3002, 3001, 3003, 5001, 5004, 5003, 3007}

09-11 09:38:28.407  1581  1786 I ActivityManager: Process com.htc.android.worldclock (pid 2816) has died.

09-11 09:38:28.678  1581  1982 I ActivityManager: Process ind.fem.black.xposed.mods (pid 2859) has died.

09-11 09:38:28.878  1581  1595 I ActivityManager: Start proc com.android.settings:remote for broadcast com.android.settings/.framework.activity.powersaver.PowerSaverStateReceiver: pid=3012 uid=1000 gids={3006, 1015, 3002, 3001, 3003, 5001, 5004, 5003, 3007}

09-11 09:38:29.138  1581  1595 I InputManagerService: Receive : Intent.ACTION_SCREEN_ON

09-11 09:38:29.138  1581  1595 I InputManagerService: Enable input method client.

09-11 09:38:29.368  1581  1788 I ActivityManager: Start proc com.htc.home.personalize for broadcast com.htc.home.personalize/.localresource.DownloadDelegant: pid=3026 uid=10032 gids={3003, 2001, 1015, 5001}

09-11 09:38:29.579  1581  1982 I ActivityManager: Process com.android.vending (pid 2639) has died.

09-11 09:38:30.089  1581  1974 I ActivityManager: Start proc com.droids.appwidget.apns for broadcast com.droids.appwidget.apns/.APNWidgetProvider: pid=3040 uid=10053 gids={3003}

09-11 09:38:30.229  1581  2658 I ActivityManager: Start proc android.process.media for content provider com.android.providers.downloads/.DownloadProvider: pid=3053 uid=10016 gids={1015, 1023, 1024, 5001, 5002, 2001, 3003, 3007}

09-11 09:38:30.780  1581  1788 I ActivityManager: Process com.devexpert.weatheradfree (pid 2913) has died.

09-11 09:38:31.030  1581  1752 I ActivityManager: Process com.htc.bg (pid 2797) has died.

09-11 09:38:31.250  1581  1592 I ActivityManager: Start proc com.devexpert.weatheradfree for broadcast com.devexpert.weatheradfree/.view.WidgetWeather4x3: pid=3073 uid=10112 gids={3003, 1015}

09-11 09:38:31.470  1581  1593 I ActivityManager: Process com.google.android.youtube (pid 2942) has died.

09-11 09:38:32.541  1581  1985 I ActivityManager: Process com.android.settings:remote (pid 3012) has died.

09-11 09:38:33.823  1581  1973 I ActivityManager: Start proc com.htc.htcMessageUploader for broadcast com.htc.htcMessageUploader/.UploadMessageReceiver: pid=3097 uid=10047 gids={3003}

09-11 09:38:34.033  1581  1985 I ActivityManager: Start proc com.htc.cs for broadcast com.htc.cs/.receiver.PoweronReceiver: pid=3111 uid=10010 gids={3003, 1015, 5001, 2001}

09-11 09:38:34.153  1581  1990 I ActivityManager: Process com.android.settings (pid 2996) has died.

09-11 09:38:34.984  1581  1753 I ActivityManager: Start proc com.htc.bg for broadcast com.htc.providers.uploads/.UploadReceiver: pid=3127 uid=10010 gids={3003, 1015, 5001, 2001}

09-11 09:38:35.174  1581  1788 I ActivityManager: Process com.droids.appwidget.apns (pid 3040) has died.

09-11 09:38:35.755  1581  1973 I ActivityManager: Process com.devexpert.weatheradfree (pid 3073) has died.

09-11 09:38:36.405  1581  1786 I ActivityManager: Start proc com.droids.appwidget.apns for broadcast com.droids.appwidget.apns/.APNWidgetProvider: pid=3149 uid=10053 gids={3003}

09-11 09:38:36.555  1581  1593 I ActivityManager: Process com.htc.home.personalize (pid 3026) has died.

09-11 09:38:37.376  1581  1595 I InputManagerService: Receive : Intent.ACTION_SCREEN_OFF

09-11 09:38:37.376  1581  1595 I InputManagerService: Disable input method client.

09-11 09:38:37.927  1581  1973 W ActivityManager: Failure sending broadcast Intent { act=android.intent.action.SCREEN_OFF flg=0x40000010 }

09-11 09:38:37.927  1581  1973 W ActivityManager: android.os.DeadObjectException

09-11 09:38:37.927  1581  1973 W ActivityManager: 	at android.os.BinderProxy.transact(Native Method)

09-11 09:38:37.927  1581  1973 W ActivityManager: 	at android.content.IIntentReceiver$Stub$Proxy.performReceive(IIntentReceiver.java:121)

09-11 09:38:37.927  1581  1973 W ActivityManager: 	at com.android.server.am.ActivityManagerService.performReceiveLocked(ActivityManagerService.java:13539)

09-11 09:38:37.927  1581  1973 W ActivityManager: 	at com.android.server.am.ActivityManagerService.deliverToRegisteredReceiverLocked(ActivityManagerService.java:13607)

09-11 09:38:37.927  1581  1973 W ActivityManager: 	at com.android.server.am.ActivityManagerService.processNextBroadcast(ActivityManagerService.java:13822)

09-11 09:38:37.927  1581  1973 W ActivityManager: 	at com.android.server.am.ActivityManagerService.finishReceiver(ActivityManagerService.java:13327)

09-11 09:38:37.927  1581  1973 W ActivityManager: 	at android.app.ActivityManagerNative.onTransact(ActivityManagerNative.java:336)

09-11 09:38:37.927  1581  1973 W ActivityManager: 	at com.android.server.am.ActivityManagerService.onTransact(ActivityManagerService.java:1712)

09-11 09:38:37.927  1581  1973 W ActivityManager: 	at android.os.Binder.execTransact(Binder.java:338)

09-11 09:38:37.927  1581  1973 W ActivityManager: 	at dalvik.system.NativeStart.run(Native Method)

09-11 09:38:37.967  1581  1595 I InputManagerService: Receive : Intent.ACTION_SCREEN_ON

09-11 09:38:37.967  1581  1595 I InputManagerService: Enable input method client.

09-11 09:38:38.097  1581  1595 I InputManagerService: Receive : Intent.ACTION_SCREEN_OFF

09-11 09:38:38.147  1581  1595 I InputManagerService: Disable input method client.

09-11 09:38:38.187  1581  1592 I ActivityManager: Process com.htc.htcMessageUploader (pid 3097) has died.

09-11 09:38:38.387  1581  1595 I InputManagerService: Receive : Intent.ACTION_SCREEN_ON

09-11 09:38:38.387  1581  1595 I InputManagerService: Enable input method client.

09-11 09:38:38.597  1581  1592 I ActivityManager: Start proc com.android.settings for broadcast com.android.settings/.wifi.WifiOffloadRequest: pid=3175 uid=1000 gids={3006, 1015, 3002, 3001, 3003, 5001, 5004, 5003, 3007}

09-11 09:38:39.018  1581  1973 I ActivityManager: Process com.htc.cs (pid 3111) has died.

09-11 09:38:39.358  1581  1593 I ActivityManager: Process android.process.media (pid 3053) has died.

09-11 09:38:39.839  1581  1593 I ActivityManager: Start proc com.htc.cs for broadcast com.htc.cs/.receiver.PoweronReceiver: pid=3191 uid=10010 gids={3003, 1015, 5001, 2001}

09-11 09:38:39.919  1581  1753 I ActivityManager: Process com.htc.bg (pid 3127) has died.

09-11 09:38:40.109  1581  1953 I ActivityManager: Start proc com.android.browser for broadcast com.android.browser/.htc.util.HTCBrowserSimStateChangeReceiver: pid=3204 uid=10007 gids={3003, 1015, 5001}

09-11 09:38:40.689  1581  1982 I ActivityManager: Start proc com.htc.bg for broadcast com.htc.CustomizationSetup/.SIMStateChangeReceiver: pid=3224 uid=10010 gids={3003, 1015, 5001, 2001}

09-11 09:38:41.020  1581  1990 I ActivityManager: Process com.droids.appwidget.apns (pid 3149) has died.

09-11 09:38:41.130  1581  1752 I ActivityManager: Start proc com.android.settings:remote for broadcast com.android.settings/.framework.activity.powersaver.SmartSynServiceReceiver: pid=3240 uid=1000 gids={3006, 1015, 3002, 3001, 3003, 5001, 5004, 5003, 3007}

09-11 09:38:41.460  1581  1990 W AlarmManager: RemoveAPPAlarmPendingIntent has no PendingIntent operation

09-11 09:38:41.460  1581  2658 W AlarmManager: RemoveAPPAlarmPendingIntent has no PendingIntent operation

09-11 09:38:41.460  1581  1973 W AlarmManager: RemoveAPPAlarmPendingIntent has no PendingIntent operation

09-11 09:38:41.460  1581  2659 W AlarmManager: RemoveAPPAlarmPendingIntent has no PendingIntent operation

09-11 09:38:41.460  1581  1953 W AlarmManager: RemoveAPPAlarmPendingIntent has no PendingIntent operation

09-11 09:38:41.470  1581  1789 W AlarmManager: RemoveAPPAlarmPendingIntent has no PendingIntent operation

09-11 09:38:41.470  1581  1786 W AlarmManager: RemoveAPPAlarmPendingIntent has no PendingIntent operation

09-11 09:38:41.470  1581  1787 W AlarmManager: RemoveAPPAlarmPendingIntent has no PendingIntent operation

09-11 09:38:41.680  1581  2658 I ActivityManager: Process com.htc.cs (pid 3191) has died.

09-11 09:38:41.720  1581  1752 I ActivityManager: Start proc android.process.media for broadcast com.android.providers.drm/.DrmScannerReceiver: pid=3259 uid=10016 gids={1015, 1023, 1024, 5001, 5002, 2001, 3003, 3007}

09-11 09:38:41.760  1581  2659 I ActivityManager: START intent from pid 1738

09-11 09:38:43.062  1581  1789 I ActivityManager: Start proc com.htc.cs for broadcast com.htc.cs/.receiver.PoweronReceiver: pid=3277 uid=10010 gids={3003, 1015, 5001, 2001}

09-11 09:38:43.422  1581  1789 I ActivityManager: Start proc com.htc.calendar for broadcast com.htc.calendar/.app.widget.CalendarAppWidgetService$CalendarFactory: pid=3291 uid=10010 gids={3003, 1015, 5001, 2001}

09-11 09:38:43.572  1581  1787 I ActivityManager: Process com.htc.bg (pid 3224) has died.

09-11 09:38:44.013  1581  1752 I ActivityManager: Process com.android.settings:remote (pid 3240) has died.

09-11 09:38:44.283  1581  1982 I ActivityManager: Start proc com.htc.task for broadcast com.htc.task/.notification.NotifyReceiver: pid=3312 uid=10069 gids={}

09-11 09:38:44.473  1581  1789 I ActivityManager: Process com.android.settings (pid 3175) has died.

09-11 09:38:44.483  1581  1973 I ActivityManager: Process com.android.browser (pid 3204) has died.

09-11 09:38:45.024  1581  1787 I ActivityManager: Start proc com.htc.android.worldclock for broadcast com.htc.android.worldclock/.AlarmInitReceiver: pid=3331 uid=10092 gids={3003}

09-11 09:38:45.624  1581  1788 I ActivityManager: Start proc com.devexpert.weatheradfree for broadcast com.devexpert.weatheradfree/.view.WidgetWeather4x1: pid=3348 uid=10112 gids={3003, 1015}

09-11 09:38:46.505  1581  1593 I ActivityManager: Process com.htc.cs (pid 3277) has died.

09-11 09:38:48.017  1581  1593 I InputManagerService: [unbindCurrentClientLocked] Disable input method client.

09-11 09:38:48.017  1581  1593 I InputManagerService: [startInputLocked] Enable input method client.

09-11 09:38:49.158  1581  1599 I ActivityManager: Start proc com.htc.cs for broadcast com.htc.cs/.receiver.PoweronReceiver: pid=3373 uid=10010 gids={3003, 1015, 5001, 2001}

09-11 09:38:50.249  1581  1753 I ActivityManager: Process com.htc.calendar (pid 3291) has died.

09-11 09:38:50.919  1581  1982 I ActivityManager: Start proc com.htc.calendar for broadcast com.htc.calendar/.CalendarSettingReceiver: pid=3391 uid=10010 gids={3003, 1015, 5001, 2001}

09-11 09:38:51.470  1581  1752 I ActivityManager: Process com.htc.android.worldclock (pid 3331) has died.

09-11 09:38:51.500  1581  1599 I ActivityManager: Start proc ind.fem.black.xposed.mods for broadcast ind.fem.black.xposed.mods/.quiethours.AlarmReceiver: pid=3408 uid=10040 gids={1015, 1006}

09-11 09:38:51.920  1581  1595 W ActivityManager: Launch timeout has expired, giving up wake lock!

09-11 09:38:52.301  1581  1595 W ActivityManager: Activity idle timeout for ActivityRecord{41526128 com.android.htccontacts/.DialerTabActivity}

09-11 09:38:52.371  1581  1789 I ActivityManager: Process com.htc.cs (pid 3373) has died.

09-11 09:38:52.531  1581  1787 I ActivityManager: Start proc com.android.settings for broadcast com.android.settings/.wifi.WifiStatusReceiver: pid=3426 uid=1000 gids={3006, 1015, 3002, 3001, 3003, 5001, 5004, 5003, 3007}

09-11 09:38:53.312  1581  2658 I ActivityManager: Process com.devexpert.weatheradfree (pid 3348) has died.

09-11 09:38:53.912  1581  1982 I ActivityManager: Start proc com.smarterdroid.wififiletransferpro for broadcast com.smarterdroid.wififiletransferpro/.WifiReceiver: pid=3451 uid=10027 gids={1015, 3003}

09-11 09:38:54.082  1581  1953 I ActivityManager: Process com.htc.calendar (pid 3391) has died.

09-11 09:38:54.493  1581  1985 I ActivityManager: moveTaskToBack: 5

09-11 09:38:54.613  1581  2658 I ActivityManager: Start proc com.devexpert.weatheradfree for broadcast com.devexpert.weatheradfree/.view.WidgetWeather4x3: pid=3467 uid=10112 gids={3003, 1015}

09-11 09:38:56.255  1581  1593 I ActivityManager: Process ind.fem.black.xposed.mods (pid 3408) has died.

09-11 09:38:56.585  1581  1787 I InputManagerService: [unbindCurrentClientLocked] Disable input method client.

09-11 09:38:56.585  1581  1787 I InputManagerService: [startInputLocked] Enable input method client.

09-11 09:38:58.046  1581  1752 I ActivityManager: Process com.smarterdroid.wififiletransferpro (pid 3451) has died.

09-11 09:38:58.957  1581  1581 W InputManagerService: Starting input on non-focused client com.android.internal.view.IInputMethodClient$Stub$Proxy@41229388 (uid=10003 pid=1829)

09-11 09:39:01.340  1581  1592 I ActivityManager: START intent from pid 1738

09-11 09:39:01.890  1581  1593 I ActivityManager: Start proc com.mdroidapps.easybackup for activity com.mdroidapps.easybackup/.EasyBackupActivity: pid=3489 uid=10102 gids={1015, 3003}

09-11 09:39:02.661  1581  1787 I ActivityManager: Process android.process.media (pid 3259) has died.

09-11 09:39:04.413  1581  1752 I ActivityManager: Process com.htc.task (pid 3312) has died.

09-11 09:39:11.850  1581  1786 I ActivityManager: Start proc com.droids.appwidget.apns for broadcast com.droids.appwidget.apns/.APNWidgetProvider: pid=3529 uid=10053 gids={3003}

09-11 09:39:12.641  1581  1592 I ActivityManager: Process com.android.settings (pid 3426) has died.

09-11 09:39:13.161  1581  1953 I InputManagerService: [unbindCurrentClientLocked] Disable input method client.

09-11 09:39:13.161  1581  1953 I InputManagerService: [startInputLocked] Enable input method client.

09-11 09:39:13.491  1581  2658 I ActivityManager: Start proc android.process.media for broadcast com.android.providers.downloads/.DownloadReceiver: pid=3545 uid=10016 gids={1015, 1023, 1024, 5001, 5002, 2001, 3003, 3007}

09-11 09:39:13.702  1581  1581 I ActivityManager: Process com.devexpert.weatheradfree (pid 3467) has died.

09-11 09:39:14.322  1581  1982 I StatusBarManagerService: registerStatusBar bar=com.android.internal.statusbar.IStatusBar$Stub$Proxy@41519ae8

09-11 09:39:14.472  1581  1786 I ActivityManager: Start proc com.htc.htcMessageUploader for broadcast com.htc.htcMessageUploader/.UploadMessageReceiver: pid=3566 uid=10047 gids={3003}

09-11 09:39:14.633  1997  3580 I StorageNotification: UMS connection changed to false (media state mounted)

09-11 09:39:14.743  1581  1593 I ActivityManager: Start proc com.htc.cs for broadcast com.htc.cs/.receiver.PoweronReceiver: pid=3583 uid=10010 gids={3003, 1015, 5001, 2001}

09-11 09:39:15.003  1581  2659 I ActivityManager: Start proc com.htc.bg for broadcast com.htc.providers.uploads/.UploadReceiver: pid=3597 uid=10010 gids={3003, 1015, 5001, 2001}

09-11 09:39:15.373  1581  1789 I ActivityManager: Process com.droids.appwidget.apns (pid 3529) has died.

09-11 09:39:15.904  1581  1985 I ActivityManager: Process com.htc.htcMessageUploader (pid 3566) has died.

09-11 09:39:16.574  1997  1997 E PhoneStatusBarPolicy: SleepMode start at: 1410411600587

09-11 09:39:16.594  1997  1997 E PhoneStatusBarPolicy: SleepMode end at: 1410411600587

09-11 09:39:17.615  1581  1787 I ActivityManager: Start proc com.droids.appwidget.apns for broadcast com.droids.appwidget.apns/.APNWidgetProvider: pid=3619 uid=10053 gids={3003}

09-11 09:39:18.556  1581  1752 I ActivityManager: Process com.htc.cs (pid 3583) has died.

09-11 09:39:18.606  1581  1581 I ActivityManager: Process com.htc.bg (pid 3597) has died.

09-11 09:39:18.927  1581  2658 I ActivityManager: Start proc com.htc.htcMessageUploader for broadcast com.htc.htcMessageUploader/.UploadMessageReceiver: pid=3636 uid=10047 gids={3003}

09-11 09:39:19.287  1581  1753 I ActivityManager: Start proc com.htc.cs for broadcast com.htc.cs/.receiver.PoweronReceiver: pid=3650 uid=10010 gids={3003, 1015, 5001, 2001}

09-11 09:39:19.657  1581  1953 I ActivityManager: Start proc com.htc.bg for broadcast com.htc.providers.uploads/.UploadReceiver: pid=3664 uid=10010 gids={3003, 1015, 5001, 2001}

09-11 09:39:19.888  1581  1985 I ActivityManager: Process com.droids.appwidget.apns (pid 3619) has died.

09-11 09:39:20.588  1581  1985 I ActivityManager: Start proc com.droids.appwidget.apns for broadcast com.droids.appwidget.apns/.APNWidgetProvider: pid=3685 uid=10053 gids={3003}

09-11 09:39:20.909  1581  1592 I ActivityManager: Process com.htc.htcMessageUploader (pid 3636) has died.

09-11 09:39:21.449  1581  2658 I ActivityManager: Process com.htc.cs (pid 3650) has died.

09-11 09:39:21.860  1581  1788 I ActivityManager: Start proc com.google.android.gms.unstable for service com.google.android.gms/.droidguard.DroidGuardService: pid=3708 uid=10012 gids={3003, 1015, 1007, 1006, 3002, 3001, 2001, 3006}

09-11 09:39:22.150  1581  1985 I ActivityManager: Start proc com.htc.calendar for broadcast com.htc.calendar/.app.widget.CalendarAppWidgetService$CalendarFactory: pid=3722 uid=10010 gids={3003, 1015, 5001, 2001}

09-11 09:39:22.901  1581  1789 I ActivityManager: Process com.droids.appwidget.apns (pid 3685) has died.

09-11 09:39:23.161  1581  1752 I ActivityManager: Process com.android.mms (pid 2568) has died.

09-11 09:39:23.521  1581  1595 I ActivityManager: Start proc com.android.settings for broadcast com.android.settings/.MLReceiver: pid=3740 uid=1000 gids={3006, 1015, 3002, 3001, 3003, 5001, 5004, 5003, 3007}

09-11 09:39:24.272  1581  1973 W InputManagerService: Starting input on non-focused client com.android.internal.view.IInputMethodClient$Stub$Proxy@415d2770 (uid=10108 pid=1738)

09-11 09:39:24.362  1581  1752 I ActivityManager: Process com.htc.calendar (pid 3722) has died.

