09-11 09:41:53.397  1581  1786 I Xposed  : 	at android.app.ActivityManagerNative.onTransact(ActivityManagerNative.java:309)

09-11 09:41:53.397  1581  1786 I Xposed  : 	at com.android.server.am.ActivityManagerService.onTransact(ActivityManagerService.java:1712)

09-11 09:41:53.397  1581  1786 I Xposed  : 	at android.os.Binder.execTransact(Binder.java:338)

09-11 09:41:53.397  1581  1786 I Xposed  : 	at dalvik.system.NativeStart.run(Native Method)

09-11 09:41:53.407  1581  1786 I Xposed  : java.lang.IllegalAccessError: tried to access class com.android.server.pm.PackageSetting from class com.android.server.pm.a

09-11 09:41:53.407  1581  1786 I Xposed  : 	at com.android.server.pm.a.a(SourceFile:10)

09-11 09:41:53.407  1581  1786 I Xposed  : 	at com.oasisfeng.greenify.pro.a.r.a(SourceFile:35)

09-11 09:41:53.407  1581  1786 I Xposed  : 	at com.oasisfeng.greenify.pro.a.s.beforeHookedMethod(SourceFile:20)

09-11 09:41:53.407  1581  1786 I Xposed  : 	at de.robv.android.xposed.XposedBridge.handleHookedMethod(XposedBridge.java:611)

09-11 09:41:53.407  1581  1786 I Xposed  : 	at com.android.server.pm.PackageManagerService$ActivityIntentResolver.isFilterStopped(Native Method)

09-11 09:41:53.407  1581  1786 I Xposed  : 	at com.android.server.pm.PackageManagerService$ActivityIntentResolver.isFilterStopped(PackageManagerService.java:4819)

09-11 09:41:53.407  1581  1786 I Xposed  : 	at com.android.server.IntentResolver.buildResolveList(IntentResolver.java:522)

09-11 09:41:53.407  1581  1786 I Xposed  : 	at com.android.server.IntentResolver.queryIntentFromList(IntentResolver.java:214)

09-11 09:41:53.407  1581  1786 I Xposed  : 	at com.android.server.pm.PackageManagerService$ActivityIntentResolver.queryIntentForPackage(PackageManagerService.java:4851)

09-11 09:41:53.407  1581  1786 I Xposed  : 	at com.android.server.pm.PackageManagerService.queryIntentReceivers(PackageManagerService.java:2742)

09-11 09:41:53.407  1581  1786 I Xposed  : 	at com.android.server.am.ActivityManagerService.broadcastIntentLocked(ActivityManagerService.java:12999)

09-11 09:41:53.407  1581  1786 I Xposed  : 	at de.robv.android.xposed.XposedBridge.invokeOriginalMethodNative(Native Method)

09-11 09:41:53.407  1581  1786 I Xposed  : 	at de.robv.android.xposed.XposedBridge.handleHookedMethod(XposedBridge.java:631)

09-11 09:41:53.407  1581  1786 I Xposed  : 	at com.android.server.am.ActivityManagerService.broadcastIntentLocked(Native Method)

09-11 09:41:53.407  1581  1786 I Xposed  : 	at com.android.server.am.ActivityManagerService.broadcastIntent(ActivityManagerService.java:13193)

09-11 09:41:53.407  1581  1786 I Xposed  : 	at de.robv.android.xposed.XposedBridge.invokeOriginalMethodNative(Native Method)

09-11 09:41:53.407  1581  1786 I Xposed  : 	at de.robv.android.xposed.XposedBridge.handleHookedMethod(XposedBridge.java:631)

09-11 09:41:53.407  1581  1786 I Xposed  : 	at com.android.server.am.ActivityManagerService.broadcastIntent(Native Method)

09-11 09:41:53.407  1581  1786 I Xposed  : 	at android.app.ActivityManagerNative.onTransact(ActivityManagerNative.java:309)

09-11 09:41:53.407  1581  1786 I Xposed  : 	at com.android.server.am.ActivityManagerService.onTransact(ActivityManagerService.java:1712)

09-11 09:41:53.407  1581  1786 I Xposed  : 	at android.os.Binder.execTransact(Binder.java:338)

09-11 09:41:53.407  1581  1786 I Xposed  : 	at dalvik.system.NativeStart.run(Native Method)

09-11 09:41:53.407  1581  1786 I Xposed  : java.lang.IllegalAccessError: tried to access class com.android.server.pm.PackageSetting from class com.android.server.pm.a

09-11 09:41:53.407  1581  1786 I Xposed  : 	at com.android.server.pm.a.a(SourceFile:10)

09-11 09:41:53.407  1581  1786 I Xposed  : 	at com.oasisfeng.greenify.pro.a.r.a(SourceFile:35)

09-11 09:41:53.407  1581  1786 I Xposed  : 	at com.oasisfeng.greenify.pro.a.s.beforeHookedMethod(SourceFile:20)

09-11 09:41:53.407  1581  1786 I Xposed  : 	at de.robv.android.xposed.XposedBridge.handleHookedMethod(XposedBridge.java:611)

09-11 09:41:53.407  1581  1786 I Xposed  : 	at com.android.server.pm.PackageManagerService$ActivityIntentResolver.isFilterStopped(Native Method)

09-11 09:41:53.407  1581  1786 I Xposed  : 	at com.android.server.pm.PackageManagerService$ActivityIntentResolver.isFilterStopped(PackageManagerService.java:4819)

09-11 09:41:53.407  1581  1786 I Xposed  : 	at com.android.server.IntentResolver.buildResolveList(IntentResolver.java:522)

09-11 09:41:53.407  1581  1786 I Xposed  : 	at com.android.server.IntentResolver.queryIntentFromList(IntentResolver.java:214)

09-11 09:41:53.407  1581  1786 I Xposed  : 	at com.android.server.pm.PackageManagerService$ActivityIntentResolver.queryIntentForPackage(PackageManagerService.java:4851)

09-11 09:41:53.407  1581  1786 I Xposed  : 	at com.android.server.pm.PackageManagerService.queryIntentReceivers(PackageManagerService.java:2742)

09-11 09:41:53.407  1581  1786 I Xposed  : 	at com.android.server.am.ActivityManagerService.broadcastIntentLocked(ActivityManagerService.java:12999)

09-11 09:41:53.407  1581  1786 I Xposed  : 	at de.robv.android.xposed.XposedBridge.invokeOriginalMethodNative(Native Method)

09-11 09:41:53.407  1581  1786 I Xposed  : 	at de.robv.android.xposed.XposedBridge.handleHookedMethod(XposedBridge.java:631)

09-11 09:41:53.407  1581  1786 I Xposed  : 	at com.android.server.am.ActivityManagerService.broadcastIntentLocked(Native Method)

09-11 09:41:53.407  1581  1786 I Xposed  : 	at com.android.server.am.ActivityManagerService.broadcastIntent(ActivityManagerService.java:13193)

09-11 09:41:53.407  1581  1786 I Xposed  : 	at de.robv.android.xposed.XposedBridge.invokeOriginalMethodNative(Native Method)

09-11 09:41:53.407  1581  1786 I Xposed  : 	at de.robv.android.xposed.XposedBridge.handleHookedMethod(XposedBridge.java:631)

09-11 09:41:53.407  1581  1786 I Xposed  : 	at com.android.server.am.ActivityManagerService.broadcastIntent(Native Method)

09-11 09:41:53.407  1581  1786 I Xposed  : 	at android.app.ActivityManagerNative.onTransact(ActivityManagerNative.java:309)

09-11 09:41:53.407  1581  1786 I Xposed  : 	at com.android.server.am.ActivityManagerService.onTransact(ActivityManagerService.java:1712)

09-11 09:41:53.407  1581  1786 I Xposed  : 	at android.os.Binder.execTransact(Binder.java:338)

09-11 09:41:53.407  1581  1786 I Xposed  : 	at dalvik.system.NativeStart.run(Native Method)

09-11 09:41:53.427  1581  1636 I Xposed  : java.lang.IllegalAccessError: tried to access class com.android.server.pm.PackageSetting from class com.android.server.pm.a

09-11 09:41:53.427  1581  1636 I Xposed  : 	at com.android.server.pm.a.a(SourceFile:10)

09-11 09:41:53.427  1581  1636 I Xposed  : 	at com.oasisfeng.greenify.pro.a.r.a(SourceFile:35)

09-11 09:41:53.427  1581  1636 I Xposed  : 	at com.oasisfeng.greenify.pro.a.s.beforeHookedMethod(SourceFile:20)

09-11 09:41:53.427  1581  1636 I Xposed  : 	at de.robv.android.xposed.XposedBridge.handleHookedMethod(XposedBridge.java:611)

09-11 09:41:53.427  1581  1636 I Xposed  : 	at com.android.server.pm.PackageManagerService$ActivityIntentResolver.isFilterStopped(Native Method)

09-11 09:41:53.427  1581  1636 I Xposed  : 	at com.android.server.pm.PackageManagerService$ActivityIntentResolver.isFilterStopped(PackageManagerService.java:4819)

09-11 09:41:53.427  1581  1636 I Xposed  : 	at com.android.server.IntentResolver.buildResolveList(IntentResolver.java:522)

09-11 09:41:53.427  1581  1636 I Xposed  : 	at com.android.server.IntentResolver.queryIntent(IntentResolver.java:292)

09-11 09:41:53.427  1581  1636 I Xposed  : 	at com.android.server.pm.PackageManagerService$ActivityIntentResolver.queryIntent(PackageManagerService.java:4829)

09-11 09:41:53.427  1581  1636 I Xposed  : 	at com.android.server.pm.PackageManagerService.queryIntentReceivers(PackageManagerService.java:2738)

09-11 09:41:53.427  1581  1636 I Xposed  : 	at com.android.server.am.ActivityManagerService.broadcastIntentLocked(ActivityManagerService.java:12999)

09-11 09:41:53.427  1581  1636 I Xposed  : 	at de.robv.android.xposed.XposedBridge.invokeOriginalMethodNative(Native Method)

09-11 09:41:53.427  1581  1636 I Xposed  : 	at de.robv.android.xposed.XposedBridge.handleHookedMethod(XposedBridge.java:631)

09-11 09:41:53.427  1581  1636 I Xposed  : 	at com.android.server.am.ActivityManagerService.broadcastIntentLocked(Native Method)

09-11 09:41:53.427  1581  1636 I Xposed  : 	at com.android.server.am.ActivityManagerService.broadcastIntent(ActivityManagerService.java:13193)

09-11 09:41:53.427  1581  1636 I Xposed  : 	at de.robv.android.xposed.XposedBridge.invokeOriginalMethodNative(Native Method)

09-11 09:41:53.427  1581  1636 I Xposed  : 	at de.robv.android.xposed.XposedBridge.handleHookedMethod(XposedBridge.java:631)

09-11 09:41:53.427  1581  1636 I Xposed  : 	at com.android.server.am.ActivityManagerService.broadcastIntent(Native Method)

09-11 09:41:53.427  1581  1636 I Xposed  : 	at android.app.ContextImpl.sendBroadcast(ContextImpl.java:1145)

09-11 09:41:53.427  1581  1636 I Xposed  : 	at android.net.wifi.WifiStateMachine.sendScanResultsAvailableBroadcast(WifiStateMachine.java:3361)

09-11 09:41:53.427  1581  1636 I Xposed  : 	at android.net.wifi.WifiStateMachine.access$7100(WifiStateMachine.java:155)

09-11 09:41:53.427  1581  1636 I Xposed  : 	at android.net.wifi.WifiStateMachine$SupplicantStartedState.processMessage(WifiStateMachine.java:5110)

09-11 09:41:53.427  1581  1636 I Xposed  : 	at com.android.internal.util.StateMachine$SmHandler.processMsg(StateMachine.java:885)

09-11 09:41:53.427  1581  1636 I Xposed  : 	at com.android.internal.util.StateMachine$SmHandler.handleMessage(StateMachine.java:741)

09-11 09:41:53.427  1581  1636 I Xposed  : 	at android.os.Handler.dispatchMessage(Handler.java:99)

09-11 09:41:53.427  1581  1636 I Xposed  : 	at android.os.Looper.loop(Looper.java:154)

09-11 09:41:53.427  1581  1636 I Xposed  : 	at android.os.HandlerThread.run(HandlerThread.java:60)

09-11 09:41:53.457  1581  1953 I ActivityManager: Process com.htc.htcMessageUploader (pid 4761) has died.

09-11 09:41:53.538  4737  4737 E SqliteDatabaseCpp: native_1x1_string (step): errno = 2, error message = No such file or directory, path = /data/data/com.google.android.gsf/databases , key = cwevragew, handle = 0x10bea00

09-11 09:41:53.548  1581  1617 I InputDispatcher: Dropped event because it is stale.

09-11 09:41:53.548  1581  1617 I InputDispatcher: Dropped event because it is stale.

09-11 09:41:53.548  1581  1617 I InputDispatcher: Dropped event because it is stale.

09-11 09:41:53.548  1581  1617 I InputDispatcher: Dropped event because it is stale.

09-11 09:41:53.548  1581  1617 I InputDispatcher: Dropped event because it is stale.

09-11 09:41:53.548  1581  1617 I InputDispatcher: Dropped event because it is stale.

09-11 09:41:53.548  1581  1617 I InputDispatcher: Dropped event because it is stale.

09-11 09:41:53.548  1581  1617 I InputDispatcher: Dropped event because it is stale.

09-11 09:41:53.548  1581  1617 I InputDispatcher: Dropped event because it is stale.

09-11 09:41:53.548  1581  1617 I InputDispatcher: Dropped event because it is stale.

09-11 09:41:53.548  1581  1617 I InputDispatcher: Dropped event because it is stale.

09-11 09:41:53.548  1581  1617 I InputDispatcher: Dropped event because it is stale.

09-11 09:41:53.548  1581  1617 I InputDispatcher: Dropped event because it is stale.

09-11 09:41:53.548  1581  1617 I InputDispatcher: Dropped event because it is stale.

09-11 09:41:53.768  4737  4737 E SqliteDatabaseCpp: native_1x1_string (step): errno = 2, error message = No such file or directory, path = /data/data/com.google.android.gsf/databases , key = cwevragew, handle = 0x10bea00

09-11 09:41:53.778  4737  4737 I dalvikvm: Could not find method android.app.AlarmManager.setExact, referenced from method fvn.handleMessage

09-11 09:41:53.778  4737  4737 W dalvikvm: VFY: unable to resolve virtual method 598: Landroid/app/AlarmManager;.setExact (IJLandroid/app/PendingIntent;)V

09-11 09:41:53.828  4737  4737 E SqliteDatabaseCpp: native_1x1_string (step): errno = 2, error message = No such file or directory, path = /data/data/com.google.android.gsf/databases , key = cwevragew, handle = 0x10bea00

09-11 09:41:53.828  4737  4737 E SqliteDatabaseCpp: native_1x1_string (step): errno = 2, error message = No such file or directory, path = /data/data/com.google.android.gsf/databases , key = cwevragew, handle = 0x10bea00

09-11 09:41:53.838  4737  4737 E SqliteDatabaseCpp: native_1x1_string (step): errno = 2, error message = No such file or directory, path = /data/data/com.google.android.gsf/databases , key = cwevragew, handle = 0x10bea00

09-11 09:41:53.848  4737  4737 I dalvikvm: Could not find method android.provider.Settings$Global.getInt, referenced from method fuh.a

09-11 09:41:53.858  4737  4737 W dalvikvm: VFY: unable to resolve static method 2602: Landroid/provider/Settings$Global;.getInt (Landroid/content/ContentResolver;Ljava/lang/String;I)I

09-11 09:41:53.938  1581  1581 I ActivityManager: Start proc com.droids.appwidget.apns for broadcast com.droids.appwidget.apns/.APNWidgetProvider: pid=4824 uid=10053 gids={3003}

09-11 09:41:53.948  4824  4824 I dalvikvm: Turning on JNI app bug workarounds for target SDK version 10...

09-11 09:41:53.968  4737  4737 E SqliteDatabaseCpp: native_1x1_string (step): errno = 2, error message = No such file or directory, path = /data/data/com.google.android.gsf/databases , key = cwevragew, handle = 0x10bea00

09-11 09:41:53.978  4737  4737 E SqliteDatabaseCpp: native_1x1_string (step): errno = 2, error message = No such file or directory, path = /data/data/com.google.android.gsf/databases , key = cwevragew, handle = 0x10bea00

09-11 09:41:54.008  4737  4737 E SqliteDatabaseCpp: native_1x1_string (step): errno = 2, error message = No such file or directory, path = /data/data/com.google.android.gsf/databases , key = cwevragew, handle = 0x10bea00

09-11 09:41:54.068  1439  1563 I AudioHardwareMSM7X30: doTpa2051_Control mode = 1 rc = 0

09-11 09:41:54.068  1439  1563 E AudioHardwareMSM7X30: get_batt_temp: cannot open /sys/devices/platform/rs30100001:00000000/power_supply/battery/batt_temp: No such file or directory

09-11 09:41:54.178  1439  1563 I AudioHardwareMSM7X30: batt_temp =365

09-11 09:41:54.178  1439  1563 I HTC Acoustic: update ACDB id: (tx, rx, tx_acdb, rx_acdb) = (11, 6, 0, 607)

09-11 09:41:54.188  1439  1563 I AudioHardwareMSM7X30: AUDIO_START: start kernel pcm_out driver.

09-11 09:41:54.238  4737  4737 E SqliteDatabaseCpp: native_1x1_string (step): errno = 2, error message = No such file or directory, path = /data/data/com.google.android.gsf/databases , key = cwevragew, handle = 0x10bea00

09-11 09:41:54.358  4737  4737 I GoogleHttpClient: Falling back to old SSLCertificateSocketFactory

09-11 09:41:54.358  4737  4737 E SqliteDatabaseCpp: native_1x1_string (step): errno = 2, error message = No such file or directory, path = /data/data/com.google.android.gsf/databases , key = cwevragew, handle = 0x10bea00

09-11 09:41:54.368  4737  4737 E SqliteDatabaseCpp: native_1x1_string (step): errno = 2, error message = No such file or directory, path = /data/data/com.google.android.gsf/databases , key = cwevragew, handle = 0x10bea00

09-11 09:41:54.378  4737  4737 E SqliteDatabaseCpp: native_1x1_string (step): errno = 2, error message = No such file or directory, path = /data/data/com.google.android.gsf/databases , key = cwevragew, handle = 0x10bea00

09-11 09:41:54.378  4737  4737 E SqliteDatabaseCpp: native_1x1_string (step): errno = 2, error message = No such file or directory, path = /data/data/com.google.android.gsf/databases , key = cwevragew, handle = 0x10bea00

09-11 09:41:54.388  4737  4737 E SqliteDatabaseCpp: native_1x1_string (step): errno = 2, error message = No such file or directory, path = /data/data/com.google.android.gsf/databases , key = cwevragew, handle = 0x10bea00

09-11 09:41:54.398  4737  4737 E SqliteDatabaseCpp: native_1x1_string (step): errno = 2, error message = No such file or directory, path = /data/data/com.google.android.gsf/databases , key = cwevragew, handle = 0x10bea00

09-11 09:41:54.398  4737  4737 E SqliteDatabaseCpp: native_1x1_string (step): errno = 2, error message = No such file or directory, path = /data/data/com.google.android.gsf/databases , key = cwevragew, handle = 0x10bea00

09-11 09:41:54.398  4737  4737 E SqliteDatabaseCpp: native_1x1_string (step): errno = 2, error message = No such file or directory, path = /data/data/com.google.android.gsf/databases , key = cwevragew, handle = 0x10bea00

09-11 09:41:54.398  4737  4737 E SqliteDatabaseCpp: native_1x1_string (step): errno = 2, error message = No such file or directory, path = /data/data/com.google.android.gsf/databases , key = cwevragew, handle = 0x10bea00

09-11 09:41:54.508  1738  1738 I Adreno200-EGLSUB: <ConfigWindowMatch:2078>: Format RGBA_8888.

09-11 09:41:54.539  1738  1738 I InputQueue-JNI: Sending finished signal for input channel '415d5978 AtchDlg:com.teslacoilsw.launcher/com.android.launcher2.Launcher (client)' since it is being unregistered while an input message is still in progress.

09-11 09:41:54.539  2876  3170 E K-@Core : SleepService Interrupted while awaiting latch

09-11 09:41:54.539  2876  3170 E K-@Core : java.lang.InterruptedException

09-11 09:41:54.539  2876  3170 E K-@Core : 	at java.util.concurrent.locks.AbstractQueuedSynchronizer.doAcquireSharedNanos(AbstractQueuedSynchronizer.java:1017)

09-11 09:41:54.539  2876  3170 E K-@Core : 	at java.util.concurrent.locks.AbstractQueuedSynchronizer.tryAcquireSharedNanos(AbstractQueuedSynchronizer.java:1305)

09-11 09:41:54.539  2876  3170 E K-@Core : 	at java.util.concurrent.CountDownLatch.await(CountDownLatch.java:253)

09-11 09:41:54.539  2876  3170 E K-@Core : 	at com.onegravity.k10.service.SleepService.a(SleepService.java:78)

09-11 09:41:54.539  2876  3170 E K-@Core : 	at com.a.a.z.j.a(K10PushReceiver.java:62)

09-11 09:41:54.539  2876  3170 E K-@Core : 	at com.a.a.K.h$1.run(ImapFolderPusher.java:187)

09-11 09:41:54.539  2876  3170 E K-@Core : 	at java.lang.Thread.run(Thread.java:864)

09-11 09:41:54.559  4737  4737 E SqliteDatabaseCpp: native_1x1_string (step): errno = 2, error message = No such file or directory, path = /data/data/com.google.android.gsf/databases , key = cwevragew, handle = 0x10bea00

09-11 09:41:54.559  1436  1536 E SurfaceTexture: [AtchDlg:com.teslacoilsw.launcher/com.android.launcher2.Launcher] abandon: SurfaceTexture(0x0x169f7d0) has been abandoned!

09-11 09:41:54.559  4737  4737 E SqliteDatabaseCpp: native_1x1_string (step): errno = 2, error message = No such file or directory, path = /data/data/com.google.android.gsf/databases , key = cwevragew, handle = 0x10bea00

09-11 09:41:54.569  1738  1738 I InputQueue-JNI: Ignoring finish signal on channel that is no longer registered.

09-11 09:41:54.579  4737  4737 E SqliteDatabaseCpp: native_1x1_string (step): errno = 2, error message = No such file or directory, path = /data/data/com.google.android.gsf/databases , key = cwevragew, handle = 0x10bea00

09-11 09:41:54.579  4737  4737 E SqliteDatabaseCpp: native_1x1_string (step): errno = 2, error message = No such file or directory, path = /data/data/com.google.android.gsf/databases , key = cwevragew, handle = 0x10bea00

09-11 09:41:54.579  4737  4737 E SqliteDatabaseCpp: native_1x1_string (step): errno = 2, error message = No such file or directory, path = /data/data/com.google.android.gsf/databases , key = cwevragew, handle = 0x10bea00

09-11 09:41:54.589  4737  4737 E SqliteDatabaseCpp: native_1x1_string (step): errno = 2, error message = No such file or directory, path = /data/data/com.google.android.gsf/databases , key = cwevragew, handle = 0x10bea00

09-11 09:41:54.589  4737  4737 E SqliteDatabaseCpp: native_1x1_string (step): errno = 2, error message = No such file or directory, path = /data/data/com.google.android.gsf/databases , key = cwevragew, handle = 0x10bea00

09-11 09:41:54.599  4737  4737 E SqliteDatabaseCpp: native_1x1_string (step): errno = 2, error message = No such file or directory, path = /data/data/com.google.android.gsf/databases , key = cwevragew, handle = 0x10bea00

09-11 09:41:54.609  4737  4737 E SqliteDatabaseCpp: native_1x1_string (step): errno = 2, error message = No such file or directory, path = /data/data/com.google.android.gsf/databases , key = cwevragew, handle = 0x10bea00

09-11 09:41:54.609  4737  4737 E SqliteDatabaseCpp: native_1x1_string (step): errno = 2, error message = No such file or directory, path = /data/data/com.google.android.gsf/databases , key = cwevragew, handle = 0x10bea00

09-11 09:41:54.609  1581  1974 W InputManagerService: Window already focused, ignoring focus gain of: com.android.internal.view.IInputMethodClient$Stub$Proxy@4145ec00

09-11 09:41:54.619  4737  4737 E SqliteDatabaseCpp: native_1x1_string (step): errno = 2, error message = No such file or directory, path = /data/data/com.google.android.gsf/databases , key = cwevragew, handle = 0x10bea00

09-11 09:41:54.629  4737  4737 E SqliteDatabaseCpp: native_1x1_string (step): errno = 2, error message = No such file or directory, path = /data/data/com.google.android.gsf/databases , key = cwevragew, handle = 0x10bea00

09-11 09:41:54.639  4737  4737 E SqliteDatabaseCpp: native_1x1_string (step): errno = 2, error message = No such file or directory, path = /data/data/com.google.android.gsf/databases , key = cwevragew, handle = 0x10bea00

09-11 09:41:54.639  4737  4737 E SqliteDatabaseCpp: native_1x1_string (step): errno = 2, error message = No such file or directory, path = /data/data/com.google.android.gsf/databases , key = cwevragew, handle = 0x10bea00

09-11 09:41:54.669  4737  4737 I GCM     : GCM config loaded

09-11 09:41:54.729  4737  4737 E SqliteDatabaseCpp: native_1x1_string (step): errno = 2, error message = No such file or directory, path = /data/data/com.google.android.gsf/databases , key = cwevragew, handle = 0x10bea00

09-11 09:41:54.729  4737  4737 E SqliteDatabaseCpp: native_1x1_string (step): errno = 2, error message = No such file or directory, path = /data/data/com.google.android.gsf/databases , key = cwevragew, handle = 0x10bea00

09-11 09:41:54.729  1581  1786 I ActivityManager: Process com.htc.cs (pid 4778) has died.

09-11 09:41:54.759  1581  1753 I ActivityManager: Start proc com.android.settings for broadcast com.android.settings/.NSReceiver: pid=4844 uid=1000 gids={3006, 1015, 3002, 3001, 3003, 5001, 5004, 5003, 3007}

09-11 09:41:54.999  4844  4844 I ActivityThread: Pub com.android.settings.provider.suggestion: com.android.settings.framework.search.SuggestionProvider

09-11 09:41:55.029  4844  4844 I ActivityThread: Pub com.android.settings.provider.cdmasettings: com.android.settings.HtcCdmaSettingsProvider

09-11 09:41:55.039  1581  1593 I ActivityManager: Process com.htc.bg (pid 4793) has died.

09-11 09:41:55.059  4844  4844 I ActivityThread: Pub framework.activity.powersaver: com.android.settings.framework.activity.powersaver.SmartSyncProvider

09-11 09:41:55.209  4844  4844 I NetSharing_NSReceiver: customizedNS:true

09-11 09:41:55.229  4844  4844 I NetSharing_NSReceiver: sp customizedNS:true

09-11 09:41:55.229  4844  4844 I NetSharing_NSReceiver: customizedNS2:truecustomizedML2:false

09-11 09:41:55.239  4844  4844 I NetSharing_NSReceiver: LAN Type:false ML Type:true

09-11 09:41:55.239  4844  4844 I NetSharing_NSReceiver: IS Type:true IS_ML:false

09-11 09:41:55.299  4844  4844 I NetSharing_NSReceiver: customizedNS:true

09-11 09:41:55.299  4844  4844 I NetSharing_NSReceiver: sp customizedNS:true

09-11 09:41:55.299  4844  4844 I NetSharing_NSReceiver: customizedNS2:truecustomizedML2:false

09-11 09:41:55.299  4844  4844 I NetSharing_NSReceiver: LAN Type:false ML Type:true

09-11 09:41:55.299  4844  4844 I NetSharing_NSReceiver: IS Type:true IS_ML:false

09-11 09:41:55.429  1581  2658 I ActivityManager: Start proc com.android.settings:remote for broadcast com.android.settings/.framework.activity.powersaver.SmartSyncDataLinkTurnOffReceiver: pid=4860 uid=1000 gids={3006, 1015, 3002, 3001, 3003, 5001, 5004, 5003, 3007}

09-11 09:41:55.680  1581  1953 I ActivityManager: Start proc com.smarterdroid.wififiletransferpro for broadcast com.smarterdroid.wififiletransferpro/.WifiReceiver: pid=4877 uid=10027 gids={1015, 3003}

09-11 09:41:55.690  1581  1581 I ActivityManager: Process com.droids.appwidget.apns (pid 4824) has died.

09-11 09:41:55.930  4844  4844 I NetSharing_NSReceiver: customizedNS:true

09-11 09:41:55.930  4844  4844 I NetSharing_NSReceiver: sp customizedNS:true

09-11 09:41:55.930  4844  4844 I NetSharing_NSReceiver: customizedNS2:truecustomizedML2:false

09-11 09:41:55.930  4844  4844 I NetSharing_NSReceiver: LAN Type:false ML Type:true

09-11 09:41:55.930  4844  4844 I NetSharing_NSReceiver: IS Type:true IS_ML:false

09-11 09:41:55.930  4844  4844 I NetSharing_NSReceiver: wifienabled:false

09-11 09:41:56.220  1581  1636 I NetUtils: ifc_utils : +++ myPipe command: /system/bin/ip ro sh dev wlan0 sc link pro kernel

09-11 09:41:56.230  1581  1636 I NetUtils: ifc_utils : myPipe popen success

09-11 09:41:56.260  1581  1636 I NetUtils: ifc_utils : myPipe nonblocking_fgets read: 192.168.1.0/24  src 192.168.1.33  metric 313 

09-11 09:41:56.260  1581  1636 I NetUtils: ifc_utils : --- myPipe output: 192.168.1.0/24  src 192.168.1.33  metric 313 

09-11 09:41:56.260  1581  1636 I NetUtils: ipd_cmd(/system/bin/ip ro flush table wifi)

09-11 09:41:56.260  1581  1636 I NetUtils: ipd_cmd: ipd socket is done, fd=264

09-11 09:41:56.260  1581  1636 I NetUtils: ifc_utils : +++ blockingWrite

09-11 09:41:56.260  1581  1636 I NetUtils: ifc_utils : --- blockingWrite

09-11 09:41:56.260  1581  1636 I NetUtils: ifc_utils: send cmd :/system/bin/ip ro flush table wifi

09-11 09:41:56.260  1581  1636 I NetUtils: ifc_utils : +++ blockingWrite

09-11 09:41:56.260  1581  1636 I NetUtils: ifc_utils : --- blockingWrite

09-11 09:41:56.260  1581  1636 I NetUtils: ipd: finish sending ipd command.

09-11 09:41:56.260  1581  1636 I NetUtils: ipd_cmd(/system/bin/ip ro add 192.168.1.0/24 dev wlan0 src 192.168.1.33 table wifi)

09-11 09:41:56.260  1444  1444 I ipd     : +++ IP CMD: /system/bin/ip ro flush table wifi

09-11 09:41:56.260  1581  1636 I NetUtils: ipd_cmd: ipd socket is done, fd=264

09-11 09:41:56.260  1581  1636 I NetUtils: ifc_utils : +++ blockingWrite

09-11 09:41:56.260  1581  1636 I NetUtils: ifc_utils : --- blockingWrite

09-11 09:41:56.260  1581  1636 I NetUtils: ifc_utils: send cmd :/system/bin/ip ro add 192.168.1.0/24 dev wlan0 src 192.168.1.33 table wifi

09-11 09:41:56.260  1581  1636 I NetUtils: ifc_utils : +++ blockingWrite

09-11 09:41:56.260  1581  1636 I NetUtils: ifc_utils : --- blockingWrite

09-11 09:41:56.260  1581  1636 I NetUtils: ipd: finish sending ipd command.

09-11 09:41:56.260  1581  1636 I NetUtils: ipd_cmd(/system/bin/ip ro add default via 192.168.1.1 dev wlan0 table wifi)

09-11 09:41:56.260  1581  1636 I NetUtils: ipd_cmd: ipd socket is done, fd=264

09-11 09:41:56.260  1581  1636 I NetUtils: ifc_utils : +++ blockingWrite

09-11 09:41:56.260  1581  1636 I NetUtils: ifc_utils : --- blockingWrite

09-11 09:41:56.260  1581  1636 I NetUtils: ifc_utils: send cmd :/system/bin/ip ro add default via 192.168.1.1 dev wlan0 table wifi

09-11 09:41:56.260  1581  1636 I NetUtils: ifc_utils : +++ blockingWrite

09-11 09:41:56.260  1581  1636 I NetUtils: ifc_utils : --- blockingWrite

09-11 09:41:56.260  1581  1636 I NetUtils: ipd: finish sending ipd command.

09-11 09:41:56.260  1581  1636 I NetUtils: ipd_cmd(/system/bin/ip ru del from all to all table wifi prio 3001)

09-11 09:41:56.260  1581  1636 I NetUtils: ipd_cmd: ipd socket is done, fd=264

09-11 09:41:56.260  1581  1636 I NetUtils: ifc_utils : +++ blockingWrite

09-11 09:41:56.260  1581  1636 I NetUtils: ifc_utils : --- blockingWrite

09-11 09:41:56.260  1581  1636 I NetUtils: ifc_utils: send cmd :/system/bin/ip ru del from all to all table wifi prio 3001

09-11 09:41:56.260  1581  1636 I NetUtils: ifc_utils : +++ blockingWrite

09-11 09:41:56.260  1581  1636 I NetUtils: ifc_utils : --- blockingWrite

09-11 09:41:56.260  1581  1636 I NetUtils: ipd: finish sending ipd command.

09-11 09:41:56.260  1581  1636 I NetUtils: ipd_cmd(/system/bin/ip ru add from all to all table wifi prio 3001)

09-11 09:41:56.260  1581  1636 I NetUtils: ipd_cmd: ipd socket is done, fd=264

09-11 09:41:56.260  1581  1636 I NetUtils: ifc_utils : +++ blockingWrite

09-11 09:41:56.260  1581  1636 I NetUtils: ifc_utils : --- blockingWrite

09-11 09:41:56.260  1581  1636 I NetUtils: ifc_utils: send cmd :/system/bin/ip ru add from all to all table wifi prio 3001

09-11 09:41:56.260  1581  1636 I NetUtils: ifc_utils : +++ blockingWrite

09-11 09:41:56.260  1581  1636 I NetUtils: ifc_utils : --- blockingWrite

09-11 09:41:56.260  1581  1636 I NetUtils: ipd: finish sending ipd command.

09-11 09:41:56.260  4776  4776 I wpa_supplicant: WiFi gateway: 0x 101a8c0

09-11 09:41:56.260  4776  4776 I wpa_supplicant: Gateway ADD OK, indicate to driver

09-11 09:41:56.280  1444  1444 I ipd     : --- IP CMD

09-11 09:41:56.280  1444  1444 I ipd     : +++ IP CMD: /system/bin/ip ro add 192.168.1.0/24 dev wlan0 src 192.168.1.33 table wifi

09-11 09:41:56.290  1444  1444 I ipd     : --- IP CMD

09-11 09:41:56.290  1444  1444 I ipd     : +++ IP CMD: /system/bin/ip ro add default via 192.168.1.1 dev wlan0 table wifi

09-11 09:41:56.300  1581  1786 I ActivityManager: Process com.android.settings:remote (pid 4860) has died.

09-11 09:41:56.310  1444  1444 I ipd     : --- IP CMD

09-11 09:41:56.310  1444  1444 I ipd     : +++ IP CMD: /system/bin/ip ru del from all to all table wifi prio 3001

09-11 09:41:56.330  1444  1444 I ipd     : --- IP CMD

09-11 09:41:56.330  1444  1444 I ipd     : +++ IP CMD: /system/bin/ip ru add from all to all table wifi prio 3001

09-11 09:41:56.350  1444  1444 I ipd     : --- IP CMD

09-11 09:41:57.121  1738  1738 I Adreno200-EGLSUB: <ConfigWindowMatch:2078>: Format RGBA_8888.

09-11 09:41:57.151  1436  1536 I Adreno200-EGLSUB: <CreateImage:893>: Android Image

09-11 09:41:57.151  1436  1536 I Adreno200-EGLSUB: <GetImageAttributes:1102>: RGBA_8888

09-11 09:41:57.271  1581  1636 I Xposed  : java.lang.IllegalAccessError: tried to access class com.android.server.pm.PackageSetting from class com.android.server.pm.a

09-11 09:41:57.271  1581  1636 I Xposed  : 	at com.android.server.pm.a.a(SourceFile:10)

09-11 09:41:57.271  1581  1636 I Xposed  : 	at com.oasisfeng.greenify.pro.a.r.a(SourceFile:35)

09-11 09:41:57.271  1581  1636 I Xposed  : 	at com.oasisfeng.greenify.pro.a.s.beforeHookedMethod(SourceFile:20)

09-11 09:41:57.271  1581  1636 I Xposed  : 	at de.robv.android.xposed.XposedBridge.handleHookedMethod(XposedBridge.java:611)

09-11 09:41:57.271  1581  1636 I Xposed  : 	at com.android.server.pm.PackageManagerService$ActivityIntentResolver.isFilterStopped(Native Method)

09-11 09:41:57.271  1581  1636 I Xposed  : 	at com.android.server.pm.PackageManagerService$ActivityIntentResolver.isFilterStopped(PackageManagerService.java:4819)

09-11 09:41:57.271  1581  1636 I Xposed  : 	at com.android.server.IntentResolver.buildResolveList(IntentResolver.java:522)

09-11 09:41:57.271  1581  1636 I Xposed  : 	at com.android.server.IntentResolver.queryIntent(IntentResolver.java:292)

09-11 09:41:57.271  1581  1636 I Xposed  : 	at com.android.server.pm.PackageManagerService$ActivityIntentResolver.queryIntent(PackageManagerService.java:4829)

09-11 09:41:57.271  1581  1636 I Xposed  : 	at com.android.server.pm.PackageManagerService.queryIntentReceivers(PackageManagerService.java:2738)

09-11 09:41:57.271  1581  1636 I Xposed  : 	at com.android.server.am.ActivityManagerService.broadcastIntentLocked(ActivityManagerService.java:12999)

09-11 09:41:57.271  1581  1636 I Xposed  : 	at de.robv.android.xposed.XposedBridge.invokeOriginalMethodNative(Native Method)

09-11 09:41:57.271  1581  1636 I Xposed  : 	at de.robv.android.xposed.XposedBridge.handleHookedMethod(XposedBridge.java:631)

09-11 09:41:57.271  1581  1636 I Xposed  : 	at com.android.server.am.ActivityManagerService.broadcastIntentLocked(Native Method)

09-11 09:41:57.271  1581  1636 I Xposed  : 	at com.android.server.am.ActivityManagerService.broadcastIntent(ActivityManagerService.java:13193)

09-11 09:41:57.271  1581  1636 I Xposed  : 	at de.robv.android.xposed.XposedBridge.invokeOriginalMethodNative(Native Method)

09-11 09:41:57.271  1581  1636 I Xposed  : 	at de.robv.android.xposed.XposedBridge.handleHookedMethod(XposedBridge.java:631)

09-11 09:41:57.271  1581  1636 I Xposed  : 	at com.android.server.am.ActivityManagerService.broadcastIntent(Native Method)

09-11 09:41:57.271  1581  1636 I Xposed  : 	at android.app.ContextImpl.sendStickyBroadcast(ContextImpl.java:1215)

09-11 09:41:57.271  1581  1636 I Xposed  : 	at android.net.wifi.WifiStateMachine.sendNetworkStateChangeBroadcast(WifiStateMachine.java:3393)

09-11 09:41:57.271  1581  1636 I Xposed  : 	at android.net.wifi.WifiStateMachine.handleSuccessfulIpConfiguration(WifiStateMachine.java:3678)

09-11 09:41:57.271  1581  1636 I Xposed  : 	at android.net.wifi.WifiStateMachine.access$13100(WifiStateMachine.java:155)

09-11 09:41:57.271  1581  1636 I Xposed  : 	at android.net.wifi.WifiStateMachine$ConnectingState.processMessage(WifiStateMachine.java:6112)

09-11 09:41:57.271  1581  1636 I Xposed  : 	at com.android.internal.util.StateMachine$SmHandler.processMsg(StateMachine.java:885)

09-11 09:41:57.271  1581  1636 I Xposed  : 	at com.android.internal.util.StateMachine$SmHandler.handleMessage(StateMachine.java:741)

09-11 09:41:57.271  1581  1636 I Xposed  : 	at android.os.Handler.dispatchMessage(Handler.java:99)

09-11 09:41:57.271  1581  1636 I Xposed  : 	at android.os.Looper.loop(Looper.java:154)

09-11 09:41:57.271  1581  1636 I Xposed  : 	at android.os.HandlerThread.run(HandlerThread.java:60)

09-11 09:41:57.281  1581  1636 I Xposed  : java.lang.IllegalAccessError: tried to access class com.android.server.pm.PackageSetting from class com.android.server.pm.a

09-11 09:41:57.281  1581  1636 I Xposed  : 	at com.android.server.pm.a.a(SourceFile:10)

09-11 09:41:57.281  1581  1636 I Xposed  : 	at com.oasisfeng.greenify.pro.a.r.a(SourceFile:35)

09-11 09:41:57.281  1581  1636 I Xposed  : 	at com.oasisfeng.greenify.pro.a.s.beforeHookedMethod(SourceFile:20)

09-11 09:41:57.281  1581  1636 I Xposed  : 	at de.robv.android.xposed.XposedBridge.handleHookedMethod(XposedBridge.java:611)

09-11 09:41:57.281  1581  1636 I Xposed  : 	at com.android.server.pm.PackageManagerService$ActivityIntentResolver.isFilterStopped(Native Method)

09-11 09:41:57.281  1581  1636 I Xposed  : 	at com.android.server.pm.PackageManagerService$ActivityIntentResolver.isFilterStopped(PackageManagerService.java:4819)

09-11 09:41:57.281  1581  1636 I Xposed  : 	at com.android.server.IntentResolver.buildResolveList(IntentResolver.java:522)

09-11 09:41:57.281  1581  1636 I Xposed  : 	at com.android.server.IntentResolver.queryIntent(IntentResolver.java:292)

09-11 09:41:57.281  1581  1636 I Xposed  : 	at com.android.server.pm.PackageManagerService$ActivityIntentResolver.queryIntent(PackageManagerService.java:4829)

09-11 09:41:57.281  1581  1636 I Xposed  : 	at com.android.server.pm.PackageManagerService.queryIntentReceivers(PackageManagerService.java:2738)

09-11 09:41:57.281  1581  1636 I Xposed  : 	at com.android.server.am.ActivityManagerService.broadcastIntentLocked(ActivityManagerService.java:12999)

09-11 09:41:57.281  1581  1636 I Xposed  : 	at de.robv.android.xposed.XposedBridge.invokeOriginalMethodNative(Native Method)

09-11 09:41:57.281  1581  1636 I Xposed  : 	at de.robv.android.xposed.XposedBridge.handleHookedMethod(XposedBridge.java:631)

09-11 09:41:57.281  1581  1636 I Xposed  : 	at com.android.server.am.ActivityManagerService.broadcastIntentLocked(Native Method)

09-11 09:41:57.281  1581  1636 I Xposed  : 	at com.android.server.am.ActivityManagerService.broadcastIntent(ActivityManagerService.java:13193)

09-11 09:41:57.281  1581  1636 I Xposed  : 	at de.robv.android.xposed.XposedBridge.invokeOriginalMethodNative(Native Method)

09-11 09:41:57.281  1581  1636 I Xposed  : 	at de.robv.android.xposed.XposedBridge.handleHookedMethod(XposedBridge.java:631)

09-11 09:41:57.281  1581  1636 I Xposed  : 	at com.android.server.am.ActivityManagerService.broadcastIntent(Native Method)

09-11 09:41:57.281  1581  1636 I Xposed  : 	at android.app.ContextImpl.sendStickyBroadcast(ContextImpl.java:1215)

09-11 09:41:57.281  1581  1636 I Xposed  : 	at android.net.wifi.WifiStateMachine.sendNetworkStateChangeBroadcast(WifiStateMachine.java:3393)

09-11 09:41:57.281  1581  1636 I Xposed  : 	at android.net.wifi.WifiStateMachine.handleSuccessfulIpConfiguration(WifiStateMachine.java:3678)

09-11 09:41:57.281  1581  1636 I Xposed  : 	at android.net.wifi.WifiStateMachine.access$13100(WifiStateMachine.java:155)

09-11 09:41:57.281  1581  1636 I Xposed  : 	at android.net.wifi.WifiStateMachine$ConnectingState.processMessage(WifiStateMachine.java:6112)

09-11 09:41:57.281  1581  1636 I Xposed  : 	at com.android.internal.util.StateMachine$SmHandler.processMsg(StateMachine.java:885)

09-11 09:41:57.281  1581  1636 I Xposed  : 	at com.android.internal.util.StateMachine$SmHandler.handleMessage(StateMachine.java:741)

09-11 09:41:57.281  1581  1636 I Xposed  : 	at android.os.Handler.dispatchMessage(Handler.java:99)

09-11 09:41:57.281  1581  1636 I Xposed  : 	at android.os.Looper.loop(Looper.java:154)

09-11 09:41:57.281  1581  1636 I Xposed  : 	at android.os.HandlerThread.run(HandlerThread.java:60)

09-11 09:41:57.291  1581  1636 I Xposed  : java.lang.IllegalAccessError: tried to access class com.android.server.pm.PackageSetting from class com.android.server.pm.a

09-11 09:41:57.291  1581  1636 I Xposed  : 	at com.android.server.pm.a.a(SourceFile:10)

09-11 09:41:57.291  1581  1636 I Xposed  : 	at com.oasisfeng.greenify.pro.a.r.a(SourceFile:35)

09-11 09:41:57.291  1581  1636 I Xposed  : 	at com.oasisfeng.greenify.pro.a.s.beforeHookedMethod(SourceFile:20)

09-11 09:41:57.291  1581  1636 I Xposed  : 	at de.robv.android.xposed.XposedBridge.handleHookedMethod(XposedBridge.java:611)

09-11 09:41:57.291  1581  1636 I Xposed  : 	at com.android.server.pm.PackageManagerService$ActivityIntentResolver.isFilterStopped(Native Method)

09-11 09:41:57.291  1581  1636 I Xposed  : 	at com.android.server.pm.PackageManagerService$ActivityIntentResolver.isFilterStopped(PackageManagerService.java:4819)

09-11 09:41:57.291  1581  1636 I Xposed  : 	at com.android.server.IntentResolver.buildResolveList(IntentResolver.java:522)

09-11 09:41:57.291  1581  1636 I Xposed  : 	at com.android.server.IntentResolver.queryIntent(IntentResolver.java:292)

09-11 09:41:57.291  1581  1636 I Xposed  : 	at com.android.server.pm.PackageManagerService$ActivityIntentResolver.queryIntent(PackageManagerService.java:4829)

09-11 09:41:57.291  1581  1636 I Xposed  : 	at com.android.server.pm.PackageManagerService.queryIntentReceivers(PackageManagerService.java:2738)

09-11 09:41:57.291  1581  1636 I Xposed  : 	at com.android.server.am.ActivityManagerService.broadcastIntentLocked(ActivityManagerService.java:12999)

09-11 09:41:57.291  1581  1636 I Xposed  : 	at de.robv.android.xposed.XposedBridge.invokeOriginalMethodNative(Native Method)

09-11 09:41:57.291  1581  1636 I Xposed  : 	at de.robv.android.xposed.XposedBridge.handleHookedMethod(XposedBridge.java:631)

09-11 09:41:57.291  1581  1636 I Xposed  : 	at com.android.server.am.ActivityManagerService.broadcastIntentLocked(Native Method)

09-11 09:41:57.291  1581  1636 I Xposed  : 	at com.android.server.am.ActivityManagerService.broadcastIntent(ActivityManagerService.java:13193)

09-11 09:41:57.291  1581  1636 I Xposed  : 	at de.robv.android.xposed.XposedBridge.invokeOriginalMethodNative(Native Method)

09-11 09:41:57.291  1581  1636 I Xposed  : 	at de.robv.android.xposed.XposedBridge.handleHookedMethod(XposedBridge.java:631)

09-11 09:41:57.291  1581  1636 I Xposed  : 	at com.android.server.am.ActivityManagerService.broadcastIntent(Native Method)

09-11 09:41:57.291  1581  1636 I Xposed  : 	at android.app.ContextImpl.sendStickyBroadcast(ContextImpl.java:1215)

09-11 09:41:57.291  1581  1636 I Xposed  : 	at android.net.wifi.WifiStateMachine.sendNetworkStateChangeBroadcast(WifiStateMachine.java:3393)

09-11 09:41:57.291  1581  1636 I Xposed  : 	at android.net.wifi.WifiStateMachine.handleSuccessfulIpConfiguration(WifiStateMachine.java:3678)

09-11 09:41:57.291  1581  1636 I Xposed  : 	at android.net.wifi.WifiStateMachine.access$13100(WifiStateMachine.java:155)

09-11 09:41:57.291  1581  1636 I Xposed  : 	at android.net.wifi.WifiStateMachine$ConnectingState.processMessage(WifiStateMachine.java:6112)

09-11 09:41:57.291  1581  1636 I Xposed  : 	at com.android.internal.util.StateMachine$SmHandler.processMsg(StateMachine.java:885)

09-11 09:41:57.291  1581  1636 I Xposed  : 	at com.android.internal.util.StateMachine$SmHandler.handleMessage(StateMachine.java:741)

09-11 09:41:57.291  1581  1636 I Xposed  : 	at android.os.Handler.dispatchMessage(Handler.java:99)

09-11 09:41:57.291  1581  1636 I Xposed  : 	at android.os.Looper.loop(Looper.java:154)

09-11 09:41:57.291  1581  1636 I Xposed  : 	at android.os.HandlerThread.run(HandlerThread.java:60)

09-11 09:41:57.301  1581  1636 I Xposed  : java.lang.IllegalAccessError: tried to access class com.android.server.pm.PackageSetting from class com.android.server.pm.a

09-11 09:41:57.301  1581  1636 I Xposed  : 	at com.android.server.pm.a.a(SourceFile:10)

09-11 09:41:57.301  1581  1636 I Xposed  : 	at com.oasisfeng.greenify.pro.a.r.a(SourceFile:35)

09-11 09:41:57.301  1581  1636 I Xposed  : 	at com.oasisfeng.greenify.pro.a.s.beforeHookedMethod(SourceFile:20)

09-11 09:41:57.301  1581  1636 I Xposed  : 	at de.robv.android.xposed.XposedBridge.handleHookedMethod(XposedBridge.java:611)

09-11 09:41:57.301  1581  1636 I Xposed  : 	at com.android.server.pm.PackageManagerService$ActivityIntentResolver.isFilterStopped(Native Method)

09-11 09:41:57.301  1581  1636 I Xposed  : 	at com.android.server.pm.PackageManagerService$ActivityIntentResolver.isFilterStopped(PackageManagerService.java:4819)

09-11 09:41:57.301  1581  1636 I Xposed  : 	at com.android.server.IntentResolver.buildResolveList(IntentResolver.java:522)

09-11 09:41:57.301  1581  1636 I Xposed  : 	at com.android.server.IntentResolver.queryIntent(IntentResolver.java:292)

09-11 09:41:57.301  1581  1636 I Xposed  : 	at com.android.server.pm.PackageManagerService$ActivityIntentResolver.queryIntent(PackageManagerService.java:4829)

09-11 09:41:57.301  1581  1636 I Xposed  : 	at com.android.server.pm.PackageManagerService.queryIntentReceivers(PackageManagerService.java:2738)

09-11 09:41:57.301  1581  1636 I Xposed  : 	at com.android.server.am.ActivityManagerService.broadcastIntentLocked(ActivityManagerService.java:12999)

09-11 09:41:57.301  1581  1636 I Xposed  : 	at de.robv.android.xposed.XposedBridge.invokeOriginalMethodNative(Native Method)

09-11 09:41:57.301  1581  1636 I Xposed  : 	at de.robv.android.xposed.XposedBridge.handleHookedMethod(XposedBridge.java:631)

09-11 09:41:57.301  1581  1636 I Xposed  : 	at com.android.server.am.ActivityManagerService.broadcastIntentLocked(Native Method)

09-11 09:41:57.301  1581  1636 I Xposed  : 	at com.android.server.am.ActivityManagerService.broadcastIntent(ActivityManagerService.java:13193)

09-11 09:41:57.301  1581  1636 I Xposed  : 	at de.robv.android.xposed.XposedBridge.invokeOriginalMethodNative(Native Method)

09-11 09:41:57.301  1581  1636 I Xposed  : 	at de.robv.android.xposed.XposedBridge.handleHookedMethod(XposedBridge.java:631)

09-11 09:41:57.301  1581  1636 I Xposed  : 	at com.android.server.am.ActivityManagerService.broadcastIntent(Native Method)

09-11 09:41:57.301  1581  1636 I Xposed  : 	at android.app.ContextImpl.sendStickyBroadcast(ContextImpl.java:1215)

09-11 09:41:57.301  1581  1636 I Xposed  : 	at android.net.wifi.WifiStateMachine.sendNetworkStateChangeBroadcast(WifiStateMachine.java:3393)

09-11 09:41:57.301  1581  1636 I Xposed  : 	at android.net.wifi.WifiStateMachine.handleSuccessfulIpConfiguration(WifiStateMachine.java:3678)

09-11 09:41:57.301  1581  1636 I Xposed  : 	at android.net.wifi.WifiStateMachine.access$13100(WifiStateMachine.java:155)

09-11 09:41:57.301  1581  1636 I Xposed  : 	at android.net.wifi.WifiStateMachine$ConnectingState.processMessage(WifiStateMachine.java:6112)

09-11 09:41:57.301  1581  1636 I Xposed  : 	at com.android.internal.util.StateMachine$SmHandler.processMsg(StateMachine.java:885)

09-11 09:41:57.301  1581  1636 I Xposed  : 	at com.android.internal.util.StateMachine$SmHandler.handleMessage(StateMachine.java:741)

09-11 09:41:57.301  1581  1636 I Xposed  : 	at android.os.Handler.dispatchMessage(Handler.java:99)

09-11 09:41:57.301  1581  1636 I Xposed  : 	at android.os.Looper.loop(Looper.java:154)

09-11 09:41:57.301  1581  1636 I Xposed  : 	at android.os.HandlerThread.run(HandlerThread.java:60)

09-11 09:41:57.301  1581  1636 I Xposed  : java.lang.IllegalAccessError: tried to access class com.android.server.pm.PackageSetting from class com.android.server.pm.a

09-11 09:41:57.301  1581  1636 I Xposed  : 	at com.android.server.pm.a.a(SourceFile:10)

09-11 09:41:57.301  1581  1636 I Xposed  : 	at com.oasisfeng.greenify.pro.a.r.a(SourceFile:35)

09-11 09:41:57.301  1581  1636 I Xposed  : 	at com.oasisfeng.greenify.pro.a.s.beforeHookedMethod(SourceFile:20)

09-11 09:41:57.301  1581  1636 I Xposed  : 	at de.robv.android.xposed.XposedBridge.handleHookedMethod(XposedBridge.java:611)

09-11 09:41:57.301  1581  1636 I Xposed  : 	at com.android.server.pm.PackageManagerService$ActivityIntentResolver.isFilterStopped(Native Method)

09-11 09:41:57.301  1581  1636 I Xposed  : 	at com.android.server.pm.PackageManagerService$ActivityIntentResolver.isFilterStopped(PackageManagerService.java:4819)

09-11 09:41:57.301  1581  1636 I Xposed  : 	at com.android.server.IntentResolver.buildResolveList(IntentResolver.java:522)

09-11 09:41:57.301  1581  1636 I Xposed  : 	at com.android.server.IntentResolver.queryIntent(IntentResolver.java:292)

09-11 09:41:57.301  1581  1636 I Xposed  : 	at com.android.server.pm.PackageManagerService$ActivityIntentResolver.queryIntent(PackageManagerService.java:4829)

09-11 09:41:57.301  1581  1636 I Xposed  : 	at com.android.server.pm.PackageManagerService.queryIntentReceivers(PackageManagerService.java:2738)

09-11 09:41:57.301  1581  1636 I Xposed  : 	at com.android.server.am.ActivityManagerService.broadcastIntentLocked(ActivityManagerService.java:12999)

09-11 09:41:57.301  1581  1636 I Xposed  : 	at de.robv.android.xposed.XposedBridge.invokeOriginalMethodNative(Native Method)

09-11 09:41:57.301  1581  1636 I Xposed  : 	at de.robv.android.xposed.XposedBridge.handleHookedMethod(XposedBridge.java:631)

09-11 09:41:57.301  1581  1636 I Xposed  : 	at com.android.server.am.ActivityManagerService.broadcastIntentLocked(Native Method)

09-11 09:41:57.301  1581  1636 I Xposed  : 	at com.android.server.am.ActivityManagerService.broadcastIntent(ActivityManagerService.java:13193)

09-11 09:41:57.301  1581  1636 I Xposed  : 	at de.robv.android.xposed.XposedBridge.invokeOriginalMethodNative(Native Method)

09-11 09:41:57.301  1581  1636 I Xposed  : 	at de.robv.android.xposed.XposedBridge.handleHookedMethod(XposedBridge.java:631)

09-11 09:41:57.301  1581  1636 I Xposed  : 	at com.android.server.am.ActivityManagerService.broadcastIntent(Native Method)

09-11 09:41:57.301  1581  1636 I Xposed  : 	at android.app.ContextImpl.sendStickyBroadcast(ContextImpl.java:1215)

09-11 09:41:57.301  1581  1636 I Xposed  : 	at android.net.wifi.WifiStateMachine.sendNetworkStateChangeBroadcast(WifiStateMachine.java:3393)

09-11 09:41:57.301  1581  1636 I Xposed  : 	at android.net.wifi.WifiStateMachine.handleSuccessfulIpConfiguration(WifiStateMachine.java:3678)

09-11 09:41:57.301  1581  1636 I Xposed  : 	at android.net.wifi.WifiStateMachine.access$13100(WifiStateMachine.java:155)

09-11 09:41:57.301  1581  1636 I Xposed  : 	at android.net.wifi.WifiStateMachine$ConnectingState.processMessage(WifiStateMachine.java:6112)

09-11 09:41:57.301  1581  1636 I Xposed  : 	at com.android.internal.util.StateMachine$SmHandler.processMsg(StateMachine.java:885)

09-11 09:41:57.301  1581  1636 I Xposed  : 	at com.android.internal.util.StateMachine$SmHandler.handleMessage(StateMachine.java:741)

09-11 09:41:57.301  1581  1636 I Xposed  : 	at android.os.Handler.dispatchMessage(Handler.java:99)

09-11 09:41:57.301  1581  1636 I Xposed  : 	at android.os.Looper.loop(Looper.java:154)

09-11 09:41:57.301  1581  1636 I Xposed  : 	at android.os.HandlerThread.run(HandlerThread.java:60)

09-11 09:41:57.351  4776  4776 I wpa_supplicant: Rx Data Filter Add [5] command

09-11 09:41:57.351  4776  4776 I wpa_supplicant: auto ip disabled

09-11 09:41:57.411  4844  4844 I NetSharing_NSReceiver: customizedNS:true

09-11 09:41:57.411  4844  4844 I NetSharing_NSReceiver: sp customizedNS:true

09-11 09:41:57.411  4844  4844 I NetSharing_NSReceiver: customizedNS2:truecustomizedML2:false

09-11 09:41:57.411  4844  4844 I NetSharing_NSReceiver: LAN Type:false ML Type:true

09-11 09:41:57.411  4844  4844 I NetSharing_NSReceiver: IS Type:true IS_ML:false

09-11 09:41:57.411  4844  4844 I NetSharing_NSReceiver: wifienabled:true

09-11 09:41:57.461  1581  1633 W NetworkStats: dropping UID delta from unknown iface: iface=wlan0 uid=0 set=DEFAULT tag=0x0 rxBytes=0 rxPackets=0 txBytes=272 txPackets=4 operations=0

09-11 09:41:58.162  1581  1953 W InputManagerService: Window already focused, ignoring focus gain of: com.android.internal.view.IInputMethodClient$Stub$Proxy@4113a020

