09-13 12:44:25.213 22966 22966 I ActivityThread: Pub com.onegravity.k10.pro2.attachmentprovider: com.onegravity.k10.provider.AttachmentProvider

09-13 12:44:25.263 22966 22966 I ActivityThread: Pub com.onegravity.k10.pro2.k10contentprovider.private: com.onegravity.k10.provider.K10ContentProviderPrivate

09-13 12:44:25.313 22966 22966 I ActivityThread: Pub com.onegravity.k10.pro2.k10contentprovider: com.onegravity.k10.provider.K10ContentProviderPublic

09-13 12:44:25.353 22966 22966 I BugSenseHandler: Registering default exceptions handler

09-13 12:44:25.413  1580  1750 W ContentService: binderDied() at ObserverNode

09-13 12:44:25.413  1580  1750 W ContentService: binderDied() at ObserverNode

09-13 12:44:25.413  1580  1750 I ActivityManager: Process com.android.settings (pid 22839) has died.

09-13 12:44:25.543 22966 22980 I BugSenseHandler: Flushing...

09-13 12:44:25.553 22966 22980 I BugSenseHandler: Registering default exceptions handler

09-13 12:44:25.994 22966 22982 W BugSenseHandler: Transmitting ping Exception Connection to https://ticks2.bugsense.com refused

09-13 12:44:26.294 22966 22982 W BugSenseHandler: Transmitting ping Exception Connection to https://ticks2.bugsense.com refused

09-13 12:44:26.604  1580  2648 I ActivityManager: Process com.smarterdroid.wififiletransferpro (pid 22881) has died.

09-13 12:44:26.955  1728  1936 E Adreno200-ES20: <process_gl_state_enables:456>: GL_INVALID_ENUM

09-13 12:44:28.286  1580  1580 I ActivityManager: Process com.htc.htcMessageUploader (pid 22915) has died.

09-13 12:44:28.626  1580  1805 I ActivityManager: Start proc com.droids.appwidget.apns for broadcast com.droids.appwidget.apns/.APNWidgetProvider: pid=22993 uid=10053 gids={3003}

09-13 12:44:28.646 22993 22993 I dalvikvm: Turning on JNI app bug workarounds for target SDK version 10...

09-13 12:44:28.837 22966 22992 I dalvikvm: Could not find method android.database.sqlite.SQLiteDatabase.isWriteAheadLoggingEnabled, referenced from method com.a.a.L.m.d

09-13 12:44:28.837 22966 22992 W dalvikvm: VFY: unable to resolve virtual method 750: Landroid/database/sqlite/SQLiteDatabase;.isWriteAheadLoggingEnabled ()Z

09-13 12:44:28.887  1580  1580 I ActivityManager: Process com.htc.cs (pid 22930) has died.

09-13 12:44:29.007  1580  1596 I InputManagerService: Receive : Intent.ACTION_SCREEN_OFF

09-13 12:44:29.017  1580  1596 I InputManagerService: Disable input method client.

09-13 12:44:29.247  1728  1728 W IdleScreen_base: IdleRing: setEnable at DROPOVER

09-13 12:44:29.307 22993 23006 W GoogleAnalyticsTracker: Problem with socket or streams.

09-13 12:44:29.307 22993 23006 W GoogleAnalyticsTracker: java.net.ConnectException: failed to connect to www.google-analytics.com/127.0.0.1 (port 80): connect failed: ECONNREFUSED (Connection refused)

09-13 12:44:29.307 22993 23006 W GoogleAnalyticsTracker: 	at libcore.io.IoBridge.connect(IoBridge.java:114)

09-13 12:44:29.307 22993 23006 W GoogleAnalyticsTracker: 	at java.net.PlainSocketImpl.connect(PlainSocketImpl.java:192)

09-13 12:44:29.307 22993 23006 W GoogleAnalyticsTracker: 	at java.net.PlainSocketImpl.connect(PlainSocketImpl.java:459)

09-13 12:44:29.307 22993 23006 W GoogleAnalyticsTracker: 	at java.net.Socket.connect(Socket.java:872)

09-13 12:44:29.307 22993 23006 W GoogleAnalyticsTracker: 	at org.apache.http.conn.scheme.PlainSocketFactory.connectSocket(PlainSocketFactory.java:119)

09-13 12:44:29.307 22993 23006 W GoogleAnalyticsTracker: 	at com.google.android.apps.analytics.t.run(Unknown Source)

09-13 12:44:29.307 22993 23006 W GoogleAnalyticsTracker: 	at android.os.Handler.handleCallback(Handler.java:605)

09-13 12:44:29.307 22993 23006 W GoogleAnalyticsTracker: 	at android.os.Handler.dispatchMessage(Handler.java:92)

09-13 12:44:29.307 22993 23006 W GoogleAnalyticsTracker: 	at android.os.Looper.loop(Looper.java:154)

09-13 12:44:29.307 22993 23006 W GoogleAnalyticsTracker: 	at android.os.HandlerThread.run(HandlerThread.java:60)

09-13 12:44:29.307 22993 23006 W GoogleAnalyticsTracker: Caused by: libcore.io.ErrnoException: connect failed: ECONNREFUSED (Connection refused)

09-13 12:44:29.307 22993 23006 W GoogleAnalyticsTracker: 	at libcore.io.Posix.connect(Native Method)

09-13 12:44:29.307 22993 23006 W GoogleAnalyticsTracker: 	at libcore.io.BlockGuardOs.connect(BlockGuardOs.java:85)

09-13 12:44:29.307 22993 23006 W GoogleAnalyticsTracker: 	at libcore.io.IoBridge.connectErrno(IoBridge.java:127)

09-13 12:44:29.307 22993 23006 W GoogleAnalyticsTracker: 	at libcore.io.IoBridge.connect(IoBridge.java:112)

09-13 12:44:29.307 22993 23006 W GoogleAnalyticsTracker: 	... 9 more

09-13 12:44:29.407  1728  1936 E Adreno200-ES20: <process_gl_state_enables:456>: GL_INVALID_ENUM

09-13 12:44:29.447  1580  1596 I InputManagerService: Receive : Intent.ACTION_SCREEN_ON

09-13 12:44:29.447  1580  1596 I InputManagerService: Enable input method client.

09-13 12:44:29.517  1728  1936 E Adreno200-ES20: <process_gl_state_enables:456>: GL_INVALID_ENUM

09-13 12:44:29.537  1728  1936 E Adreno200-ES20: <process_gl_state_enables:456>: GL_INVALID_ENUM

09-13 12:44:29.537  1728  1728 W IdleScreen_base: IdleRing: handleDropOut state wrong

09-13 12:44:29.687  1580  1982 I ActivityManager: Start proc com.android.settings:remote for broadcast com.android.settings/.framework.activity.powersaver.SmartSynServiceReceiver: pid=23008 uid=1000 gids={3006, 1015, 3002, 3001, 3003, 5001, 5004, 5003, 3007}

09-13 12:44:29.697  1728  1936 E Adreno200-ES20: <process_gl_state_enables:456>: GL_INVALID_ENUM

09-13 12:44:29.878  1580  1804 I ActivityManager: Process com.htc.bg (pid 22944) has died.

09-13 12:44:30.098 22966 22992 I SqliteDatabaseCpp: sqlite returned: error code = 3850, msg = statement aborts at 1: [PRAGMA journal_mode=TRUNCATE;] 

09-13 12:44:30.128  1580  1982 I ActivityManager: Process com.droids.appwidget.apns (pid 22993) has died.

09-13 12:44:30.228  1580  1580 W AlarmManager: RemoveAPPAlarmPendingIntent has no PendingIntent operation

09-13 12:44:30.228  1580  1805 W AlarmManager: RemoveAPPAlarmPendingIntent has no PendingIntent operation

09-13 12:44:30.228  1580  2651 W AlarmManager: RemoveAPPAlarmPendingIntent has no PendingIntent operation

09-13 12:44:30.238  1580  2647 W AlarmManager: RemoveAPPAlarmPendingIntent has no PendingIntent operation

09-13 12:44:30.238  1580  1591 W AlarmManager: RemoveAPPAlarmPendingIntent has no PendingIntent operation

09-13 12:44:30.238  1580  1982 W AlarmManager: RemoveAPPAlarmPendingIntent has no PendingIntent operation

09-13 12:44:30.238  1580  1956 W AlarmManager: RemoveAPPAlarmPendingIntent has no PendingIntent operation

09-13 12:44:31.239  1580  2651 I ActivityManager: Process com.android.settings:remote (pid 23008) has died.

09-13 12:44:31.559 22966 23020 W SQLiteCursor: Close cursor android.database.sqlite.SQLiteCursor@41075f40 on null twice or more

09-13 12:44:33.101 22966 23024 W SQLiteCursor: Close cursor android.database.sqlite.SQLiteCursor@40f81870 on null twice or more

09-13 12:44:33.901 22966 23020 I dalvikvm-heap: Grow heap (frag case) to 4.725MB for 65552-byte allocation

09-13 12:44:34.102  1728  1936 E Adreno200-ES20: <process_gl_state_enables:456>: GL_INVALID_ENUM

09-13 12:44:34.132  1728  1936 E Adreno200-ES20: <process_gl_state_enables:456>: GL_INVALID_ENUM

09-13 12:44:34.132  1728  1936 E Adreno200-ES20: <process_gl_state_enables:456>: GL_INVALID_ENUM

09-13 12:44:34.342  1728  1936 E Adreno200-ES20: <process_gl_state_enables:456>: GL_INVALID_ENUM

09-13 12:44:36.004 22966 23024 W SQLiteCursor: Close cursor android.database.sqlite.SQLiteCursor@40e4b9c8 on null twice or more

09-13 12:44:36.154 22966 23024 E ActivityThread: Failed to find provider info for com.sec.badge

09-13 12:44:36.154 22966 23024 E ActivityThread: Failed to find provider info for com.sec.badge

09-13 12:44:36.924 22966 23020 W SQLiteCursor: Close cursor android.database.sqlite.SQLiteCursor@40fae3f8 on null twice or more

09-13 12:44:39.367 22966 23033 W SQLiteCursor: Close cursor android.database.sqlite.SQLiteCursor@40f1b7b8 on null twice or more

09-13 12:44:40.948  1439  1563 I AudioHardwareMSM7X30: doTpa2051_Control mode = 1 rc = 0

09-13 12:44:40.948  1439  1563 E AudioHardwareMSM7X30: get_batt_temp: cannot open /sys/devices/platform/rs30100001:00000000/power_supply/battery/batt_temp: No such file or directory

09-13 12:44:41.058  1439  1563 I AudioHardwareMSM7X30: batt_temp =301

09-13 12:44:41.058  1439  1563 I HTC Acoustic: update ACDB id: (tx, rx, tx_acdb, rx_acdb) = (11, 6, 0, 607)

09-13 12:44:41.068  1439  1563 I AudioHardwareMSM7X30: AUDIO_START: start kernel pcm_out driver.

09-13 12:44:41.088  1580  1597 I ActivityManager: Start proc com.htc.cs for broadcast com.htc.cs/.receiver.PoweronReceiver: pid=23035 uid=10010 gids={3003, 1015, 5001, 2001}

09-13 12:44:41.118  1436 16949 E SurfaceTexture: [com.htc.launcher/com.htc.launcher.Launcher] connect: already connected (cur=2, req=1)

09-13 12:44:41.129 11703 11703 E libEGL  : EGLNativeWindowType 0x123c2c8 already connected to another API

09-13 12:44:41.129 11703 11703 E libEGL  : eglCreateWindowSurface:360 error 300b (EGL_BAD_NATIVE_WINDOW)

09-13 12:44:41.129 11703 11703 E HardwareRenderer: createWindowSurface returned EGL_BAD_NATIVE_WINDOW.

09-13 12:44:41.219  1580  1981 W InputManagerService: Window already focused, ignoring focus gain of: com.android.internal.view.IInputMethodClient$Stub$Proxy@40fa2c80

09-13 12:44:41.289  1436  1534 E SurfaceTexture: [Keyguard] abandon: SurfaceTexture(0x0x1c45580) has been abandoned!

09-13 12:44:41.479 23035 23035 I ActivityThread: Pub com.htc.connectedservice.csprovider: com.htc.cs.provider.ConnectedServiceProvider

09-13 12:44:41.499 23035 23035 I ActivityThread: Pub com.htc.cs.dashboard: com.htc.cs.sync.dashboard.DashboardProvider

09-13 12:44:41.619  1580  1872 I ActivityManager: Start proc com.devexpert.weatheradfree for broadcast com.devexpert.weatheradfree/.view.WidgetWeather2x1: pid=23049 uid=10112 gids={3003, 1015}

09-13 12:44:42.350  1580  1956 I ActivityManager: Process com.htc.cs (pid 23035) has died.

09-13 12:44:44.151  1439  1563 I AudioHardwareMSM7X30: disable current rx device = 6

09-13 12:44:44.161  1439  1563 I AudioHardwareMSM7X30: AudioHardware pcm playback is going to standby.

09-13 12:44:44.212 22966 23033 W SQLiteCursor: Close cursor android.database.sqlite.SQLiteCursor@410a2310 on null twice or more

09-13 12:45:09.947  1580  1596 I HtcPowerSaver: >> updateStatus

09-13 12:45:09.977  1580  1596 I HtcPowerSaver: currentStatus=8000, currentLevel=44, enableLevel=20, enable=false, popDialog=false, statusChangeTo=-1

09-13 12:45:09.977  1580  1596 I HtcPowerSaver: << updateStatus

09-13 12:45:13.410 11703 23071 E ContactWidgetMatrix: No need Requery group list and return

09-13 12:45:13.971 11703 11738 E Adreno200-ES20: <process_gl_state_enables:456>: GL_INVALID_ENUM

09-13 12:45:13.971 11703 11738 E Adreno200-ES20: <process_gl_state_enables:456>: GL_INVALID_ENUM

09-13 12:45:13.971 11703 11738 E Adreno200-ES20: <process_gl_state_enables:456>: GL_INVALID_ENUM

09-13 12:45:13.971 11703 11738 E Adreno200-ES20: <process_gl_state_enables:456>: GL_INVALID_ENUM

09-13 12:45:13.991 11703 11738 E Adreno200-ES20: <process_gl_state_enables:456>: GL_INVALID_ENUM

09-13 12:45:14.021 11703 11738 E Adreno200-ES20: <process_gl_state_enables:456>: GL_INVALID_ENUM

09-13 12:45:14.021 11703 11738 E Adreno200-ES20: <process_gl_state_enables:456>: GL_INVALID_ENUM

09-13 12:45:14.041 11703 11738 E Adreno200-ES20: <process_gl_state_enables:456>: GL_INVALID_ENUM

09-13 12:45:14.041 11703 11738 E Adreno200-ES20: <process_gl_state_enables:456>: GL_INVALID_ENUM

09-13 12:45:14.041 11703 11738 E Adreno200-ES20: <process_gl_state_enables:456>: GL_INVALID_ENUM

09-13 12:45:14.061 11703 11738 E Adreno200-ES20: <process_gl_state_enables:456>: GL_INVALID_ENUM

09-13 12:45:14.081 11703 11738 E Adreno200-ES20: <process_gl_state_enables:456>: GL_INVALID_ENUM

09-13 12:45:14.091 11703 11738 E Adreno200-ES20: <process_gl_state_enables:456>: GL_INVALID_ENUM

09-13 12:45:14.101 11703 11738 E Adreno200-ES20: <process_gl_state_enables:456>: GL_INVALID_ENUM

09-13 12:45:14.111 11703 11738 E Adreno200-ES20: <process_gl_state_enables:456>: GL_INVALID_ENUM

09-13 12:45:14.111 11703 11738 E Adreno200-ES20: <process_gl_state_enables:456>: GL_INVALID_ENUM

09-13 12:45:14.121  1580  1981 W ContentService: binderDied() at ObserverNode

09-13 12:45:14.121  1580  1981 I ActivityManager: Process com.devexpert.weatheradfree (pid 23049) has died.

09-13 12:45:14.131 11703 11738 E Adreno200-ES20: <process_gl_state_enables:456>: GL_INVALID_ENUM

09-13 12:45:14.171 11703 11738 E Adreno200-ES20: <process_gl_state_enables:456>: GL_INVALID_ENUM

09-13 12:45:14.171 11703 11738 E Adreno200-ES20: <process_gl_state_enables:456>: GL_INVALID_ENUM

09-13 12:45:14.191 11703 11738 E Adreno200-ES20: <process_gl_state_enables:456>: GL_INVALID_ENUM

09-13 12:45:14.241 11703 11738 E Adreno200-ES20: <process_gl_state_enables:456>: GL_INVALID_ENUM

09-13 12:45:14.241 11703 11738 E Adreno200-ES20: <process_gl_state_enables:456>: GL_INVALID_ENUM

09-13 12:45:14.261 11703 11738 E Adreno200-ES20: <process_gl_state_enables:456>: GL_INVALID_ENUM

09-13 12:45:14.301 11703 11738 E Adreno200-ES20: <process_gl_state_enables:456>: GL_INVALID_ENUM

09-13 12:45:14.311 11703 11738 E Adreno200-ES20: <process_gl_state_enables:456>: GL_INVALID_ENUM

09-13 12:45:14.331 11703 11738 E Adreno200-ES20: <process_gl_state_enables:456>: GL_INVALID_ENUM

09-13 12:45:14.361 11703 11738 E Adreno200-ES20: <process_gl_state_enables:456>: GL_INVALID_ENUM

09-13 12:45:14.371 11703 11738 E Adreno200-ES20: <process_gl_state_enables:456>: GL_INVALID_ENUM

09-13 12:45:14.441 11703 11738 E Adreno200-ES20: <process_gl_state_enables:456>: GL_INVALID_ENUM

09-13 12:45:14.441 11703 11738 E Adreno200-ES20: <process_gl_state_enables:456>: GL_INVALID_ENUM

09-13 12:45:14.461 11703 11738 E Adreno200-ES20: <process_gl_state_enables:456>: GL_INVALID_ENUM

09-13 12:45:14.491 11703 11738 E Adreno200-ES20: <process_gl_state_enables:456>: GL_INVALID_ENUM

09-13 12:45:14.511 11703 11738 E Adreno200-ES20: <process_gl_state_enables:456>: GL_INVALID_ENUM

09-13 12:45:14.511 11703 11738 E Adreno200-ES20: <process_gl_state_enables:456>: GL_INVALID_ENUM

09-13 12:45:14.531 11703 11738 E Adreno200-ES20: <process_gl_state_enables:456>: GL_INVALID_ENUM

09-13 12:45:14.621 11703 11738 E Adreno200-ES20: <process_gl_state_enables:456>: GL_INVALID_ENUM

09-13 12:45:14.761 11703 11738 E Adreno200-ES20: <process_gl_state_enables:456>: GL_INVALID_ENUM

09-13 12:45:14.801 11703 11738 E Adreno200-ES20: <process_gl_state_enables:456>: GL_INVALID_ENUM

09-13 12:45:15.052 11703 11738 E Adreno200-ES20: <process_gl_state_enables:456>: GL_INVALID_ENUM

09-13 12:45:15.692 11703 11862 I getLatestActivity: clearResult

09-13 12:45:36.162 11703 11738 E Adreno200-ES20: <process_gl_state_enables:456>: GL_INVALID_ENUM

09-13 12:45:36.182 11703 11738 E Adreno200-ES20: <process_gl_state_enables:456>: GL_INVALID_ENUM

09-13 12:45:36.222 11703 11738 E Adreno200-ES20: <process_gl_state_enables:456>: GL_INVALID_ENUM

09-13 12:45:36.252 11703 11738 E Adreno200-ES20: <process_gl_state_enables:456>: GL_INVALID_ENUM

09-13 12:45:36.272 11703 11738 E Adreno200-ES20: <process_gl_state_enables:456>: GL_INVALID_ENUM

09-13 12:45:36.292 11703 11738 E Adreno200-ES20: <process_gl_state_enables:456>: GL_INVALID_ENUM

09-13 12:45:36.312 11703 11738 E Adreno200-ES20: <process_gl_state_enables:456>: GL_INVALID_ENUM

09-13 12:45:36.332 11703 11738 E Adreno200-ES20: <process_gl_state_enables:456>: GL_INVALID_ENUM

09-13 12:45:36.362 11703 11738 E Adreno200-ES20: <process_gl_state_enables:456>: GL_INVALID_ENUM

09-13 12:45:36.382 11703 11738 E Adreno200-ES20: <process_gl_state_enables:456>: GL_INVALID_ENUM

09-13 12:45:36.382 11703 11738 E Adreno200-ES20: <process_gl_state_enables:456>: GL_INVALID_ENUM

09-13 12:45:36.402 11703 11738 E Adreno200-ES20: <process_gl_state_enables:456>: GL_INVALID_ENUM

09-13 12:45:36.422 11703 11738 E Adreno200-ES20: <process_gl_state_enables:456>: GL_INVALID_ENUM

09-13 12:45:36.483 11703 11738 E Adreno200-ES20: <process_gl_state_enables:456>: GL_INVALID_ENUM

09-13 12:45:36.513 11703 11738 E Adreno200-ES20: <process_gl_state_enables:456>: GL_INVALID_ENUM

09-13 12:45:36.523 11703 11738 E Adreno200-ES20: <process_gl_state_enables:456>: GL_INVALID_ENUM

09-13 12:45:36.563 11703 11738 E Adreno200-ES20: <process_gl_state_enables:456>: GL_INVALID_ENUM

09-13 12:45:37.173 11703 11738 E Adreno200-ES20: <process_gl_state_enables:456>: GL_INVALID_ENUM

09-13 12:45:37.183 11703 11738 E Adreno200-ES20: <process_gl_state_enables:456>: GL_INVALID_ENUM

09-13 12:45:37.473 11703 11738 E Adreno200-ES20: <process_gl_state_enables:456>: GL_INVALID_ENUM

09-13 12:45:37.784 11703 11738 E Adreno200-ES20: <process_gl_state_enables:456>: GL_INVALID_ENUM

09-13 12:45:38.094 11703 11738 E Adreno200-ES20: <process_gl_state_enables:456>: GL_INVALID_ENUM

09-13 12:45:38.404 11703 11738 E Adreno200-ES20: <process_gl_state_enables:456>: GL_INVALID_ENUM

09-13 12:45:38.715 11703 11738 E Adreno200-ES20: <process_gl_state_enables:456>: GL_INVALID_ENUM

09-13 12:45:39.145 11703 11738 E Adreno200-ES20: <process_gl_state_enables:456>: GL_INVALID_ENUM

09-13 12:45:39.455 11703 11738 E Adreno200-ES20: <process_gl_state_enables:456>: GL_INVALID_ENUM

09-13 12:46:01.117  1580  1597 I ActivityManager: Start proc com.devexpert.weatheradfree for broadcast com.devexpert.weatheradfree/.view.WidgetWeather2x1: pid=23073 uid=10112 gids={3003, 1015}

09-13 12:46:09.975  1580  1596 I HtcPowerSaver: >> updateStatus

09-13 12:46:09.985  1580  1596 I HtcPowerSaver: currentStatus=8000, currentLevel=44, enableLevel=20, enable=false, popDialog=false, statusChangeTo=-1

09-13 12:46:09.985  1580  1596 I HtcPowerSaver: << updateStatus

09-13 12:46:23.028 20484 20500 W GA-SERVICE: Thread[Thread-2289,5,main]: hit:_gmsv=1-5089034&ul=es-es&sr=480x800&ht=1409542515821&a=454299799&sc=start&AppUID=10103&aid=com.rhmsoft.fm&cid=3516c8b4-92af-4bc9-8176-722aa7da4919&av=1.17.0&v=1&t=appview&an=File+Manager&aiid=com.android.vending&tid=UA-39734161-2&_u=.nUWlMB&_v=ma1b6&cd=com.rhmsoft.fm.FileManager&qt=1087867210&z=1

09-13 12:46:23.028 20484 20500 W GA-SERVICE: Thread[Thread-2289,5,main]: hit:_gmsv=1-5089034&ul=es-es&sr=480x800&ht=1409542552107&a=1433136223&AppUID=10103&aid=com.rhmsoft.fm&cid=3516c8b4-92af-4bc9-8176-722aa7da4919&av=1.17.0&v=1&t=appview&an=File+Manager&aiid=com.android.vending&tid=UA-39734161-2&_u=.B&_v=ma1b6&cd=com.rhmsoft.fm.FileManager&qt=1087830924&z=2

09-13 12:46:23.028 20484 20500 W GA-SERVICE: Thread[Thread-2289,5,main]: hit:_gmsv=1-5089034&ul=es-es&sr=480x800&ht=1409542609874&a=1643367922&sc=start&AppUID=10103&aid=com.rhmsoft.fm&cid=3516c8b4-92af-4bc9-8176-722aa7da4919&av=1.17.0&v=1&t=appview&an=File+Manager&aiid=com.android.vending&tid=UA-39734161-2&_u=.MB&_v=ma1b6&cd=com.rhmsoft.fm.FileManager&qt=1087773157&z=3

09-13 12:46:23.028 20484 20500 W GA-SERVICE: Thread[Thread-2289,5,main]: hit:_gmsv=1-5089034&ul=es-es&sr=480x800&ht=1409542625957&a=235720775&AppUID=10103&aid=com.rhmsoft.fm&cid=3516c8b4-92af-4bc9-8176-722aa7da4919&av=1.17.0&v=1&t=appview&an=File+Manager&aiid=com.android.vending&tid=UA-39734161-2&_u=.B&_v=ma1b6&cd=com.rhmsoft.fm.FileManager&qt=1087757074&z=4

09-13 12:46:23.038 20484 20500 W GA-SERVICE: Thread[Thread-2289,5,main]: hit:_gmsv=1-5089034&ev=1&ul=es-es&sr=480x800&ht=1409546480866&a=657108144&AppUID=10107&aid=com.anddoes.launcher&ea=Installed+Version%3A+2.6.0&cid=6b07fe29-95e2-4b5b-a3ef-45e1a9a82920&av=2.6.0&ec=Installation&v=1&t=event&el=Prevous+Version%3A+Clean+install&an=Apex+Launcher&tid=UA-23723713-10&_u=.nKyAAAAAL&_v=ma4.0.2&qt=1083902165&z=5

09-13 12:46:23.038 20484 20500 W GA-SERVICE: Thread[Thread-2289,5,main]: hit:_gmsv=1-5089034&ev=0&ul=es-es&sr=480x800&ht=1409546480896&a=657108144&AppUID=10107&aid=com.anddoes.launcher&ea=Start+up+hour&cid=6b07fe29-95e2-4b5b-a3ef-45e1a9a82920&av=2.6.0&ec=General&v=1&t=event&el=23h&an=Apex+Launcher&tid=UA-23723713-10&_u=.yAAAAAL&_v=ma4.0.2&qt=1083902135&z=6

09-13 12:46:23.038 20484 20500 W GA-SERVICE: Thread[Thread-2289,5,main]: hit:_gmsv=1-5089034&ul=es-es&sr=480x800&ht=1409546482381&a=657108144&AppUID=10107&aid=com.anddoes.launcher&cid=6b07fe29-95e2-4b5b-a3ef-45e1a9a82920&av=2.6.0&v=1&t=screenview&an=Apex+Launcher&tid=UA-23723713-10&_u=.K-AL&_v=ma4.0.2&cd=Launcher&qt=1083900650&z=7

09-13 12:46:23.038 20484 20500 W GA-SERVICE: Thread[Thread-2289,5,main]: hit:_gmsv=1-5089034&ul=es&sr=480x800&ht=1409554525317&a=1340490028&sc=start&AppUID=10102&sf=100.0&aid=com.mdroidapps.easybackup&cid=12d71a8d-6c52-4ce5-bc69-5d5692761721&av=3.5&v=1&t=screenview&an=Easy+Backup&aiid=com.android.vending&tid=UA-40427220-6&_u=.2nKK8&_v=ma4.0.2&cd=com.mdroidapps.easybackup.EasyBackupActivity&qt=1075857714&z=8

09-13 12:46:23.038 20484 20500 W GA-SERVICE: Thread[Thread-2289,5,main]: hit:_gmsv=1-5089034&ul=es&sr=480x800&ht=1409554540034&a=1340490029&AppUID=10102&sf=100.0&aid=com.mdroidapps.easybackup&cid=12d71a8d-6c52-4ce5-bc69-5d5692761721&av=3.5&v=1&t=screenview&an=Easy+Backup&aiid=com.android.vending&tid=UA-40427220-6&_u=.r38&_v=ma4.0.2&cd=com.mdroidapps.easybackup.FolderFileList&qt=1075842997&z=9

09-13 12:46:23.048 20484 20500 W GA-SERVICE: Thread[Thread-2289,5,main]: hit:_gmsv=1-5089034&ul=es&sr=480x800&ht=1409554545958&a=1340490030&AppUID=10102&sf=100.0&aid=com.mdroidapps.easybackup&cid=12d71a8d-6c52-4ce5-bc69-5d5692761721&av=3.5&v=1&t=screenview&an=Easy+Backup&aiid=com.android.vending&tid=UA-40427220-6&_u=.r398&_v=ma4.0.2&cd=com.mdroidapps.easybackup.backuprestore.RestoreActivity&qt=1075837073&z=10

09-13 12:46:23.048 20484 20500 W GA-SERVICE: Thread[Thread-2289,5,main]: hit:_gmsv=1-5089034&ul=es&sr=480x800&ht=1409554954520&a=1340490031&AppUID=10102&sf=100.0&aid=com.mdroidapps.easybackup&cid=12d71a8d-6c52-4ce5-bc69-5d5692761721&av=3.5&v=1&t=screenview&an=Easy+Backup&aiid=com.android.vending&tid=UA-40427220-6&_u=.r9398&_v=ma4.0.2&cd=com.mdroidapps.easybackup.backuprestore.RestoreActivity&qt=1075428511&z=11

09-13 12:46:23.048 20484 20500 W GA-SERVICE: Thread[Thread-2289,5,main]: hit:_gmsv=1-5089034&ul=es&sr=480x800&ht=1409555116521&a=1340490032&AppUID=10102&sf=100.0&aid=com.mdroidapps.easybackup&cid=12d71a8d-6c52-4ce5-bc69-5d5692761721&av=3.5&v=1&t=screenview&an=Easy+Backup&aiid=com.android.vending&tid=UA-40427220-6&_u=.r38&_v=ma4.0.2&cd=com.mdroidapps.easybackup.FolderFileList&qt=1075266510&z=12

09-13 12:46:23.058 20484 20500 W GA-SERVICE: Thread[Thread-2289,5,main]: hit:_gmsv=1-5089034&ul=es&sr=480x800&ht=1409555121028&a=1340490033&AppUID=10102&sf=100.0&aid=com.mdroidapps.easybackup&cid=12d71a8d-6c52-4ce5-bc69-5d5692761721&av=3.5&v=1&t=screenview&an=Easy+Backup&aiid=com.android.vending&tid=UA-40427220-6&_u=.9r38&_v=ma4.0.2&cd=com.mdroidapps.easybackup.EasyBackupActivity&qt=1075262003&z=13

09-13 12:46:23.058 20484 20500 W GA-SERVICE: Thread[Thread-2289,5,main]: hit:_gmsv=1-5089034&ul=es&sr=480x800&ht=1409703477998&a=11666120&sc=start&AppUID=10102&sf=100.0&aid=com.mdroidapps.easybackup&cid=12d71a8d-6c52-4ce5-bc69-5d5692761721&av=3.5&v=1&t=screenview&an=Easy+Backup&aiid=com.android.vending&tid=UA-40427220-6&_u=.2nKK8&_v=ma4.0.2&cd=com.mdroidapps.easybackup.EasyBackupActivity&qt=926905033&z=14

09-13 12:46:23.058 20484 20500 W GA-SERVICE: Thread[Thread-2289,5,main]: hit:_gmsv=1-5089034&ul=es&sr=480x800&ht=1409703534428&a=11666121&AppUID=10102&sf=100.0&aid=com.mdroidapps.easybackup&cid=12d71a8d-6c52-4ce5-bc69-5d5692761721&av=3.5&v=1&t=screenview&an=Easy+Backup&aiid=com.android.vending&tid=UA-40427220-6&_u=.r38&_v=ma4.0.2&cd=com.mdroidapps.easybackup.backuprestore.BackupActivity&qt=926848603&z=15

09-13 12:46:23.058 20484 20500 W GA-SERVICE: Thread[Thread-2289,5,main]: hit:_gmsv=1-5089034&ul=es&sr=480x800&ht=1409703600146&a=11666122&AppUID=10102&sf=100.0&aid=com.mdroidapps.easybackup&cid=12d71a8d-6c52-4ce5-bc69-5d5692761721&av=3.5&v=1&t=screenview&an=Easy+Backup&aiid=com.android.vending&tid=UA-40427220-6&_u=.r398&_v=ma4.0.2&cd=com.mdroidapps.easybackup.EasyBackupActivity&qt=926782885&z=16

09-13 12:46:23.068 20484 20500 W GA-SERVICE: Thread[Thread-2289,5,main]: hit:_gmsv=1-5089034&ul=es-es&sr=480x800&ht=1409703628868&sc=start&AppUID=10019&aid=com.oasisfeng.greenify&cid=569a8936-d244-4f2a-b082-224a78f8f14b&av=2.3+%28build+6%29&v=1&t=appview&an=Greenify&tid=UA-39876882-1&_u=.nK8&_v=ma4.0.0&cd=com.oasisfeng.greenify.pro.ExperimentalFeatureSetting&qt=926754163&z=17

09-13 12:46:23.068 20484 20500 W GA-SERVICE: Thread[Thread-2289,5,main]: hit:_gmsv=1-5089034&cd5=Yes&ul=es-es&sr=480x800&ht=1409703634247&AppUID=10019&aid=com.oasisfeng.greenify&cid=569a8936-d244-4f2a-b082-224a78f8f14b&av=2.3+%28build+6%29&v=1&t=appview&an=Greenify&tid=UA-39876882-1&_u=.K9r38&_v=ma4.0.0&cd=com.oasisfeng.greenify.pro.ExperimentalFeatureSetting&qt=926748784&z=18

09-13 12:46:23.068 20484 20500 W GA-SERVICE: Thread[Thread-2289,5,main]: hit:_gmsv=1-5089034&ul=es-es&sr=480x800&ht=1409704068073&sc=start&AppUID=10019&aid=com.oasisfeng.greenify&cid=569a8936-d244-4f2a-b082-224a78f8f14b&av=2.3+%28build+6%29&v=1&t=appview&an=Greenify&tid=UA-39876882-1&_u=.nK8&_v=ma4.0.0&cd=com.oasisfeng.greenify.pro.ExperimentalFeatureSetting&qt=926314958&z=19

09-13 12:46:23.068 20484 20500 W GA-SERVICE: Thread[Thread-2289,5,main]: hit:_gmsv=1-5089034&cd5=Yes&ev=1&ul=es-es&sr=480x800&ht=1409704073596&AppUID=10019&aid=com.oasisfeng.greenify&ea=Success&cid=569a8936-d244-4f2a-b082-224a78f8f14b&av=2.3+%28build+6%29&ec=ExperimentalFeature&v=1&t=event&el=boost_mode&an=Greenify&tid=UA-39876882-1&_u=.Kr3yAAAAAL&_v=ma4.0.0&cd=com.oasisfeng.greenify.pro.ExperimentalFeatureSetting&qt=926309435&z=20

09-13 12:46:23.178 20484 20500 W GA-SERVICE: Thread[Thread-2289,5,main]: Exception sending hit: HttpHostConnectException

09-13 12:46:23.178 20484 20500 W GA-SERVICE: Thread[Thread-2289,5,main]: Connection to https://ssl.google-analytics.com refused

09-13 12:46:23.178 20484 20500 W GA-SERVICE: Thread[Thread-2289,5,main]: Empty hitIds passed to deleteHits.

09-13 12:46:49.644  1580  1596 I BluetoothEventLoop: Phone state change to: RINGING

09-13 12:46:49.684  1789  1789 I CallNotifier: [embedded] onNewRingingConnection():  incoming: true state: INCOMING post dial state: NOT_STARTED

09-13 12:49:50.290  1580  1596 I HtcPowerSaver: >> updateStatus

09-13 12:49:50.350  1580  1596 I HtcPowerSaver: currentStatus=8000, currentLevel=44, enableLevel=20, enable=false, popDialog=false, statusChangeTo=-1

09-13 12:49:50.350  1580  1596 I HtcPowerSaver: << updateStatus

09-13 12:49:50.630  1580  1805 I ActivityManager: START intent from pid 1789

09-13 12:49:51.381 11703 11703 W dalvikvm: disableGcForExternalAlloc: false

09-13 12:49:51.621  1789  1789 W NotificationMgr: onQueryComplete: caller-id query from unknown source! cookie = android.widget.RemoteViews@41429688

09-13 12:49:51.702  1789  1789 W PhoneUtils: getNumberFromIntent, uri is null

09-13 12:49:51.722  1789  1789 W PhoneUtils: getNumberFromIntent, uri is null

09-13 12:49:51.782  1789  1789 I CallCard: setPhotoImageDrawable:Duplicated drawable

09-13 12:49:51.802  1789  1789 I CallCard: setPhotoImageDrawable:Duplicated drawable

09-13 12:49:51.802  1789  1789 I CallCard: setPhotoImageDrawable:Duplicated drawable

09-13 12:49:52.152  1580  1596 I BluetoothEventLoop: Phone state change to: IDLE

09-13 12:49:52.172  1580  1580 I ActivityManager: START intent from pid -1

09-13 12:49:52.642  1580  1981 I ActivityManager: moveTaskToBack: 21

09-13 12:49:52.652  1789  1789 W PhoneUtils: getNumberFromIntent, uri is null

09-13 12:49:52.662  1789  1789 W PhoneUtils: getNumberFromIntent, uri is null

09-13 12:49:52.672  1789  1789 I CallCard: setPhotoImageDrawable:Duplicated drawable

09-13 12:49:52.672  1580  1870 I ActivityManager: moveTaskToBack: 21

09-13 12:49:53.153  1580  1596 W ActivityManager: Activity pause timeout for ActivityRecord{41277908 com.android.phone/.InCallScreen}

09-13 12:49:53.543 20484 20500 W GA-SERVICE: Thread[Thread-2289,5,main]: hit:_gmsv=1-5089034&ul=es-es&sr=480x800&ht=1409542515821&a=454299799&sc=start&AppUID=10103&aid=com.rhmsoft.fm&cid=3516c8b4-92af-4bc9-8176-722aa7da4919&av=1.17.0&v=1&t=appview&an=File+Manager&aiid=com.android.vending&tid=UA-39734161-2&_u=.nUWlMB&_v=ma1b6&cd=com.rhmsoft.fm.FileManager&qt=1088077686&z=1

09-13 12:49:53.563 20484 20500 W GA-SERVICE: Thread[Thread-2289,5,main]: hit:_gmsv=1-5089034&ul=es-es&sr=480x800&ht=1409542552107&a=1433136223&AppUID=10103&aid=com.rhmsoft.fm&cid=3516c8b4-92af-4bc9-8176-722aa7da4919&av=1.17.0&v=1&t=appview&an=File+Manager&aiid=com.android.vending&tid=UA-39734161-2&_u=.B&_v=ma1b6&cd=com.rhmsoft.fm.FileManager&qt=1088041400&z=2

09-13 12:49:53.563 20484 20500 W GA-SERVICE: Thread[Thread-2289,5,main]: hit:_gmsv=1-5089034&ul=es-es&sr=480x800&ht=1409542609874&a=1643367922&sc=start&AppUID=10103&aid=com.rhmsoft.fm&cid=3516c8b4-92af-4bc9-8176-722aa7da4919&av=1.17.0&v=1&t=appview&an=File+Manager&aiid=com.android.vending&tid=UA-39734161-2&_u=.MB&_v=ma1b6&cd=com.rhmsoft.fm.FileManager&qt=1087983633&z=3

09-13 12:49:53.583 20484 20500 W GA-SERVICE: Thread[Thread-2289,5,main]: hit:_gmsv=1-5089034&ul=es-es&sr=480x800&ht=1409542625957&a=235720775&AppUID=10103&aid=com.rhmsoft.fm&cid=3516c8b4-92af-4bc9-8176-722aa7da4919&av=1.17.0&v=1&t=appview&an=File+Manager&aiid=com.android.vending&tid=UA-39734161-2&_u=.B&_v=ma1b6&cd=com.rhmsoft.fm.FileManager&qt=1087967550&z=4

09-13 12:49:53.633 20484 20500 W GA-SERVICE: Thread[Thread-2289,5,main]: hit:_gmsv=1-5089034&ev=1&ul=es-es&sr=480x800&ht=1409546480866&a=657108144&AppUID=10107&aid=com.anddoes.launcher&ea=Installed+Version%3A+2.6.0&cid=6b07fe29-95e2-4b5b-a3ef-45e1a9a82920&av=2.6.0&ec=Installation&v=1&t=event&el=Prevous+Version%3A+Clean+install&an=Apex+Launcher&tid=UA-23723713-10&_u=.nKyAAAAAL&_v=ma4.0.2&qt=1084112641&z=5

09-13 12:49:53.653  1436  2180 E SurfaceTexture: [com.htc.launcher/com.htc.launcher.Launcher] connect: already connected (cur=2, req=1)

09-13 12:49:53.653  1580  1591 I power   : *** set_screen_state 1

09-13 12:49:53.653 11703 11703 E libEGL  : EGLNativeWindowType 0x123c2c8 already connected to another API

09-13 12:49:53.653 11703 11703 E libEGL  : eglCreateWindowSurface:360 error 300b (EGL_BAD_NATIVE_WINDOW)

09-13 12:49:53.653 11703 11703 E HardwareRenderer: createWindowSurface returned EGL_BAD_NATIVE_WINDOW.

09-13 12:49:53.683  1436  1534 I Adreno200-EGLSUB: <CreateImage:893>: Android Image

09-13 12:49:53.683  1436  1534 I Adreno200-EGLSUB: <GetImageAttributes:1102>: RGBA_8888

09-13 12:49:53.723  1580  1982 W InputManagerService: Window already focused, ignoring focus gain of: com.android.internal.view.IInputMethodClient$Stub$Proxy@412816b8

09-13 12:49:53.754 20484 20500 W GA-SERVICE: Thread[Thread-2289,5,main]: hit:_gmsv=1-5089034&ev=0&ul=es-es&sr=480x800&ht=1409546480896&a=657108144&AppUID=10107&aid=com.anddoes.launcher&ea=Start+up+hour&cid=6b07fe29-95e2-4b5b-a3ef-45e1a9a82920&av=2.6.0&ec=General&v=1&t=event&el=23h&an=Apex+Launcher&tid=UA-23723713-10&_u=.yAAAAAL&_v=ma4.0.2&qt=1084112611&z=6

09-13 12:49:53.784 20484 20500 W GA-SERVICE: Thread[Thread-2289,5,main]: hit:_gmsv=1-5089034&ul=es-es&sr=480x800&ht=1409546482381&a=657108144&AppUID=10107&aid=com.anddoes.launcher&cid=6b07fe29-95e2-4b5b-a3ef-45e1a9a82920&av=2.6.0&v=1&t=screenview&an=Apex+Launcher&tid=UA-23723713-10&_u=.K-AL&_v=ma4.0.2&cd=Launcher&qt=1084111126&z=7

09-13 12:49:53.784  1789  1789 I CallNotifier: [embedded] - onDisconnect: cause = INCOMING_MISSED, incoming = true, date = 1410630409626

09-13 12:49:53.784  1789  1789 I Bluetooth HS/HF: onCallDisconnected()

09-13 12:49:53.804  1439  1439 W AudioPolicyManager: getDeviceForStrategy() unknown strategy: 4

09-13 12:49:53.804  1439  1439 W AudioPolicyManager: getDeviceForStrategy() unknown strategy: 4

09-13 12:49:53.844  1580  1597 I ActivityManager: Start proc com.android.htccontacts for broadcast com.android.htccontacts/.NotificationRemoveBroadcastReceiver: pid=23097 uid=10003 gids={3003, 1015}

09-13 12:49:53.874  1580  1956 W ContentService: binderDied() at ObserverNode

09-13 12:49:53.874  1580  1956 I ActivityManager: Process com.devexpert.weatheradfree (pid 23073) has died.

09-13 12:49:53.904  1580  1982 I ActivityManager: Start proc com.htc.bg for content provider com.htc.provider.settings/.NotificationFlashLightProvider: pid=23109 uid=10010 gids={3003, 1015, 5001, 2001}

09-13 12:49:53.944 20484 20500 W GA-SERVICE: Thread[Thread-2289,5,main]: hit:_gmsv=1-5089034&ul=es&sr=480x800&ht=1409554525317&a=1340490028&sc=start&AppUID=10102&sf=100.0&aid=com.mdroidapps.easybackup&cid=12d71a8d-6c52-4ce5-bc69-5d5692761721&av=3.5&v=1&t=screenview&an=Easy+Backup&aiid=com.android.vending&tid=UA-40427220-6&_u=.2nKK8&_v=ma4.0.2&cd=com.mdroidapps.easybackup.EasyBackupActivity&qt=1076068190&z=8

09-13 12:49:53.984 20484 20500 W GA-SERVICE: Thread[Thread-2289,5,main]: hit:_gmsv=1-5089034&ul=es&sr=480x800&ht=1409554540034&a=1340490029&AppUID=10102&sf=100.0&aid=com.mdroidapps.easybackup&cid=12d71a8d-6c52-4ce5-bc69-5d5692761721&av=3.5&v=1&t=screenview&an=Easy+Backup&aiid=com.android.vending&tid=UA-40427220-6&_u=.r38&_v=ma4.0.2&cd=com.mdroidapps.easybackup.FolderFileList&qt=1076053473&z=9

09-13 12:49:54.014 23109 23109 I ActivityThread: Pub com.htc.accounts: com.htc.CustomizationSetup.AccountsProvider

09-13 12:49:54.034 20484 20500 W GA-SERVICE: Thread[Thread-2289,5,main]: hit:_gmsv=1-5089034&ul=es&sr=480x800&ht=1409554545958&a=1340490030&AppUID=10102&sf=100.0&aid=com.mdroidapps.easybackup&cid=12d71a8d-6c52-4ce5-bc69-5d5692761721&av=3.5&v=1&t=screenview&an=Easy+Backup&aiid=com.android.vending&tid=UA-40427220-6&_u=.r398&_v=ma4.0.2&cd=com.mdroidapps.easybackup.backuprestore.RestoreActivity&qt=1076047549&z=10

09-13 12:49:54.074 23109 23109 I ActivityThread: Pub com.htc.opensense.snprovider: com.htc.opensense.snprovider.SocialNetworkProvider

09-13 12:49:54.094 20484 20500 W GA-SERVICE: Thread[Thread-2289,5,main]: hit:_gmsv=1-5089034&ul=es&sr=480x800&ht=1409554954520&a=1340490031&AppUID=10102&sf=100.0&aid=com.mdroidapps.easybackup&cid=12d71a8d-6c52-4ce5-bc69-5d5692761721&av=3.5&v=1&t=screenview&an=Easy+Backup&aiid=com.android.vending&tid=UA-40427220-6&_u=.r9398&_v=ma4.0.2&cd=com.mdroidapps.easybackup.backuprestore.RestoreActivity&qt=1075638987&z=11

09-13 12:49:54.114 20484 20500 W GA-SERVICE: Thread[Thread-2289,5,main]: hit:_gmsv=1-5089034&ul=es&sr=480x800&ht=1409555116521&a=1340490032&AppUID=10102&sf=100.0&aid=com.mdroidapps.easybackup&cid=12d71a8d-6c52-4ce5-bc69-5d5692761721&av=3.5&v=1&t=screenview&an=Easy+Backup&aiid=com.android.vending&tid=UA-40427220-6&_u=.r38&_v=ma4.0.2&cd=com.mdroidapps.easybackup.FolderFileList&qt=1075476986&z=12

09-13 12:49:54.124 23109 23109 I ActivityThread: Pub com.htc.provider.settings: com.htc.provider.settings.NotificationFlashLightProvider

09-13 12:49:54.124 23109 23109 I ActivityThread: Pub com.htc.settings.accountsync.SYNC: com.htc.opensense.syncprovider.SyncProvider

09-13 12:49:54.154 20484 20500 W GA-SERVICE: Thread[Thread-2289,5,main]: hit:_gmsv=1-5089034&ul=es&sr=480x800&ht=1409555121028&a=1340490033&AppUID=10102&sf=100.0&aid=com.mdroidapps.easybackup&cid=12d71a8d-6c52-4ce5-bc69-5d5692761721&av=3.5&v=1&t=screenview&an=Easy+Backup&aiid=com.android.vending&tid=UA-40427220-6&_u=.9r38&_v=ma4.0.2&cd=com.mdroidapps.easybackup.EasyBackupActivity&qt=1075472479&z=13

09-13 12:49:54.164 20484 20500 W GA-SERVICE: Thread[Thread-2289,5,main]: hit:_gmsv=1-5089034&ul=es&sr=480x800&ht=1409703477998&a=11666120&sc=start&AppUID=10102&sf=100.0&aid=com.mdroidapps.easybackup&cid=12d71a8d-6c52-4ce5-bc69-5d5692761721&av=3.5&v=1&t=screenview&an=Easy+Backup&aiid=com.android.vending&tid=UA-40427220-6&_u=.2nKK8&_v=ma4.0.2&cd=com.mdroidapps.easybackup.EasyBackupActivity&qt=927115509&z=14

09-13 12:49:54.174 23109 23109 I ActivityThread: Pub com.htc.providers.uploads: com.htc.providers.uploads.UploadProvider

09-13 12:49:54.194 20484 20500 W GA-SERVICE: Thread[Thread-2289,5,main]: hit:_gmsv=1-5089034&ul=es&sr=480x800&ht=1409703534428&a=11666121&AppUID=10102&sf=100.0&aid=com.mdroidapps.easybackup&cid=12d71a8d-6c52-4ce5-bc69-5d5692761721&av=3.5&v=1&t=screenview&an=Easy+Backup&aiid=com.android.vending&tid=UA-40427220-6&_u=.r38&_v=ma4.0.2&cd=com.mdroidapps.easybackup.backuprestore.BackupActivity&qt=927059079&z=15

09-13 12:49:54.194 20484 20500 W GA-SERVICE: Thread[Thread-2289,5,main]: hit:_gmsv=1-5089034&ul=es&sr=480x800&ht=1409703600146&a=11666122&AppUID=10102&sf=100.0&aid=com.mdroidapps.easybackup&cid=12d71a8d-6c52-4ce5-bc69-5d5692761721&av=3.5&v=1&t=screenview&an=Easy+Backup&aiid=com.android.vending&tid=UA-40427220-6&_u=.r398&_v=ma4.0.2&cd=com.mdroidapps.easybackup.EasyBackupActivity&qt=926993361&z=16

09-13 12:49:54.224 20484 20500 W GA-SERVICE: Thread[Thread-2289,5,main]: hit:_gmsv=1-5089034&ul=es-es&sr=480x800&ht=1409703628868&sc=start&AppUID=10019&aid=com.oasisfeng.greenify&cid=569a8936-d244-4f2a-b082-224a78f8f14b&av=2.3+%28build+6%29&v=1&t=appview&an=Greenify&tid=UA-39876882-1&_u=.nK8&_v=ma4.0.0&cd=com.oasisfeng.greenify.pro.ExperimentalFeatureSetting&qt=926964639&z=17

09-13 12:49:54.244 23109 23109 I ActivityThread: Pub com.htc.cachemanager: com.htc.opensense.cachemanager.CacheProvider

09-13 12:49:54.244 20484 20500 W GA-SERVICE: Thread[Thread-2289,5,main]: hit:_gmsv=1-5089034&cd5=Yes&ul=es-es&sr=480x800&ht=1409703634247&AppUID=10019&aid=com.oasisfeng.greenify&cid=569a8936-d244-4f2a-b082-224a78f8f14b&av=2.3+%28build+6%29&v=1&t=appview&an=Greenify&tid=UA-39876882-1&_u=.K9r38&_v=ma4.0.0&cd=com.oasisfeng.greenify.pro.ExperimentalFeatureSetting&qt=926959260&z=18

09-13 12:49:54.274 22746 22746 E wpa_supplicant: wpa_driver_wext_driver_cmd failed (-1): RSSI

09-13 12:49:54.835 20484 20500 W GA-SERVICE: Thread[Thread-2289,5,main]: hit:_gmsv=1-5089034&ul=es-es&sr=480x800&ht=1409704068073&sc=start&AppUID=10019&aid=com.oasisfeng.greenify&cid=569a8936-d244-4f2a-b082-224a78f8f14b&av=2.3+%28build+6%29&v=1&t=appview&an=Greenify&tid=UA-39876882-1&_u=.nK8&_v=ma4.0.0&cd=com.oasisfeng.greenify.pro.ExperimentalFeatureSetting&qt=926525434&z=19

09-13 12:49:54.835 20484 20500 W GA-SERVICE: Thread[Thread-2289,5,main]: hit:_gmsv=1-5089034&cd5=Yes&ev=1&ul=es-es&sr=480x800&ht=1409704073596&AppUID=10019&aid=com.oasisfeng.greenify&ea=Success&cid=569a8936-d244-4f2a-b082-224a78f8f14b&av=2.3+%28build+6%29&ec=ExperimentalFeature&v=1&t=event&el=boost_mode&an=Greenify&tid=UA-39876882-1&_u=.Kr3yAAAAAL&_v=ma4.0.0&cd=com.oasisfeng.greenify.pro.ExperimentalFeatureSetting&qt=926519911&z=20

09-13 12:49:55.145  1580  1878 I ActivityManager: moveTaskToBack: 21

09-13 12:49:55.155  1580  1981 I ActivityManager: moveTaskToBack: 21

09-13 12:49:55.215 20484 20500 W GA-SERVICE: Thread[Thread-2289,5,main]: Exception sending hit: HttpHostConnectException

09-13 12:49:55.215 20484 20500 W GA-SERVICE: Thread[Thread-2289,5,main]: Connection to https://ssl.google-analytics.com refused

09-13 12:49:55.215 20484 20500 W GA-SERVICE: Thread[Thread-2289,5,main]: Empty hitIds passed to deleteHits.

09-13 12:49:55.215  1580  1870 I ActivityManager: Process com.android.htccontacts (pid 23097) has died.

09-13 12:49:55.325  1436  1534 E SurfaceTexture: [com.android.phone/com.android.phone.InCallScreen] abandon: SurfaceTexture(0x0x1c45580) has been abandoned!

09-13 12:49:55.375 22966 23020 W SQLiteCursor: Close cursor android.database.sqlite.SQLiteCursor@40ec28e0 on null twice or more

09-13 12:49:56.376  1580  2651 I ActivityManager: Process com.htc.bg (pid 23109) has died.

09-13 12:49:56.496 11703 11703 E ScaleGestureDetector: Invalid MotionEvent stream detected.

09-13 12:49:56.496 11703 11703 E ScaleGestureDetector: java.lang.Throwable

09-13 12:49:56.496 11703 11703 E ScaleGestureDetector: 	at android.view.ScaleGestureDetector.onTouchEvent(ScaleGestureDetector.java:371)

09-13 12:49:56.496 11703 11703 E ScaleGestureDetector: 	at com.htc.launcher.widget.GestureDetector.onTouchEvent(GestureDetector.java:123)

09-13 12:49:56.496 11703 11703 E ScaleGestureDetector: 	at com.htc.launcher.LeapController.isHandleMotionEvent(LeapController.java:111)

09-13 12:49:56.496 11703 11703 E ScaleGestureDetector: 	at com.htc.launcher.Workspace.onInterceptTouchEvent(Workspace.java:1085)

09-13 12:49:56.496 11703 11703 E ScaleGestureDetector: 	at android.view.ViewGroup.dispatchTouchEvent(ViewGroup.java:1637)

09-13 12:49:56.496 11703 11703 E ScaleGestureDetector: 	at com.htc.launcher.Workspace.dispatchTouchEvent(Workspace.java:3921)

09-13 12:49:56.496 11703 11703 E ScaleGestureDetector: 	at android.view.ViewGroup.dispatchTransformedTouchEvent(ViewGroup.java:1965)

09-13 12:49:56.496 11703 11703 E ScaleGestureDetector: 	at android.view.ViewGroup.dispatchTouchEvent(ViewGroup.java:1734)

09-13 12:49:56.496 11703 11703 E ScaleGestureDetector: 	at com.htc.launcher.DragLayer.dispatchTouchEvent(DragLayer.java:1558)

09-13 12:49:56.496 11703 11703 E ScaleGestureDetector: 	at android.view.ViewGroup.dispatchTransformedTouchEvent(ViewGroup.java:1965)

09-13 12:49:56.496 11703 11703 E ScaleGestureDetector: 	at android.view.ViewGroup.dispatchTouchEvent(ViewGroup.java:1734)

09-13 12:49:56.496 11703 11703 E ScaleGestureDetector: 	at android.view.ViewGroup.dispatchTransformedTouchEvent(ViewGroup.java:1965)

09-13 12:49:56.496 11703 11703 E ScaleGestureDetector: 	at android.view.ViewGroup.dispatchTouchEvent(ViewGroup.java:1734)

09-13 12:49:56.496 11703 11703 E ScaleGestureDetector: 	at android.view.ViewGroup.dispatchTransformedTouchEvent(ViewGroup.java:1965)

09-13 12:49:56.496 11703 11703 E ScaleGestureDetector: 	at android.view.ViewGroup.dispatchTouchEvent(ViewGroup.java:1734)

09-13 12:49:56.496 11703 11703 E ScaleGestureDetector: 	at com.android.internal.policy.impl.PhoneWindow$DecorView.superDispatchTouchEvent(PhoneWindow.java:1982)

09-13 12:49:56.496 11703 11703 E ScaleGestureDetector: 	at com.android.internal.policy.impl.PhoneWindow.superDispatchTouchEvent(PhoneWindow.java:1441)

09-13 12:49:56.496 11703 11703 E ScaleGestureDetector: 	at android.app.Activity.dispatchTouchEvent(Activity.java:2421)

09-13 12:49:56.496 11703 11703 E ScaleGestureDetector: 	at com.htc.launcher.Launcher.dispatchTouchEvent(Launcher.java:4325)

09-13 12:49:56.496 11703 11703 E ScaleGestureDetector: 	at com.android.internal.policy.impl.PhoneWindow$DecorView.dispatchTouchEvent(PhoneWindow.java:1930)

09-13 12:49:56.496 11703 11703 E ScaleGestureDetector: 	at android.view.View.dispatchPointerEvent(View.java:5759)

09-13 12:49:56.496 11703 11703 E ScaleGestureDetector: 	at android.view.ViewRootImpl.deliverPointerEvent(ViewRootImpl.java:2970)

09-13 12:49:56.496 11703 11703 E ScaleGestureDetector: 	at android.view.ViewRootImpl.handleMessage(ViewRootImpl.java:2529)

09-13 12:49:56.496 11703 11703 E ScaleGestureDetector: 	at android.view.ViewRootImpl.processInputEvents(ViewRootImpl.java:869)

09-13 12:49:56.496 11703 11703 E ScaleGestureDetector: 	at android.view.ViewRootImpl.handleMessage(ViewRootImpl.java:2538)

09-13 12:49:56.496 11703 11703 E ScaleGestureDetector: 	at android.os.Handler.dispatchMessage(Handler.java:99)

09-13 12:49:56.496 11703 11703 E ScaleGestureDetector: 	at android.os.Looper.loop(Looper.java:154)

09-13 12:49:56.496 11703 11703 E ScaleGestureDetector: 	at android.app.ActivityThread.main(ActivityThread.java:4945)

09-13 12:49:56.496 11703 11703 E ScaleGestureDetector: 	at java.lang.reflect.Method.invokeNative(Native Method)

09-13 12:49:56.496 11703 11703 E ScaleGestureDetector: 	at java.lang.reflect.Method.invoke(Method.java:511)

09-13 12:49:56.496 11703 11703 E ScaleGestureDetector: 	at com.android.internal.os.ZygoteInit$MethodAndArgsCaller.run(ZygoteInit.java:784)

09-13 12:49:56.496 11703 11703 E ScaleGestureDetector: 	at com.android.internal.os.ZygoteInit.main(ZygoteInit.java:551)

09-13 12:49:56.496 11703 11703 E ScaleGestureDetector: 	at dalvik.system.NativeStart.main(Native Method)

09-13 12:49:56.496 11703 11703 E ScaleGestureDetector: pointerCount=2, index= -1, actionId=0, mActiveId0=0, mActiveId1=2

09-13 12:49:57.687  1580  1597 I ActivityManager: Start proc com.htc.idlescreen.base for broadcast com.htc.idlescreen.base/.setting.UpdateShortcutReceiver: pid=23126 uid=10059 gids={3003}

09-13 12:49:57.827 23126 23126 I ActivityThread: Pub com.htc.idlescreen.setting.provider: com.htc.idlescreen.base.setting.SettingProvider

09-13 12:49:57.837 23126 23126 I ActivityThread: Pub com.htc.idlescreen.base.setting.shortcutprovider: com.htc.idlescreen.base.setting.SettingShortcutProvider

09-13 12:49:58.408 11703 11738 E Adreno200-ES20: <process_gl_state_enables:456>: GL_INVALID_ENUM

09-13 12:49:58.438 11703 11738 E Adreno200-ES20: <process_gl_state_enables:456>: GL_INVALID_ENUM

09-13 12:49:58.458 11703 11738 E Adreno200-ES20: <process_gl_state_enables:456>: GL_INVALID_ENUM

09-13 12:49:58.528 11703 11738 E Adreno200-ES20: <process_gl_state_enables:456>: GL_INVALID_ENUM

09-13 12:49:58.548 11703 11738 E Adreno200-ES20: <process_gl_state_enables:456>: GL_INVALID_ENUM

09-13 12:49:58.578 11703 11738 E Adreno200-ES20: <process_gl_state_enables:456>: GL_INVALID_ENUM

09-13 12:49:58.608 11703 11738 E Adreno200-ES20: <process_gl_state_enables:456>: GL_INVALID_ENUM

09-13 12:49:58.608 11703 11738 E Adreno200-ES20: <process_gl_state_enables:456>: GL_INVALID_ENUM

09-13 12:49:58.628 11703 11738 E Adreno200-ES20: <process_gl_state_enables:456>: GL_INVALID_ENUM

09-13 12:49:58.648 11703 11738 E Adreno200-ES20: <process_gl_state_enables:456>: GL_INVALID_ENUM

09-13 12:49:58.668 11703 11738 E Adreno200-ES20: <process_gl_state_enables:456>: GL_INVALID_ENUM

09-13 12:49:58.668 11703 11738 E Adreno200-ES20: <process_gl_state_enables:456>: GL_INVALID_ENUM

09-13 12:49:58.718 11703 11738 E Adreno200-ES20: <process_gl_state_enables:456>: GL_INVALID_ENUM

09-13 12:49:58.728 11703 11738 E Adreno200-ES20: <process_gl_state_enables:456>: GL_INVALID_ENUM

09-13 12:49:58.768 11703 11738 E Adreno200-ES20: <process_gl_state_enables:456>: GL_INVALID_ENUM

09-13 12:49:58.788 11703 11738 E Adreno200-ES20: <process_gl_state_enables:456>: GL_INVALID_ENUM

09-13 12:49:59.369  1580  1878 I ActivityManager: Process com.htc.idlescreen.base (pid 23126) has died.

09-13 12:50:01.121  1580  1597 I ActivityManager: Start proc com.devexpert.weatheradfree for broadcast com.devexpert.weatheradfree/.view.WidgetWeather2x1: pid=23146 uid=10112 gids={3003, 1015}

09-13 12:50:01.131 11703 11738 E Adreno200-ES20: <process_gl_state_enables:456>: GL_INVALID_ENUM

09-13 12:50:01.171 11703 11738 E Adreno200-ES20: <process_gl_state_enables:456>: GL_INVALID_ENUM

09-13 12:50:02.832  1580  1982 I ActivityManager: Process com.devexpert.weatheradfree (pid 23146) has died.

09-13 12:50:02.842  1580  2651 W ContentService: binderDied() at ObserverNode

09-13 12:50:07.317  1580  1634 I wpa_ctrl: [wpa_ctrl_request] select timeout

09-13 12:50:07.317  1580  1634 E WifiStateMachine: Connection lost, restart supplicant

09-13 12:50:07.327  1580  1634 I WifiHW  : wifi_close_supplicant_connection

09-13 12:50:07.327  1580  1634 I wpa_ctrl: [wpa_ctrl_close] ctrl address = f49b70

09-13 12:50:19.769  1678  1678 W dalvikvm: disableGcForExternalAlloc: true

09-13 12:50:19.879 11703 11703 W dalvikvm: disableGcForExternalAlloc: false

09-13 12:50:19.949  1436  1534 I Adreno200-EGLSUB: <CreateImage:893>: Android Image

09-13 12:50:19.949  1436  1534 I Adreno200-EGLSUB: <GetImageAttributes:1102>: RGBA_8888

09-13 12:50:20.169  1678  1678 W dalvikvm: disableGcForExternalAlloc: false

09-13 12:50:20.189  1436  1568 E SurfaceTexture: [com.htc.launcher/com.htc.launcher.Launcher] connect: already connected (cur=2, req=1)

09-13 12:50:20.189 11703 11703 E libEGL  : EGLNativeWindowType 0x123c2c8 already connected to another API

09-13 12:50:20.189 11703 11703 E libEGL  : eglCreateWindowSurface:360 error 300b (EGL_BAD_NATIVE_WINDOW)

09-13 12:50:20.189 11703 11703 E HardwareRenderer: createWindowSurface returned EGL_BAD_NATIVE_WINDOW.

09-13 12:50:20.199  1436  1534 E SurfaceTexture: [TrackingView] abandon: SurfaceTexture(0x0x1c45580) has been abandoned!

09-13 12:50:20.199  1580  2648 W InputManagerService: Window already focused, ignoring focus gain of: com.android.internal.view.IInputMethodClient$Stub$Proxy@412e7f50

09-13 12:50:22.341  1678  1678 W dalvikvm: disableGcForExternalAlloc: true

09-13 12:50:22.411 11703 11703 W dalvikvm: disableGcForExternalAlloc: false

09-13 12:50:22.472  1436  1534 I Adreno200-EGLSUB: <CreateImage:893>: Android Image

09-13 12:50:22.472  1436  1534 I Adreno200-EGLSUB: <GetImageAttributes:1102>: RGBA_8888

09-13 12:50:23.523  1678  1678 W dalvikvm: disableGcForExternalAlloc: false

09-13 12:50:23.533  1436  1548 E SurfaceTexture: [com.htc.launcher/com.htc.launcher.Launcher] connect: already connected (cur=2, req=1)

09-13 12:50:23.533 11703 11703 E libEGL  : EGLNativeWindowType 0x123c2c8 already connected to another API

09-13 12:50:23.533 11703 11703 E libEGL  : eglCreateWindowSurface:360 error 300b (EGL_BAD_NATIVE_WINDOW)

09-13 12:50:23.533 11703 11703 E HardwareRenderer: createWindowSurface returned EGL_BAD_NATIVE_WINDOW.

09-13 12:50:23.543  1436  1534 E SurfaceTexture: [TrackingView] abandon: SurfaceTexture(0x0x1c45580) has been abandoned!

09-13 12:50:23.543  1580  1805 W InputManagerService: Window already focused, ignoring focus gain of: com.android.internal.view.IInputMethodClient$Stub$Proxy@41267190

09-13 12:50:33.863 11703 11703 W dalvikvm: disableGcForExternalAlloc: true

09-13 12:50:34.133  1439  1563 I AudioHardwareMSM7X30: doTpa2051_Control mode = 1 rc = 0

09-13 12:50:34.143  1439  1563 E AudioHardwareMSM7X30: get_batt_temp: cannot open /sys/devices/platform/rs30100001:00000000/power_supply/battery/batt_temp: No such file or directory

09-13 12:50:34.243  1439  1563 I AudioHardwareMSM7X30: batt_temp =340

09-13 12:50:34.243  1439  1563 I HTC Acoustic: update ACDB id: (tx, rx, tx_acdb, rx_acdb) = (11, 6, 0, 607)

09-13 12:50:34.253  1439  1563 I AudioHardwareMSM7X30: AUDIO_START: start kernel pcm_out driver.

