09-13 12:50:34.293 11703 11703 W dalvikvm: disableGcForExternalAlloc: false

09-13 12:50:36.165  1580  1805 I ActivityManager: START intent from pid 11703

09-13 12:50:36.255  1580  1958 I ActivityManager: Start proc scd.lcex for activity scd.lcex/.ActivityMain: pid=23165 uid=10104 gids={1007, 1015}

09-13 12:50:36.285  1436  1534 I Adreno200-EGLSUB: <CreateImage:893>: Android Image

09-13 12:50:36.285  1436  1534 I Adreno200-EGLSUB: <GetImageAttributes:1102>: RGBA_8888

09-13 12:50:36.565 11703 11703 W dalvikvm: disableGcForExternalAlloc: false

09-13 12:50:36.605  1436  1534 E SurfaceTexture: [SurfaceView] abandon: SurfaceTexture(0x0x1c9fdf0) has been abandoned!

09-13 12:50:36.615  1436  1534 E SurfaceTexture: [com.htc.launcher/com.htc.launcher.Launcher] abandon: SurfaceTexture(0x0x1c70d58) has been abandoned!

09-13 12:50:37.156 23165 23165 I Adreno200-EGLSUB: <ConfigWindowMatch:2078>: Format RGBA_8888.

09-13 12:50:37.276  1580  1870 I InputManagerService: [unbindCurrentClientLocked] Disable input method client.

09-13 12:50:37.276  1580  1870 I InputManagerService: [startInputLocked] Enable input method client.

09-13 12:50:37.286  1580  2647 W InputManagerService: Starting input on non-focused client com.android.internal.view.IInputMethodClient$Stub$Proxy@41280e50 (uid=9999 pid=11703)

09-13 12:50:37.396  1580  1634 E WifiStateMachine: Failed to clear addresses or disable ipv6java.lang.IllegalStateException: Unable to communicate with native daemon to interface clearallips - com.android.server.NativeDaemonConnectorException: Cmd {interface clearaddrs wlan0} failed with code -1 : {mResponseQueue is not available}

09-13 12:50:37.396  1580  1634 I NetUtils: ipd_cmd(/system/bin/ip ru del from all to all table wifi prio 3001)

09-13 12:50:37.396  1580  1634 I NetUtils: ipd_cmd: ipd socket is done, fd=266

09-13 12:50:37.396  1580  1634 I NetUtils: ifc_utils : +++ blockingWrite

09-13 12:50:37.396  1580  1634 I NetUtils: ifc_utils : --- blockingWrite

09-13 12:50:37.396  1580  1634 I NetUtils: ifc_utils: send cmd :/system/bin/ip ru del from all to all table wifi prio 3001

09-13 12:50:37.396  1580  1634 I NetUtils: ifc_utils : +++ blockingWrite

09-13 12:50:37.396  1580  1634 I NetUtils: ifc_utils : --- blockingWrite

09-13 12:50:37.396  1580  1634 I NetUtils: ipd: finish sending ipd command.

09-13 12:50:37.396  1580  1634 E NetdConnector: Failed to get response

09-13 12:50:37.396  1580  1634 E NetdConnector: java.lang.NullPointerException

09-13 12:50:37.396  1580  1634 E NetdConnector: 	at com.android.server.NativeDaemonConnector.doCommandLocked(NativeDaemonConnector.java:300)

09-13 12:50:37.396  1580  1634 E NetdConnector: 	at com.android.server.NativeDaemonConnector.doCommand(NativeDaemonConnector.java:281)

09-13 12:50:37.396  1580  1634 E NetdConnector: 	at com.android.server.NetworkManagementService.clearInterfaceAddresses(NetworkManagementService.java:505)

09-13 12:50:37.396  1580  1634 E NetdConnector: 	at android.net.wifi.WifiStateMachine.handleNetworkDisconnect(WifiStateMachine.java:3499)

09-13 12:50:37.396  1580  1634 E NetdConnector: 	at android.net.wifi.WifiStateMachine.access$6800(WifiStateMachine.java:155)

09-13 12:50:37.396  1580  1634 E NetdConnector: 	at android.net.wifi.WifiStateMachine$SupplicantStartedState.processMessage(WifiStateMachine.java:5100)

09-13 12:50:37.396  1580  1634 E NetdConnector: 	at com.android.internal.util.StateMachine$SmHandler.processMsg(StateMachine.java:885)

09-13 12:50:37.396  1580  1634 E NetdConnector: 	at com.android.internal.util.StateMachine$SmHandler.handleMessage(StateMachine.java:741)

09-13 12:50:37.396  1580  1634 E NetdConnector: 	at android.os.Handler.dispatchMessage(Handler.java:99)

09-13 12:50:37.396  1580  1634 E NetdConnector: 	at android.os.Looper.loop(Looper.java:154)

09-13 12:50:37.396  1580  1634 E NetdConnector: 	at android.os.HandlerThread.run(HandlerThread.java:60)

09-13 12:50:37.406  1444  1444 I ipd     : +++ IP CMD: /system/bin/ip ru del from all to all table wifi prio 3001

09-13 12:50:37.486  1580  1592 I ActivityManager: Start proc com.android.settings for broadcast com.android.settings/.wifi.WifiStatusReceiver: pid=23183 uid=1000 gids={3006, 1015, 3002, 3001, 3003, 5001, 5004, 5003, 3007}

09-13 12:50:37.696  1436  1534 I Adreno200-EGLSUB: <CreateImage:893>: Android Image

09-13 12:50:37.696  1436  1534 I Adreno200-EGLSUB: <GetImageAttributes:1102>: RGBA_8888

09-13 12:50:37.696  1580  1611 I ActivityManager: Displayed scd.lcex/.ActivityMain: +1s463ms

09-13 12:50:37.897  1436  1534 E SurfaceTexture: [Starting scd.lcex] abandon: SurfaceTexture(0x0x1c45580) has been abandoned!

09-13 12:50:38.017 23183 23183 I ActivityThread: Pub com.android.settings.provider.suggestion: com.android.settings.framework.search.SuggestionProvider

09-13 12:50:38.107 23183 23183 I ActivityThread: Pub com.android.settings.provider.cdmasettings: com.android.settings.HtcCdmaSettingsProvider

09-13 12:50:38.147 23183 23183 I ActivityThread: Pub framework.activity.powersaver: com.android.settings.framework.activity.powersaver.SmartSyncProvider

09-13 12:50:38.557 23183 23183 I NetSharing_NSReceiver: customizedNS:true

09-13 12:50:38.627 23183 23183 I NetSharing_NSReceiver: sp customizedNS:true

09-13 12:50:38.647 23183 23183 I NetSharing_NSReceiver: customizedNS2:truecustomizedML2:false

09-13 12:50:38.657  1436  1534 I Adreno200-EGLSUB: <CreateImage:893>: Android Image

09-13 12:50:38.657  1436  1534 I Adreno200-EGLSUB: <GetImageAttributes:1102>: RGBA_8888

09-13 12:50:38.687 23183 23183 I NetSharing_NSReceiver: LAN Type:false ML Type:true

09-13 12:50:38.687 23183 23183 I NetSharing_NSReceiver: IS Type:true IS_ML:false

09-13 12:50:38.958 23183 23183 I NetSharing_NSReceiver: wifienabled:false

09-13 12:50:39.018  1580  1805 I ActivityManager: Start proc com.smarterdroid.wififiletransferpro for broadcast com.smarterdroid.wififiletransferpro/.WifiReceiver: pid=23203 uid=10027 gids={1015, 3003}

09-13 12:50:39.178  1580 23164 W AudioTrack: obtainBuffer timed out (is the CPU pegged?) 0x9b8a30 user=000012c0, server=00000000

09-13 12:50:39.208  1436  1534 I Adreno200-EGLSUB: <CreateImage:893>: Android Image

09-13 12:50:39.208  1436  1534 I Adreno200-EGLSUB: <GetImageAttributes:1102>: RGBA_8888

09-13 12:50:39.838  1580  1591 I ActivityManager: Process com.android.settings (pid 23183) has died.

09-13 12:50:40.469  1580  2648 I ActivityManager: Process com.smarterdroid.wififiletransferpro (pid 23203) has died.

09-13 12:50:40.659 11703 11703 W ManagedEGLContext: doTerminate failed: EGL count is 2 but managed count is 1

09-13 12:50:40.669 11703 11703 W ManagedEGLContext: doTerminate failed: EGL count is 2 but managed count is 1

09-13 12:50:42.191  1580 23164 W AudioTrack: obtainBuffer timed out (is the CPU pegged?) 0x9b8a30 user=000012c0, server=00000000

09-13 12:50:45.194  1580 23164 W AudioTrack: obtainBuffer timed out (is the CPU pegged?) 0x9b8a30 user=000012c0, server=00000000

09-13 12:50:48.187  1580 23164 W AudioTrack: obtainBuffer timed out (is the CPU pegged?) 0x9b8a30 user=000012c0, server=00000000

09-13 12:50:51.190  1580 23164 W AudioTrack: obtainBuffer timed out (is the CPU pegged?) 0x9b8a30 user=000012c0, server=00000000

09-13 12:50:51.850 23165 23165 I Adreno200-EGLSUB: <ConfigWindowMatch:2078>: Format RGBA_8888.

09-13 12:50:51.950  1436  1534 I Adreno200-EGLSUB: <CreateImage:893>: Android Image

09-13 12:50:51.950  1436  1534 I Adreno200-EGLSUB: <GetImageAttributes:1102>: RGBA_8888

09-13 12:50:52.991  1436  1534 I Adreno200-EGLSUB: <CreateImage:893>: Android Image

09-13 12:50:52.991  1436  1534 I Adreno200-EGLSUB: <GetImageAttributes:1102>: RGBA_8888

09-13 12:50:53.001  1436  1534 I Adreno200-EGLSUB: <CreateImage:893>: Android Image

09-13 12:50:53.001  1436  1534 I Adreno200-EGLSUB: <GetImageAttributes:1102>: RGBA_8888

09-13 12:50:54.202  1580 23164 W AudioTrack: obtainBuffer timed out (is the CPU pegged?) 0x9b8a30 user=000012c0, server=00000000

09-13 12:50:54.573  1580 23216 W AudioTrack: obtainBuffer timed out (is the CPU pegged?) 0xf5ddc0 user=000012c0, server=00000000

---- 13/09/2014 12:50:56 ----
