09-13 11:38:31.720  1580  1981 I ActivityManager: Process com.htc.cs (pid 21166) has died.

09-13 11:38:33.002  1580  1978 I ActivityManager: Process android.process.media (pid 21134) has died.

09-13 11:38:34.013  1580  1597 I ActivityManager: Start proc com.android.htccontacts for broadcast com.android.htccontacts/.NotificationRemoveBroadcastReceiver: pid=21218 uid=10003 gids={3003, 1015}

09-13 11:38:34.623  1580  1878 I ActivityManager: Process com.htc.bg (pid 21181) has died.

09-13 11:38:35.014  1580  1804 I ActivityManager: Process com.droids.appwidget.apns (pid 21200) has died.

09-13 11:38:35.054  1580  1596 I InputManagerService: Receive : Intent.ACTION_SCREEN_OFF

09-13 11:38:35.054  1580  1596 I InputManagerService: Disable input method client.

09-13 11:38:35.254  1580  1956 I ActivityManager: Start proc com.android.settings:remote for broadcast com.android.settings/.framework.activity.powersaver.SmartSynServiceReceiver: pid=21238 uid=1000 gids={3006, 1015, 3002, 3001, 3003, 5001, 5004, 5003, 3007}

09-13 11:39:03.151  1580  1978 I ActivityManager: Start proc com.devexpert.weatheradfree for broadcast com.devexpert.weatheradfree/.view.WidgetWeather2x1: pid=21254 uid=10112 gids={3003, 1015}

09-13 11:40:07.191  1580  1637 W ConnectivityService: Exception trying to remove a route: java.lang.IllegalStateException: Unable to communicate with native dameon to add routes - com.android.server.NativeDaemonConnectorException: Cmd {interface route remove wlan0 default 192.168.1.1 32 0.0.0.0} failed with code 400 : {Failed to remove route from default table (No such process)}

09-13 11:40:07.191  1580  1637 W ConnectivityService: Exception trying to remove a route: java.lang.IllegalStateException: Unable to communicate with native dameon to add routes - com.android.server.NativeDaemonConnectorException: Cmd {interface route remove wlan0 default 0.0.0.0 0 192.168.1.1} failed with code 400 : {Failed to remove route from default table (No such process)}

09-13 11:40:07.881  1580  1958 I ActivityManager: Start proc android.process.media for broadcast com.android.providers.drm/.DrmScannerReceiver: pid=21273 uid=10016 gids={1015, 1023, 1024, 5001, 5002, 2001, 3003, 3007}

09-13 11:40:08.151  1580  1981 I ActivityManager: Process com.android.settings:remote (pid 21238) has died.

09-13 11:40:08.201  1580  1958 I ActivityManager: Start proc com.android.settings for broadcast com.android.settings/.wifi.WifiStatusReceiver: pid=21289 uid=1000 gids={3006, 1015, 3002, 3001, 3003, 5001, 5004, 5003, 3007}

09-13 11:40:08.461  1580  1592 I ActivityManager: Process com.devexpert.weatheradfree (pid 21254) has died.

09-13 11:40:08.742  1580  1591 I ActivityManager: Start proc com.smarterdroid.wififiletransferpro for broadcast com.smarterdroid.wififiletransferpro/.WifiReceiver: pid=21307 uid=10027 gids={1015, 3003}

09-13 11:40:08.892  1580  1805 I ActivityManager: Process android.process.media (pid 21273) has died.

09-13 11:40:10.283  1580  1597 I ActivityManager: Start proc android.process.media for broadcast com.android.providers.downloads/.DownloadReceiver: pid=21320 uid=10016 gids={1015, 1023, 1024, 5001, 5002, 2001, 3003, 3007}

09-13 11:40:10.463  1580  1982 I ActivityManager: Start proc com.htc.htcMessageUploader for broadcast com.htc.htcMessageUploader/.UploadMessageReceiver: pid=21339 uid=10047 gids={3003}

09-13 11:40:10.613  1580  1958 I ActivityManager: Start proc com.htc.cs for broadcast com.htc.cs/.receiver.PoweronReceiver: pid=21353 uid=10010 gids={3003, 1015, 5001, 2001}

09-13 11:40:10.664  1580  1956 I ActivityManager: Process com.smarterdroid.wififiletransferpro (pid 21307) has died.

09-13 11:40:10.724  1580  1878 I ActivityManager: Start proc com.htc.bg for broadcast com.htc.providers.uploads/.UploadReceiver: pid=21366 uid=10010 gids={3003, 1015, 5001, 2001}

09-13 11:40:10.824  1580  1958 I ActivityManager: Process com.android.settings (pid 21289) has died.

09-13 11:40:10.944  1580  2648 I ActivityManager: Start proc com.droids.appwidget.apns for broadcast com.droids.appwidget.apns/.APNWidgetProvider: pid=21383 uid=10053 gids={3003}

09-13 11:40:11.194  1580  1805 I ActivityManager: Process android.process.media (pid 21320) has died.

09-13 11:40:23.426  1580  1597 I ActivityManager: Start proc com.android.settings for broadcast com.android.settings/.wifi.WifiOffloadRequest: pid=21398 uid=1000 gids={3006, 1015, 3002, 3001, 3003, 5001, 5004, 5003, 3007}

09-13 11:40:54.346  1580  1784 W ThrottleService: unable to find stats for iface rmnet0

09-13 11:41:01.123  1580  1597 I ActivityManager: Start proc com.devexpert.weatheradfree for broadcast com.devexpert.weatheradfree/.view.WidgetWeather2x1: pid=21412 uid=10112 gids={3003, 1015}

09-13 11:41:01.693  1580  1580 I ActivityManager: Process com.htc.htcMessageUploader (pid 21339) has died.

09-13 11:53:35.522  1580  1784 W ThrottleService: unable to find stats for iface rmnet0

09-13 11:53:35.552  1580  1596 I ActivityManager: Start proc com.android.settings:remote for broadcast com.android.settings/.framework.activity.powersaver.SmartSyncScreenOnOffTimeReceiver: pid=21428 uid=1000 gids={3006, 1015, 3002, 3001, 3003, 5001, 5004, 5003, 3007}

09-13 11:53:42.300  1580  1580 I ActivityManager: Process com.htc.cs (pid 21353) has died.

09-13 11:53:44.522  1580  1597 I ActivityManager: Start proc android.process.media for broadcast com.android.providers.drm/.DrmScannerReceiver: pid=21442 uid=10016 gids={1015, 1023, 1024, 5001, 5002, 2001, 3003, 3007}

09-13 11:53:45.103  1580  1580 I ActivityManager: Start proc com.smarterdroid.wififiletransferpro for broadcast com.smarterdroid.wififiletransferpro/.WifiReceiver: pid=21494 uid=10027 gids={1015, 3003}

09-13 11:53:45.153  1580  1805 I ActivityManager: Process com.htc.bg (pid 21366) has died.

09-13 11:53:45.703  1580  1750 I ActivityManager: Process com.droids.appwidget.apns (pid 21383) has died.

09-13 11:53:45.933  1580  1610 W AlarmManager: RXTXtriggerAlarmsLocked

09-13 11:53:47.004  1580  1592 I ActivityManager: Process com.devexpert.weatheradfree (pid 21412) has died.

09-13 11:53:49.357  1580  2651 I ActivityManager: Start proc com.htc.htcMessageUploader for broadcast com.htc.htcMessageUploader/.UploadMessageReceiver: pid=21521 uid=10047 gids={3003}

09-13 11:53:49.427  1580  1872 I ActivityManager: Start proc com.htc.cs for broadcast com.htc.cs/.receiver.PoweronReceiver: pid=21536 uid=10010 gids={3003, 1015, 5001, 2001}

09-13 11:53:49.527  1580  2647 I ActivityManager: Start proc com.htc.bg for broadcast com.htc.providers.uploads/.UploadReceiver: pid=21550 uid=10010 gids={3003, 1015, 5001, 2001}

09-13 11:53:49.797  1580  2651 I ActivityManager: Start proc com.droids.appwidget.apns for broadcast com.droids.appwidget.apns/.APNWidgetProvider: pid=21568 uid=10053 gids={3003}

09-13 11:53:49.937  1580  1591 I ActivityManager: Process com.android.settings:remote (pid 21428) has died.

09-13 11:53:50.278  1580  1592 I ActivityManager: Process com.smarterdroid.wififiletransferpro (pid 21494) has died.

09-13 11:53:51.659  1580  2647 I ActivityManager: Process com.android.settings (pid 21398) has died.

09-13 11:54:01.118  1580  1597 I ActivityManager: Start proc com.devexpert.weatheradfree for broadcast com.devexpert.weatheradfree/.view.WidgetWeather2x1: pid=21599 uid=10112 gids={3003, 1015}

09-13 11:54:02.349  1580  1591 I ActivityManager: Process android.process.media (pid 21442) has died.

09-13 11:59:05.102  1580  1591 I ActivityManager: Process com.htc.htcMessageUploader (pid 21521) has died.

09-13 11:59:44.121  1580  1596 I InputManagerService: Receive : Intent.ACTION_SCREEN_ON

09-13 11:59:44.121  1580  1596 I InputManagerService: Enable input method client.

09-13 11:59:44.181  1580  1612 I WindowManager: Lock screen displayed!

09-13 11:59:44.661  1580  2648 I ActivityManager: Start proc com.android.settings:remote for broadcast com.android.settings/.framework.activity.powersaver.SmartSynServiceReceiver: pid=21634 uid=1000 gids={3006, 1015, 3002, 3001, 3003, 5001, 5004, 5003, 3007}

09-13 11:59:44.831  1580  1591 I ActivityManager: Process com.htc.cs (pid 21536) has died.

09-13 11:59:45.502  1580  1878 W AlarmManager: RemoveAPPAlarmPendingIntent has no PendingIntent operation

09-13 11:59:45.502  1580  1870 W AlarmManager: RemoveAPPAlarmPendingIntent has no PendingIntent operation

09-13 11:59:45.502  1580  1978 W AlarmManager: RemoveAPPAlarmPendingIntent has no PendingIntent operation

09-13 11:59:45.502  1580  1805 W AlarmManager: RemoveAPPAlarmPendingIntent has no PendingIntent operation

09-13 11:59:45.502  1580  1981 W AlarmManager: RemoveAPPAlarmPendingIntent has no PendingIntent operation

09-13 11:59:45.502  1580  2651 W AlarmManager: RemoveAPPAlarmPendingIntent has no PendingIntent operation

09-13 11:59:45.502  1580  1591 W AlarmManager: RemoveAPPAlarmPendingIntent has no PendingIntent operation

09-13 11:59:45.512  1580  1592 W AlarmManager: RemoveAPPAlarmPendingIntent has no PendingIntent operation

09-13 11:59:45.902  1580  1597 I ActivityManager: Start proc com.htc.cs for broadcast com.htc.cs/.receiver.PoweronReceiver: pid=21649 uid=10010 gids={3003, 1015, 5001, 2001}

09-13 11:59:46.132  1580  1956 W InputManagerService: Window already focused, ignoring focus gain of: com.android.internal.view.IInputMethodClient$Stub$Proxy@40e2e378

09-13 11:59:47.163  1580  2648 I ActivityManager: Process com.droids.appwidget.apns (pid 21568) has died.

09-13 11:59:47.353  1580  2651 I ActivityManager: Process com.htc.bg (pid 21550) has died.

09-13 11:59:48.524  1580  1958 I ActivityManager: START intent from pid 11703

09-13 11:59:48.885  1580  1982 I ActivityManager: Process com.android.settings:remote (pid 21634) has died.

09-13 11:59:49.405  1580  1958 I ActivityManager: Process com.htc.cs (pid 21649) has died.

09-13 11:59:49.916  1580  1981 I ActivityManager: Process com.devexpert.weatheradfree (pid 21599) has died.

09-13 11:59:50.476  1580  1958 I InputManagerService: [unbindCurrentClientLocked] Disable input method client.

09-13 11:59:50.476  1580  1958 I InputManagerService: [startInputLocked] Enable input method client.

09-13 11:59:50.486  1580  1804 W InputManagerService: Starting input on non-focused client com.android.internal.view.IInputMethodClient$Stub$Proxy@41280e50 (uid=9999 pid=11703)

09-13 11:59:51.197  1580  1597 I ActivityManager: Start proc com.htc.idlescreen.base for broadcast com.htc.idlescreen.base/.setting.UpdateShortcutReceiver: pid=21675 uid=10059 gids={3003}

09-13 11:59:59.605  1580  1870 I InputManagerService: [unbindCurrentClientLocked] Disable input method client.

09-13 11:59:59.605  1580  1870 I InputManagerService: [startInputLocked] Enable input method client.

09-13 12:00:00.076  1580  2648 I ActivityManager: Start proc com.htc.calendar for broadcast com.htc.calendar/.app.widget.CalendarAppWidgetService$CalendarFactory: pid=21701 uid=10010 gids={3003, 1015, 5001, 2001}

09-13 12:00:00.416  1580  1981 I ActivityManager: Process com.htc.idlescreen.base (pid 21675) has died.

09-13 12:00:00.806  1580  1978 I ActivityManager: Start proc com.htc.task for broadcast com.htc.task/.TodoReceiver: pid=21717 uid=10069 gids={}

09-13 12:00:01.257  1580  1580 I ActivityManager: Start proc com.devexpert.weatheradfree for broadcast com.devexpert.weatheradfree/.view.WidgetWeather2x1: pid=21730 uid=10112 gids={3003, 1015}

09-13 12:00:01.517  1580  1878 I ActivityManager: Process com.htc.calendar (pid 21701) has died.

09-13 12:00:02.078  1580  1981 I ActivityManager: Process com.android.htccontacts (pid 21218) has died.

09-13 12:00:02.788  1580  1597 I ActivityManager: Start proc com.htc.idlescreen.base for broadcast com.htc.idlescreen.base/.setting.UpdateShortcutReceiver: pid=21747 uid=10059 gids={3003}

09-13 12:00:03.669  1580  1956 I ActivityManager: Process com.htc.task (pid 21717) has died.

09-13 12:01:48.742  1580  1592 I ActivityManager: moveTaskToBack: 21

09-13 12:01:50.473  1580  1597 I ActivityManager: Start proc android.process.media for service com.android.providers.media/.MediaDBMigrationService: pid=21788 uid=10016 gids={1015, 1023, 1024, 5001, 5002, 2001, 3003, 3007}

09-13 12:01:50.644  1580  2648 I ActivityManager: Process com.google.process.location (pid 19991) has died.

09-13 12:01:50.664  1580  2648 W ActivityManager: Scheduling restart of crashed service com.google.android.gms/com.google.android.location.internal.GoogleLocationManagerService in 5000ms

09-13 12:01:50.664  1580  2648 W ActivityManager: Scheduling restart of crashed service com.google.android.gms/com.google.android.location.internal.server.GoogleLocationService in 14999ms

09-13 12:01:50.664  1580  2648 W ActivityManager: Scheduling restart of crashed service com.google.android.gms/com.google.android.location.reporting.service.DispatchingService in 24996ms

09-13 12:01:50.664  1580  2648 W ActivityManager: Scheduling restart of crashed service com.google.android.gms/com.google.android.location.fused.NlpLocationReceiverService in 34995ms

09-13 12:01:51.685  1580  1978 I InputManagerService: [unbindCurrentClientLocked] Disable input method client.

09-13 12:01:51.685  1580  1978 I InputManagerService: [startInputLocked] Enable input method client.

09-13 12:01:51.765  1580  1597 I ActivityManager: Start proc com.android.htccontacts for broadcast com.android.htccontacts/.NotificationRemoveBroadcastReceiver: pid=21808 uid=10003 gids={3003, 1015}

09-13 12:01:52.335  1580  1580 I ActivityManager: Start proc com.android.mms for broadcast com.android.mms/.transaction.PrivilegedSmsReceiver: pid=21823 uid=10065 gids={3003, 1015, 5002}

09-13 12:01:52.675  1580  1981 I ActivityManager: Process com.google.android.gms.wearable (pid 20124) has died.

09-13 12:01:53.987  1580  1597 E NotificationService: Ignoring notification with icon==0: Notification(contentView=null vibrate=null,sound=nullnull,defaults=0x0,flags=0x62)

09-13 12:01:55.678  1580  1597 I ActivityManager: Start proc com.google.process.location for service com.google.android.gms/com.google.android.location.internal.GoogleLocationManagerService: pid=21862 uid=10012 gids={3003, 1015, 1007, 1006, 3002, 3001, 2001, 3006}

09-13 12:01:56.059  1580  1750 I ActivityManager: Process com.devexpert.weatheradfree (pid 21730) has died.

09-13 12:01:57.310  1580  2647 I ActivityManager: Start proc com.htc.sdm for content provider com.htc.sdm/.provider.SDMProvider: pid=21878 uid=10052 gids={3003, 2001, 1015, 5001, 5002}

09-13 12:01:58.311  1580  1580 I ActivityManager: moveTaskToBack: 38

09-13 12:01:58.691  1580  2651 I ActivityManager: Process com.htc.idlescreen.base (pid 21747) has died.

09-13 12:01:58.831  1580  1580 I InputManagerService: [unbindCurrentClientLocked] Disable input method client.

09-13 12:01:58.831  1580  1580 I InputManagerService: [startInputLocked] Enable input method client.

09-13 12:01:58.831  1580  1878 I InputManagerService: [unbindCurrentClientLocked] Disable input method client.

09-13 12:01:58.831  1580  1878 I InputManagerService: [startInputLocked] Enable input method client.

09-13 12:01:58.852  1580  1592 I InputManagerService: [unbindCurrentClientLocked] Disable input method client.

09-13 12:01:58.852  1580  1592 I InputManagerService: [startInputLocked] Enable input method client.

09-13 12:01:58.862  1580  1870 I InputManagerService: [unbindCurrentClientLocked] Disable input method client.

09-13 12:01:58.862  1580  1870 I InputManagerService: [startInputLocked] Enable input method client.

09-13 12:01:58.882  1580  1804 I InputManagerService: [unbindCurrentClientLocked] Disable input method client.

09-13 12:01:58.882  1580  1804 I InputManagerService: [startInputLocked] Enable input method client.

09-13 12:01:58.882  1580  2651 I InputManagerService: [unbindCurrentClientLocked] Disable input method client.

09-13 12:01:58.882  1580  2651 I InputManagerService: [startInputLocked] Enable input method client.

09-13 12:01:58.902  1580  1872 I InputManagerService: [unbindCurrentClientLocked] Disable input method client.

09-13 12:01:58.902  1580  1872 I InputManagerService: [startInputLocked] Enable input method client.

09-13 12:01:58.902  1580  1591 I InputManagerService: [unbindCurrentClientLocked] Disable input method client.

09-13 12:01:58.902  1580  1591 I InputManagerService: [startInputLocked] Enable input method client.

09-13 12:01:58.922  1580  1805 I InputManagerService: [unbindCurrentClientLocked] Disable input method client.

09-13 12:01:58.922  1580  1805 I InputManagerService: [startInputLocked] Enable input method client.

09-13 12:01:58.922  1580  1981 I InputManagerService: [unbindCurrentClientLocked] Disable input method client.

09-13 12:01:58.922  1580  1981 I InputManagerService: [startInputLocked] Enable input method client.

09-13 12:01:58.972  1580  1750 I InputManagerService: [unbindCurrentClientLocked] Disable input method client.

09-13 12:01:58.972  1580  1750 I InputManagerService: [startInputLocked] Enable input method client.

09-13 12:01:58.972  1580  2648 I InputManagerService: [unbindCurrentClientLocked] Disable input method client.

09-13 12:01:58.972  1580  2648 I InputManagerService: [startInputLocked] Enable input method client.

09-13 12:01:58.992  1580  1956 I InputManagerService: [unbindCurrentClientLocked] Disable input method client.

09-13 12:01:58.992  1580  1956 I InputManagerService: [startInputLocked] Enable input method client.

09-13 12:01:58.992  1580  1956 I InputManagerService: [unbindCurrentClientLocked] Disable input method client.

09-13 12:01:58.992  1580  1956 I InputManagerService: [startInputLocked] Enable input method client.

09-13 12:01:59.012  1580  2647 I InputManagerService: [unbindCurrentClientLocked] Disable input method client.

09-13 12:01:59.012  1580  2647 I InputManagerService: [startInputLocked] Enable input method client.

09-13 12:01:59.022  1580  1878 I InputManagerService: [unbindCurrentClientLocked] Disable input method client.

09-13 12:01:59.022  1580  1878 I InputManagerService: [startInputLocked] Enable input method client.

09-13 12:01:59.032  1580  1870 I InputManagerService: [unbindCurrentClientLocked] Disable input method client.

09-13 12:01:59.032  1580  1870 I InputManagerService: [startInputLocked] Enable input method client.

09-13 12:01:59.042  1580  1804 I InputManagerService: [unbindCurrentClientLocked] Disable input method client.

09-13 12:01:59.042  1580  1804 I InputManagerService: [startInputLocked] Enable input method client.

09-13 12:01:59.072  1580  2651 I InputManagerService: [unbindCurrentClientLocked] Disable input method client.

09-13 12:01:59.072  1580  2651 I InputManagerService: [startInputLocked] Enable input method client.

09-13 12:01:59.072  1580  1872 I InputManagerService: [unbindCurrentClientLocked] Disable input method client.

09-13 12:01:59.072  1580  1872 I InputManagerService: [startInputLocked] Enable input method client.

09-13 12:01:59.102  1580  1591 I InputManagerService: [unbindCurrentClientLocked] Disable input method client.

09-13 12:01:59.102  1580  1591 I InputManagerService: [startInputLocked] Enable input method client.

09-13 12:01:59.102  1580  1805 I InputManagerService: [unbindCurrentClientLocked] Disable input method client.

09-13 12:01:59.102  1580  1805 I InputManagerService: [startInputLocked] Enable input method client.

09-13 12:01:59.112  1580  1981 I InputManagerService: [unbindCurrentClientLocked] Disable input method client.

09-13 12:01:59.112  1580  1981 I InputManagerService: [startInputLocked] Enable input method client.

09-13 12:01:59.122  1580  1978 I InputManagerService: [unbindCurrentClientLocked] Disable input method client.

09-13 12:01:59.122  1580  1978 I InputManagerService: [startInputLocked] Enable input method client.

09-13 12:01:59.142  1580  1750 I InputManagerService: [unbindCurrentClientLocked] Disable input method client.

09-13 12:01:59.142  1580  1750 I InputManagerService: [startInputLocked] Enable input method client.

09-13 12:01:59.142  1580  2648 W InputManagerService: Starting input on non-focused client com.android.internal.view.IInputMethodClient$Stub$Proxy@4144bc60 (uid=10003 pid=1808)

09-13 12:01:59.442  1580  1870 I ActivityManager: Process com.android.htccontacts (pid 21808) has died.

09-13 12:02:00.543  1580  1878 I ActivityManager: Start proc com.google.android.gms.wearable for service com.google.android.gms/.wearable.service.WearableService: pid=21898 uid=10012 gids={3003, 1015, 1007, 1006, 3002, 3001, 2001, 3006}

09-13 12:02:01.144  1580  1597 I ActivityManager: Start proc com.devexpert.weatheradfree for broadcast com.devexpert.weatheradfree/.view.WidgetWeather2x1: pid=21913 uid=10112 gids={3003, 1015}

09-13 12:02:02.615  1580  1870 I ActivityManager: Process com.htc.sdm (pid 21878) has died.

09-13 12:02:05.088  1580  1580 I ActivityManager: Process com.devexpert.weatheradfree (pid 21913) has died.

09-13 12:02:05.128  1580  2647 I ActivityManager: Start proc com.htc.bg for content provider com.htc.provider.settings/.NotificationFlashLightProvider: pid=21946 uid=10010 gids={3003, 1015, 5001, 2001}

09-13 12:02:06.509  1580  1580 I ActivityManager: Process com.htc.bg (pid 21946) has died.

09-13 12:02:07.750  1580  1580 E LocationManagerService: add listener to CarGpsProvider to provide NMEA

09-13 12:02:09.502  1580  1597 I ActivityManager: Start proc com.android.settings for broadcast com.android.settings/.wifi.WifiOffloadRequest: pid=21971 uid=1000 gids={3006, 1015, 3002, 3001, 3003, 5001, 5004, 5003, 3007}

09-13 12:02:10.733  1580  1956 I ActivityManager: Process com.android.settings (pid 21971) has died.

09-13 12:02:11.334  1580  1597 I ActivityManager: Start proc com.android.htccontacts for broadcast com.android.htccontacts/.NotificationRemoveBroadcastReceiver: pid=21990 uid=10003 gids={3003, 1015}

09-13 12:02:11.504  1580  2647 I ActivityManager: Process com.android.mms (pid 21823) has died.

09-13 12:02:12.525  1580  1805 I ActivityManager: Process com.android.htccontacts (pid 21990) has died.

09-13 12:02:20.823  1580  1981 W InputManagerService: Window already focused, ignoring focus gain of: com.android.internal.view.IInputMethodClient$Stub$Proxy@4106bfd8

09-13 12:03:01.122  1580  1597 I ActivityManager: Start proc com.devexpert.weatheradfree for broadcast com.devexpert.weatheradfree/.view.WidgetWeather2x1: pid=22011 uid=10112 gids={3003, 1015}

09-13 12:03:02.404  1580  1956 I ActivityManager: Process com.devexpert.weatheradfree (pid 22011) has died.

09-13 12:03:20.952  1580  1596 I InputManagerService: Receive : Intent.ACTION_SCREEN_OFF

09-13 12:03:20.952  1580  1596 I InputManagerService: Disable input method client.

09-13 12:03:21.522  1580  1591 I ActivityManager: Start proc com.android.settings:remote for broadcast com.android.settings/.framework.activity.powersaver.SmartSynServiceReceiver: pid=22026 uid=1000 gids={3006, 1015, 3002, 3001, 3003, 5001, 5004, 5003, 3007}

09-13 12:03:22.373  1580  1805 I ActivityManager: Process com.android.settings:remote (pid 22026) has died.

09-13 12:03:40.101  1580  1784 W ThrottleService: unable to find stats for iface rmnet0

09-13 12:04:01.115  1580  1597 I ActivityManager: Start proc com.devexpert.weatheradfree for broadcast com.devexpert.weatheradfree/.view.WidgetWeather2x1: pid=22047 uid=10112 gids={3003, 1015}

09-13 12:04:02.656  1580  1592 I ActivityManager: Process com.devexpert.weatheradfree (pid 22047) has died.

09-13 12:05:02.101  1580  1591 I ActivityManager: Start proc com.devexpert.weatheradfree for broadcast com.devexpert.weatheradfree/.view.WidgetWeather2x1: pid=22064 uid=10112 gids={3003, 1015}

09-13 12:08:13.071  1580  1580 I ActivityManager: Process com.devexpert.weatheradfree (pid 22064) has died.

09-13 12:09:02.111  1580  1591 I ActivityManager: Start proc com.devexpert.weatheradfree for broadcast com.devexpert.weatheradfree/.view.WidgetWeather2x1: pid=22085 uid=10112 gids={3003, 1015}

09-13 12:09:33.592  1580  1580 I ActivityManager: Process com.devexpert.weatheradfree (pid 22085) has died.

09-13 12:10:09.050  1580  1597 I ActivityManager: Start proc com.devexpert.weatheradfree for broadcast com.devexpert.weatheradfree/.view.WidgetWeather2x1: pid=22107 uid=10112 gids={3003, 1015}

09-13 12:13:39.071  1580  1805 I ActivityManager: Process com.devexpert.weatheradfree (pid 22107) has died.

09-13 12:13:39.191  1580  1610 W AlarmManager: RXTXtriggerAlarmsLocked

09-13 12:13:44.051  1580  1784 W ThrottleService: unable to find stats for iface rmnet0

09-13 12:14:01.111  1580  1591 I ActivityManager: Start proc com.devexpert.weatheradfree for broadcast com.devexpert.weatheradfree/.view.WidgetWeather2x1: pid=22128 uid=10112 gids={3003, 1015}

09-13 12:18:22.241  1580  1597 I ActivityManager: Start proc com.android.settings:remote for broadcast com.android.settings/.framework.activity.powersaver.SmartSyncScreenOnOffTimeReceiver: pid=22154 uid=1000 gids={3006, 1015, 3002, 3001, 3003, 5001, 5004, 5003, 3007}

09-13 12:18:22.832  1580  1591 I ActivityManager: Process com.devexpert.weatheradfree (pid 22128) has died.

09-13 12:19:05.111  1580  1591 I ActivityManager: Start proc com.devexpert.weatheradfree for broadcast com.devexpert.weatheradfree/.view.WidgetWeather2x1: pid=22168 uid=10112 gids={3003, 1015}

09-13 12:23:50.051  1580  1784 W ThrottleService: unable to find stats for iface rmnet0

09-13 12:24:10.117  1580  1580 I ActivityManager: Process com.google.android.gms.drive (pid 20817) has died.

09-13 12:24:10.117  1580  1580 W ActivityManager: Scheduling restart of crashed service com.google.android.gms/.drive.api.ApiService in 5000ms

09-13 12:24:25.162  1580  1597 I ActivityManager: Start proc com.google.android.gms.drive for service com.google.android.gms/.drive.api.ApiService: pid=22201 uid=10012 gids={3003, 1015, 1007, 1006, 3002, 3001, 2001, 3006}

09-13 12:24:45.221  1580  1870 I ActivityManager: Process com.android.settings:remote (pid 22154) has died.

09-13 12:29:43.101  1580  1610 W AlarmManager: RXTXtriggerAlarmsLocked

09-13 12:33:27.781  1580  1591 I ActivityManager: Process com.devexpert.weatheradfree (pid 22168) has died.

09-13 12:33:50.051  1580  1784 W ThrottleService: unable to find stats for iface rmnet0

09-13 12:34:01.101  1580  1591 I ActivityManager: Start proc com.devexpert.weatheradfree for broadcast com.devexpert.weatheradfree/.view.WidgetWeather2x1: pid=22243 uid=10112 gids={3003, 1015}

09-13 12:39:23.221  1580  1592 I ActivityManager: Process com.devexpert.weatheradfree (pid 22243) has died.

09-13 12:39:33.251  1580  1597 I ActivityManager: Start proc com.devexpert.weatheradfree for broadcast com.devexpert.weatheradfree/.view.WidgetWeather4x3: pid=22272 uid=10112 gids={3003, 1015}

09-13 12:41:46.072  1580  1612 I WindowManager: Lock screen displayed!

09-13 12:41:46.092  1580  1596 I InputManagerService: Receive : Intent.ACTION_SCREEN_ON

09-13 12:41:46.092  1580  1596 I InputManagerService: Enable input method client.

09-13 12:41:46.692  1580  1981 I ActivityManager: Start proc com.android.settings:remote for broadcast com.android.settings/.framework.activity.powersaver.SmartSynServiceReceiver: pid=22290 uid=1000 gids={3006, 1015, 3002, 3001, 3003, 5001, 5004, 5003, 3007}

09-13 12:41:46.972  1580  1878 I ActivityManager: Process com.devexpert.weatheradfree (pid 22272) has died.

09-13 12:41:47.203  1580  1596 I ActivityManager: Start proc com.devexpert.weatheradfree for broadcast com.devexpert.weatheradfree/.view.WidgetWeather2x1: pid=22304 uid=10112 gids={3003, 1015}

09-13 12:41:47.553  1580  1958 I ActivityManager: Process com.android.settings:remote (pid 22290) has died.

09-13 12:41:48.203  1580  1982 I ActivityManager: Start proc com.android.settings:remote for broadcast com.android.settings/.framework.activity.powersaver.SmartSyncScreenOnOffTimeReceiver: pid=22319 uid=1000 gids={3006, 1015, 3002, 3001, 3003, 5001, 5004, 5003, 3007}

09-13 12:41:48.374  1580  1872 I ActivityManager: Process com.devexpert.weatheradfree (pid 22304) has died.

09-13 12:41:48.394  1580  1878 W AlarmManager: RemoveAPPAlarmPendingIntent has no PendingIntent operation

09-13 12:41:48.394  1580  2651 W AlarmManager: RemoveAPPAlarmPendingIntent has no PendingIntent operation

09-13 12:41:48.394  1580  1805 W AlarmManager: RemoveAPPAlarmPendingIntent has no PendingIntent operation

09-13 12:41:48.394  1580  1591 W AlarmManager: RemoveAPPAlarmPendingIntent has no PendingIntent operation

09-13 12:41:48.394  1580  1592 W AlarmManager: RemoveAPPAlarmPendingIntent has no PendingIntent operation

09-13 12:41:48.394  1580  1981 W AlarmManager: RemoveAPPAlarmPendingIntent has no PendingIntent operation

09-13 12:41:48.394  1580  1978 W AlarmManager: RemoveAPPAlarmPendingIntent has no PendingIntent operation

09-13 12:41:48.394  1580  1580 W AlarmManager: RemoveAPPAlarmPendingIntent has no PendingIntent operation

09-13 12:41:48.474  1580  1982 I ActivityManager: Start proc com.devexpert.weatheradfree for broadcast com.devexpert.weatheradfree/.view.WidgetWeather2x1: pid=22333 uid=10112 gids={3003, 1015}

09-13 12:41:48.974  1580  1872 I ActivityManager: Process com.android.settings:remote (pid 22319) has died.

09-13 12:41:51.136  1580  1981 I ActivityManager: Process com.devexpert.weatheradfree (pid 22333) has died.

09-13 12:41:52.588  1580  1597 I ActivityManager: Start proc com.htc.cs for broadcast com.htc.cs/.receiver.PoweronReceiver: pid=22351 uid=10010 gids={3003, 1015, 5001, 2001}

--------- beginning of /dev/log/main

09-13 12:41:52.698 11703 11703 E libEGL  : EGLNativeWindowType 0x123c2c8 already connected to another API

09-13 12:41:52.698 11703 11703 E libEGL  : eglCreateWindowSurface:360 error 300b (EGL_BAD_NATIVE_WINDOW)

09-13 12:41:52.698 11703 11703 E HardwareRenderer: createWindowSurface returned EGL_BAD_NATIVE_WINDOW.

09-13 12:41:52.788  1580  1805 W InputManagerService: Window already focused, ignoring focus gain of: com.android.internal.view.IInputMethodClient$Stub$Proxy@41233b98

09-13 12:41:52.808  1436  1534 E SurfaceTexture: [Keyguard] abandon: SurfaceTexture(0x0x1c45580) has been abandoned!

09-13 12:41:53.038 22351 22351 I ActivityThread: Pub com.htc.connectedservice.csprovider: com.htc.cs.provider.ConnectedServiceProvider

09-13 12:41:53.068 22351 22351 I ActivityThread: Pub com.htc.cs.dashboard: com.htc.cs.sync.dashboard.DashboardProvider

09-13 12:41:53.128  1580  2651 I ActivityManager: Start proc com.devexpert.weatheradfree for broadcast com.devexpert.weatheradfree/.view.WidgetWeather2x1: pid=22365 uid=10112 gids={3003, 1015}

09-13 12:41:53.809  1580  1805 I ActivityManager: Process com.htc.cs (pid 22351) has died.

09-13 12:41:55.380  1439  1563 I AudioHardwareMSM7X30: disable current rx device = 6

09-13 12:41:55.380  1439  1563 I AudioHardwareMSM7X30: AudioHardware pcm playback is going to standby.

09-13 12:41:55.641  1580  1870 W ContentService: binderDied() at ObserverNode

09-13 12:41:55.641  1580  1870 I ActivityManager: Process com.devexpert.weatheradfree (pid 22365) has died.

09-13 12:41:57.342  1436  1534 I Adreno200-EGLSUB: <CreateImage:893>: Android Image

09-13 12:41:57.342  1436  1534 I Adreno200-EGLSUB: <GetImageAttributes:1102>: RGBA_8888

09-13 12:41:57.382 11703 22386 E ContactWidgetMatrix: No need Requery group list and return

09-13 12:41:58.273  1436  1534 I Adreno200-EGLSUB: <CreateImage:893>: Android Image

09-13 12:41:58.273  1436  1534 I Adreno200-EGLSUB: <GetImageAttributes:1102>: RGBA_8888

09-13 12:42:00.916  1580  1597 I ActivityManager: Start proc com.android.mms for broadcast com.android.mms/.transaction.MessageStatusReceiver: pid=22387 uid=10065 gids={3003, 1015, 5002}

09-13 12:42:01.516 22387 22387 I ActivityThread: Pub com.android.mms.SuggestionsProvider: com.android.mms.SuggestionsProvider

09-13 12:42:01.536 22387 22387 I ActivityThread: Pub com.android.mms.customize: com.android.mms.util.CustomizeProvider

09-13 12:42:01.607 22387 22387 I ActivityThread: Pub htc-messages: com.android.mms.util.GenericMessagesProvider

09-13 12:42:01.617 22387 22387 I ActivityThread: Pub wappush: com.android.mms.push.PushMessagesProvider

09-13 12:42:02.547 11703 11703 I FxListViewCollection: FxListViewCollection is created with handle 16515720

09-13 12:42:02.758 11703 11738 E mode10  : FxClickable failed post-load initialize.

09-13 12:42:03.008 11703 11738 E mode10  : FxClickable failed post-load initialize.

09-13 12:42:03.108 11703 11738 E mode10  : FxClickable failed post-load initialize.

09-13 12:42:03.188 11703 11738 E mode10  : FxClickable failed post-load initialize.

09-13 12:42:03.228 11703 11738 E mode10  : FxClickable failed post-load initialize.

09-13 12:42:03.248 11703 11738 E mode10  : FxClickable failed post-load initialize.

09-13 12:42:03.268 11703 11738 E mode10  : FxClickable failed post-load initialize.

09-13 12:42:03.308 11703 11738 E mode10  : FxClickable failed post-load initialize.

09-13 12:42:03.328 11703 11738 E mode10  : FxClickable failed post-load initialize.

09-13 12:42:03.659 11703 11703 W dalvikvm: disableGcForExternalAlloc: true

09-13 12:42:03.989 22387 22387 I Messaging: mccmnc> 71606

09-13 12:42:04.129  1439  1563 I AudioHardwareMSM7X30: doTpa2051_Control mode = 1 rc = 0

09-13 12:42:04.129  1439  1563 E AudioHardwareMSM7X30: get_batt_temp: cannot open /sys/devices/platform/rs30100001:00000000/power_supply/battery/batt_temp: No such file or directory

09-13 12:42:04.229  1439  1563 I AudioHardwareMSM7X30: batt_temp =278

09-13 12:42:04.229  1439  1563 I HTC Acoustic: update ACDB id: (tx, rx, tx_acdb, rx_acdb) = (11, 6, 0, 607)

09-13 12:42:04.229  1439  1563 I AudioHardwareMSM7X30: AUDIO_START: start kernel pcm_out driver.

09-13 12:42:04.529  1580  1982 I ActivityManager: Start proc com.devexpert.weatheradfree for broadcast com.devexpert.weatheradfree/.view.WidgetWeather2x1: pid=22417 uid=10112 gids={3003, 1015}

09-13 12:42:05.030 11703 11703 W dalvikvm: disableGcForExternalAlloc: false

09-13 12:42:05.430  1580  1805 W ContentService: binderDied() at ObserverNode

09-13 12:42:05.430  1580  1805 W ContentService: binderDied() at ObserverNode

09-13 12:42:05.430  1580  1805 W ContentService: binderDied() at ObserverNode

09-13 12:42:05.430  1580  1805 W ContentService: binderDied() at ObserverNode

09-13 12:42:05.430  1580  1805 I ActivityManager: Process com.android.mms (pid 22387) has died.

09-13 12:42:06.021  1580  2648 I ActivityManager: Start proc com.android.mms for broadcast com.android.mms/.transaction.MessageStatusReceiver: pid=22432 uid=10065 gids={3003, 1015, 5002}

09-13 12:42:06.191 22432 22432 I ActivityThread: Pub com.android.mms.SuggestionsProvider: com.android.mms.SuggestionsProvider

09-13 12:42:06.191 22432 22432 I ActivityThread: Pub com.android.mms.customize: com.android.mms.util.CustomizeProvider

09-13 12:42:06.241 22432 22432 I ActivityThread: Pub htc-messages: com.android.mms.util.GenericMessagesProvider

09-13 12:42:06.251 22432 22432 I ActivityThread: Pub wappush: com.android.mms.push.PushMessagesProvider

09-13 12:42:06.601 11703 11703 W dalvikvm: disableGcForExternalAlloc: true

09-13 12:42:06.722  1580  1982 W ContentService: binderDied() at ObserverNode

09-13 12:42:06.722  1580  1982 I ActivityManager: Process com.devexpert.weatheradfree (pid 22417) has died.

09-13 12:42:07.082 11703 11703 W dalvikvm: disableGcForExternalAlloc: false

09-13 12:42:07.172 22432 22432 I Messaging: mccmnc> 71606

09-13 12:42:07.272  1439  1563 I AudioHardwareMSM7X30: disable current rx device = 6

09-13 12:42:07.272  1439  1563 I AudioHardwareMSM7X30: AudioHardware pcm playback is going to standby.

09-13 12:42:07.322  1580  1805 I ActivityManager: Start proc com.android.htccontacts for broadcast com.android.htccontacts/.NotificationRemoveBroadcastReceiver: pid=22459 uid=10003 gids={3003, 1015}

09-13 12:42:07.462  1580  1978 W ContentService: binderDied() at ObserverNode

09-13 12:42:07.462  1580  1978 W ContentService: binderDied() at ObserverNode

09-13 12:42:07.462  1580  1982 I ActivityManager: Process com.android.mms (pid 22432) has died.

09-13 12:42:07.662 22459 22459 E PeopleApp: DialerService connected !

09-13 12:42:07.692  1580  1958 I ActivityManager: Start proc com.devexpert.weatheradfree for broadcast com.devexpert.weatheradfree/.view.WidgetWeather2x1: pid=22474 uid=10112 gids={3003, 1015}

09-13 12:42:07.753  1580  1878 I ActivityManager: Process com.android.htccontacts (pid 22459) has died.

09-13 12:42:09.734  1580  1872 W ContentService: binderDied() at ObserverNode

09-13 12:42:09.734  1580  2648 I ActivityManager: Process com.devexpert.weatheradfree (pid 22474) has died.

09-13 12:42:09.885 11703 11703 W dalvikvm: disableGcForExternalAlloc: true

09-13 12:42:10.305 11703 11703 W dalvikvm: disableGcForExternalAlloc: false

09-13 12:42:10.805 11703 11703 W dalvikvm: disableGcForExternalAlloc: true

09-13 12:42:11.306 11703 11703 W dalvikvm: disableGcForExternalAlloc: false

09-13 12:42:12.567  1580  1616 I ActivityManager: START intent from pid 1580

09-13 12:42:12.657 11703 11703 W dalvikvm: disableGcForExternalAlloc: false

09-13 12:42:13.198  1436  1534 I Adreno200-EGLSUB: <CreateImage:893>: Android Image

09-13 12:42:13.198  1436  1534 I Adreno200-EGLSUB: <GetImageAttributes:1102>: RGBA_8888

09-13 12:42:13.208  1580  1611 I ActivityManager: Displayed android/com.android.internal.app.ResolverActivity: +574ms

09-13 12:42:14.359  1436  1534 I Adreno200-EGLSUB: <CreateImage:893>: Android Image

09-13 12:42:14.359  1436  1534 I Adreno200-EGLSUB: <GetImageAttributes:1102>: RGBA_8888

09-13 12:42:16.601  1436  1436 E SurfaceTexture: [com.htc.launcher/com.htc.launcher.Launcher] connect: already connected (cur=2, req=1)

09-13 12:42:16.601 11703 11703 E libEGL  : EGLNativeWindowType 0x123c2c8 already connected to another API

09-13 12:42:16.601 11703 11703 E libEGL  : eglCreateWindowSurface:360 error 300b (EGL_BAD_NATIVE_WINDOW)

09-13 12:42:16.601 11703 11703 E HardwareRenderer: createWindowSurface returned EGL_BAD_NATIVE_WINDOW.

09-13 12:42:16.621  1580  1870 W InputManagerService: Window already focused, ignoring focus gain of: com.android.internal.view.IInputMethodClient$Stub$Proxy@4117e378

09-13 12:42:16.751  1436  1534 E SurfaceTexture: [android/com.android.internal.app.ResolverActivity] abandon: SurfaceTexture(0x0x1c45580) has been abandoned!

09-13 12:42:17.392 11703 11703 W dalvikvm: disableGcForExternalAlloc: true

09-13 12:42:17.682 11703 11703 W dalvikvm: disableGcForExternalAlloc: false

09-13 12:42:17.692 11703 11703 W Rosie   : mAddHtcWidgetByOtherActivity = false, mIsOpenSlideWhenLeaveLaunch = false

09-13 12:42:19.734 20484 20500 W GA-SERVICE: Thread[Thread-2289,5,main]: hit:_gmsv=1-5089034&ul=es-es&sr=480x800&ht=1409542515821&a=454299799&sc=start&AppUID=10103&aid=com.rhmsoft.fm&cid=3516c8b4-92af-4bc9-8176-722aa7da4919&av=1.17.0&v=1&t=appview&an=File+Manager&aiid=com.android.vending&tid=UA-39734161-2&_u=.nUWlMB&_v=ma1b6&cd=com.rhmsoft.fm.FileManager&qt=1087623906&z=1

09-13 12:42:19.734 20484 20500 W GA-SERVICE: Thread[Thread-2289,5,main]: hit:_gmsv=1-5089034&ul=es-es&sr=480x800&ht=1409542552107&a=1433136223&AppUID=10103&aid=com.rhmsoft.fm&cid=3516c8b4-92af-4bc9-8176-722aa7da4919&av=1.17.0&v=1&t=appview&an=File+Manager&aiid=com.android.vending&tid=UA-39734161-2&_u=.B&_v=ma1b6&cd=com.rhmsoft.fm.FileManager&qt=1087587620&z=2

09-13 12:42:19.734 20484 20500 W GA-SERVICE: Thread[Thread-2289,5,main]: hit:_gmsv=1-5089034&ul=es-es&sr=480x800&ht=1409542609874&a=1643367922&sc=start&AppUID=10103&aid=com.rhmsoft.fm&cid=3516c8b4-92af-4bc9-8176-722aa7da4919&av=1.17.0&v=1&t=appview&an=File+Manager&aiid=com.android.vending&tid=UA-39734161-2&_u=.MB&_v=ma1b6&cd=com.rhmsoft.fm.FileManager&qt=1087529853&z=3

09-13 12:42:19.734 20484 20500 W GA-SERVICE: Thread[Thread-2289,5,main]: hit:_gmsv=1-5089034&ul=es-es&sr=480x800&ht=1409542625957&a=235720775&AppUID=10103&aid=com.rhmsoft.fm&cid=3516c8b4-92af-4bc9-8176-722aa7da4919&av=1.17.0&v=1&t=appview&an=File+Manager&aiid=com.android.vending&tid=UA-39734161-2&_u=.B&_v=ma1b6&cd=com.rhmsoft.fm.FileManager&qt=1087513770&z=4

09-13 12:42:19.734 20484 20500 W GA-SERVICE: Thread[Thread-2289,5,main]: hit:_gmsv=1-5089034&ev=1&ul=es-es&sr=480x800&ht=1409546480866&a=657108144&AppUID=10107&aid=com.anddoes.launcher&ea=Installed+Version%3A+2.6.0&cid=6b07fe29-95e2-4b5b-a3ef-45e1a9a82920&av=2.6.0&ec=Installation&v=1&t=event&el=Prevous+Version%3A+Clean+install&an=Apex+Launcher&tid=UA-23723713-10&_u=.nKyAAAAAL&_v=ma4.0.2&qt=1083658861&z=5

09-13 12:42:19.734 20484 20500 W GA-SERVICE: Thread[Thread-2289,5,main]: hit:_gmsv=1-5089034&ev=0&ul=es-es&sr=480x800&ht=1409546480896&a=657108144&AppUID=10107&aid=com.anddoes.launcher&ea=Start+up+hour&cid=6b07fe29-95e2-4b5b-a3ef-45e1a9a82920&av=2.6.0&ec=General&v=1&t=event&el=23h&an=Apex+Launcher&tid=UA-23723713-10&_u=.yAAAAAL&_v=ma4.0.2&qt=1083658831&z=6

09-13 12:42:19.744 20484 20500 W GA-SERVICE: Thread[Thread-2289,5,main]: hit:_gmsv=1-5089034&ul=es-es&sr=480x800&ht=1409546482381&a=657108144&AppUID=10107&aid=com.anddoes.launcher&cid=6b07fe29-95e2-4b5b-a3ef-45e1a9a82920&av=2.6.0&v=1&t=screenview&an=Apex+Launcher&tid=UA-23723713-10&_u=.K-AL&_v=ma4.0.2&cd=Launcher&qt=1083657346&z=7

09-13 12:42:19.744 20484 20500 W GA-SERVICE: Thread[Thread-2289,5,main]: hit:_gmsv=1-5089034&ul=es&sr=480x800&ht=1409554525317&a=1340490028&sc=start&AppUID=10102&sf=100.0&aid=com.mdroidapps.easybackup&cid=12d71a8d-6c52-4ce5-bc69-5d5692761721&av=3.5&v=1&t=screenview&an=Easy+Backup&aiid=com.android.vending&tid=UA-40427220-6&_u=.2nKK8&_v=ma4.0.2&cd=com.mdroidapps.easybackup.EasyBackupActivity&qt=1075614410&z=8

09-13 12:42:19.754 20484 20500 W GA-SERVICE: Thread[Thread-2289,5,main]: hit:_gmsv=1-5089034&ul=es&sr=480x800&ht=1409554540034&a=1340490029&AppUID=10102&sf=100.0&aid=com.mdroidapps.easybackup&cid=12d71a8d-6c52-4ce5-bc69-5d5692761721&av=3.5&v=1&t=screenview&an=Easy+Backup&aiid=com.android.vending&tid=UA-40427220-6&_u=.r38&_v=ma4.0.2&cd=com.mdroidapps.easybackup.FolderFileList&qt=1075599693&z=9

09-13 12:42:19.754 20484 20500 W GA-SERVICE: Thread[Thread-2289,5,main]: hit:_gmsv=1-5089034&ul=es&sr=480x800&ht=1409554545958&a=1340490030&AppUID=10102&sf=100.0&aid=com.mdroidapps.easybackup&cid=12d71a8d-6c52-4ce5-bc69-5d5692761721&av=3.5&v=1&t=screenview&an=Easy+Backup&aiid=com.android.vending&tid=UA-40427220-6&_u=.r398&_v=ma4.0.2&cd=com.mdroidapps.easybackup.backuprestore.RestoreActivity&qt=1075593769&z=10

09-13 12:42:19.754 20484 20500 W GA-SERVICE: Thread[Thread-2289,5,main]: hit:_gmsv=1-5089034&ul=es&sr=480x800&ht=1409554954520&a=1340490031&AppUID=10102&sf=100.0&aid=com.mdroidapps.easybackup&cid=12d71a8d-6c52-4ce5-bc69-5d5692761721&av=3.5&v=1&t=screenview&an=Easy+Backup&aiid=com.android.vending&tid=UA-40427220-6&_u=.r9398&_v=ma4.0.2&cd=com.mdroidapps.easybackup.backuprestore.RestoreActivity&qt=1075185207&z=11

09-13 12:42:19.764 20484 20500 W GA-SERVICE: Thread[Thread-2289,5,main]: hit:_gmsv=1-5089034&ul=es&sr=480x800&ht=1409555116521&a=1340490032&AppUID=10102&sf=100.0&aid=com.mdroidapps.easybackup&cid=12d71a8d-6c52-4ce5-bc69-5d5692761721&av=3.5&v=1&t=screenview&an=Easy+Backup&aiid=com.android.vending&tid=UA-40427220-6&_u=.r38&_v=ma4.0.2&cd=com.mdroidapps.easybackup.FolderFileList&qt=1075023206&z=12

09-13 12:42:19.764 20484 20500 W GA-SERVICE: Thread[Thread-2289,5,main]: hit:_gmsv=1-5089034&ul=es&sr=480x800&ht=1409555121028&a=1340490033&AppUID=10102&sf=100.0&aid=com.mdroidapps.easybackup&cid=12d71a8d-6c52-4ce5-bc69-5d5692761721&av=3.5&v=1&t=screenview&an=Easy+Backup&aiid=com.android.vending&tid=UA-40427220-6&_u=.9r38&_v=ma4.0.2&cd=com.mdroidapps.easybackup.EasyBackupActivity&qt=1075018699&z=13

09-13 12:42:19.764 20484 20500 W GA-SERVICE: Thread[Thread-2289,5,main]: hit:_gmsv=1-5089034&ul=es&sr=480x800&ht=1409703477998&a=11666120&sc=start&AppUID=10102&sf=100.0&aid=com.mdroidapps.easybackup&cid=12d71a8d-6c52-4ce5-bc69-5d5692761721&av=3.5&v=1&t=screenview&an=Easy+Backup&aiid=com.android.vending&tid=UA-40427220-6&_u=.2nKK8&_v=ma4.0.2&cd=com.mdroidapps.easybackup.EasyBackupActivity&qt=926661729&z=14

09-13 12:42:19.784 20484 20500 W GA-SERVICE: Thread[Thread-2289,5,main]: hit:_gmsv=1-5089034&ul=es&sr=480x800&ht=1409703534428&a=11666121&AppUID=10102&sf=100.0&aid=com.mdroidapps.easybackup&cid=12d71a8d-6c52-4ce5-bc69-5d5692761721&av=3.5&v=1&t=screenview&an=Easy+Backup&aiid=com.android.vending&tid=UA-40427220-6&_u=.r38&_v=ma4.0.2&cd=com.mdroidapps.easybackup.backuprestore.BackupActivity&qt=926605299&z=15

09-13 12:42:19.784 20484 20500 W GA-SERVICE: Thread[Thread-2289,5,main]: hit:_gmsv=1-5089034&ul=es&sr=480x800&ht=1409703600146&a=11666122&AppUID=10102&sf=100.0&aid=com.mdroidapps.easybackup&cid=12d71a8d-6c52-4ce5-bc69-5d5692761721&av=3.5&v=1&t=screenview&an=Easy+Backup&aiid=com.android.vending&tid=UA-40427220-6&_u=.r398&_v=ma4.0.2&cd=com.mdroidapps.easybackup.EasyBackupActivity&qt=926539581&z=16

09-13 12:42:19.784 20484 20500 W GA-SERVICE: Thread[Thread-2289,5,main]: hit:_gmsv=1-5089034&ul=es-es&sr=480x800&ht=1409703628868&sc=start&AppUID=10019&aid=com.oasisfeng.greenify&cid=569a8936-d244-4f2a-b082-224a78f8f14b&av=2.3+%28build+6%29&v=1&t=appview&an=Greenify&tid=UA-39876882-1&_u=.nK8&_v=ma4.0.0&cd=com.oasisfeng.greenify.pro.ExperimentalFeatureSetting&qt=926510859&z=17

09-13 12:42:19.784 20484 20500 W GA-SERVICE: Thread[Thread-2289,5,main]: hit:_gmsv=1-5089034&cd5=Yes&ul=es-es&sr=480x800&ht=1409703634247&AppUID=10019&aid=com.oasisfeng.greenify&cid=569a8936-d244-4f2a-b082-224a78f8f14b&av=2.3+%28build+6%29&v=1&t=appview&an=Greenify&tid=UA-39876882-1&_u=.K9r38&_v=ma4.0.0&cd=com.oasisfeng.greenify.pro.ExperimentalFeatureSetting&qt=926505480&z=18

09-13 12:42:19.794 20484 20500 W GA-SERVICE: Thread[Thread-2289,5,main]: hit:_gmsv=1-5089034&ul=es-es&sr=480x800&ht=1409704068073&sc=start&AppUID=10019&aid=com.oasisfeng.greenify&cid=569a8936-d244-4f2a-b082-224a78f8f14b&av=2.3+%28build+6%29&v=1&t=appview&an=Greenify&tid=UA-39876882-1&_u=.nK8&_v=ma4.0.0&cd=com.oasisfeng.greenify.pro.ExperimentalFeatureSetting&qt=926071654&z=19

09-13 12:42:19.794 20484 20500 W GA-SERVICE: Thread[Thread-2289,5,main]: hit:_gmsv=1-5089034&cd5=Yes&ev=1&ul=es-es&sr=480x800&ht=1409704073596&AppUID=10019&aid=com.oasisfeng.greenify&ea=Success&cid=569a8936-d244-4f2a-b082-224a78f8f14b&av=2.3+%28build+6%29&ec=ExperimentalFeature&v=1&t=event&el=boost_mode&an=Greenify&tid=UA-39876882-1&_u=.Kr3yAAAAAL&_v=ma4.0.0&cd=com.oasisfeng.greenify.pro.ExperimentalFeatureSetting&qt=926066131&z=20

09-13 12:42:20.065 20484 20500 W GA-SERVICE: Thread[Thread-2289,5,main]: Exception sending hit: HttpHostConnectException

09-13 12:42:20.065 20484 20500 W GA-SERVICE: Thread[Thread-2289,5,main]: Connection to https://ssl.google-analytics.com refused

09-13 12:42:20.065 20484 20500 W GA-SERVICE: Thread[Thread-2289,5,main]: Empty hitIds passed to deleteHits.

09-13 12:42:21.996  1580  1616 I ActivityManager: START intent from pid 1580

09-13 12:42:22.127 11703 11703 W dalvikvm: disableGcForExternalAlloc: false

09-13 12:42:22.217  1436  1534 I Adreno200-EGLSUB: <CreateImage:893>: Android Image

09-13 12:42:22.217  1436  1534 I Adreno200-EGLSUB: <GetImageAttributes:1102>: RGBA_8888

09-13 12:42:22.227  1580  1611 I ActivityManager: Displayed android/com.android.internal.app.ResolverActivity: +140ms

09-13 12:42:23.388  1436  1534 I Adreno200-EGLSUB: <CreateImage:893>: Android Image

09-13 12:42:23.388  1436  1534 I Adreno200-EGLSUB: <GetImageAttributes:1102>: RGBA_8888

09-13 12:42:24.999  1580  1596 I ActivityManager: START intent from pid 1580

09-13 12:42:25.009  1439  1563 I AudioHardwareMSM7X30: doTpa2051_Control mode = 1 rc = 0

09-13 12:42:25.009  1439  1563 E AudioHardwareMSM7X30: get_batt_temp: cannot open /sys/devices/platform/rs30100001:00000000/power_supply/battery/batt_temp: No such file or directory

09-13 12:42:25.109  1439  1563 I AudioHardwareMSM7X30: batt_temp =285

09-13 12:42:25.109  1439  1563 I HTC Acoustic: update ACDB id: (tx, rx, tx_acdb, rx_acdb) = (11, 6, 0, 607)

09-13 12:42:25.119  1439  1563 I AudioHardwareMSM7X30: AUDIO_START: start kernel pcm_out driver.

09-13 12:42:25.159  1436  1568 E SurfaceTexture: [com.htc.launcher/com.htc.launcher.Launcher] connect: already connected (cur=2, req=1)

09-13 12:42:25.169 11703 11703 E libEGL  : EGLNativeWindowType 0x123c2c8 already connected to another API

09-13 12:42:25.169 11703 11703 E libEGL  : eglCreateWindowSurface:360 error 300b (EGL_BAD_NATIVE_WINDOW)

09-13 12:42:25.169 11703 11703 E HardwareRenderer: createWindowSurface returned EGL_BAD_NATIVE_WINDOW.

09-13 12:42:25.180  1580  1981 W InputManagerService: Window already focused, ignoring focus gain of: com.android.internal.view.IInputMethodClient$Stub$Proxy@41237350

09-13 12:42:25.290  1436  1534 E SurfaceTexture: [android/com.android.internal.app.ResolverActivity] abandon: SurfaceTexture(0x0x1c45580) has been abandoned!

09-13 12:42:28.152  1439  1563 I AudioHardwareMSM7X30: disable current rx device = 6

09-13 12:42:28.172  1439  1563 I AudioHardwareMSM7X30: AudioHardware pcm playback is going to standby.

09-13 12:42:52.646  1580  1596 I HtcPowerSaver: >> updateStatus

09-13 12:42:52.656  1580  1596 I HtcPowerSaver: currentStatus=8000, currentLevel=44, enableLevel=20, enable=false, popDialog=false, statusChangeTo=-1

09-13 12:42:52.656  1580  1596 I HtcPowerSaver: << updateStatus

09-13 12:42:55.499  1580  1617 I power   : *** set_screen_state 0

09-13 12:42:55.609  1580  1596 I InputManagerService: Receive : Intent.ACTION_SCREEN_OFF

09-13 12:42:55.609  1580  1596 I InputManagerService: Disable input method client.

09-13 12:42:55.689 11703 11703 W ManagedEGLContext: doTerminate failed: EGL count is 2 but managed count is 1

09-13 12:42:55.889  1580  1580 I ActivityManager: Start proc com.android.settings:remote for broadcast com.android.settings/.framework.activity.powersaver.SmartSynServiceReceiver: pid=22496 uid=1000 gids={3006, 1015, 3002, 3001, 3003, 5001, 5004, 5003, 3007}

09-13 12:42:56.290  1439  1563 I AudioHardwareMSM7X30: doTpa2051_Control mode = 1 rc = 0

