09-13 12:42:56.290  1439  1563 E AudioHardwareMSM7X30: get_batt_temp: cannot open /sys/devices/platform/rs30100001:00000000/power_supply/battery/batt_temp: No such file or directory

09-13 12:42:56.400  1439  1563 I AudioHardwareMSM7X30: batt_temp =293

09-13 12:42:56.400  1439  1563 I HTC Acoustic: update ACDB id: (tx, rx, tx_acdb, rx_acdb) = (11, 6, 0, 607)

09-13 12:42:56.410  1439  1563 I AudioHardwareMSM7X30: AUDIO_START: start kernel pcm_out driver.

09-13 12:42:56.440  1436  1534 I Adreno200-EGLSUB: <CreateImage:893>: Android Image

09-13 12:42:56.440  1436  1534 I Adreno200-EGLSUB: <GetImageAttributes:1102>: RGBA_8888

09-13 12:42:56.450 11703 11703 W dalvikvm: disableGcForExternalAlloc: false

09-13 12:42:56.630  1728  1936 E mode10  : Fail to load timeline from asset.

09-13 12:42:56.630  1728  1936 E mode10  : Timeline load failure

09-13 12:42:56.630  1728  1936 E mode10  : Fail to load timeline from asset.

09-13 12:42:56.630  1728  1936 E mode10  : Timeline load failure

09-13 12:42:57.181  1728  1936 I Adreno200-EGLSUB: <ConfigWindowMatch:2078>: Format RGBA_8888.

09-13 12:42:57.271  1436  1534 I Adreno200-EGLSUB: <CreateImage:893>: Android Image

09-13 12:42:57.271  1436  1534 I Adreno200-EGLSUB: <GetImageAttributes:1102>: RGBA_8888

09-13 12:42:57.271  1580  1591 I ActivityManager: Process com.android.settings:remote (pid 22496) has died.

09-13 12:42:57.311  1436  1534 I Adreno200-EGLSUB: <CreateImage:893>: Android Image

09-13 12:42:57.311  1436  1534 I Adreno200-EGLSUB: <GetImageAttributes:1102>: RGBA_8888

09-13 12:42:57.331  1436  1534 I Adreno200-EGLSUB: <CreateImage:893>: Android Image

09-13 12:42:57.331  1436  1534 I Adreno200-EGLSUB: <GetImageAttributes:1102>: RGBA_8888

09-13 12:42:59.503  1439  1563 I AudioHardwareMSM7X30: disable current rx device = 6

09-13 12:42:59.523  1439  1563 I AudioHardwareMSM7X30: AudioHardware pcm playback is going to standby.

09-13 12:43:05.051  1580  1597 I ActivityManager: Start proc com.devexpert.weatheradfree for broadcast com.devexpert.weatheradfree/.view.WidgetWeather2x1: pid=22515 uid=10112 gids={3003, 1015}

09-13 12:43:20.011  1580  1580 W ContentService: binderDied() at ObserverNode

09-13 12:43:20.011  1580  1580 I ActivityManager: Process com.devexpert.weatheradfree (pid 22515) has died.

09-13 12:43:20.831  1580  1596 I BluetoothEventLoop: Phone state change to: RINGING

09-13 12:43:20.841  1789  1789 I CallNotifier: [embedded] onNewRingingConnection():  incoming: true state: INCOMING post dial state: NOT_STARTED

09-13 12:43:46.142  1580  2647 I power   : *** set_screen_state 0

09-13 12:43:46.152  1580  1612 I WindowManager: Lock screen displayed!

09-13 12:43:46.162 11703 11703 I CarouselTimeLog: onStart() finish: 1410630226165

09-13 12:43:46.162  1728  1728 I WIS     : [WeatherData] isNightForCurrentCondition() - mId = 3

09-13 12:43:46.162  1728  1728 I WIS     : [WeatherData] isRainForCurrentCondition() - mId = 3

09-13 12:43:46.172  1580  1596 I InputManagerService: Receive : Intent.ACTION_SCREEN_ON

09-13 12:43:46.212  1580  1596 I InputManagerService: Enable input method client.

09-13 12:43:46.373  1580  1750 I ActivityManager: START intent from pid 1789

09-13 12:43:46.744 11703 11738 E Adreno200-ES20: <process_gl_state_enables:456>: GL_INVALID_ENUM

09-13 12:43:46.784 11703 11738 E Adreno200-ES20: <process_gl_state_enables:456>: GL_INVALID_ENUM

09-13 12:43:46.804 11703 11738 E Adreno200-ES20: <process_gl_state_enables:456>: GL_INVALID_ENUM

09-13 12:43:46.804 11703 11738 E Adreno200-ES20: <process_gl_state_enables:456>: GL_INVALID_ENUM

09-13 12:43:46.814 11703 11738 E Adreno200-ES20: <process_gl_state_enables:456>: GL_INVALID_ENUM

09-13 12:43:46.814 11703 11738 E Adreno200-ES20: <process_gl_state_enables:456>: GL_INVALID_ENUM

09-13 12:43:46.814 11703 11738 E Adreno200-ES20: <process_gl_state_enables:456>: GL_INVALID_ENUM

09-13 12:43:46.814 11703 11738 E Adreno200-ES20: <process_gl_state_enables:456>: GL_INVALID_ENUM

09-13 12:43:46.834 11703 11738 E Adreno200-ES20: <process_gl_state_enables:456>: GL_INVALID_ENUM

09-13 12:43:46.854 11703 11738 E Adreno200-ES20: <process_gl_state_enables:456>: GL_INVALID_ENUM

09-13 12:43:46.864 11703 11738 E Adreno200-ES20: <process_gl_state_enables:456>: GL_INVALID_ENUM

09-13 12:43:46.874 11703 11738 E Adreno200-ES20: <process_gl_state_enables:456>: GL_INVALID_ENUM

09-13 12:43:47.014  1789  1789 W NotificationMgr: onQueryComplete: caller-id query from unknown source! cookie = android.widget.RemoteViews@40e53468

09-13 12:43:47.095  1789  1789 W PhoneUtils: getNumberFromIntent, uri is null

09-13 12:43:47.095  1789  1789 W PhoneUtils: getNumberFromIntent, uri is null

09-13 12:43:47.105  1580  1978 I ActivityManager: START intent from pid -1

09-13 12:43:47.135  1789  1789 I CallCard: setPhotoImageDrawable:Duplicated drawable

09-13 12:43:47.175  1789  1789 I CallCard: setPhotoImageDrawable:New assigned drawable

09-13 12:43:47.525  1789  1789 I CallCard: setPhotoImageDrawable:Duplicated drawable

09-13 12:43:47.866  1728  1936 E Adreno200-ES20: <process_gl_state_enables:456>: GL_INVALID_ENUM

09-13 12:43:47.896  1728  1936 E Adreno200-ES20: <process_gl_state_enables:456>: GL_INVALID_ENUM

09-13 12:43:47.946  1728  1936 E Adreno200-ES20: <process_gl_state_enables:456>: GL_INVALID_ENUM

09-13 12:43:47.986  1580  1596 I BluetoothEventLoop: Phone state change to: IDLE

09-13 12:43:48.156  1580  1958 I ActivityManager: moveTaskToBack: 21

09-13 12:43:48.176  1789  1789 W PhoneUtils: getNumberFromIntent, uri is null

09-13 12:43:48.176  1789  1789 W PhoneUtils: getNumberFromIntent, uri is null

09-13 12:43:48.206  1580  1750 I ActivityManager: moveTaskToBack: 21

09-13 12:43:48.216  1580  1878 I power   : *** set_screen_state 1

09-13 12:43:48.317  1789  1789 I CallCard: setPhotoImageDrawable:Duplicated drawable

09-13 12:43:48.467  1436  1534 I SurfaceFlinger: void android::SurfaceFlinger::updateHwcHDMI(bool) en=0

09-13 12:43:48.677  1580  1596 W ActivityManager: Activity pause timeout for ActivityRecord{41277908 com.android.phone/.InCallScreen}

09-13 12:43:48.777  1789  1789 I dalvikvm-heap: Grow heap (frag case) to 8.986MB for 1463056-byte allocation

09-13 12:43:49.178  1436  1534 I Adreno200-EGLSUB: <CreateImage:893>: Android Image

09-13 12:43:49.178  1436  1534 I Adreno200-EGLSUB: <GetImageAttributes:1102>: RGBA_8888

09-13 12:43:49.188  1580  1804 I ActivityManager: moveTaskToBack: 21

09-13 12:43:49.218  1789  1789 I CallNotifier: [embedded] - onDisconnect: cause = INCOMING_MISSED, incoming = true, date = 1410630200829

09-13 12:43:49.218  1789  1789 I Bluetooth HS/HF: onCallDisconnected()

09-13 12:43:49.268  1439  1439 W AudioPolicyManager: getDeviceForStrategy() unknown strategy: 4

09-13 12:43:49.268  1439  1439 W AudioPolicyManager: getDeviceForStrategy() unknown strategy: 4

09-13 12:43:49.388  1580  1956 I ActivityManager: Start proc com.htc.bg for content provider com.htc.provider.settings/.NotificationFlashLightProvider: pid=22534 uid=10010 gids={3003, 1015, 5001, 2001}

09-13 12:43:49.628 22534 22534 I ActivityThread: Pub com.htc.accounts: com.htc.CustomizationSetup.AccountsProvider

09-13 12:43:49.778 22534 22534 I ActivityThread: Pub com.htc.opensense.snprovider: com.htc.opensense.snprovider.SocialNetworkProvider

09-13 12:43:49.808 22534 22534 I ActivityThread: Pub com.htc.provider.settings: com.htc.provider.settings.NotificationFlashLightProvider

09-13 12:43:49.808 22534 22534 I ActivityThread: Pub com.htc.settings.accountsync.SYNC: com.htc.opensense.syncprovider.SyncProvider

09-13 12:43:49.868 22534 22534 I ActivityThread: Pub com.htc.providers.uploads: com.htc.providers.uploads.UploadProvider

09-13 12:43:49.948 22534 22534 I ActivityThread: Pub com.htc.cachemanager: com.htc.opensense.cachemanager.CacheProvider

09-13 12:43:50.359  1580  1878 I ActivityManager: moveTaskToBack: 21

09-13 12:43:50.509  1436  1534 E SurfaceTexture: [com.android.phone/com.android.phone.InCallScreen] abandon: SurfaceTexture(0x0x1c6d7b8) has been abandoned!

09-13 12:43:50.869  1728  1936 E mode10  : Fail to load timeline from asset.

09-13 12:43:50.869  1728  1936 E mode10  : Timeline load failure

09-13 12:43:51.000  1728  1728 W IdleScreen_base: NotificationView: initScene ejava.lang.IllegalArgumentException: timeline y position is null

09-13 12:43:51.270  1580  1981 I ActivityManager: Start proc com.android.settings:remote for broadcast com.android.settings/.framework.activity.powersaver.SmartSynServiceReceiver: pid=22549 uid=1000 gids={3006, 1015, 3002, 3001, 3003, 5001, 5004, 5003, 3007}

09-13 12:43:51.470  1728  1936 E Adreno200-ES20: <process_gl_state_enables:456>: GL_INVALID_ENUM

09-13 12:43:51.470  1728  1936 E Adreno200-ES20: <process_gl_state_enables:456>: GL_INVALID_ENUM

09-13 12:43:51.500  1728  1936 E Adreno200-ES20: <process_gl_state_enables:456>: GL_INVALID_ENUM

09-13 12:43:51.500  1728  1936 E Adreno200-ES20: <process_gl_state_enables:456>: GL_INVALID_ENUM

09-13 12:43:51.740  1580  2651 I ActivityManager: Process com.htc.bg (pid 22534) has died.

09-13 12:43:52.171  1580  1956 I ActivityManager: Start proc com.android.htccontacts for broadcast com.android.htccontacts/.NotificationRemoveBroadcastReceiver: pid=22563 uid=10003 gids={3003, 1015}

09-13 12:43:52.291  1580  2648 I ActivityManager: Process com.android.settings:remote (pid 22549) has died.

09-13 12:43:53.042  1580  1784 W ThrottleService: unable to find stats for iface rmnet0

09-13 12:43:53.072 22563 22563 E PeopleApp: DialerService connected !

09-13 12:43:53.092  1580  1596 I ActivityManager: Start proc com.android.settings:remote for broadcast com.android.settings/.framework.activity.powersaver.SmartSyncScreenOnOffTimeReceiver: pid=22576 uid=1000 gids={3006, 1015, 3002, 3001, 3003, 5001, 5004, 5003, 3007}

09-13 12:43:53.322  1580  1870 I ActivityManager: Process com.android.htccontacts (pid 22563) has died.

09-13 12:43:53.642  1580  1804 W AlarmManager: RemoveAPPAlarmPendingIntent has no PendingIntent operation

09-13 12:43:53.642  1580  2648 W AlarmManager: RemoveAPPAlarmPendingIntent has no PendingIntent operation

09-13 12:43:53.642  1580  1981 W AlarmManager: RemoveAPPAlarmPendingIntent has no PendingIntent operation

09-13 12:43:53.642  1580  2651 W AlarmManager: RemoveAPPAlarmPendingIntent has no PendingIntent operation

09-13 12:43:53.642  1580  1580 W AlarmManager: RemoveAPPAlarmPendingIntent has no PendingIntent operation

09-13 12:43:53.652  1580  1958 W AlarmManager: RemoveAPPAlarmPendingIntent has no PendingIntent operation

09-13 12:43:53.652  1580  1750 W AlarmManager: RemoveAPPAlarmPendingIntent has no PendingIntent operation

09-13 12:43:53.652  1580  1956 W AlarmManager: RemoveAPPAlarmPendingIntent has no PendingIntent operation

09-13 12:43:53.932  1580  1597 I ActivityManager: Start proc com.htc.idlescreen.base for broadcast com.htc.idlescreen.base/.setting.UpdateShortcutReceiver: pid=22590 uid=10059 gids={3003}

09-13 12:43:54.073 22590 22590 I ActivityThread: Pub com.htc.idlescreen.setting.provider: com.htc.idlescreen.base.setting.SettingProvider

09-13 12:43:54.083 22590 22590 I ActivityThread: Pub com.htc.idlescreen.base.setting.shortcutprovider: com.htc.idlescreen.base.setting.SettingShortcutProvider

09-13 12:43:54.433  1580  1805 I ActivityManager: Process com.android.settings:remote (pid 22576) has died.

09-13 12:43:54.933  1728  1936 E Adreno200-ES20: <process_gl_state_enables:456>: GL_INVALID_ENUM

09-13 12:43:55.124  1728  1936 E Adreno200-ES20: <process_gl_state_enables:456>: GL_INVALID_ENUM

09-13 12:43:55.404  1728  1936 E Adreno200-ES20: <process_gl_state_enables:456>: GL_INVALID_ENUM

09-13 12:43:55.414  1728  1936 E Adreno200-ES20: <process_gl_state_enables:456>: GL_INVALID_ENUM

09-13 12:43:55.424  1728  1936 E Adreno200-ES20: <process_gl_state_enables:456>: GL_INVALID_ENUM

09-13 12:43:55.684  1728  1936 E Adreno200-ES20: <process_gl_state_enables:456>: GL_INVALID_ENUM

09-13 12:43:55.704  1728  1936 E Adreno200-ES20: <process_gl_state_enables:456>: GL_INVALID_ENUM

09-13 12:43:55.914  1728  1936 E Adreno200-ES20: <process_gl_state_enables:456>: GL_INVALID_ENUM

09-13 12:43:55.934  1728  1936 E Adreno200-ES20: <process_gl_state_enables:456>: GL_INVALID_ENUM

09-13 12:43:56.145  1728  1936 E Adreno200-ES20: <process_gl_state_enables:456>: GL_INVALID_ENUM

09-13 12:43:56.155  1728  1936 E Adreno200-ES20: <process_gl_state_enables:456>: GL_INVALID_ENUM

09-13 12:43:56.175  1728  1936 E Adreno200-ES20: <process_gl_state_enables:456>: GL_INVALID_ENUM

09-13 12:43:58.026  1446 22531 E AK8975  : DeviceIOControl 6 failed. 

09-13 12:43:58.026  1446 22531 E AK8975  : Measuring: GET DATA ERROR

09-13 12:43:59.268  1678  1678 W dalvikvm: disableGcForExternalAlloc: true

09-13 12:43:59.608  1436  1534 I Adreno200-EGLSUB: <CreateImage:893>: Android Image

09-13 12:43:59.608  1436  1534 I Adreno200-EGLSUB: <GetImageAttributes:1102>: RGBA_8888

09-13 12:43:59.628  1678  1678 W dalvikvm: disableGcForExternalAlloc: false

09-13 12:43:59.648  1436  1534 E SurfaceTexture: [TrackingView] abandon: SurfaceTexture(0x0x1c6d7b8) has been abandoned!

09-13 12:43:59.838  1580  1805 I ActivityManager: Process com.htc.idlescreen.base (pid 22590) has died.

09-13 12:44:00.038  1728  1936 E Adreno200-ES20: <process_gl_state_enables:456>: GL_INVALID_ENUM

09-13 12:44:01.089  1580  1597 I ActivityManager: Start proc com.devexpert.weatheradfree for broadcast com.devexpert.weatheradfree/.view.WidgetWeather2x1: pid=22612 uid=10112 gids={3003, 1015}

09-13 12:44:01.109  1580  1634 I wpa_ctrl: [wpa_ctrl_request] select timeout

09-13 12:44:05.664  1580  1872 I power   : *** set_screen_state 0

09-13 12:44:05.714  1580  1596 I InputManagerService: Receive : Intent.ACTION_SCREEN_OFF

09-13 12:44:05.714  1580  1596 I InputManagerService: Disable input method client.

09-13 12:44:05.934 11703 11703 W ManagedEGLContext: doTerminate failed: EGL count is 2 but managed count is 1

09-13 12:44:06.034  1580  1956 I ActivityManager: Start proc com.android.settings:remote for broadcast com.android.settings/.framework.activity.powersaver.SmartSynServiceReceiver: pid=22627 uid=1000 gids={3006, 1015, 3002, 3001, 3003, 5001, 5004, 5003, 3007}

09-13 12:44:07.526  1580  1612 I power   : *** set_screen_state 1

09-13 12:44:07.526 11703 11703 I CarouselTimeLog: onStart() finish: 1410630247542

09-13 12:44:07.556  1580  1612 I WindowManager: Lock screen displayed!

09-13 12:44:07.586  1728  1728 I WIS     : [WeatherData] isNightForCurrentCondition() - mId = 3

09-13 12:44:07.606  1728  1728 I WIS     : [WeatherData] isRainForCurrentCondition() - mId = 3

09-13 12:44:07.616  1580  1596 I InputManagerService: Receive : Intent.ACTION_SCREEN_ON

09-13 12:44:07.626  1580  1596 I InputManagerService: Enable input method client.

09-13 12:44:07.806  1580  1958 W ContentService: binderDied() at ObserverNode

09-13 12:44:07.806  1580  1958 I ActivityManager: Process com.devexpert.weatheradfree (pid 22612) has died.

09-13 12:44:07.916  1580  1872 W ActivityManager: Failure sending broadcast Intent { act=android.intent.action.SCREEN_ON flg=0x40000010 }

09-13 12:44:07.916  1580  1872 W ActivityManager: android.os.DeadObjectException

09-13 12:44:07.916  1580  1872 W ActivityManager: 	at android.os.BinderProxy.transact(Native Method)

09-13 12:44:07.916  1580  1872 W ActivityManager: 	at android.content.IIntentReceiver$Stub$Proxy.performReceive(IIntentReceiver.java:121)

09-13 12:44:07.916  1580  1872 W ActivityManager: 	at com.android.server.am.ActivityManagerService.performReceiveLocked(ActivityManagerService.java:13539)

09-13 12:44:07.916  1580  1872 W ActivityManager: 	at com.android.server.am.ActivityManagerService.deliverToRegisteredReceiverLocked(ActivityManagerService.java:13607)

09-13 12:44:07.916  1580  1872 W ActivityManager: 	at com.android.server.am.ActivityManagerService.processNextBroadcast(ActivityManagerService.java:13822)

09-13 12:44:07.916  1580  1872 W ActivityManager: 	at com.android.server.am.ActivityManagerService.finishReceiver(ActivityManagerService.java:13327)

09-13 12:44:07.916  1580  1872 W ActivityManager: 	at android.app.ActivityManagerNative.onTransact(ActivityManagerNative.java:336)

09-13 12:44:07.916  1580  1872 W ActivityManager: 	at com.android.server.am.ActivityManagerService.onTransact(ActivityManagerService.java:1712)

09-13 12:44:07.916  1580  1872 W ActivityManager: 	at android.os.Binder.execTransact(Binder.java:338)

09-13 12:44:07.916  1580  1872 W ActivityManager: 	at dalvik.system.NativeStart.run(Native Method)

09-13 12:44:07.926 11703 11738 E Adreno200-ES20: <process_gl_state_enables:456>: GL_INVALID_ENUM

09-13 12:44:07.936 11703 11738 E Adreno200-ES20: <process_gl_state_enables:456>: GL_INVALID_ENUM

09-13 12:44:07.936 11703 11738 E Adreno200-ES20: <process_gl_state_enables:456>: GL_INVALID_ENUM

09-13 12:44:07.946 11703 11738 E Adreno200-ES20: <process_gl_state_enables:456>: GL_INVALID_ENUM

09-13 12:44:07.946 11703 11738 E Adreno200-ES20: <process_gl_state_enables:456>: GL_INVALID_ENUM

09-13 12:44:07.946 11703 11738 E Adreno200-ES20: <process_gl_state_enables:456>: GL_INVALID_ENUM

09-13 12:44:07.976  1580  1805 W AlarmManager: RemoveAPPAlarmPendingIntent has no PendingIntent operation

09-13 12:44:07.976  1580  1982 W AlarmManager: RemoveAPPAlarmPendingIntent has no PendingIntent operation

09-13 12:44:07.976  1580  1981 W AlarmManager: RemoveAPPAlarmPendingIntent has no PendingIntent operation

09-13 12:44:07.976  1580  1580 W AlarmManager: RemoveAPPAlarmPendingIntent has no PendingIntent operation

09-13 12:44:07.976  1580  2651 W AlarmManager: RemoveAPPAlarmPendingIntent has no PendingIntent operation

09-13 12:44:07.976  1580  1592 W AlarmManager: RemoveAPPAlarmPendingIntent has no PendingIntent operation

09-13 12:44:07.976  1580  1958 W AlarmManager: RemoveAPPAlarmPendingIntent has no PendingIntent operation

09-13 12:44:08.026  1446 22531 E AK8975  : DeviceIOControl 6 failed. 

09-13 12:44:08.026  1446 22531 E AK8975  : Measuring: GET DATA ERROR

09-13 12:44:09.888  1580  1596 I HtcPowerSaver: >> updateStatus

09-13 12:44:09.888  1580  1596 I HtcPowerSaver: currentStatus=8000, currentLevel=44, enableLevel=20, enable=false, popDialog=false, statusChangeTo=-1

09-13 12:44:09.888  1580  1596 I HtcPowerSaver: << updateStatus

09-13 12:44:09.978  1580  1617 I power   : *** set_screen_state 0

09-13 12:44:09.988  1436  1534 I SurfaceFlinger: void android::SurfaceFlinger::updateHwcHDMI(bool) en=0

09-13 12:44:10.108  1580  1596 I InputManagerService: Receive : Intent.ACTION_SCREEN_OFF

09-13 12:44:10.108  1580  1596 I InputManagerService: Disable input method client.

09-13 12:44:10.148 11703 11703 W ManagedEGLContext: doTerminate failed: EGL count is 2 but managed count is 1

09-13 12:44:10.328  1580  1634 E WifiStateMachine: set suspend optimizations failed!

09-13 12:44:10.348 16499 16499 I wpa_supplicant: wlan0: CTRL-EVENT-DRIVER-STATE HANGED

09-13 12:44:10.368 16499 16499 I wpa_supplicant: wlan0: CTRL-EVENT-DISCONNECTED bssid=f8:03:8e:9c:83:89 reason=0

09-13 12:44:10.379  1580  1634 E WifiStateMachine: Connection lost, restart supplicant

09-13 12:44:10.379  1580  1634 I WifiHW  : wifi_close_supplicant_connection

09-13 12:44:10.379  1580  1634 I wpa_ctrl: [wpa_ctrl_close] ctrl address = bc88c0

09-13 12:44:10.429  1580  1634 I NetUtils: ipd_cmd(/system/bin/ip ru del from all to all table wifi prio 3001)

09-13 12:44:10.439  1580  1634 I NetUtils: ipd_cmd: ipd socket is done, fd=211

09-13 12:44:10.439  1580  1634 I NetUtils: ifc_utils : +++ blockingWrite

09-13 12:44:10.439  1580  1634 I NetUtils: ifc_utils : --- blockingWrite

09-13 12:44:10.439  1580  1634 I NetUtils: ifc_utils: send cmd :/system/bin/ip ru del from all to all table wifi prio 3001

09-13 12:44:10.439  1580  1634 I NetUtils: ifc_utils : +++ blockingWrite

09-13 12:44:10.439  1444  1444 I ipd     : +++ IP CMD: /system/bin/ip ru del from all to all table wifi prio 3001

09-13 12:44:10.439  1580  1634 I NetUtils: ifc_utils : --- blockingWrite

09-13 12:44:10.439  1580  1634 I NetUtils: ipd: finish sending ipd command.

09-13 12:44:10.499  1580  1637 W ConnectivityService: Exception trying to remove a route: java.lang.IllegalStateException: Unable to communicate with native dameon to add routes - com.android.server.NativeDaemonConnectorException: Cmd {interface route remove wlan0 default 192.168.1.1 32 0.0.0.0} failed with code 400 : {Failed to remove route from default table (No such process)}

09-13 12:44:10.529  1580  1637 W ConnectivityService: Exception trying to remove a route: java.lang.IllegalStateException: Unable to communicate with native dameon to add routes - com.android.server.NativeDaemonConnectorException: Cmd {interface route remove wlan0 default 0.0.0.0 0 192.168.1.1} failed with code 400 : {Failed to remove route from default table (No such process)}

09-13 12:44:10.639  1444  1444 I ipd     : --- IP CMD

09-13 12:44:10.669  1580  1878 I ActivityManager: Start proc com.android.settings for broadcast com.android.settings/.wifi.WifiStatusReceiver: pid=22647 uid=1000 gids={3006, 1015, 3002, 3001, 3003, 5001, 5004, 5003, 3007}

09-13 12:44:10.719  1580 22645 I WifiHW  : wifi_load_driver unload module

09-13 12:44:10.759  1580  1612 I power   : *** set_screen_state 1

09-13 12:44:10.769 11703 11703 I CarouselTimeLog: onStart() finish: 1410630250778

09-13 12:44:10.819  1580  1612 I WindowManager: Lock screen displayed!

09-13 12:44:10.859  1728  1728 I WIS     : [WeatherData] isNightForCurrentCondition() - mId = 3

09-13 12:44:10.859  1728  1728 I WIS     : [WeatherData] isRainForCurrentCondition() - mId = 3

09-13 12:44:11.009  1436  1534 I SurfaceFlinger: void android::SurfaceFlinger::updateHwcHDMI(bool) en=0

09-13 12:44:11.129 11703 11738 E Adreno200-ES20: <process_gl_state_enables:456>: GL_INVALID_ENUM

09-13 12:44:11.129 11703 11738 E Adreno200-ES20: <process_gl_state_enables:456>: GL_INVALID_ENUM

09-13 12:44:11.410 22647 22647 I ActivityThread: Pub com.android.settings.provider.suggestion: com.android.settings.framework.search.SuggestionProvider

09-13 12:44:11.460 22647 22647 I ActivityThread: Pub com.android.settings.provider.cdmasettings: com.android.settings.HtcCdmaSettingsProvider

09-13 12:44:11.490 22647 22647 I ActivityThread: Pub framework.activity.powersaver: com.android.settings.framework.activity.powersaver.SmartSyncProvider

09-13 12:44:11.770 22647 22647 I NetSharing_NSReceiver: customizedNS:true

09-13 12:44:11.800 22647 22647 I NetSharing_NSReceiver: sp customizedNS:true

09-13 12:44:11.800 22647 22647 I NetSharing_NSReceiver: customizedNS2:truecustomizedML2:false

09-13 12:44:11.860 22647 22647 I NetSharing_NSReceiver: LAN Type:false ML Type:true

09-13 12:44:11.860 22647 22647 I NetSharing_NSReceiver: IS Type:true IS_ML:false

09-13 12:44:11.920  1580  2648 I ActivityManager: Process com.android.settings:remote (pid 22627) has died.

09-13 12:44:11.940  2994 21592 W Smack/Packet: notify conn break (IOEx), close connection

09-13 12:44:12.160 22647 22647 I NetSharing_NSReceiver: wifienabled:false

09-13 12:44:12.200  1580  1804 I ActivityManager: Start proc com.smarterdroid.wififiletransferpro for broadcast com.smarterdroid.wififiletransferpro/.WifiReceiver: pid=22663 uid=10027 gids={1015, 3003}

09-13 12:44:12.651 20260 21587 W K-@     : Got exception while idling in HTC Gmail:INBOX - K-@_MAIL_HTC Gmail:INBOX_thread

09-13 12:44:12.651 20260 21587 W K-@     : javax.net.ssl.SSLException: Read error: ssl=0x86a338: I/O error during system call, Connection timed out

09-13 12:44:12.651 20260 21587 W K-@     : 	at org.apache.harmony.xnet.provider.jsse.NativeCrypto.SSL_read(Native Method)

09-13 12:44:12.651 20260 21587 W K-@     : 	at org.apache.harmony.xnet.provider.jsse.OpenSSLSocketImpl$SSLInputStream.read(OpenSSLSocketImpl.java:671)

09-13 12:44:12.651 20260 21587 W K-@     : 	at java.io.InputStream.read(InputStream.java:163)

09-13 12:44:12.651 20260 21587 W K-@     : 	at java.util.zip.InflaterInputStream.fill(InflaterInputStream.java:198)

09-13 12:44:12.651 20260 21587 W K-@     : 	at java.util.zip.InflaterInputStream.read(InflaterInputStream.java:152)

09-13 12:44:12.651 20260 21587 W K-@     : 	at java.io.InputStream.read(InputStream.java:163)

09-13 12:44:12.651 20260 21587 W K-@     : 	at java.io.BufferedInputStream.fillbuf(BufferedInputStream.java:142)

09-13 12:44:12.651 20260 21587 W K-@     : 	at java.io.BufferedInputStream.read(BufferedInputStream.java:227)

09-13 12:44:12.651 20260 21587 W K-@     : 	at com.a.a.G.h.a(PeekableInputStream.java:33)

09-13 12:44:12.651 20260 21587 W K-@     : 	at com.a.a.K.n.a(ImapResponseParser.java:34)

09-13 12:44:12.651 20260 21587 W K-@     : 	at com.a.a.K.e.a(ImapConnection.java:563)

09-13 12:44:12.651 20260 21587 W K-@     : 	at com.a.a.K.g.a(ImapFolder.java:112)

09-13 12:44:12.651 20260 21587 W K-@     : 	at com.a.a.K.h$1.run(ImapFolderPusher.java:181)

09-13 12:44:12.651 20260 21587 W K-@     : 	at java.lang.Thread.run(Thread.java:864)

09-13 12:44:12.741  6169  6177 W Netd    : No subsystem found in netlink event

09-13 12:44:12.961  1580 22645 I WifiHW  : is_wifi_driver_loaded

09-13 12:44:12.971  1580  1982 I ActivityManager: Process com.android.settings (pid 22647) has died.

09-13 12:44:12.971  1580  1596 I InputManagerService: Receive : Intent.ACTION_SCREEN_ON

09-13 12:44:12.981  1580  1596 I InputManagerService: Enable input method client.

09-13 12:44:13.151  1580  1591 I ActivityManager: Start proc com.android.settings for broadcast com.android.settings/.NSReceiver: pid=22684 uid=1000 gids={3006, 1015, 3002, 3001, 3003, 5001, 5004, 5003, 3007}

09-13 12:44:13.291  2994 21592 I qtaguid : Failed write_ctrl(u 35) res=-1 errno=22

09-13 12:44:13.291  2994 21592 I qtaguid : Untagging socket 35 failed errno=-22

09-13 12:44:13.291  2994 21592 W NetworkManagementSocketTagger: untagSocket(35) failed with errno -22

09-13 12:44:13.311 22684 22684 I ActivityThread: Pub com.android.settings.provider.suggestion: com.android.settings.framework.search.SuggestionProvider

09-13 12:44:13.321 22684 22684 I ActivityThread: Pub com.android.settings.provider.cdmasettings: com.android.settings.HtcCdmaSettingsProvider

09-13 12:44:13.321 22684 22684 I ActivityThread: Pub framework.activity.powersaver: com.android.settings.framework.activity.powersaver.SmartSyncProvider

09-13 12:44:13.431 22684 22684 I NetSharing_NSReceiver: customizedNS:true

09-13 12:44:13.452 22684 22684 I NetSharing_NSReceiver: sp customizedNS:true

09-13 12:44:13.452 22684 22684 I NetSharing_NSReceiver: customizedNS2:truecustomizedML2:false

09-13 12:44:13.462 22684 22684 I NetSharing_NSReceiver: LAN Type:false ML Type:true

09-13 12:44:13.462 22684 22684 I NetSharing_NSReceiver: IS Type:true IS_ML:false

09-13 12:44:13.462  1580 22645 I WifiHW  : wifi_unload_driver end right 1

09-13 12:44:13.502  1580 22699 I WifiHW  : wifi_load_driver load module

09-13 12:44:13.502  1580 22699 I WifiHW  : is_wifi_driver_loaded

09-13 12:44:13.522  1580  1592 I ActivityManager: Process com.smarterdroid.wififiletransferpro (pid 22663) has died.

09-13 12:44:13.752  1580  1872 I ActivityManager: Start proc com.android.settings:remote for broadcast com.android.settings/.framework.activity.powersaver.SmartSynServiceReceiver: pid=22701 uid=1000 gids={3006, 1015, 3002, 3001, 3003, 5001, 5004, 5003, 3007}

09-13 12:44:14.292  1580  1750 I ActivityManager: Process com.android.settings (pid 22684) has died.

09-13 12:44:14.332  1580  1597 I ActivityManager: Start proc com.android.settings for broadcast com.android.settings/.NSReceiver: pid=22727 uid=1000 gids={3006, 1015, 3002, 3001, 3003, 5001, 5004, 5003, 3007}

09-13 12:44:14.583 22727 22727 I ActivityThread: Pub com.android.settings.provider.suggestion: com.android.settings.framework.search.SuggestionProvider

09-13 12:44:14.593 22727 22727 I ActivityThread: Pub com.android.settings.provider.cdmasettings: com.android.settings.HtcCdmaSettingsProvider

09-13 12:44:14.603 22727 22727 I ActivityThread: Pub framework.activity.powersaver: com.android.settings.framework.activity.powersaver.SmartSyncProvider

09-13 12:44:14.673 22727 22727 I NetSharing_NSReceiver: customizedNS:true

09-13 12:44:14.683 22727 22727 I NetSharing_NSReceiver: sp customizedNS:true

09-13 12:44:14.683 22727 22727 I NetSharing_NSReceiver: customizedNS2:truecustomizedML2:false

09-13 12:44:14.683 22727 22727 I NetSharing_NSReceiver: LAN Type:false ML Type:true

09-13 12:44:14.683 22727 22727 I NetSharing_NSReceiver: IS Type:true IS_ML:false

09-13 12:44:14.763 22727 22727 I NetSharing_NSReceiver: customizedNS:true

09-13 12:44:14.763 22727 22727 I NetSharing_NSReceiver: sp customizedNS:true

09-13 12:44:14.763 22727 22727 I NetSharing_NSReceiver: customizedNS2:truecustomizedML2:false

09-13 12:44:14.763 22727 22727 I NetSharing_NSReceiver: LAN Type:false ML Type:true

09-13 12:44:14.763 22727 22727 I NetSharing_NSReceiver: IS Type:true IS_ML:false

09-13 12:44:14.883  1580  1750 I ActivityManager: Process com.android.settings:remote (pid 22701) has died.

09-13 12:44:14.953  1580 22699 I WifiHW  : wifi_load_driver end right 3

09-13 12:44:15.033  1580 22745 I wpa_ctrl: [wpa_ctrl_open] ctrl address = f49b70

09-13 12:44:15.033  1580 22745 I wpa_ctrl: [wpa_ctrl_open] ctrl address = f49c58

09-13 12:44:15.083 22746 22746 E wpa_supplicant: Starting wpa_supplicant...

09-13 12:44:15.624  1580  1631 W NetworkStats: dropping UID delta from unknown iface: iface=wlan0 uid=0 set=DEFAULT tag=0x0 rxBytes=0 rxPackets=0 txBytes=152 txPackets=2 operations=0

09-13 12:44:15.684  1580  2651 I ActivityManager: Start proc com.android.settings:remote for broadcast com.android.settings/.framework.activity.powersaver.SmartSyncDataLinkTurnOffReceiver: pid=22747 uid=1000 gids={3006, 1015, 3002, 3001, 3003, 5001, 5004, 5003, 3007}

09-13 12:44:15.734 22746 22746 I wpa_supplicant: WPS: Converting push_button to virtual_push_button for WPS 2.0 compliance

09-13 12:44:15.774  1580 22745 I wpa_ctrl: [wpa_ctrl_request] ctrl address = f49c58, ctrl_conn address = f49b70

09-13 12:44:15.774  1580 22745 I WifiHW  : Connect to Supplicant done

09-13 12:44:15.834 22746 22746 I wpa_supplicant: wpa_driver_wext_combo_scan: Start

09-13 12:44:15.834 22746 22746 E wpa_supplicant: ioctl[SIOCSIWPRIV] (cscan): -1

09-13 12:44:15.834 22746 22746 W wpa_supplicant: wlan0: Failed to initiate AP scan

09-13 12:44:15.934 22746 22746 I wpa_supplicant: CTRL_IFACE: field=AIR_MODE id=0

09-13 12:44:15.934 22746 22746 I wpa_supplicant: Rx Data Filter Add [0] command

09-13 12:44:15.934 22746 22746 I wpa_supplicant: Rx Data Filter Add [3] command

09-13 12:44:15.934 22746 22746 I wpa_supplicant: Rx Data Filter Add [4] command

09-13 12:44:15.944 22746 22746 I wpa_supplicant: Rx Data Filter Add [0] command

09-13 12:44:15.954 22746 22746 I wpa_supplicant: Rx Data Filter Add [3] command

09-13 12:44:15.964 22746 22746 I wpa_supplicant: Rx Data Filter Add [4] command

09-13 12:44:15.994 22746 22746 I wpa_supplicant: wpa_driver_wext_combo_scan: Start

09-13 12:44:15.994 22746 22746 E wpa_supplicant: ioctl[SIOCSIWPRIV] (cscan): -1

09-13 12:44:15.994 22746 22746 W wpa_supplicant: wlan0: Failed to initiate AP scan

09-13 12:44:16.264  1580  1870 I ActivityManager: Process com.android.settings:remote (pid 22747) has died.

09-13 12:44:16.294  1580  1878 I ActivityManager: Start proc com.htc.htcMessageUploader for broadcast com.htc.htcMessageUploader/.UploadMessageReceiver: pid=22764 uid=10047 gids={3003}

09-13 12:44:16.384 22764 22764 I htcMessageUploader: Start thread to upload fota event message:com.htc.htcMessageUploader.UploadMessageReceiver

09-13 12:44:16.414  1580  1805 I ActivityManager: Start proc com.htc.cs for broadcast com.htc.cs/.receiver.PoweronReceiver: pid=22778 uid=10010 gids={3003, 1015, 5001, 2001}

09-13 12:44:16.444 22764 22777 I htcMessageUploader: == UploadMessageReceiver finished ==

09-13 12:44:16.535 22778 22778 I ActivityThread: Pub com.htc.connectedservice.csprovider: com.htc.cs.provider.ConnectedServiceProvider

09-13 12:44:16.545  1580  1878 W ContentService: binderDied() at ObserverNode

09-13 12:44:16.545  1580  1878 W ContentService: binderDied() at ObserverNode

09-13 12:44:16.545  1580  1878 I ActivityManager: Process com.android.settings (pid 22727) has died.

09-13 12:44:16.555 22778 22778 I ActivityThread: Pub com.htc.cs.dashboard: com.htc.cs.sync.dashboard.DashboardProvider

09-13 12:44:16.585  1580  2647 I ActivityManager: Start proc com.htc.bg for broadcast com.htc.providers.uploads/.UploadReceiver: pid=22791 uid=10010 gids={3003, 1015, 5001, 2001}

09-13 12:44:16.675 22791 22791 I ActivityThread: Pub com.htc.accounts: com.htc.CustomizationSetup.AccountsProvider

09-13 12:44:16.705 22791 22791 I ActivityThread: Pub com.htc.opensense.snprovider: com.htc.opensense.snprovider.SocialNetworkProvider

09-13 12:44:16.725 22791 22791 I ActivityThread: Pub com.htc.provider.settings: com.htc.provider.settings.NotificationFlashLightProvider

09-13 12:44:16.735 22791 22791 I ActivityThread: Pub com.htc.settings.accountsync.SYNC: com.htc.opensense.syncprovider.SyncProvider

09-13 12:44:16.775 22791 22791 I ActivityThread: Pub com.htc.providers.uploads: com.htc.providers.uploads.UploadProvider

09-13 12:44:16.775 22791 22791 I ActivityThread: Pub com.htc.cachemanager: com.htc.opensense.cachemanager.CacheProvider

09-13 12:44:16.885 20484 22805 W TelephonyManager: Hidden constructor called more than once per process!

09-13 12:44:16.885 20484 22805 W TelephonyManager: Original: com.google.android.gms, new: com.google.android.gms

09-13 12:44:16.885 20484 20484 I SystemUpdateService: receiver: Intent { act=android.net.conn.CONNECTIVITY_CHANGE flg=0x10000010 cmp=com.google.android.gms/.update.SystemUpdateService$ActiveReceiver (has extras) }

09-13 12:44:16.995 22746 22746 I wpa_supplicant: wpa_driver_wext_combo_scan: Start

09-13 12:44:17.035  1580  1978 I ActivityManager: Process com.htc.htcMessageUploader (pid 22764) has died.

09-13 12:44:17.225  1580  1805 I ActivityManager: Start proc com.droids.appwidget.apns for broadcast com.droids.appwidget.apns/.APNWidgetProvider: pid=22807 uid=10053 gids={3003}

09-13 12:44:17.235 22807 22807 I dalvikvm: Turning on JNI app bug workarounds for target SDK version 10...

09-13 12:44:17.315 20260 21587 E K-@Core : SleepService Interrupted while awaiting latch

09-13 12:44:17.315 20260 21587 E K-@Core : java.lang.InterruptedException

09-13 12:44:17.315 20260 21587 E K-@Core : 	at java.util.concurrent.locks.AbstractQueuedSynchronizer.doAcquireSharedNanos(AbstractQueuedSynchronizer.java:1017)

09-13 12:44:17.315 20260 21587 E K-@Core : 	at java.util.concurrent.locks.AbstractQueuedSynchronizer.tryAcquireSharedNanos(AbstractQueuedSynchronizer.java:1305)

09-13 12:44:17.315 20260 21587 E K-@Core : 	at java.util.concurrent.CountDownLatch.await(CountDownLatch.java:253)

09-13 12:44:17.315 20260 21587 E K-@Core : 	at com.onegravity.k10.service.SleepService.a(SleepService.java:78)

09-13 12:44:17.315 20260 21587 E K-@Core : 	at com.a.a.z.j.a(K10PushReceiver.java:62)

09-13 12:44:17.315 20260 21587 E K-@Core : 	at com.a.a.K.h$1.run(ImapFolderPusher.java:187)

09-13 12:44:17.315 20260 21587 E K-@Core : 	at java.lang.Thread.run(Thread.java:864)

09-13 12:44:17.415  1580  2648 I ActivityManager: Process com.htc.cs (pid 22778) has died.

09-13 12:44:17.485  1580  1870 I ActivityManager: Start proc com.android.settings:remote for broadcast com.android.settings/.framework.activity.powersaver.SmartSyncScreenOnOffTimeReceiver: pid=22822 uid=1000 gids={3006, 1015, 3002, 3001, 3003, 5001, 5004, 5003, 3007}

09-13 12:44:17.586 22746 22746 W wpa_supplicant: [EAP-MSG] EAP wpa_supplicant_check_sim@527: eap_methods not available

09-13 12:44:17.586 22746 22746 I wpa_supplicant: wlan0: Trying to associate with f8:03:8e:9c:83:89 (SSID='House' freq=2412 MHz)

09-13 12:44:17.616 22746 22746 I wpa_supplicant: wlan0: Associated with f8:03:8e:9c:83:89

09-13 12:44:17.646 22746 22746 I wpa_supplicant: wlan0: WPA: Key negotiation completed with f8:03:8e:9c:83:89 [PTK=CCMP GTK=TKIP]

09-13 12:44:17.646 22746 22746 I wpa_supplicant: wlan0: CTRL-EVENT-CONNECTED - Connection to f8:03:8e:9c:83:89 completed (auth) [id=0 id_str=]

09-13 12:44:17.646 22746 22746 I wpa_supplicant: WPS: cancel wps_retry timer in: wpas_wps_eapol_cb

09-13 12:44:17.796  1580  1804 W AlarmManager: RemoveAPPAlarmPendingIntent has no PendingIntent operation

09-13 12:44:17.796  1580  2651 W AlarmManager: RemoveAPPAlarmPendingIntent has no PendingIntent operation

09-13 12:44:17.796  1580  1956 W AlarmManager: RemoveAPPAlarmPendingIntent has no PendingIntent operation

09-13 12:44:17.806  1580  1981 W AlarmManager: RemoveAPPAlarmPendingIntent has no PendingIntent operation

09-13 12:44:17.806  1580  1978 W AlarmManager: RemoveAPPAlarmPendingIntent has no PendingIntent operation

09-13 12:44:17.816  1580  1592 W AlarmManager: RemoveAPPAlarmPendingIntent has no PendingIntent operation

09-13 12:44:17.816  1580  1805 W AlarmManager: RemoveAPPAlarmPendingIntent has no PendingIntent operation

09-13 12:44:17.816  1580  2648 W AlarmManager: RemoveAPPAlarmPendingIntent has no PendingIntent operation

09-13 12:44:17.876  1580  2647 I ActivityManager: Process com.htc.bg (pid 22791) has died.

09-13 12:44:17.926  1580  1804 I ActivityManager: Start proc com.android.settings for broadcast com.android.settings/.NSReceiver: pid=22839 uid=1000 gids={3006, 1015, 3002, 3001, 3003, 5001, 5004, 5003, 3007}

09-13 12:44:18.156 22839 22839 I ActivityThread: Pub com.android.settings.provider.suggestion: com.android.settings.framework.search.SuggestionProvider

09-13 12:44:18.176 22839 22839 I ActivityThread: Pub com.android.settings.provider.cdmasettings: com.android.settings.HtcCdmaSettingsProvider

09-13 12:44:18.186 22839 22839 I ActivityThread: Pub framework.activity.powersaver: com.android.settings.framework.activity.powersaver.SmartSyncProvider

09-13 12:44:18.216 22839 22839 I NetSharing_NSReceiver: customizedNS:true

09-13 12:44:18.236 22839 22839 I NetSharing_NSReceiver: sp customizedNS:true

09-13 12:44:18.236 22839 22839 I NetSharing_NSReceiver: customizedNS2:truecustomizedML2:false

09-13 12:44:18.236 22839 22839 I NetSharing_NSReceiver: LAN Type:false ML Type:true

09-13 12:44:18.236 22839 22839 I NetSharing_NSReceiver: IS Type:true IS_ML:false

09-13 12:44:18.306 22839 22839 I NetSharing_NSReceiver: customizedNS:true

09-13 12:44:18.306 22839 22839 I NetSharing_NSReceiver: sp customizedNS:true

09-13 12:44:18.306 22839 22839 I NetSharing_NSReceiver: customizedNS2:truecustomizedML2:false

09-13 12:44:18.306 22839 22839 I NetSharing_NSReceiver: LAN Type:false ML Type:true

09-13 12:44:18.306 22839 22839 I NetSharing_NSReceiver: IS Type:true IS_ML:false

09-13 12:44:18.456  1580  1978 I ActivityManager: Process com.droids.appwidget.apns (pid 22807) has died.

09-13 12:44:18.526  1580  1956 I ActivityManager: Start proc com.smarterdroid.wififiletransferpro for broadcast com.smarterdroid.wififiletransferpro/.WifiReceiver: pid=22881 uid=10027 gids={1015, 3003}

09-13 12:44:18.546  1580  1634 I NetUtils: ifc_utils : +++ myPipe command: /system/bin/ip ro sh dev wlan0 sc link pro kernel

09-13 12:44:18.587  1580  1634 I NetUtils: ifc_utils : myPipe popen success

09-13 12:44:18.647  1580  1634 I NetUtils: ifc_utils : myPipe nonblocking_fgets read: 192.168.1.0/24  src 192.168.1.38  metric 319 

09-13 12:44:18.657  1580  1634 I NetUtils: ifc_utils : --- myPipe output: 192.168.1.0/24  src 192.168.1.38  metric 319 

09-13 12:44:18.657  1580  1634 I NetUtils: ipd_cmd(/system/bin/ip ro flush table wifi)

09-13 12:44:18.657  1580  1634 I NetUtils: ipd_cmd: ipd socket is done, fd=280

09-13 12:44:18.657  1580  1634 I NetUtils: ifc_utils : +++ blockingWrite

09-13 12:44:18.657  1580  1634 I NetUtils: ifc_utils : --- blockingWrite

09-13 12:44:18.657  1580  1634 I NetUtils: ifc_utils: send cmd :/system/bin/ip ro flush table wifi

09-13 12:44:18.657  1580  1634 I NetUtils: ifc_utils : +++ blockingWrite

09-13 12:44:18.657  1580  1634 I NetUtils: ifc_utils : --- blockingWrite

09-13 12:44:18.657  1580  1634 I NetUtils: ipd: finish sending ipd command.

09-13 12:44:18.657  1580  1634 I NetUtils: ipd_cmd(/system/bin/ip ro add 192.168.1.0/24 dev wlan0 src 192.168.1.38 table wifi)

09-13 12:44:18.657  1444  1444 I ipd     : +++ IP CMD: /system/bin/ip ro flush table wifi

09-13 12:44:18.657  1580  1634 I NetUtils: ipd_cmd: ipd socket is done, fd=280

09-13 12:44:18.657  1580  1634 I NetUtils: ifc_utils : +++ blockingWrite

09-13 12:44:18.657  1580  1634 I NetUtils: ifc_utils : --- blockingWrite

09-13 12:44:18.657  1580  1634 I NetUtils: ifc_utils: send cmd :/system/bin/ip ro add 192.168.1.0/24 dev wlan0 src 192.168.1.38 table wifi

09-13 12:44:18.657  1580  1634 I NetUtils: ifc_utils : +++ blockingWrite

09-13 12:44:18.657  1580  1634 I NetUtils: ifc_utils : --- blockingWrite

09-13 12:44:18.657  1580  1634 I NetUtils: ipd: finish sending ipd command.

09-13 12:44:18.657  1580  1634 I NetUtils: ipd_cmd(/system/bin/ip ro add default via 192.168.1.1 dev wlan0 table wifi)

09-13 12:44:18.657  1580  1634 I NetUtils: ipd_cmd: ipd socket is done, fd=280

09-13 12:44:18.657  1580  1634 I NetUtils: ifc_utils : +++ blockingWrite

09-13 12:44:18.657  1580  1634 I NetUtils: ifc_utils : --- blockingWrite

09-13 12:44:18.657  1580  1634 I NetUtils: ifc_utils: send cmd :/system/bin/ip ro add default via 192.168.1.1 dev wlan0 table wifi

09-13 12:44:18.657  1580  1634 I NetUtils: ifc_utils : +++ blockingWrite

09-13 12:44:18.657  1580  1634 I NetUtils: ifc_utils : --- blockingWrite

09-13 12:44:18.657  1580  1634 I NetUtils: ipd: finish sending ipd command.

09-13 12:44:18.657  1580  1634 I NetUtils: ipd_cmd(/system/bin/ip ru del from all to all table wifi prio 3001)

09-13 12:44:18.657  1580  1634 I NetUtils: ipd_cmd: ipd socket is done, fd=280

09-13 12:44:18.657  1580  1634 I NetUtils: ifc_utils : +++ blockingWrite

09-13 12:44:18.657  1580  1634 I NetUtils: ifc_utils : --- blockingWrite

09-13 12:44:18.657  1580  1634 I NetUtils: ifc_utils: send cmd :/system/bin/ip ru del from all to all table wifi prio 3001

09-13 12:44:18.657  1580  1634 I NetUtils: ifc_utils : +++ blockingWrite

09-13 12:44:18.657  1580  1634 I NetUtils: ifc_utils : --- blockingWrite

09-13 12:44:18.657  1580  1634 I NetUtils: ipd: finish sending ipd command.

09-13 12:44:18.657  1580  1634 I NetUtils: ipd_cmd(/system/bin/ip ru add from all to all table wifi prio 3001)

09-13 12:44:18.667  1580  1634 I NetUtils: ipd_cmd: ipd socket is done, fd=280

09-13 12:44:18.667  1580  1634 I NetUtils: ifc_utils : +++ blockingWrite

09-13 12:44:18.667  1580  1634 I NetUtils: ifc_utils : --- blockingWrite

09-13 12:44:18.667  1580  1634 I NetUtils: ifc_utils: send cmd :/system/bin/ip ru add from all to all table wifi prio 3001

09-13 12:44:18.667  1580  1634 I NetUtils: ifc_utils : +++ blockingWrite

09-13 12:44:18.667  1580  1634 I NetUtils: ifc_utils : --- blockingWrite

09-13 12:44:18.667  1580  1634 I NetUtils: ipd: finish sending ipd command.

09-13 12:44:18.667 22746 22746 I wpa_supplicant: WiFi gateway: 0x 101a8c0

09-13 12:44:18.667 22746 22746 I wpa_supplicant: Gateway ADD OK, indicate to driver

09-13 12:44:18.697  1444  1444 I ipd     : --- IP CMD

09-13 12:44:18.697  1444  1444 I ipd     : +++ IP CMD: /system/bin/ip ro add 192.168.1.0/24 dev wlan0 src 192.168.1.38 table wifi

09-13 12:44:18.717  1444  1444 I ipd     : --- IP CMD

09-13 12:44:18.717  1444  1444 I ipd     : +++ IP CMD: /system/bin/ip ro add default via 192.168.1.1 dev wlan0 table wifi

09-13 12:44:18.767  1444  1444 I ipd     : --- IP CMD

09-13 12:44:18.767  1444  1444 I ipd     : +++ IP CMD: /system/bin/ip ru del from all to all table wifi prio 3001

09-13 12:44:18.777  1444  1444 I ipd     : --- IP CMD

09-13 12:44:18.777  1444  1444 I ipd     : +++ IP CMD: /system/bin/ip ru add from all to all table wifi prio 3001

09-13 12:44:18.797  1444  1444 I ipd     : --- IP CMD

09-13 12:44:18.857 22839 22839 I NetSharing_NSReceiver: customizedNS:true

09-13 12:44:18.857 22839 22839 I NetSharing_NSReceiver: sp customizedNS:true

09-13 12:44:18.857 22839 22839 I NetSharing_NSReceiver: customizedNS2:truecustomizedML2:false

09-13 12:44:18.857 22839 22839 I NetSharing_NSReceiver: LAN Type:false ML Type:true

09-13 12:44:18.857 22839 22839 I NetSharing_NSReceiver: IS Type:true IS_ML:false

09-13 12:44:18.877 22839 22839 I NetSharing_NSReceiver: wifienabled:false

09-13 12:44:19.357  1580  1978 I ActivityManager: Process com.onegravity.k10.pro2 (pid 20260) has died.

09-13 12:44:19.357  1580  1978 W ActivityManager: Scheduling restart of crashed service com.onegravity.k10.pro2/com.onegravity.k10.service.KeepAwakeService in 5000ms

09-13 12:44:19.688 22746 22746 I wpa_supplicant: Rx Data Filter Add [5] command

09-13 12:44:19.688 22746 22746 I wpa_supplicant: auto ip disabled

09-13 12:44:19.718 22839 22839 I NetSharing_NSReceiver: customizedNS:true

09-13 12:44:19.718 22839 22839 I NetSharing_NSReceiver: sp customizedNS:true

09-13 12:44:19.718 22839 22839 I NetSharing_NSReceiver: customizedNS2:truecustomizedML2:false

09-13 12:44:19.718 22839 22839 I NetSharing_NSReceiver: LAN Type:false ML Type:true

09-13 12:44:19.718 22839 22839 I NetSharing_NSReceiver: IS Type:true IS_ML:false

09-13 12:44:19.718 22839 22839 I NetSharing_NSReceiver: wifienabled:true

09-13 12:44:19.778  1580  1631 W NetworkStats: dropping UID delta from unknown iface: iface=wlan0 uid=0 set=DEFAULT tag=0x0 rxBytes=0 rxPackets=0 txBytes=120 txPackets=2 operations=0

09-13 12:44:22.891  1580  1612 I power   : *** set_screen_state 0

09-13 12:44:22.941  2994  2994 I GTalkService/c: [AndroidEndpoint@1088396368] connect: acct=1000000, state=CONNECTING

09-13 12:44:23.081  1580  1956 I ActivityManager: Start proc com.htc.htcMessageUploader for broadcast com.htc.htcMessageUploader/.UploadMessageReceiver: pid=22915 uid=10047 gids={3003}

09-13 12:44:23.461 22915 22915 I htcMessageUploader: Start thread to upload fota event message:com.htc.htcMessageUploader.UploadMessageReceiver

09-13 12:44:23.481  1580  1981 I ActivityManager: Start proc com.htc.cs for broadcast com.htc.cs/.receiver.PoweronReceiver: pid=22930 uid=10010 gids={3003, 1015, 5001, 2001}

09-13 12:44:23.551 11703 11703 W ManagedEGLContext: doTerminate failed: EGL count is 2 but managed count is 1

09-13 12:44:23.681 22930 22930 I ActivityThread: Pub com.htc.connectedservice.csprovider: com.htc.cs.provider.ConnectedServiceProvider

09-13 12:44:23.681 22930 22930 I ActivityThread: Pub com.htc.cs.dashboard: com.htc.cs.sync.dashboard.DashboardProvider

09-13 12:44:23.712 22915 22929 I htcMessageUploader: == UploadMessageReceiver finished ==

09-13 12:44:23.742  1580  1958 I ActivityManager: Start proc com.htc.bg for broadcast com.htc.providers.uploads/.UploadReceiver: pid=22944 uid=10010 gids={3003, 1015, 5001, 2001}

09-13 12:44:23.832 22944 22944 I ActivityThread: Pub com.htc.accounts: com.htc.CustomizationSetup.AccountsProvider

09-13 12:44:23.852 22944 22944 I ActivityThread: Pub com.htc.opensense.snprovider: com.htc.opensense.snprovider.SocialNetworkProvider

09-13 12:44:23.872 22944 22944 I ActivityThread: Pub com.htc.provider.settings: com.htc.provider.settings.NotificationFlashLightProvider

09-13 12:44:23.882 22944 22944 I ActivityThread: Pub com.htc.settings.accountsync.SYNC: com.htc.opensense.syncprovider.SyncProvider

09-13 12:44:23.892 22944 22944 I ActivityThread: Pub com.htc.providers.uploads: com.htc.providers.uploads.UploadProvider

09-13 12:44:23.892 22944 22944 I ActivityThread: Pub com.htc.cachemanager: com.htc.opensense.cachemanager.CacheProvider

09-13 12:44:23.932 22944 22944 I UploadService: Service onCreate

09-13 12:44:23.982 20484 20484 I SystemUpdateService: receiver: Intent { act=android.net.conn.CONNECTIVITY_CHANGE flg=0x10000010 cmp=com.google.android.gms/.update.SystemUpdateService$ActiveReceiver (has extras) }

09-13 12:44:24.012 22944 22944 I UploadNotification: updateNotification

09-13 12:44:24.012 22944 22944 I UploadNotification: colloateNotification

09-13 12:44:24.172 22944 22944 I UploadNotification: updateAllNotification

09-13 12:44:24.182 22944 22944 I UploadService: Service onStart

09-13 12:44:24.182 22944 22944 W UploadService: UpdateThread already running

09-13 12:44:24.302 20484 22960 W TelephonyManager: Hidden constructor called more than once per process!

09-13 12:44:24.362  1580  1805 I ActivityManager: Start proc com.onegravity.k10.pro2 for broadcast com.onegravity.k10.pro2/com.onegravity.k10.service.CoreReceiver: pid=22966 uid=10103 gids={3003, 1015}

09-13 12:44:24.452 20484 22960 W TelephonyManager: Original: com.google.android.gms, new: com.google.android.gms

09-13 12:44:24.562 22944 22944 I UploadService: Service onDestroy

09-13 12:44:24.672  1580  1612 I power   : *** set_screen_state 1

09-13 12:44:24.682 11703 11703 I CarouselTimeLog: onStart() finish: 1410630264693

09-13 12:44:24.743  1728  1728 I WIS     : [WeatherData] isNightForCurrentCondition() - mId = 3

09-13 12:44:24.743  1728  1728 I WIS     : [WeatherData] isRainForCurrentCondition() - mId = 3

09-13 12:44:24.783  1580  1612 I WindowManager: Lock screen displayed!

09-13 12:44:24.923  1436  1534 I SurfaceFlinger: void android::SurfaceFlinger::updateHwcHDMI(bool) en=0

09-13 12:44:24.983 11703 11738 E Adreno200-ES20: <process_gl_state_enables:456>: GL_INVALID_ENUM

09-13 12:44:25.003 11703 11738 E Adreno200-ES20: <process_gl_state_enables:456>: GL_INVALID_ENUM

09-13 12:44:25.003 11703 11738 E Adreno200-ES20: <process_gl_state_enables:456>: GL_INVALID_ENUM

09-13 12:44:25.063  1580  2648 I ActivityManager: Process com.android.settings:remote (pid 22822) has died.

09-13 12:44:25.093 22966 22966 I ActivityThread: Pub org.openintents.filemanager.k10.pro2: org.openintents.filemanager.K10FileManagerProvider

