---- 13/09/2014 12:50:55 ----

--------- beginning of /dev/log/system

09-13 10:16:39.308  1580  1580 I ActivityManager: Process com.htc.cs (pid 19259) has died.

09-13 10:16:41.130  1580  1591 I ActivityManager: Start proc com.htc.cs for broadcast com.htc.cs/.receiver.PoweronReceiver: pid=19361 uid=10010 gids={3003, 1015, 5001, 2001}

09-13 10:16:50.289  1678  1678 W PowerUI : unknown intent: Intent { act=android.intent.action.ACTION_POWER_CONNECTED flg=0x10000010 }

09-13 10:16:50.309  1580  2651 I InputManagerService: [unbindCurrentClientLocked] Disable input method client.

09-13 10:16:50.309  1580  2651 I InputManagerService: [startInputLocked] Enable input method client.

09-13 10:16:50.409  1430  1456 I Vold    : mount CDROM, USB_STATE=CONNECTED

09-13 10:16:50.409  1430  1456 W Vold    : Cannot open ISO file

09-13 10:16:50.519  1430  1456 W Vold    : USB connected

09-13 10:16:50.519  1430  1456 W Vold    : Share method ums now available

09-13 10:16:50.519  1580  1644 I MountService: onEvent:: raw= 620 Share method ums now available cooked =  620 Share method ums now available

09-13 10:16:50.549  1678  1832 I StorageNotification: UMS connection changed to true (media state mounted)

09-13 10:16:50.649  1580  1580 I ActivityManager: START intent from pid 18426

09-13 10:16:51.430  1580  1592 I InputManagerService: [unbindCurrentClientLocked] Disable input method client.

09-13 10:16:51.430  1580  1592 I InputManagerService: [startInputLocked] Enable input method client.

09-13 10:17:00.839  1580  1870 W ActivityManager: Duplicate finish request for ActivityRecord{40de0ce0 com.htc.android.psclient/.UsbConnectionSettings}

09-13 10:17:01.119  1580  1597 I ActivityManager: Start proc com.devexpert.weatheradfree for broadcast com.devexpert.weatheradfree/.view.WidgetWeather2x1: pid=19418 uid=10112 gids={3003, 1015}

09-13 10:17:01.139  1580  1804 I InputManagerService: [unbindCurrentClientLocked] Disable input method client.

09-13 10:17:01.149  1580  1804 I InputManagerService: [startInputLocked] Enable input method client.

09-13 10:17:01.149  1580  1580 W InputManagerService: Starting input on non-focused client com.android.internal.view.IInputMethodClient$Stub$Proxy@4148e1d8 (uid=10010 pid=18426)

09-13 10:17:01.790  1580  2647 I ActivityManager: Process com.htc.htcMessageUploader (pid 19245) has died.

09-13 10:17:03.051  1580  2647 I ActivityManager: Process com.htc.cs (pid 19361) has died.

09-13 10:17:58.956  1580  1956 I ActivityManager: moveTaskToBack: 21

09-13 10:17:59.166  1580  1981 I ActivityManager: Process com.htc.bg (pid 19012) has died.

09-13 10:17:59.626  1580  1981 I ActivityManager: moveTaskToBack: 21

09-13 10:17:59.746  1580  1978 I ActivityManager: Process com.htc.syncagent (pid 19337) has died.

09-13 10:18:00.597  1580  1958 I InputManagerService: [unbindCurrentClientLocked] Disable input method client.

09-13 10:18:00.597  1580  1958 I InputManagerService: [startInputLocked] Enable input method client.

09-13 10:18:01.068  1580  1878 I ActivityManager: Process com.droids.appwidget.apns (pid 19148) has died.

09-13 10:18:03.150  1580  2648 I InputManagerService: [unbindCurrentClientLocked] Disable input method client.

09-13 10:18:03.150  1580  2648 I InputManagerService: [startInputLocked] Enable input method client.

09-13 10:18:03.430  1580  1580 W InputManagerService: Starting input on non-focused client com.android.internal.view.IInputMethodClient$Stub$Proxy@411e1bf0 (uid=10003 pid=18548)

09-13 10:18:03.700  1580  1878 I ActivityManager: Process android.process.media (pid 18951) has died.

09-13 10:18:05.892  1580  1804 I ActivityManager: moveTaskToBack: 38

09-13 10:18:06.323  1580  1750 I InputManagerService: [unbindCurrentClientLocked] Disable input method client.

09-13 10:18:06.323  1580  1750 I InputManagerService: [startInputLocked] Enable input method client.

09-13 10:18:06.323  1580  1878 W InputManagerService: Starting input on non-focused client com.android.internal.view.IInputMethodClient$Stub$Proxy@4144bc60 (uid=10003 pid=1808)

09-13 10:18:06.393  1580  2651 I ActivityManager: Process com.android.settings (pid 19305) has died.

09-13 10:18:06.753  1580  1804 I ActivityManager: Process com.devexpert.weatheradfree (pid 19418) has died.

09-13 10:18:16.313  1580  1804 I ActivityManager: START intent from pid -1

09-13 10:18:16.443  1580  1804 I ActivityManager: Start proc com.android.mms for service com.android.mms/.transaction.SmsReceiverService: pid=19449 uid=10065 gids={3003, 1015, 5002}

09-13 10:18:16.513  1580  1978 W InputManagerService: Window already focused, ignoring focus gain of: com.android.internal.view.IInputMethodClient$Stub$Proxy@41231358

09-13 10:18:17.043  1580  2648 I ActivityManager: Process com.htc.bgp (pid 18426) has died.

09-13 10:18:17.043  1580  2648 W ActivityManager: Scheduling restart of crashed service com.htc.htclocationservice/.AutoSettingService in 5000ms

09-13 10:18:17.043  1580  2648 W ActivityManager: Scheduling restart of crashed service com.htc.cs/.service.DashboardService in 15000ms

09-13 10:18:17.043  1580  2648 W ActivityManager: Scheduling restart of crashed service com.htc.android.psclient/.ConnectToPCService in 25000ms

09-13 10:18:17.624  1580  2647 I ActivityManager: Process com.onegravity.k10.pro2 (pid 17484) has died.

09-13 10:18:17.624  1580  2647 W ActivityManager: Scheduling restart of crashed service com.onegravity.k10.pro2/com.onegravity.k10.service.PushService in 34423ms

09-13 10:18:17.624  1580  2647 W ActivityManager: Scheduling restart of crashed service com.onegravity.k10.pro2/com.onegravity.k10.service.KeepAwakeService in 44423ms

09-13 10:18:17.844  1580  1597 E NotificationService: Ignoring notification with icon==0: Notification(contentView=null vibrate=null,sound=nullnull,defaults=0x0,flags=0x62)

09-13 10:18:18.715  1580  1597 I ActivityManager: Start proc com.htc.idlescreen.base for broadcast com.htc.idlescreen.base/.setting.UpdateShortcutReceiver: pid=19478 uid=10059 gids={3003}

09-13 10:18:22.088  1580  1597 I ActivityManager: Start proc com.htc.bgp for service com.htc.htclocationservice/.AutoSettingService: pid=19498 uid=10010 gids={3003, 1015, 5001, 2001}

09-13 10:18:22.539  1580  1978 I ActivityManager: Process com.htc.idlescreen.base (pid 19478) has died.

09-13 10:18:23.700  1580  1597 I ActivityManager: Start proc com.htc.calendar for broadcast com.htc.calendar/.app.widget.CalendarAppWidgetService$CalendarFactory: pid=19517 uid=10010 gids={3003, 1015, 5001, 2001}

09-13 10:18:24.010  1580  1981 I ActivityManager: Process com.htc.calendar (pid 19517) has died.

09-13 10:18:29.085  1580  2648 I ActivityManager: Process com.android.htccontacts (pid 18548) has died.

09-13 10:18:52.097  1580  1597 I ActivityManager: Start proc com.onegravity.k10.pro2 for service com.onegravity.k10.pro2/com.onegravity.k10.service.PushService: pid=19539 uid=10103 gids={3003, 1015}

09-13 10:19:01.126  1580  1597 I ActivityManager: Start proc com.devexpert.weatheradfree for broadcast com.devexpert.weatheradfree/.view.WidgetWeather2x1: pid=19561 uid=10112 gids={3003, 1015}

09-13 10:19:01.517  1580  2647 I ActivityManager: Process com.onegravity.k10.pro2 (pid 19539) has died.

09-13 10:19:02.067  1580  1597 I ActivityManager: Start proc com.onegravity.k10.pro2 for service com.onegravity.k10.pro2/com.onegravity.k10.service.KeepAwakeService: pid=19576 uid=10103 gids={3003, 1015}

09-13 10:19:02.998  1580  1804 I ActivityManager: Process com.devexpert.weatheradfree (pid 19561) has died.

09-13 10:19:15.740  1580  1596 I InputManagerService: Receive : Intent.ACTION_SCREEN_OFF

09-13 10:19:15.751  1580  1596 I InputManagerService: Disable input method client.

09-13 10:19:16.231  1580  1956 I ActivityManager: Start proc com.android.settings:remote for broadcast com.android.settings/.framework.activity.powersaver.SmartSynServiceReceiver: pid=19601 uid=1000 gids={3006, 1015, 3002, 3001, 3003, 5001, 5004, 5003, 3007}

09-13 10:19:17.662  1580  1804 I ActivityManager: Process com.android.settings:remote (pid 19601) has died.

09-13 10:19:18.693  1580  1610 W AlarmManager: RXTXtriggerAlarmsLocked

09-13 10:19:22.397 19576 19617 E ActivityThread: Failed to find provider info for com.sec.badge

09-13 10:19:22.397 19576 19617 E ActivityThread: Failed to find provider info for com.sec.badge

09-13 10:20:01.125  1580  1597 I ActivityManager: Start proc com.devexpert.weatheradfree for broadcast com.devexpert.weatheradfree/.view.WidgetWeather2x1: pid=19620 uid=10112 gids={3003, 1015}

09-13 10:20:54.327  1580  1784 W ThrottleService: unable to find stats for iface rmnet0

09-13 10:25:08.024  1580  1610 W AlarmManager: RXTXtriggerAlarmsLocked

09-13 10:26:33.608  1580  1872 I ActivityManager: Process com.google.process.location (pid 17380) has died.

09-13 10:26:33.638  1580  1872 W ActivityManager: Scheduling restart of crashed service com.google.android.gms/com.google.android.location.internal.GoogleLocationManagerService in 5000ms

09-13 10:26:33.638  1580  1872 W ActivityManager: Scheduling restart of crashed service com.google.android.gms/com.google.android.location.internal.server.GoogleLocationService in 14997ms

09-13 10:26:33.648  1580  1872 W ActivityManager: Scheduling restart of crashed service com.google.android.gms/com.google.android.location.reporting.service.DispatchingService in 24993ms

09-13 10:26:33.648  1580  1872 W ActivityManager: Scheduling restart of crashed service com.google.android.gms/com.google.android.location.fused.NlpLocationReceiverService in 34992ms

09-13 10:26:38.673  1580  1597 I ActivityManager: Start proc com.google.process.location for service com.google.android.gms/com.google.android.location.internal.GoogleLocationManagerService: pid=19652 uid=10012 gids={3003, 1015, 1007, 1006, 3002, 3001, 2001, 3006}

09-13 10:26:43.507  1580  1958 E LocationManagerService: add listener to CarGpsProvider to provide NMEA

09-13 10:26:44.819  1580  2648 I ActivityManager: Process com.devexpert.weatheradfree (pid 19620) has died.

09-13 10:26:45.369  1580  1597 I ActivityManager: Start proc com.android.settings for broadcast com.android.settings/.wifi.WifiOffloadRequest: pid=19688 uid=1000 gids={3006, 1015, 3002, 3001, 3003, 5001, 5004, 5003, 3007}

09-13 10:26:45.559  1580  1958 I ActivityManager: Process com.android.settings (pid 19688) has died.

09-13 10:27:01.135  1580  1597 I ActivityManager: Start proc com.devexpert.weatheradfree for broadcast com.devexpert.weatheradfree/.view.WidgetWeather2x1: pid=19702 uid=10112 gids={3003, 1015}

09-13 10:28:05.407  1580  1591 I ActivityManager: Process com.devexpert.weatheradfree (pid 19702) has died.

09-13 10:29:01.122  1580  1597 I ActivityManager: Start proc com.devexpert.weatheradfree for broadcast com.devexpert.weatheradfree/.view.WidgetWeather2x1: pid=19737 uid=10112 gids={3003, 1015}

09-13 10:29:02.523  1580  1958 I ActivityManager: Process com.devexpert.weatheradfree (pid 19737) has died.

09-13 10:30:01.110  1580  1597 I ActivityManager: Start proc com.devexpert.weatheradfree for broadcast com.devexpert.weatheradfree/.view.WidgetWeather2x1: pid=19753 uid=10112 gids={3003, 1015}

09-13 10:30:32.761  1580  1981 I ActivityManager: Process com.devexpert.weatheradfree (pid 19753) has died.

09-13 10:30:54.302  1580  1784 W ThrottleService: unable to find stats for iface rmnet0

09-13 10:31:01.129  1580  1597 I ActivityManager: Start proc com.devexpert.weatheradfree for broadcast com.devexpert.weatheradfree/.view.WidgetWeather2x1: pid=19769 uid=10112 gids={3003, 1015}

09-13 10:31:08.216  1580  1610 W AlarmManager: RXTXtriggerAlarmsLocked

09-13 10:31:29.436  1580  1982 I ActivityManager: Process com.devexpert.weatheradfree (pid 19769) has died.

09-13 10:32:01.117  1580  1597 I ActivityManager: Start proc com.devexpert.weatheradfree for broadcast com.devexpert.weatheradfree/.view.WidgetWeather2x1: pid=19787 uid=10112 gids={3003, 1015}

09-13 10:34:16.850  1580  1597 I ActivityManager: Start proc com.android.settings:remote for broadcast com.android.settings/.framework.activity.powersaver.SmartSyncScreenOnOffTimeReceiver: pid=19804 uid=1000 gids={3006, 1015, 3002, 3001, 3003, 5001, 5004, 5003, 3007}

09-13 10:34:17.771  1580  1804 I ActivityManager: Process com.devexpert.weatheradfree (pid 19787) has died.

09-13 10:35:01.123  1580  1597 I ActivityManager: Start proc com.devexpert.weatheradfree for broadcast com.devexpert.weatheradfree/.view.WidgetWeather2x1: pid=19820 uid=10112 gids={3003, 1015}

09-13 10:35:07.629  1580  1591 I ActivityManager: Process com.android.settings:remote (pid 19804) has died.

09-13 10:37:08.507  1580  1610 W AlarmManager: RXTXtriggerAlarmsLocked

09-13 10:40:54.307  1580  1784 W ThrottleService: unable to find stats for iface rmnet0

09-13 10:43:08.819  1580  1610 W AlarmManager: RXTXtriggerAlarmsLocked

09-13 10:46:03.199  1580  1596 I ActivityManager: Start proc com.android.settings:remote for broadcast com.android.settings/.framework.activity.powersaver.PowerSaverStateReceiver: pid=19857 uid=1000 gids={3006, 1015, 3002, 3001, 3003, 5001, 5004, 5003, 3007}

09-13 10:46:03.309  1580  1978 I ActivityManager: Process com.google.android.gms.drive (pid 18575) has died.

09-13 10:46:03.319  1580  1978 W ActivityManager: Scheduling restart of crashed service com.google.android.gms/.drive.api.ApiService in 5000ms

09-13 10:46:08.344  1580  1597 I ActivityManager: Start proc com.google.android.gms.drive for service com.google.android.gms/.drive.api.ApiService: pid=19870 uid=10012 gids={3003, 1015, 1007, 1006, 3002, 3001, 2001, 3006}

09-13 10:46:08.734  1580  1580 I ActivityManager: Process com.devexpert.weatheradfree (pid 19820) has died.

09-13 10:47:01.125  1580  1597 I ActivityManager: Start proc com.devexpert.weatheradfree for broadcast com.devexpert.weatheradfree/.view.WidgetWeather2x1: pid=19893 uid=10112 gids={3003, 1015}

09-13 10:47:02.557  1580  2648 I ActivityManager: Process com.android.settings:remote (pid 19857) has died.

09-13 10:49:09.030  1580  1610 W AlarmManager: RXTXtriggerAlarmsLocked

09-13 10:50:54.303  1580  1784 W ThrottleService: unable to find stats for iface rmnet0

09-13 10:54:39.683  1580  1665 I PerformBackupTask: no backup data written; not calling transport

09-13 10:54:39.773  1580  1665 I PerformBackupTask: no backup data written; not calling transport

09-13 10:54:39.773  1580  1665 I PerformBackupTask: Backup pass finished.

09-13 10:55:09.312  1580  1610 W AlarmManager: RXTXtriggerAlarmsLocked

09-13 11:00:54.328  1580  1784 W ThrottleService: unable to find stats for iface rmnet0

09-13 11:01:09.653  1580  1610 W AlarmManager: RXTXtriggerAlarmsLocked

09-13 11:07:09.865  1580  1610 W AlarmManager: RXTXtriggerAlarmsLocked

09-13 11:10:54.323  1580  1784 W ThrottleService: unable to find stats for iface rmnet0

09-13 11:11:20.159  1580  1596 I InputManagerService: Receive : Intent.ACTION_SCREEN_ON

09-13 11:11:20.159  1580  1612 I WindowManager: Lock screen displayed!

09-13 11:11:20.159  1580  1596 I InputManagerService: Enable input method client.

09-13 11:11:20.659  1580  2648 I ActivityManager: Process com.google.process.location (pid 19652) has died.

09-13 11:11:20.679  1580  2648 W ActivityManager: Scheduling restart of crashed service com.google.android.gms/com.google.android.location.internal.server.GoogleLocationService in 5000ms

09-13 11:11:20.679  1580  2648 W ActivityManager: Scheduling restart of crashed service com.google.android.gms/com.google.android.location.internal.GoogleLocationManagerService in 14999ms

09-13 11:11:20.679  1580  2648 W ActivityManager: Scheduling restart of crashed service com.google.android.gms/com.google.android.location.reporting.service.DispatchingService in 24999ms

09-13 11:11:20.679  1580  2648 W ActivityManager: Scheduling restart of crashed service com.google.android.gms/com.google.android.location.fused.NlpLocationReceiverService in 34999ms

09-13 11:11:20.709  1580  1597 W ActivityManager: Failure sending broadcast Intent { act=android.intent.action.SCREEN_ON flg=0x40000010 }

09-13 11:11:20.709  1580  1597 W ActivityManager: android.os.DeadObjectException

09-13 11:11:20.709  1580  1597 W ActivityManager: 	at android.os.BinderProxy.transact(Native Method)

09-13 11:11:20.709  1580  1597 W ActivityManager: 	at android.content.IIntentReceiver$Stub$Proxy.performReceive(IIntentReceiver.java:121)

09-13 11:11:20.709  1580  1597 W ActivityManager: 	at com.android.server.am.ActivityManagerService.performReceiveLocked(ActivityManagerService.java:13539)

09-13 11:11:20.709  1580  1597 W ActivityManager: 	at com.android.server.am.ActivityManagerService.deliverToRegisteredReceiverLocked(ActivityManagerService.java:13607)

09-13 11:11:20.709  1580  1597 W ActivityManager: 	at com.android.server.am.ActivityManagerService.processNextBroadcast(ActivityManagerService.java:13822)

09-13 11:11:20.709  1580  1597 W ActivityManager: 	at com.android.server.am.ActivityManagerService.access$100(ActivityManagerService.java:185)

09-13 11:11:20.709  1580  1597 W ActivityManager: 	at com.android.server.am.ActivityManagerService$2.handleMessage(ActivityManagerService.java:1094)

09-13 11:11:20.709  1580  1597 W ActivityManager: 	at android.os.Handler.dispatchMessage(Handler.java:99)

09-13 11:11:20.709  1580  1597 W ActivityManager: 	at android.os.Looper.loop(Looper.java:154)

09-13 11:11:20.709  1580  1597 W ActivityManager: 	at com.android.server.am.ActivityManagerService$AThread.run(ActivityManagerService.java:1553)

09-13 11:11:20.749  1580  1591 I ActivityManager: Start proc com.android.settings:remote for broadcast com.android.settings/.framework.activity.powersaver.SmartSynServiceReceiver: pid=19948 uid=1000 gids={3006, 1015, 3002, 3001, 3003, 5001, 5004, 5003, 3007}

09-13 11:11:21.150  1580  1804 I ActivityManager: Process com.google.android.gms.wearable (pid 17411) has died.

09-13 11:11:21.900  1580  1981 W AlarmManager: RemoveAPPAlarmPendingIntent has no PendingIntent operation

09-13 11:11:21.900  1580  1805 W AlarmManager: RemoveAPPAlarmPendingIntent has no PendingIntent operation

09-13 11:11:21.900  1580  2648 W AlarmManager: RemoveAPPAlarmPendingIntent has no PendingIntent operation

09-13 11:11:21.910  1580  1592 W AlarmManager: RemoveAPPAlarmPendingIntent has no PendingIntent operation

09-13 11:11:21.910  1580  1750 W AlarmManager: RemoveAPPAlarmPendingIntent has no PendingIntent operation

09-13 11:11:21.910  1580  1872 W AlarmManager: RemoveAPPAlarmPendingIntent has no PendingIntent operation

09-13 11:11:21.910  1580  1978 W AlarmManager: RemoveAPPAlarmPendingIntent has no PendingIntent operation

09-13 11:11:21.910  1580  1804 W AlarmManager: RemoveAPPAlarmPendingIntent has no PendingIntent operation

09-13 11:11:22.141  1580  1597 I ActivityManager: Start proc com.htc.cs for broadcast com.htc.cs/.receiver.PoweronReceiver: pid=19963 uid=10010 gids={3003, 1015, 5001, 2001}

09-13 11:11:22.361  1580  2647 W InputManagerService: Window already focused, ignoring focus gain of: com.android.internal.view.IInputMethodClient$Stub$Proxy@413c50a0

09-13 11:11:23.042  1580  2647 I ActivityManager: Process com.htc.bgp (pid 19498) has died.

09-13 11:11:23.042  1580  2647 W ActivityManager: Scheduling restart of crashed service com.htc.htclocationservice/.AutoSettingService in 42624ms

09-13 11:11:23.042  1580  2647 W ActivityManager: Scheduling restart of crashed service com.htc.cs/.service.DashboardService in 52624ms

09-13 11:11:23.042  1580  2647 W ActivityManager: Scheduling restart of crashed service com.htc.android.psclient/.ConnectToPCService in 62624ms

09-13 11:11:24.253  1580  1591 I ActivityManager: START intent from pid 11703

09-13 11:11:24.893  1580  1750 I ActivityManager: Process com.google.android.gms (pid 17537) has died.

09-13 11:11:24.893  1580  1750 W ActivityManager: Scheduling restart of crashed service com.google.android.gms/.analytics.service.AnalyticsService in 70775ms

09-13 11:11:24.893  1580  1750 W ActivityManager: Scheduling restart of crashed service com.google.android.gms/.update.SystemUpdateService in 80775ms

09-13 11:11:25.594  1580  1956 I InputManagerService: [unbindCurrentClientLocked] Disable input method client.

09-13 11:11:25.594  1580  1956 I InputManagerService: [startInputLocked] Enable input method client.

09-13 11:11:25.614  1580  2648 W InputManagerService: Starting input on non-focused client com.android.internal.view.IInputMethodClient$Stub$Proxy@41280e50 (uid=9999 pid=11703)

09-13 11:11:25.704  1580  1597 I ActivityManager: Start proc com.google.process.location for service com.google.android.gms/com.google.android.location.internal.server.GoogleLocationService: pid=19991 uid=10012 gids={3003, 1015, 1007, 1006, 3002, 3001, 2001, 3006}

09-13 11:11:26.585  1580  1750 I ActivityManager: Start proc com.google.android.gms for broadcast com.google.android.gms/.init.InitializeGmsReceiver: pid=20006 uid=10012 gids={3003, 1015, 1007, 1006, 3002, 3001, 2001, 3006}

09-13 11:11:27.706  1580  1878 I ActivityManager: Start proc com.htc.idlescreen.base for broadcast com.htc.idlescreen.base/.setting.UpdateShortcutReceiver: pid=20033 uid=10059 gids={3003}

09-13 11:11:28.307  1580  2647 I ActivityManager: Process com.onegravity.k10.pro2 (pid 19576) has died.

09-13 11:11:28.317  1580  2647 W ActivityManager: Scheduling restart of crashed service com.onegravity.k10.pro2/com.onegravity.k10.service.PushService in 77361ms

09-13 11:11:28.317  1580  2647 W ActivityManager: Scheduling restart of crashed service com.onegravity.k10.pro2/com.onegravity.k10.service.KeepAwakeService in 87360ms

09-13 11:11:29.728  1580  2647 I ActivityManager: START intent from pid 19449

09-13 11:11:30.939  1580  1981 I ActivityManager: Start proc com.htc.android.htcime:provider_latin for service com.htc.android.htcime/.spellcheck.HTCSpellCheckerService: pid=20059 uid=10029 gids={1015}

09-13 11:11:32.090  1580  1981 I ActivityManager: Process com.android.settings:remote (pid 19948) has died.

09-13 11:11:32.240  1580  1596 I ActivityManager: Start proc com.htc.bgp for content provider com.htc.provider.CustomizationSettings/.CustomizationSettingsProvider: pid=20075 uid=10010 gids={3003, 1015, 5001, 2001}

09-13 11:11:33.662  1580  1878 I ActivityManager: Process com.htc.cs (pid 19963) has died.

09-13 11:11:33.932  1580  1956 E LocationManagerService: add listener to CarGpsProvider to provide NMEA

09-13 11:11:34.603  1580  1870 I ActivityManager: Process com.devexpert.weatheradfree (pid 19893) has died.

09-13 11:11:35.394  1580  1597 I ActivityManager: Start proc com.htc.calendar for broadcast com.htc.calendar/.app.widget.CalendarAppWidgetService$CalendarFactory: pid=20111 uid=10010 gids={3003, 1015, 5001, 2001}

09-13 11:11:35.604  1580  1981 I ActivityManager: Start proc com.google.android.gms.wearable for service com.google.android.gms/.wearable.service.WearableService: pid=20124 uid=10012 gids={3003, 1015, 1007, 1006, 3002, 3001, 2001, 3006}

09-13 11:11:37.516  1580  1804 I ActivityManager: Process com.google.android.gms (pid 20006) has died.

09-13 11:11:37.546  1580  1597 I ActivityManager: Start proc com.google.android.gms for broadcast com.google.android.gms/.wearable.service.AutoStarterReceiver: pid=20153 uid=10012 gids={3003, 1015, 1007, 1006, 3002, 3001, 2001, 3006}

09-13 11:11:37.746  1580  1958 I ActivityManager: Process com.htc.idlescreen.base (pid 20033) has died.

09-13 11:11:39.367  1580  1597 I ActivityManager: Start proc com.htc.idlescreen.base for broadcast com.htc.idlescreen.base/.setting.UpdateShortcutReceiver: pid=20179 uid=10059 gids={3003}

09-13 11:11:39.998  1580  2651 I ActivityManager: Process com.htc.bgp (pid 20075) has died.

09-13 11:11:40.268  1580  2647 I ActivityManager: Start proc com.htc.bgp for content provider com.android.providers.calendar/.HtcCalendarProvider: pid=20200 uid=10010 gids={3003, 1015, 5001, 2001}

09-13 11:11:40.639  1580  1878 I ActivityManager: Process com.htc.calendar (pid 20111) has died.

09-13 11:11:42.390  1580  1597 I ActivityManager: Start proc com.htc.calendar for broadcast com.htc.calendar/.app.widget.CalendarAppWidgetService$CalendarFactory: pid=20218 uid=10010 gids={3003, 1015, 5001, 2001}

09-13 11:11:42.791  1580  1982 I ActivityManager: Process com.htc.android.htcime:provider_latin (pid 20059) has died.

09-13 11:11:43.542  1580  1805 I ActivityManager: START intent from pid 19449

09-13 11:11:43.962  1580  2651 I ActivityManager: Start proc com.htc.android.htcime:provider_latin for service com.htc.android.htcime/.spellcheck.HTCSpellCheckerService: pid=20240 uid=10029 gids={1015}

09-13 11:11:44.693  1580  1750 I ActivityManager: Process com.htc.idlescreen.base (pid 20179) has died.

09-13 11:11:45.413  1580  1870 I ActivityManager: Process com.google.android.gms (pid 20153) has died.

09-13 11:11:48.096  1580  1597 I ActivityManager: Start proc com.onegravity.k10.pro2 for broadcast com.onegravity.k10.pro2/com.onegravity.k10.service.CoreReceiver: pid=20260 uid=10103 gids={3003, 1015}

09-13 11:11:52.570  1580  1958 I ActivityManager: Process com.htc.calendar (pid 20218) has died.

09-13 11:12:00.999 20260 20283 E ActivityThread: Failed to find provider info for com.sec.badge

09-13 11:12:00.999 20260 20283 E ActivityThread: Failed to find provider info for com.sec.badge

09-13 11:12:01.119  1580  1597 I ActivityManager: Start proc com.devexpert.weatheradfree for broadcast com.devexpert.weatheradfree/.view.WidgetWeather2x1: pid=20300 uid=10112 gids={3003, 1015}

09-13 11:12:01.479  1580  1872 I ActivityManager: Process com.htc.bgp (pid 20200) has died.

09-13 11:12:02.420  1580  1872 I ActivityManager: Process com.htc.android.htcime:provider_latin (pid 20240) has died.

09-13 11:12:05.703  1580  1597 I ActivityManager: Start proc com.htc.bgp for service com.htc.htclocationservice/.AutoSettingService: pid=20326 uid=10010 gids={3003, 1015, 5001, 2001}

09-13 11:12:06.594  1580  2647 I ActivityManager: Start proc com.htc.android.htcime:provider_latin for service com.htc.android.htcime/.spellcheck.HTCSpellCheckerService: pid=20345 uid=10029 gids={1015}

09-13 11:12:07.175  1580  1981 I ActivityManager: Process com.devexpert.weatheradfree (pid 20300) has died.

09-13 11:12:07.475  1580  1597 I ActivityManager: Start proc com.htc.calendar for broadcast com.htc.calendar/.app.widget.CalendarAppWidgetService$CalendarFactory: pid=20359 uid=10010 gids={3003, 1015, 5001, 2001}

09-13 11:12:10.007  1580  1981 I ActivityManager: Process com.htc.calendar (pid 20359) has died.

09-13 11:12:11.209  1580  1597 I ActivityManager: Start proc com.android.htccontacts for broadcast com.android.htccontacts/.NotificationRemoveBroadcastReceiver: pid=20384 uid=10003 gids={3003, 1015}

09-13 11:12:13.020  1580  1597 E NotificationService: Ignoring notification with icon==0: Notification(contentView=null vibrate=null,sound=nullnull,defaults=0x0,flags=0x62)

09-13 11:12:14.292  1580  1978 I ActivityManager: START intent from pid 19449

09-13 11:12:17.435  1580  2647 I ActivityManager: Start proc com.htc.idlescreen.base for broadcast com.htc.idlescreen.base/.setting.UpdateShortcutReceiver: pid=20420 uid=10059 gids={3003}

09-13 11:12:17.755  1580  1597 E NotificationService: Ignoring notification with icon==0: Notification(contentView=null vibrate=null,sound=nullnull,defaults=0x0,flags=0x62)

09-13 11:12:18.295  1580  1978 W ActivityManager: Exception when sending broadcast to ComponentInfo{com.htc.idlescreen.base/com.htc.idlescreen.base.setting.UpdateShortcutReceiver}

09-13 11:12:18.295  1580  1978 W ActivityManager: android.os.TransactionTooLargeException

09-13 11:12:18.295  1580  1978 W ActivityManager: 	at android.os.BinderProxy.transact(Native Method)

09-13 11:12:18.295  1580  1978 W ActivityManager: 	at android.app.ApplicationThreadProxy.scheduleReceiver(ApplicationThreadNative.java:749)

09-13 11:12:18.295  1580  1978 W ActivityManager: 	at com.android.server.am.ActivityManagerService.processCurBroadcastLocked(ActivityManagerService.java:13511)

09-13 11:12:18.295  1580  1978 W ActivityManager: 	at com.android.server.am.ActivityManagerService.processNextBroadcast(ActivityManagerService.java:13924)

09-13 11:12:18.295  1580  1978 W ActivityManager: 	at com.android.server.am.ActivityManagerService.finishReceiver(ActivityManagerService.java:13327)

09-13 11:12:18.295  1580  1978 W ActivityManager: 	at android.app.ActivityManagerNative.onTransact(ActivityManagerNative.java:336)

09-13 11:12:18.295  1580  1978 W ActivityManager: 	at com.android.server.am.ActivityManagerService.onTransact(ActivityManagerService.java:1712)

09-13 11:12:18.295  1580  1978 W ActivityManager: 	at android.os.Binder.execTransact(Binder.java:338)

09-13 11:12:18.295  1580  1978 W ActivityManager: 	at dalvik.system.NativeStart.run(Native Method)

09-13 11:12:18.335  1580  1978 I ActivityManager: Start proc com.htc.idlescreen.base for broadcast com.htc.idlescreen.base/.setting.UpdateShortcutReceiver: pid=20434 uid=10059 gids={3003}

09-13 11:12:18.335  1580  1592 I ActivityManager: Process com.htc.idlescreen.base (pid 20420) has died and restarted (pid 20434).

09-13 11:12:19.867  1580  1750 I ActivityManager: Process com.android.htccontacts (pid 20384) has died.

09-13 11:12:21.048  1580  1956 I ActivityManager: Process com.htc.android.htcime:provider_latin (pid 20345) has died.

09-13 11:12:21.288  1580  1978 W ActivityManager: Duplicate finish request for ActivityRecord{40db9d50 com.android.mms/.ui.ConversationList}

09-13 11:12:21.308  1580  1981 W ActivityManager: Duplicate finish request for ActivityRecord{40db9d50 com.android.mms/.ui.ConversationList}

09-13 11:12:21.889  1580  1592 I InputManagerService: [unbindCurrentClientLocked] Disable input method client.

09-13 11:12:21.889  1580  1592 I InputManagerService: [startInputLocked] Enable input method client.

09-13 11:12:21.899  1580  1958 W InputManagerService: Starting input on non-focused client com.android.internal.view.IInputMethodClient$Stub$Proxy@411c33f8 (uid=10065 pid=19449)

09-13 11:12:21.939  1580  1956 I ActivityManager: Process com.htc.idlescreen.base (pid 20434) has died.

09-13 11:12:22.890  1580  1616 I WindowManager: WINDOW DIED Window{40de4580 com.android.mms/com.android.mms.ui.ConversationList paused=false}

09-13 11:12:22.900  1580  1870 I ActivityManager: Process com.android.mms (pid 19449) has died.

09-13 11:12:22.930  1580  1878 W WindowManager: Failed looking up window

09-13 11:12:22.930  1580  1878 W WindowManager: java.lang.IllegalArgumentException: Requested window android.os.BinderProxy@411b8310 does not exist

09-13 11:12:22.930  1580  1878 W WindowManager: 	at com.android.server.wm.WindowManagerService.windowForClientLocked(WindowManagerService.java:7487)

09-13 11:12:22.930  1580  1878 W WindowManager: 	at com.android.server.wm.WindowManagerService.windowForClientLocked(WindowManagerService.java:7478)

09-13 11:12:22.930  1580  1878 W WindowManager: 	at com.android.server.wm.WindowState$DeathRecipient.binderDied(WindowState.java:1592)

09-13 11:12:22.930  1580  1878 W WindowManager: 	at android.os.BinderProxy.sendDeathNotice(Binder.java:417)

09-13 11:12:22.930  1580  1878 W WindowManager: 	at dalvik.system.NativeStart.run(Native Method)

09-13 11:12:22.930  1580  1878 I WindowManager: WIN DEATH: null

09-13 11:12:23.711  1580  1597 I ActivityManager: Start proc com.android.settings for broadcast com.android.settings/.wifi.WifiOffloadRequest: pid=20467 uid=1000 gids={3006, 1015, 3002, 3001, 3003, 5001, 5004, 5003, 3007}

09-13 11:12:32.169  1580  1596 W ActivityManager: Activity destroy timeout for ActivityRecord{40db9d50 com.android.mms/.ui.ConversationList}

09-13 11:12:35.712  1580  1597 I ActivityManager: Start proc com.google.android.gms for service com.google.android.gms/.analytics.service.AnalyticsService: pid=20484 uid=10012 gids={3003, 1015, 1007, 1006, 3002, 3001, 2001, 3006}

09-13 11:12:36.964  1580  1592 I ActivityManager: Process com.android.settings (pid 20467) has died.

09-13 11:12:50.347  1580  1597 I ActivityManager: Start proc com.android.mms for broadcast com.android.mms/.transaction.PrivilegedSmsReceiver: pid=20504 uid=10065 gids={3003, 1015, 5002}

09-13 11:12:51.067  1580  1597 E NotificationService: Ignoring notification with icon==0: Notification(contentView=null vibrate=null,sound=nullnull,defaults=0x0,flags=0x62)

09-13 11:12:51.087  1580  1597 I ActivityManager: Start proc com.android.htccontacts for broadcast com.android.htccontacts/.NotificationRemoveBroadcastReceiver: pid=20531 uid=10003 gids={3003, 1015}

09-13 11:12:51.628  1580  2647 I ActivityManager: Process com.android.htccontacts (pid 20531) has died.

09-13 11:12:52.429  1580  2648 I ActivityManager: Start proc com.htc.sdm for content provider com.htc.sdm/.provider.SDMProvider: pid=20546 uid=10052 gids={3003, 2001, 1015, 5001, 5002}

09-13 11:12:52.629  1580  2651 I ActivityManager: Start proc android.process.media for content provider com.android.providers.media/.MediaProvider: pid=20559 uid=10016 gids={1015, 1023, 1024, 5001, 5002, 2001, 3003, 3007}

09-13 11:12:53.710  1580  1580 I ActivityManager: Process com.htc.sdm (pid 20546) has died.

09-13 11:12:53.730  1580  2648 I ActivityManager: Start proc com.htc.bg for content provider com.htc.provider.settings/.NotificationFlashLightProvider: pid=20579 uid=10010 gids={3003, 1015, 5001, 2001}

09-13 11:12:54.020  1580  1872 I ActivityManager: Process android.process.media (pid 20559) has died.

09-13 11:12:54.251  1580 20593 I ActivityManager: Start proc android.process.media for content provider com.android.providers.media/.MediaProvider: pid=20595 uid=10016 gids={1015, 1023, 1024, 5001, 5002, 2001, 3003, 3007}

09-13 11:12:54.331  1580  1597 I ActivityManager: Start proc com.android.htccontacts for broadcast com.android.htccontacts/.NotificationRemoveBroadcastReceiver: pid=20608 uid=10003 gids={3003, 1015}

09-13 11:12:54.651  1580  1981 I ActivityManager: Process com.htc.bg (pid 20579) has died.

09-13 11:12:54.881  1580  1580 I ActivityManager: Process com.android.mms (pid 20504) has died.

09-13 11:12:55.181  1580  1591 I ActivityManager: Process com.android.htccontacts (pid 20608) has died.

09-13 11:13:01.137  1580  1597 I ActivityManager: Start proc com.devexpert.weatheradfree for broadcast com.devexpert.weatheradfree/.view.WidgetWeather2x1: pid=20635 uid=10112 gids={3003, 1015}

09-13 11:13:01.778  1580  1982 I ActivityManager: Process android.process.media (pid 20595) has died.

09-13 11:13:02.398  1580  1978 I ActivityManager: START intent from pid -1

09-13 11:13:02.599  1580  1958 I ActivityManager: Start proc com.android.mms for activity com.android.mms/.ui.ComposeMessageActivity: pid=20653 uid=10065 gids={3003, 1015, 5002}

09-13 11:13:04.050  1580  1981 I ActivityManager: Process com.devexpert.weatheradfree (pid 20635) has died.

09-13 11:13:06.092  1580  1956 I ActivityManager: Start proc com.htc.android.htcime:provider_latin for service com.htc.android.htcime/.spellcheck.HTCSpellCheckerService: pid=20686 uid=10029 gids={1015}

09-13 11:13:06.352  1580  1958 I InputManagerService: [unbindCurrentClientLocked] Disable input method client.

09-13 11:13:06.352  1580  1958 I InputManagerService: [startInputLocked] Enable input method client.

09-13 11:13:06.452  1580  1956 W InputManagerService: Starting input on non-focused client com.android.internal.view.IInputMethodClient$Stub$Proxy@41280e50 (uid=9999 pid=11703)

09-13 11:13:07.644  1580  1597 I ActivityManager: Start proc com.android.htccontacts for broadcast com.android.htccontacts/.NotificationRemoveBroadcastReceiver: pid=20703 uid=10003 gids={3003, 1015}

09-13 11:13:08.334  1580  1597 I ActivityManager: Start proc com.htc.idlescreen.base for broadcast com.htc.idlescreen.base/.setting.UpdateShortcutReceiver: pid=20717 uid=10059 gids={3003}

09-13 11:13:08.995  1580  1591 I ActivityManager: Process com.android.htccontacts (pid 20703) has died.

09-13 11:13:09.265  1580  1597 I ActivityManager: Start proc com.android.settings for broadcast com.android.settings/.wifi.WifiOffloadRequest: pid=20738 uid=1000 gids={3006, 1015, 3002, 3001, 3003, 5001, 5004, 5003, 3007}

09-13 11:13:09.836  1580  1805 I ActivityManager: Process com.htc.idlescreen.base (pid 20717) has died.

09-13 11:13:10.146  1580  1978 I ActivityManager: Process com.android.settings (pid 20738) has died.

09-13 11:13:14.841  1580  1981 I InputManagerService: [unbindCurrentClientLocked] Disable input method client.

09-13 11:13:14.841  1580  1981 I InputManagerService: [startInputLocked] Enable input method client.

09-13 11:13:14.841  1580  1878 W InputManagerService: Starting input on non-focused client com.android.internal.view.IInputMethodClient$Stub$Proxy@414ef1f0 (uid=10065 pid=20653)

09-13 11:13:15.371  1580  1878 I ActivityManager: Process com.android.mms (pid 20653) has died.

09-13 11:13:15.391  1580  2647 I WindowManager: WIN DEATH: Window{4108b8a0 com.android.mms/com.android.mms.ui.ComposeMessageActivity paused=false}

09-13 11:13:23.479  1580  1597 I ActivityManager: Start proc com.android.settings for broadcast com.android.settings/.wifi.WifiOffloadRequest: pid=20761 uid=1000 gids={3006, 1015, 3002, 3001, 3003, 5001, 5004, 5003, 3007}

09-13 11:13:25.161  1580  1596 W ActivityManager: Activity destroy timeout for ActivityRecord{4117d310 com.android.mms/.ui.ComposeMessageActivity}

09-13 11:14:01.126  1580  1597 I ActivityManager: Start proc com.devexpert.weatheradfree for broadcast com.devexpert.weatheradfree/.view.WidgetWeather2x1: pid=20776 uid=10112 gids={3003, 1015}

09-13 11:14:01.196  1580  1878 I ActivityManager: Process com.htc.android.htcime:provider_latin (pid 20686) has died.

09-13 11:14:02.077  1580  1750 I ActivityManager: Process com.android.settings (pid 20761) has died.

09-13 11:14:15.320  1580  1596 I InputManagerService: Receive : Intent.ACTION_SCREEN_OFF

09-13 11:14:15.330  1580  1596 I InputManagerService: Disable input method client.

09-13 11:14:15.780  1580  1805 I ActivityManager: Start proc com.android.settings:remote for broadcast com.android.settings/.framework.activity.powersaver.SmartSynServiceReceiver: pid=20796 uid=1000 gids={3006, 1015, 3002, 3001, 3003, 5001, 5004, 5003, 3007}

09-13 11:17:01.952  1580  1805 I ActivityManager: Process com.google.android.gms.drive (pid 19870) has died.

09-13 11:17:01.952  1580  1805 W ActivityManager: Scheduling restart of crashed service com.google.android.gms/.drive.api.ApiService in 5000ms

09-13 11:17:06.997  1580  1597 I ActivityManager: Start proc com.google.android.gms.drive for service com.google.android.gms/.drive.api.ApiService: pid=20817 uid=10012 gids={3003, 1015, 1007, 1006, 3002, 3001, 2001, 3006}

09-13 11:20:54.339  1580  1784 W ThrottleService: unable to find stats for iface rmnet0

09-13 11:22:03.516  1580  1610 W AlarmManager: RXTXtriggerAlarmsLocked

09-13 11:22:04.537  1580  1872 I ActivityManager: Process com.android.settings:remote (pid 20796) has died.

09-13 11:27:54.008  1580  1610 W AlarmManager: RXTXtriggerAlarmsLocked

09-13 11:29:16.118  1580  1597 I ActivityManager: Start proc com.android.settings:remote for broadcast com.android.settings/.framework.activity.powersaver.SmartSyncScreenOnOffTimeReceiver: pid=20858 uid=1000 gids={3006, 1015, 3002, 3001, 3003, 5001, 5004, 5003, 3007}

09-13 11:30:54.354  1580  1784 W ThrottleService: unable to find stats for iface rmnet0

09-13 11:34:38.363  1580  1610 W AlarmManager: RXTXtriggerAlarmsLocked

09-13 11:37:56.206  1580 20895 I ActivityManager: Start proc android.process.media for content provider com.android.providers.media/.MediaProvider: pid=20896 uid=10016 gids={1015, 1023, 1024, 5001, 5002, 2001, 3003, 3007}

09-13 11:37:56.576  1580  1978 I ActivityManager: Process com.android.settings:remote (pid 20858) has died.

09-13 11:37:57.267  1580  1958 I ActivityManager: Process com.devexpert.weatheradfree (pid 20776) has died.

09-13 11:38:01.121  1580  1597 I ActivityManager: Start proc com.devexpert.weatheradfree for broadcast com.devexpert.weatheradfree/.view.WidgetWeather2x1: pid=20919 uid=10112 gids={3003, 1015}

09-13 11:38:22.662  1430  1456 I Vold    : un-mount CDROM, USB_STATE=DISCONNECTED

09-13 11:38:22.672  1430  1456 W Vold    : Cannot open ISO file

09-13 11:38:22.672  1430  1456 W Vold    : USB disconnected

09-13 11:38:22.672  1430  1456 W Vold    : Share method ums now unavailable

09-13 11:38:22.682  1580  1644 I MountService: onEvent:: raw= 620 Share method ums now unavailable cooked =  620 Share method ums now unavailable

09-13 11:38:22.722  1678  1832 I StorageNotification: UMS connection changed to false (media state mounted)

09-13 11:38:22.862  1580  1612 I WindowManager: Lock screen displayed!

09-13 11:38:23.062  1580  1870 I ActivityManager: Start proc com.android.settings for broadcast com.android.settings/.PSReceiver: pid=20952 uid=1000 gids={3006, 1015, 3002, 3001, 3003, 5001, 5004, 5003, 3007}

09-13 11:38:23.522  1580  1804 I ActivityManager: Process android.process.media (pid 20896) has died.

09-13 11:38:23.693  1580  1591 I ActivityManager: Process com.devexpert.weatheradfree (pid 20919) has died.

09-13 11:38:23.823  1580  1596 I InputManagerService: Receive : Intent.ACTION_SCREEN_ON

09-13 11:38:23.823  1580  1596 I InputManagerService: Enable input method client.

09-13 11:38:24.393  1580  2651 W ActivityManager: Failure sending broadcast Intent { act=android.intent.action.SCREEN_ON flg=0x40000010 }

09-13 11:38:24.393  1580  2651 W ActivityManager: android.os.DeadObjectException

09-13 11:38:24.393  1580  2651 W ActivityManager: 	at android.os.BinderProxy.transact(Native Method)

09-13 11:38:24.393  1580  2651 W ActivityManager: 	at android.content.IIntentReceiver$Stub$Proxy.performReceive(IIntentReceiver.java:121)

09-13 11:38:24.393  1580  2651 W ActivityManager: 	at com.android.server.am.ActivityManagerService.performReceiveLocked(ActivityManagerService.java:13539)

09-13 11:38:24.393  1580  2651 W ActivityManager: 	at com.android.server.am.ActivityManagerService.deliverToRegisteredReceiverLocked(ActivityManagerService.java:13607)

09-13 11:38:24.393  1580  2651 W ActivityManager: 	at com.android.server.am.ActivityManagerService.processNextBroadcast(ActivityManagerService.java:13822)

09-13 11:38:24.393  1580  2651 W ActivityManager: 	at com.android.server.am.ActivityManagerService.finishReceiver(ActivityManagerService.java:13327)

09-13 11:38:24.393  1580  2651 W ActivityManager: 	at android.app.ActivityManagerNative.onTransact(ActivityManagerNative.java:336)

09-13 11:38:24.393  1580  2651 W ActivityManager: 	at com.android.server.am.ActivityManagerService.onTransact(ActivityManagerService.java:1712)

09-13 11:38:24.393  1580  2651 W ActivityManager: 	at android.os.Binder.execTransact(Binder.java:338)

09-13 11:38:24.393  1580  2651 W ActivityManager: 	at dalvik.system.NativeStart.run(Native Method)

09-13 11:38:24.553  1580  2648 I ActivityManager: Process com.android.settings (pid 20952) has died.

09-13 11:38:24.594  1580  1597 I ActivityManager: Start proc com.android.settings for broadcast com.android.settings/.NSReceiver: pid=20971 uid=1000 gids={3006, 1015, 3002, 3001, 3003, 5001, 5004, 5003, 3007}

09-13 11:38:25.134  1580  1591 I ActivityManager: Start proc com.htc.syncagent for broadcast com.htc.syncagent/.svc.HTCSyncBroadcastReceiver: pid=20986 uid=10028 gids={3003}

09-13 11:38:25.214  1580  2647 I ActivityManager: Process com.android.settings (pid 20971) has died.

09-13 11:38:25.274  1580  1804 I ActivityManager: Start proc com.android.htccontacts for broadcast com.android.htccontacts/.NotificationRemoveBroadcastReceiver: pid=20999 uid=10003 gids={3003, 1015}

09-13 11:38:25.574  1580  1958 I ActivityManager: Process com.htc.syncagent (pid 20986) has died.

09-13 11:38:25.645  1580  1878 I ActivityManager: Start proc android.process.media for broadcast com.android.providers.media/.UsbReceiver: pid=21013 uid=10016 gids={1015, 1023, 1024, 5001, 5002, 2001, 3003, 3007}

09-13 11:38:25.925  1580  1591 I ActivityManager: Start proc com.android.settings:remote for broadcast com.android.settings/.framework.activity.powersaver.SmartSynServiceReceiver: pid=21030 uid=1000 gids={3006, 1015, 3002, 3001, 3003, 5001, 5004, 5003, 3007}

09-13 11:38:25.995  1580  1870 I ActivityManager: Process com.android.htccontacts (pid 20999) has died.

09-13 11:38:26.255  1580  2648 W AlarmManager: RemoveAPPAlarmPendingIntent has no PendingIntent operation

09-13 11:38:26.255  1580  1805 W AlarmManager: RemoveAPPAlarmPendingIntent has no PendingIntent operation

09-13 11:38:26.255  1580  1750 W AlarmManager: RemoveAPPAlarmPendingIntent has no PendingIntent operation

09-13 11:38:26.255  1580  1872 W AlarmManager: RemoveAPPAlarmPendingIntent has no PendingIntent operation

09-13 11:38:26.255  1580  2647 W AlarmManager: RemoveAPPAlarmPendingIntent has no PendingIntent operation

09-13 11:38:26.255  1580  1591 W AlarmManager: RemoveAPPAlarmPendingIntent has no PendingIntent operation

09-13 11:38:26.255  1580  2651 W AlarmManager: RemoveAPPAlarmPendingIntent has no PendingIntent operation

09-13 11:38:26.255  1580  1592 W AlarmManager: RemoveAPPAlarmPendingIntent has no PendingIntent operation

09-13 11:38:26.275  1580  1870 I ActivityManager: Process android.process.media (pid 21013) has died.

09-13 11:38:27.166  1580  1597 I ActivityManager: Start proc android.process.media for broadcast com.android.providers.downloads/.DownloadReceiver: pid=21045 uid=10016 gids={1015, 1023, 1024, 5001, 5002, 2001, 3003, 3007}

09-13 11:38:27.606  1580  1870 I ActivityManager: Process com.android.settings:remote (pid 21030) has died.

09-13 11:38:27.707  1580  1878 I ActivityManager: Start proc com.htc.htcMessageUploader for broadcast com.htc.htcMessageUploader/.UploadMessageReceiver: pid=21065 uid=10047 gids={3003}

09-13 11:38:27.907  1580  1982 I ActivityManager: Start proc com.htc.cs for broadcast com.htc.cs/.receiver.PoweronReceiver: pid=21080 uid=10010 gids={3003, 1015, 5001, 2001}

09-13 11:38:28.127  1580  1958 I ActivityManager: Start proc com.htc.bg for broadcast com.htc.providers.uploads/.UploadReceiver: pid=21094 uid=10010 gids={3003, 1015, 5001, 2001}

09-13 11:38:28.287  1580  1750 I ActivityManager: Process com.htc.htcMessageUploader (pid 21065) has died.

09-13 11:38:28.627  1580  1978 I ActivityManager: Process android.process.media (pid 21045) has died.

09-13 11:38:28.718  1580  1982 I PackageManager:  setEnabledSetting(), pkgName=com.google.android.gsf, clsName=com.google.android.gsf.checkin.CheckinService$Receiver, state=2, flag=1, pid=20484, uid=10012

09-13 11:38:28.718  1580  2647 I PackageManager:  setEnabledSetting(), pkgName=com.google.android.gsf, clsName=com.google.android.gsf.checkin.CheckinService$TriggerReceiver, state=2, flag=1, pid=20484, uid=10012

09-13 11:38:28.728  1580  1958 I PackageManager:  setEnabledSetting(), pkgName=com.google.android.gsf, clsName=com.google.android.gsf.checkin.CheckinService$SecretCodeReceiver, state=2, flag=1, pid=20484, uid=10012

09-13 11:38:28.728  1580  1580 I PackageManager:  setEnabledSetting(), pkgName=com.google.android.gsf, clsName=com.google.android.gsf.checkin.CheckinService, state=2, flag=1, pid=20484, uid=10012

09-13 11:38:28.728  1580  2651 I PackageManager:  setEnabledSetting(), pkgName=com.google.android.gsf, clsName=com.google.android.gsf.update.SystemUpdateActivity, state=1, flag=1, pid=20484, uid=10012

09-13 11:38:28.728  1580  1592 I PackageManager:  setEnabledSetting(), pkgName=com.google.android.gsf, clsName=com.google.android.gsf.update.SystemUpdateService, state=1, flag=1, pid=20484, uid=10012

09-13 11:38:28.738  1580  1591 I PackageManager:  setEnabledSetting(), pkgName=com.google.android.gsf, clsName=com.google.android.gsf.update.SystemUpdateService$SecretCodeReceiver, state=1, flag=1, pid=20484, uid=10012

09-13 11:38:28.738  1580  1804 I PackageManager:  setEnabledSetting(), pkgName=com.google.android.gsf, clsName=com.google.android.gsf.update.SystemUpdateService$Receiver, state=1, flag=1, pid=20484, uid=10012

09-13 11:38:28.738  1580  1878 I PackageManager:  setEnabledSetting(), pkgName=com.google.android.gsf, clsName=com.google.android.gsf.checkin.EventLogService, state=2, flag=1, pid=20484, uid=10012

09-13 11:38:28.738  1580  1978 I PackageManager:  setEnabledSetting(), pkgName=com.google.android.gsf, clsName=com.google.android.gsf.checkin.EventLogService$Receiver, state=2, flag=1, pid=20484, uid=10012

09-13 11:38:29.118  1580  2651 I ActivityManager: Process com.htc.cs (pid 21080) has died.

09-13 11:38:29.248  1580  1978 I ActivityManager: Start proc com.droids.appwidget.apns for broadcast com.droids.appwidget.apns/.APNWidgetProvider: pid=21117 uid=10053 gids={3003}

09-13 11:38:29.638  1580  1982 I ActivityManager: Start proc android.process.media for broadcast com.android.providers.downloads/.DownloadReceiver: pid=21134 uid=10016 gids={1015, 1023, 1024, 5001, 5002, 2001, 3003, 3007}

09-13 11:38:30.509  1580  2648 I ActivityManager: Start proc com.htc.htcMessageUploader for broadcast com.htc.htcMessageUploader/.UploadMessageReceiver: pid=21152 uid=10047 gids={3003}

09-13 11:38:30.800  1580  1872 I ActivityManager: Start proc com.htc.cs for broadcast com.htc.cs/.receiver.PoweronReceiver: pid=21166 uid=10010 gids={3003, 1015, 5001, 2001}

09-13 11:38:30.830  1580  2651 I ActivityManager: Process com.droids.appwidget.apns (pid 21117) has died.

09-13 11:38:30.830  1580  2651 I ActivityManager: Process com.htc.bg (pid 21094) has died.

09-13 11:38:30.990  1580  1878 I ActivityManager: Start proc com.htc.bg for broadcast com.htc.providers.uploads/.UploadReceiver: pid=21181 uid=10010 gids={3003, 1015, 5001, 2001}

09-13 11:38:31.360  1580  1982 I ActivityManager: Process com.htc.htcMessageUploader (pid 21152) has died.

09-13 11:38:31.550  1580  1978 I ActivityManager: Start proc com.droids.appwidget.apns for broadcast com.droids.appwidget.apns/.APNWidgetProvider: pid=21200 uid=10053 gids={3003}

