01-25 14:06:00.084 10455 10455 I MultiDex: VM with version 2.1.0 has multidex support
01-25 14:06:00.084 10455 10455 I MultiDex: install
01-25 14:06:00.084 10455 10455 I MultiDex: VM has multidex support, MultiDex support library is disabled.
01-25 14:06:00.095   238 10495 I AudioFlinger: AudioFlinger's thread 0xb2473008 ready to run
01-25 14:06:00.095   238 10495 D audio_hw_primary: in_standby: enter: stream (0xb71c3fc8) usecase(9: audio-record)
01-25 14:06:00.111   238 10495 D audio_hw_primary: in_standby: enter: stream (0xb71c3fc8) usecase(9: audio-record)
01-25 14:06:00.153   238 10495 D audio_hw_primary: in_set_parameters: enter: kvpairs=input_source=6;routing=-2147483644
01-25 14:06:00.164   238 10495 D audio_hw_primary: start_input_stream: enter: stream(0xb71c3fc8)usecase(9: audio-record)
01-25 14:06:00.165   238 10495 D audio_hw_primary: select_devices: out_snd_device(0: ) in_snd_device(65: voice-rec-mic)
01-25 14:06:00.167   238 10495 D hardware_info: hw_info_append_hw_type : device_name = voice-rec-mic
01-25 14:06:00.167   238 10495 I msm8974_platform: platform_send_audio_calibration: sending audio calibration for snd_device(65) acdb_id(4)
01-25 14:06:00.168   238 10495 D ACDB-LOADER: ACDB -> send_audio_cal, acdb_id = 4, path =  1
01-25 14:06:00.168   238 10495 D ACDB-LOADER: ACDB -> send_adm_topology
01-25 14:06:00.168   238 10495 D ACDB-LOADER: ACDB -> ACDB_CMD_GET_AUDPROC_COMMON_TOPOLOGY_ID
01-25 14:06:00.172   238 10495 D ACDB-LOADER: ACDB -> send_asm_topology
01-25 14:06:00.172   238 10495 D ACDB-LOADER: ACDB -> ACDB_CMD_GET_AUDPROC_STREAM_TOPOLOGY_ID
01-25 14:06:00.175   238 10495 D ACDB-LOADER: ACDB -> send_audtable
01-25 14:06:00.175   238 10495 D ACDB-LOADER: ACDB -> ACDB_CMD_GET_AUDPROC_COMMON_TABLE
01-25 14:06:00.176   238 10495 D ACDB-LOADER: ACDB -> AUDIO_SET_AUDPROC_CAL
01-25 14:06:00.176   238 10495 D ACDB-LOADER: ACDB -> send_audvoltable
01-25 14:06:00.176   238 10495 D ACDB-LOADER: ACDB -> ACDB_CMD_GET_AUDPROC_GAIN_DEP_STEP_TABLE
01-25 14:06:00.177   238 10495 D         : Failed to fetch the lookup information of the device 00000004
01-25 14:06:00.177   238 10495 E ACDB-LOADER: Error: ACDB AudProc vol returned = -19
01-25 14:06:00.177   238 10495 D ACDB-LOADER: ACDB -> AUDIO_SET_AUDPROC_VOL_CAL
01-25 14:06:00.177   238 10495 D ACDB-LOADER: ACDB -> AUDIO_SET_AFE_CAL
01-25 14:06:00.186  5079 10487 I MicrophoneInputStream: mic_started com.google.android.apps.gsa.speech.audio.af@437c2b1
01-25 14:06:00.188   238 10495 D audio_hw_primary: select_devices: done
01-25 14:06:00.201 10437 10437 I MultiDex: VM with version 2.1.0 has multidex support
01-25 14:06:00.202 10437 10437 I MultiDex: install
01-25 14:06:00.202 10437 10437 I MultiDex: VM has multidex support, MultiDex support library is disabled.
01-25 14:06:00.216 30279 30279 I Choreographer: Skipped 51 frames!  The application may be doing too much work on its main thread.
01-25 14:06:00.300  5079  5079 I MicroDetectionWorker: onReady
01-25 14:06:00.400  4250  4250 I TWILIGHT: [14:06:00.399, main]: Accessibility CHANGED com.google.android.googlequicksearchbox android.widget.TextView
01-25 14:06:00.437   691  1038 D WifiConfigStore: Retrieve network priorities after PNO.
01-25 14:06:00.469 10469 10469 I MultiDex: VM with version 2.1.0 has multidex support
01-25 14:06:00.469 10469 10469 I MultiDex: install
01-25 14:06:00.469 10469 10469 I MultiDex: VM has multidex support, MultiDex support library is disabled.
01-25 14:06:00.496  1131  1131 D PhoneStatusBar: disable: < expand ICONS* alerts SYSTEM_INFO* back home recent clock search quick_settings >
01-25 14:06:00.529  5079 10487 W art     : Long monitor contention event with owner method=int com.google.android.apps.gsa.speech.audio.Tee.a(int, byte[], int, int) from SourceFile:371 waiters=0 for 116ms
01-25 14:06:00.549  5079  5090 W art     : Suspending all threads took: 6.977ms
01-25 14:06:00.613  5079  5090 I art     : Background partial concurrent mark sweep GC freed 12861(852KB) AllocSpace objects, 18(496KB) LOS objects, 19% free, 16MB/20MB, paused 12.996ms total 603.046ms
01-25 14:06:00.777 10351 10351 I FileUtils: Cache folder: /data/user/0/com.wunderground.android.storm/files/0805_tiles
01-25 14:06:01.003  4250  4250 I TWILIGHT: [14:06:01.002, main]: Accessibility CHANGED com.android.systemui android.widget.FrameLayout
01-25 14:06:01.070 10351 10403 W System  : ClassLoader referenced unknown path: /system/framework/tcmclient.jar
01-25 14:06:01.145  1630  9696 W ctxmgr  : [AclManager]No 3 for (accnt=account#-517948760#, com.google.android.googlequicksearchbox(10038):com.google.android.googlequicksearchbox, vrsn=9683000, 1, 3pPkg = null ,
  3pMdlId = null). Was: 3 for 6, account#-517948760#
01-25 14:06:01.154  5079 10502 E PlaceStateUpdater: Received no places
01-25 14:06:01.169  5079 10500 W art     : Long monitor contention event with owner method=boolean android.os.BinderProxy.transactNative(int, android.os.Parcel, android.os.Parcel, int) from Binder.java:429496729
4 waiters=0 for 959ms
01-25 14:06:01.285  1630  2778 I PlaceInferenceEngine: [anon] Setup for configuration 105:[]
01-25 14:06:01.286  1630  2778 I PlaceInferenceEngine: [anon] Active modules after start(): 0
01-25 14:06:01.320  1630  9696 W ctxmgr  : [PlacesProducer]Not handling added production policy type=3
01-25 14:06:01.367   691  1544 I ActivityManager: Start proc 10520:com.instagram.android/u0a127 for broadcast com.instagram.android/com.instagram.push.fbns.FbnsInitBroadcastReceiver
01-25 14:06:01.393 30279 30279 I Choreographer: Skipped 69 frames!  The application may be doing too much work on its main thread.
01-25 14:06:01.489   691   726 W ProcessCpuTracker: Skipping unknown process pid 9956
01-25 14:06:01.526   691  2398 I ActivityManager: Process com.google.android.apps.photos (pid 9956) has died
01-25 14:06:01.526   691  2398 D ActivityManager: cleanUpApplicationRecord -- 9956
01-25 14:06:01.545  4250  4250 I TWILIGHT: [14:06:01.544, main]: Accessibility CHANGED com.android.systemui android.widget.Button
01-25 14:06:01.549  5079  5090 I art     : Background sticky concurrent mark sweep GC freed 12141(901KB) AllocSpace objects, 28(648KB) LOS objects, 9% free, 19MB/20MB, paused 4.383ms total 101.199ms
01-25 14:06:01.649  1630  2778 I Places  : ?: PlacesBleScanner start() with priority 2
01-25 14:06:01.649  1630  2778 I PlaceInferenceEngine: [anon] Setup for configuration 102:[BeaconScoring, CategoryScoring, DistanceScoring, GeoJournalScoring, HomeWorkScoring, HulkPersonaScoring, PopularityScori
ng, SpotterScoring, TimeBasedScoring, WifiScoring]
01-25 14:06:01.649  1630  2778 I PlaceInferenceEngine: [anon] Active modules after start(): 10
01-25 14:06:02.154  1630  1640 W art     : Suspending all threads took: 7.900ms
01-25 14:06:02.177 10351 10363 W art     : Suspending all threads took: 18.399ms
01-25 14:06:02.198  1630  1640 I art     : Background sticky concurrent mark sweep GC freed 37186(2MB) AllocSpace objects, 21(420KB) LOS objects, 16% free, 16MB/20MB, paused 14.363ms total 210.679ms
01-25 14:06:02.247  5079  5090 I art     : Background partial concurrent mark sweep GC freed 11007(571KB) AllocSpace objects, 24(552KB) LOS objects, 16% free, 20MB/24MB, paused 6.014ms total 101.844ms
01-25 14:06:02.272 10520 10520 I Xposed  : XInsta - XInsta Initialized
01-25 14:06:02.288 10351 10351 I art     : Waiting for a blocking GC DisableMovingGc
01-25 14:06:02.304 10351 10351 I art     : WaitForGcToComplete blocked for 15.353ms for cause DisableMovingGc
01-25 14:06:02.304 10351 10351 I art     : Starting a blocking GC DisableMovingGc
01-25 14:06:02.311 10520 10543 W System  : ClassLoader referenced unknown path: /system/framework/tcmclient.jar
01-25 14:06:02.331 30279 30279 I Choreographer: Skipped 50 frames!  The application may be doing too much work on its main thread.
01-25 14:06:02.381 10520 10520 I Xposed  : XInsta - Instagram Version Code: 47718694
01-25 14:06:02.399 10520 10520 I Xposed  : XInsta - Device Codename: LGLS740
01-25 14:06:02.411 10520 10520 I Xposed  : XInsta - Android Version: 6.0.1
01-25 14:06:02.419 10520 10520 I Xposed  : XInsta - XInsta Version 1.8.7
01-25 14:06:02.583  1630 10518 I PlaceInferenceEngine: No beacon scan available - ignoring candidates.
01-25 14:06:02.777  1630  1640 I art     : Background partial concurrent mark sweep GC freed 58416(4MB) AllocSpace objects, 8(332KB) LOS objects, 18% free, 17MB/21MB, paused 3.763ms total 134.338ms
01-25 14:06:02.809  1630  1630 E ctxmgr  : [PlaceFenceHelper]NearbyBuffer is null!
01-25 14:06:02.859  1630  9518 W ctxmgr  : [AclManager]No 2 for (accnt=account#-517948760#, com.google.android.gms(10028):PlacesProducer, vrsn=10291000, 0, 3pPkg = null ,  3pMdlId = null). Was: 3 for 18, account
#-517948760#
01-25 14:06:02.994   691  1250 W InputMethodManagerService: Window already focused, ignoring focus gain of: com.android.internal.view.IInputMethodClient$Stub$Proxy@8952192 attribute=null, token = android.os.Bind
erProxy@f31fb35
01-25 14:06:03.006   691  1120 I ActivityManager: Process com.android.cellbroadcastreceiver (pid 8509) has died
01-25 14:06:03.006   691  1120 D ActivityManager: cleanUpApplicationRecord -- 8509
01-25 14:06:03.030   691  2255 I ActivityManager: START u0 {act=android.settings.WIFI_SETTINGS flg=0x14000000 cmp=com.android.settings/.Settings$WifiSettingsActivity} from uid 10031 on display 0
01-25 14:06:03.110   691  1544 D ConnectivityService: ConnectivityService NetworkRequestInfo binderDied(NetworkRequest [ id=54, legacyType=-1, [ Capabilities: INTERNET&NOT_RESTRICTED&TRUSTED] ], android.os.Binde
rProxy@95fc4de)
01-25 14:06:03.111   691  1040 D ConnectivityService: releasing NetworkRequest NetworkRequest [ id=54, legacyType=-1, [ Capabilities: INTERNET&NOT_RESTRICTED&TRUSTED] ]
01-25 14:06:03.115  2325  2325 I CastMediaRouteProvider: in onDiscoveryRequestChanged: request=DiscoveryRequest{ selector=MediaRouteSelector{ controlCategories=[com.google.android.gms.cast.CATEGORY_CAST/D2CA5178
] }, activeScan=false, isValid=true }
01-25 14:06:03.122   691  1040 E ConnectivityService: RemoteException caught trying to send a callback msg for NetworkRequest [ id=54, legacyType=-1, [ Capabilities: INTERNET&NOT_RESTRICTED&TRUSTED] ]
01-25 14:06:03.125  5885  5885 I Finsky  : [1] com.google.android.finsky.utils.cx.onTrimMemory(17): Memory trim requested to level 5
01-25 14:06:03.166   691  1912 I ActivityManager: Start proc 10550:com.android.settings/1000 for activity com.android.settings/.Settings$WifiSettingsActivity
01-25 14:06:03.274   691  1250 I ActivityManager: Process com.google.android.youtube (pid 10143) has died
01-25 14:06:03.274   691  1250 D ActivityManager: cleanUpApplicationRecord -- 10143
01-25 14:06:03.284   691   708 W art     : Long monitor contention event with owner method=void com.android.server.am.ActivityManagerService.activityPaused(android.os.IBinder) from ActivityManagerService.java:68
00 waiters=4 for 166ms
01-25 14:06:03.321   691  2398 I ActivityManager: Process com.android.chrome (pid 10066) has died
01-25 14:06:03.321   691  2398 D ActivityManager: cleanUpApplicationRecord -- 10066
01-25 14:06:03.323   691  1121 W art     : Long monitor contention event with owner method=void com.android.server.am.ActivityManagerService$AppDeathRecipient.binderDied() from ActivityManagerService.java:1358 w
aiters=3 for 150ms
01-25 14:06:03.373  2325  3551 I DeviceScanner: [MDNS] Filter criteria: D2CA5178
01-25 14:06:03.373  2325  3551 I DeviceScanner: [MDNS] updateScannerState: No filter criteria was added.
01-25 14:06:03.373  2325  3551 I DeviceScanner: [MDNS] updateScannerState: No filter criteria was removed.
01-25 14:06:03.396  4250  4250 I TWILIGHT: [14:06:03.396, main]: Accessibility CHANGED com.android.systemui android.widget.RelativeLayout
01-25 14:06:03.416  4250  4250 I TWILIGHT: [14:06:03.415, main]: Accessibility CHANGED com.google.android.apps.nexuslauncher com.google.android.apps.nexuslauncher.NexusLauncherActivity
01-25 14:06:03.444 10550 10550 W System  : ClassLoader referenced unknown path: /system/priv-app/Settings/lib/arm
01-25 14:06:03.464  5079 10564 I PBSessionCacheImpl: Deleted sessionId[22339163603273428] from persistence.
01-25 14:06:03.469 10566 10566 W XSharedPreferen: type=1400 audit(0.0:670): avc: denied { search } for name="tk.wasdennnoch.androidn_ify" dev="mmcblk0p34" ino=5500 scontext=u:r:system_app:s0 tcontext=u:object_r:
app_data_file:s0:c512,c768 tclass=dir permissive=0
01-25 14:06:03.469 10566 10566 W XSharedPreferen: type=1400 audit(0.0:671): avc: denied { search } for name="tk.wasdennnoch.androidn_ify" dev="mmcblk0p34" ino=5500 scontext=u:r:system_app:s0 tcontext=u:object_r:
app_data_file:s0:c512,c768 tclass=dir permissive=0
01-25 14:06:03.480  5079  5079 I MicroDetector: Keeping mic open: false
01-25 14:06:03.480  2325  3551 I DeviceScanner: [CastNearby] Filter criteria: D2CA5178
01-25 14:06:03.480  2325  3551 I DeviceScanner: [CastNearby] updateScannerState: No filter criteria was added.
01-25 14:06:03.480  2325  3551 I DeviceScanner: [CastNearby] updateScannerState: criteriaRemoved: 233637DE
01-25 14:06:03.469 10550 10550 W re-initialized>: type=1400 audit(0.0:672): avc: denied { search } for name="tk.wasdennnoch.androidn_ify" dev="mmcblk0p34" ino=5500 scontext=u:r:system_app:s0 tcontext=u:object_r:
app_data_file:s0:c512,c768 tclass=dir permissive=0
01-25 14:06:03.479 10550 10550 W re-initialized>: type=1400 audit(0.0:673): avc: denied { search } for name="tk.wasdennnoch.androidn_ify" dev="mmcblk0p34" ino=5500 scontext=u:r:system_app:s0 tcontext=u:object_r:
app_data_file:s0:c512,c768 tclass=dir permissive=0
01-25 14:06:03.492  5079 10564 I AudioController: internalShutdown
01-25 14:06:03.492  5079 10564 I MicrophoneInputStream: mic_close com.google.android.apps.gsa.speech.audio.af@437c2b1
01-25 14:06:03.493  5079 10487 E AudioRecord-JNI: Error -4 during AudioRecord native read
01-25 14:06:03.494  5079  5255 I DeviceStateChecker: DeviceStateChecker cancelled
01-25 14:06:03.497  5079  5228 I MicroRecognitionRunner: Stopping hotword detection.
01-25 14:06:03.500  5079  5079 W SearchService: Abort, client detached.
01-25 14:06:03.504   238 10495 D audio_hw_primary: in_set_parameters: enter: kvpairs=routing=0
01-25 14:06:03.504   238 10495 D audio_hw_primary: in_standby: enter: stream (0xb71c3fc8) usecase(9: audio-record)
01-25 14:06:03.539  6007  6030 I com.newrelic.agent.android: Harvester: connected
01-25 14:06:03.540  6007  6030 I com.newrelic.agent.android: Harvester: Sending 0 HTTP transactions.
01-25 14:06:03.540  6007  6030 I com.newrelic.agent.android: Harvester: Sending 0 HTTP errors.
01-25 14:06:03.540  6007  6030 I com.newrelic.agent.android: Harvester: Sending 0 activity traces.
01-25 14:06:03.540  6007  6030 I com.newrelic.agent.android: Harvester: Sending 0 analytics events.
01-25 14:06:03.552   238 10495 D hardware_info: hw_info_append_hw_type : device_name = voice-rec-mic
01-25 14:06:03.563   238   925 D audio_hw_primary: adev_close_input_stream: enter:stream_handle(0xb71c3fc8)
01-25 14:06:03.563   238   925 D audio_hw_primary: in_standby: enter: stream (0xb71c3fc8) usecase(9: audio-record)
01-25 14:06:03.574  5079 10490 I MicroRecognitionRunner: Detection finished
01-25 14:06:03.585  1131  1131 D PhoneStatusBar: disable: < expand icons* alerts system_info* back home recent clock search quick_settings >
01-25 14:06:03.617  1630 10518 E ctxmgr  : [ProducerActiveIntervalImpl]closeActiveInterval: Error: ongoing, trying to close
01-25 14:06:03.629 10550 10550 W re-initialized>: type=1400 audit(0.0:674): avc: denied { search } for name="com.pyler.xinternalsd" dev="mmcblk0p34" ino=5309 scontext=u:r:system_app:s0 tcontext=u:object_r:app_da
ta_file:s0:c512,c768 tclass=dir permissive=0
01-25 14:06:03.629 10550 10550 W re-initialized>: type=1400 audit(0.0:675): avc: denied { search } for name="com.pyler.xinternalsd" dev="mmcblk0p34" ino=5309 scontext=u:r:system_app:s0 tcontext=u:object_r:app_da
ta_file:s0:c512,c768 tclass=dir permissive=0
01-25 14:06:03.629 10568 10568 W XSharedPreferen: type=1400 audit(0.0:676): avc: denied { search } for name="com.pyler.xinternalsd" dev="mmcblk0p34" ino=5309 scontext=u:r:system_app:s0 tcontext=u:object_r:app_da
ta_file:s0:c512,c768 tclass=dir permissive=0
01-25 14:06:03.648  4250  4250 I TWILIGHT: [14:06:03.647, main]: Accessibility CHANGED com.android.settings android.widget.FrameLayout
01-25 14:06:03.639 10568 10568 W XSharedPreferen: type=1400 audit(0.0:677): avc: denied { search } for name="com.pyler.xinternalsd" dev="mmcblk0p34" ino=5309 scontext=u:r:system_app:s0 tcontext=u:object_r:app_da
ta_file:s0:c512,c768 tclass=dir permissive=0
01-25 14:06:03.639 10568 10568 W XSharedPreferen: type=1400 audit(0.0:678): avc: denied { search } for name="com.pyler.xinternalsd" dev="mmcblk0p34" ino=5309 scontext=u:r:system_app:s0 tcontext=u:object_r:app_da
ta_file:s0:c512,c768 tclass=dir permissive=0
01-25 14:06:03.649 10550 10550 W re-initialized>: type=1400 audit(0.0:679): avc: denied { search } for name="com.pyler.xinternalsd" dev="mmcblk0p34" ino=5309 scontext=u:r:system_app:s0 tcontext=u:object_r:app_da
ta_file:s0:c512,c768 tclass=dir permissive=0
01-25 14:06:03.649 10550 10550 W re-initialized>: type=1400 audit(0.0:680): avc: denied { search } for name="com.pyler.xinternalsd" dev="mmcblk0p34" ino=5309 scontext=u:r:system_app:s0 tcontext=u:object_r:app_da
ta_file:s0:c512,c768 tclass=dir permissive=0
01-25 14:06:03.659 10569 10569 W XSharedPreferen: type=1400 audit(0.0:681): avc: denied { search } for name="com.pyler.xinternalsd" dev="mmcblk0p34" ino=5309 scontext=u:r:system_app:s0 tcontext=u:object_r:app_da
ta_file:s0:c512,c768 tclass=dir permissive=0
01-25 14:06:03.659 10569 10569 W XSharedPreferen: type=1400 audit(0.0:682): avc: denied { search } for name="com.pyler.xinternalsd" dev="mmcblk0p34" ino=5309 scontext=u:r:system_app:s0 tcontext=u:object_r:app_da
ta_file:s0:c512,c768 tclass=dir permissive=0
01-25 14:06:03.659 10569 10569 W XSharedPreferen: type=1400 audit(0.0:683): avc: denied { search } for name="com.pyler.xinternalsd" dev="mmcblk0p34" ino=5309 scontext=u:r:system_app:s0 tcontext=u:object_r:app_da
ta_file:s0:c512,c768 tclass=dir permissive=0
01-25 14:06:03.713  1630 10518 E ctxmgr  : [ProducerActiveIntervalImpl]closeActiveInterval: Error: ongoing, trying to close
01-25 14:06:03.802  1630  2778 I PlaceInferenceEngine: [anon] Setup for configuration 105:[]
01-25 14:06:03.802  1630  2778 I PlaceInferenceEngine: [anon] Active modules after start(): 0
01-25 14:06:03.808   231   231 W SurfaceFlinger: couldn't log to binary event log: overflow.
01-25 14:06:03.810   231   231 W SurfaceFlinger: couldn't log to binary event log: overflow.
01-25 14:06:04.077   691  1039 D WifiService: New client listening to asynchronous messages
01-25 14:06:04.165 10550 10574 D OpenGLRenderer: Use EGL_SWAP_BEHAVIOR_PRESERVED: true
01-25 14:06:04.258 10550 10576 I IndexDatabaseHelper: Using schema version: 121
01-25 14:06:04.261 10550 10576 I IndexDatabaseHelper: Index is fine
01-25 14:06:04.269 10550 10574 I Adreno-EGL: <qeglDrvAPI_eglInitialize:379>: EGL 1.4 QUALCOMM build: Nondeterministic_AU_msm8974_LA.BF.1.1.3_RB1__release_AU (I389a668de0)
01-25 14:06:04.269 10550 10574 I Adreno-EGL: OpenGL ES Shader Compiler Version: E031.28.00.04
01-25 14:06:04.269 10550 10574 I Adreno-EGL: Build Date: 10/24/15 Sat
01-25 14:06:04.269 10550 10574 I Adreno-EGL: Local Branch: mybranch15621148
01-25 14:06:04.269 10550 10574 I Adreno-EGL: Remote Branch: quic/LA.BF.1.1.3_rb1.3
01-25 14:06:04.269 10550 10574 I Adreno-EGL: Local Patches: NONE
01-25 14:06:04.269 10550 10574 I Adreno-EGL: Reconstruct Branch: NOTHING
01-25 14:06:04.282 10550 10574 I OpenGLRenderer: Initialized EGL, version 1.4
01-25 14:06:04.286   691  1038 D WifiConfigStore: Retrieve network priorities after PNO.
01-25 14:06:04.345 10550 10576 D Index   : Deleting data for locale 'en_US' took 83 millis
01-25 14:06:04.347 30279 30289 W art     : Suspending all threads took: 421.482ms
01-25 14:06:04.392 10550 10576 D Index   : Indexing locale 'en_US' took 47 millis
01-25 14:06:04.472  4250  4250 I TWILIGHT: [14:06:04.472, main]: Accessibility CHANGED com.android.settings android.widget.ListView
01-25 14:06:04.543  4250  4250 I TWILIGHT: [14:06:04.542, main]: Accessibility CHANGED com.android.settings android.widget.TextView
01-25 14:06:04.588   691   740 I ActivityManager: Displayed com.android.settings/.Settings$WifiSettingsActivity: +1s531ms
01-25 14:06:04.654 10550 10581 D Index   : Deleting data for locale 'en_US' took 5 millis
01-25 14:06:04.717 10550 10581 D Index   : Indexing locale 'en_US' took 63 millis
01-25 14:06:04.909  4250  4250 I TWILIGHT: [14:06:04.909, main]: Accessibility CHANGED com.android.settings com.android.settings.Settings$WifiSettingsActivity
01-25 14:06:05.034  4250  4250 I TWILIGHT: [14:06:05.033, main]: Accessibility CHANGED com.android.settings android.widget.TextView
01-25 14:06:05.321 30279 30279 I Choreographer: Skipped 177 frames!  The application may be doing too much work on its main thread.
01-25 14:06:05.439 10351 10351 D Volley  : [1] Request.finish: 4456 ms: [ ] https://s.w-x.co/mobile/adconfig/wunderground/Android_WU_Storm_Ad_Config_PROD.json 0xf947e713 NORMAL 1
01-25 14:06:05.483   691  1038 D WifiConfigStore: Retrieve network priorities after PNO.
01-25 14:06:05.873  4250  4250 I TWILIGHT: [14:06:05.873, main]: Accessibility CHANGED com.android.settings android.widget.TextView
01-25 14:06:06.086   691  1250 D WifiService: setWifiEnabled: false pid=10550, uid=1000
01-25 14:06:06.086   691  1250 E WifiService: Invoking mWifiStateMachine.setWifiEnabled
01-25 14:06:06.129   691  1047 D AudioService: Stream muted, skip playback
01-25 14:06:06.140   691  1596 I ActivityManager: Process com.zonewalker.acar (pid 10098) has died
01-25 14:06:06.140   691  1596 D ActivityManager: cleanUpApplicationRecord -- 10098
01-25 14:06:06.153  5885  5885 I Finsky  : [1] com.google.android.finsky.utils.cx.onTrimMemory(17): Memory trim requested to level 10
01-25 14:06:06.161   691  1038 D WifiConfigStore: Retrieve network priorities after PNO.
01-25 14:06:06.205 10550 10602 D Index   : Deleting data for locale 'en_US' took 5 millis
01-25 14:06:06.211 10550 10602 D Index   : Indexing locale 'en_US' took 6 millis
01-25 14:06:06.213  1630  2136 W Settings: Setting airplane_mode_on has moved from android.provider.Settings.System to android.provider.Settings.Global, returning read-only value.
01-25 14:06:06.450  5079  5079 I MemoryTrimmer: Trimming objects from memory, since app is in the background.
01-25 14:06:06.623  4250  4250 I TWILIGHT: [14:06:06.623, main]: Accessibility CHANGED com.android.settings android.widget.TextView
01-25 14:06:07.291 10351 10414 W System  : ClassLoader referenced unknown path: /system/framework/tcmclient.jar
01-25 14:06:07.437 10520 10531 W art     : Suspending all threads took: 20.775ms
01-25 14:06:08.081 30279 30289 W art     : Suspending all threads took: 19.828ms
01-25 14:06:08.388   691  1121 I ActivityManager: Process com.wunderground.android.storm (pid 10351) has died
01-25 14:06:08.389   691  1121 D ActivityManager: cleanUpApplicationRecord -- 10351
01-25 14:06:08.408  5885  5885 I Finsky  : [1] com.google.android.finsky.utils.cx.onTrimMemory(17): Memory trim requested to level 15
01-25 14:06:09.961 10520 10520 I IgDiscardableRuntime: JNI_OnLoad
01-25 14:06:10.168   691   708 I bsthal  : <BST> set delay of <BOSCH Acceleration Sensor> to 20ms
01-25 14:06:10.183 10520 10520 W ColdStartPerformanceTracer: .                   TOTAL   THREAD
01-25 14:06:10.183 10520 10520 W ColdStartPerformanceTracer: ____0 00.000 Start    ...     ...   ColdStartPerformanceTracer
01-25 14:06:10.183 10520 10520 W ColdStartPerformanceTracer: _3188 03.188 Comment  ...     ...   |  init_to_auth_helper_started
01-25 14:06:10.183 10520 10520 W ColdStartPerformanceTracer: _1387 04.575 Comment  ...     ...   |  init_to_app_created
01-25 14:06:10.183 10520 10520 W ColdStartPerformanceTracer: -19765588 -19761.012 Done -19761013 ms _-345 ms ColdStartPerformanceTracer
01-25 14:06:10.230   691   739 D BluetoothManagerService: Message: 20
01-25 14:06:10.231   691   739 D BluetoothManagerService: Added callback: android.bluetooth.IBluetoothManagerCallback$Stub$Proxy@f6b6a77:true
01-25 14:06:10.248   691   739 D BluetoothManagerService: Message: 30
01-25 14:06:10.252   691   739 D BluetoothManagerService: Message: 30
01-25 14:06:10.254 10550 10550 D LocalBluetoothProfileManager: Adding local MAP profile
01-25 14:06:10.261 10550 10550 D BluetoothMap: Create BluetoothMap proxy object
01-25 14:06:10.262   691   739 D BluetoothManagerService: Message: 30
01-25 14:06:10.265   691   739 D BluetoothManagerService: Message: 30
01-25 14:06:10.276 10550 10550 D LocalBluetoothProfileManager: LocalBluetoothProfileManager construction complete
01-25 14:06:12.550   691  1047 D AudioService: Stream muted, skip playback
01-25 14:06:12.555   691  1830 D WifiService: setWifiEnabled: true pid=10550, uid=1000
01-25 14:06:12.555   691  1830 E WifiService: Invoking mWifiStateMachine.setWifiEnabled
01-25 14:06:12.562   691  1038 D WifiConfigStore: Loading config and enabling all networks
01-25 14:06:12.582   691  1038 D WifiConfigStore: loaded 0 passpoint configs
01-25 14:06:12.587   691  1038 E WifiConfigStore: Error parsing configuration: java.io.FileNotFoundException: /data/misc/wifi/ipconfig.txt: open failed: ENOENT (No such file or directory)
01-25 14:06:12.590   691  1038 W WifiConfigStore: Upgrading network 0 to android.uid.system:1000
01-25 14:06:12.594   691  1038 E WifiConfigStore: readAutoJoinStatus: Error parsing configurationjava.io.FileNotFoundException: /data/misc/wifi/autojoinconfig.txt: open failed: ENOENT (No such file or directory)
01-25 14:06:12.595   691  1038 E WifiConfigStore: buildPnoList sortedWifiConfigurations size 1
01-25 14:06:12.596   691  1038 E WifiConfigStore: found sortedWifiConfigurations : "kratos"-WPA_PSK
01-25 14:06:12.610 10550 10694 D Index   : Deleting data for locale 'en_US' took 25 millis
01-25 14:06:12.617   234   822 D CommandListener: Setting iface cfg
01-25 14:06:12.621   691  1038 D WifiConfigStore: Retrieve network priorities after PNO.
01-25 14:06:12.622   234   822 D CommandListener: Trying to bring up p2p0
01-25 14:06:12.623   691  1034 D WifiMonitor: startMonitoring(p2p0) with mConnected = true
01-25 14:06:12.629   691  1034 D WifiNative-HAL: p2pGetDeviceAddress
01-25 14:06:12.630   691  1034 D WifiNative-HAL: p2pGetDeviceAddress returning 50:55:27:5f:cb:9c
01-25 14:06:12.649   691  1038 D WifiConfigStore: Retrieve network priorities after PNO.
01-25 14:06:12.650  1073  1073 I wpa_supplicant: p2p0: CTRL-EVENT-REGDOM-CHANGE init=USER type=COUNTRY alpha2=US
01-25 14:06:12.655  1073  1073 I wpa_supplicant: p2p0: CTRL-EVENT-REGDOM-CHANGE init=DRIVER type=WORLD
01-25 14:06:12.660   691  1038 D WifiConfigStore: Retrieve network priorities after PNO.
01-25 14:06:12.668 10550 10694 D Index   : Indexing locale 'en_US' took 32 millis
01-25 14:06:13.093  4250  4250 I TWILIGHT: [14:06:13.093, main]: Accessibility CHANGED com.android.settings android.widget.TextView
01-25 14:06:13.694   691   708 I bsthal  : <BST> set delay of <BOSCH Acceleration Sensor> to 66ms
01-25 14:06:13.985  5079  5079 I MemoryTrimmer: Trimming objects from memory, since app is in the background.
01-25 14:06:14.007  1630 10540 I GCoreUlr: Successfully inserted 1 locations
01-25 14:06:14.047  5079  5079 I MemoryTrimmer: Trimming objects from memory, since app is in the background.
01-25 14:06:16.351 10520 10635 I art     : Thread[13,tid=10635,Native,Thread*=0xb79fc510,peer=0x1ad03ee0,"IgExecutor #2"] recursive attempt to load library "/mnt/expand/374aeeba-e221-47d3-bd4e-ba641468c683/app/c
om.instagram.android-1/lib/arm/libfb.so"
01-25 14:06:18.754   691  1830 I bsthal  : <BST> set delay of <BOSCH Acceleration Sensor> to 20ms
01-25 14:06:20.486   691  1038 D WifiStateMachine: Disconnected CMD_START_SCAN source -2 306, 307 -> obsolete
01-25 14:06:22.266   691   709 I bsthal  : <BST> set delay of <BOSCH Acceleration Sensor> to 66ms
01-25 14:06:22.600   691  1038 D WifiConfigStore: Retrieve network priorities after PNO.
01-25 14:06:23.039  4250  4250 I TWILIGHT: [14:06:23.038, main]: Accessibility CHANGED com.android.settings android.widget.TextView
01-25 14:06:27.349   691  1596 I bsthal  : <BST> set delay of <BOSCH Acceleration Sensor> to 20ms
01-25 14:06:27.666   691  1038 D WifiConfigStore: Retrieve network priorities after PNO.
01-25 14:06:28.145  4250  4250 I TWILIGHT: [14:06:28.144, main]: Accessibility CHANGED com.android.settings android.widget.TextView
01-25 14:06:30.845   691  1526 I bsthal  : <BST> set delay of <BOSCH Acceleration Sensor> to 66ms
01-25 14:06:30.886  1630  1630 I GCoreUlr: Starting service, intent=Intent { act=com.google.android.location.reporting.ACTION_UPDATE_ACTIVE_STATE cmp=com.google.android.gms/com.google.android.location.reporting.
service.DispatchingService (has extras) }, extras=Bundle[{source=PowerModeReceiver}]
01-25 14:06:30.905  1630 10540 I GCoreUlr: DispatchingService.updateActiveState+PowerModeReceiver: Ensuring that reporting is active for [account#-1#]
01-25 14:06:30.936  1630 10540 I GCoreUlr: GMS FLP location and AR updates requested: {"description":"stationary","newRequest":true,"samplePeriodMs":2160000,"sampleReason":"stationary","sampleSource":"internal",
"timestampMs":1485374790894}
01-25 14:06:30.942  5079  5079 I MemoryTrimmer: Trimming objects from memory, since app is in the background.
01-25 14:06:30.969  5079  5079 I MemoryTrimmer: Trimming objects from memory, since app is in the background.
01-25 14:06:30.974  1630 10540 I GCoreUlr: Place inference reporting - stop
01-25 14:06:30.977   691  2397 E SensorService: Error activating sensor 1598182245 (I/O error)
01-25 14:06:30.997   691  1179 I bsthal  : <BST> set delay of <BOSCH Acceleration Sensor> to 20ms
01-25 14:06:31.010  1630 10540 I GCoreUlr: Successfully inserted 1 locations
01-25 14:06:31.599   691   709 I bsthal  : <BST> set delay of <BOSCH Acceleration Sensor> to 66ms
01-25 14:06:31.652  5079  5079 I MemoryTrimmer: Trimming objects from memory, since app is in the background.
01-25 14:06:32.614   691  1038 D WifiConfigStore: Retrieve network priorities after PNO.
01-25 14:06:33.035  4250  4250 I TWILIGHT: [14:06:33.035, main]: Accessibility CHANGED com.android.settings android.widget.TextView
01-25 14:06:42.618   691  1038 D WifiConfigStore: Retrieve network priorities after PNO.
01-25 14:06:42.667   691  1038 D WifiConfigStore: Retrieve network priorities after PNO.
01-25 14:06:43.063  4250  4250 I TWILIGHT: [14:06:43.063, main]: Accessibility CHANGED com.android.settings android.widget.TextView
01-25 14:06:44.959   691   729 E KernelUidCpuTimeReader: Failed to read uid_cputime: /proc/uid_cputime/show_uid_stat: open failed: ENOENT (No such file or directory)
01-25 14:06:46.416 30279 30289 W art     : Suspending all threads took: 5.528ms
01-25 14:06:52.637   691  1038 D WifiConfigStore: Retrieve network priorities after PNO.
01-25 14:06:52.800   691  1047 D AudioService: Stream muted, skip playback
01-25 14:06:53.170  4250  4250 I TWILIGHT: [14:06:53.170, main]: Accessibility CHANGED com.android.settings android.widget.FrameLayout
01-25 14:06:53.184  4250  4250 I TWILIGHT: [14:06:53.183, main]: Accessibility CHANGED com.android.settings android.widget.ListView
01-25 14:06:53.193  4250  4250 I TWILIGHT: [14:06:53.193, main]: Accessibility CHANGED com.android.settings android.widget.FrameLayout
01-25 14:06:54.686   691  1047 D AudioService: Stream muted, skip playback
01-25 14:06:54.698   236   321 D QC-time-services: Lib:time_genoff_operation: pargs->base = 13
01-25 14:06:54.698   236   321 D QC-time-services: Lib:time_genoff_operation: pargs->operation = 0
01-25 14:06:54.698   236   321 D QC-time-services: Lib:time_genoff_operation: pargs->ts_val = 1485374815000
01-25 14:06:54.698   236   321 D QC-time-services: Lib:time_genoff_operation: Send to server  passed!!
01-25 14:06:54.700   254   519 D QC-time-services: Daemon: Connection accepted:time_genoff
01-25 14:06:54.701   254 10840 D QC-time-services: Daemon:Received base = 13, unit = 1, operation = 0,value = 1485374815000
01-25 14:06:54.701   254 10840 D QC-time-services: Daemon:genoff_opr: Base = 13, val = 1485374815000, operation = 0
01-25 14:06:54.701   254 10840 D QC-time-services: Daemon:rtc_get: Time read from RTC -- MM/DD/YY HH:MM:SS0/3/70 22:29:23
01-25 14:06:54.701   254 10840 D QC-time-services: Daemon:Value read from RTC seconds = 253763000
01-25 14:06:54.701   254 10840 D QC-time-services: Daemon:new time 1485374815000
01-25 14:06:54.701   254 10840 D QC-time-services: Daemon: delta 1485121052000 genoff 1485121052000
01-25 14:06:54.701   254 10840 D QC-time-services: Daemon:genoff_persistent_update: Writing genoff = 1485121052000 to memory
01-25 14:06:54.701   254 10840 D QC-time-services: Daemon:Opening File: /data/time/ats_13
01-25 14:06:54.701   254 10840 D QC-time-services: Daemon:time_persistent_memory_opr:Genoff write operation
01-25 14:06:54.705   236   321 E QC-time-services: Receive Passed == base = 13, unit = 1, operation = 0, result = 0
01-25 14:06:54.705   254   519 E QC-time-services: Daemon: Time-services: Waiting to acceptconnection
01-25 14:06:54.713  1744  1744 D MccTable: updateMccMncConfiguration mccmnc='31000' fromServiceState=true
01-25 14:06:54.714  1744  1744 D MccTable: updateMccMncConfiguration defaultMccMnc=310120
01-25 14:06:54.714  1744  1744 D MccTable: updateMccMncConfiguration: mcc=310, mnc=0
01-25 14:06:54.714  1744  1744 D MccTable: WIFI_COUNTRY_CODE set to us
01-25 14:06:54.714   691   709 I WifiService: WifiService trying to set country code to us with persist set to true
01-25 14:06:54.718   691  1038 D WifiConfigStore: Retrieve network priorities after PNO.
01-25 14:06:54.803   691   727 I ActivityManager: Start proc 10846:com.android.cellbroadcastreceiver/u0a6 for broadcast com.android.cellbroadcastreceiver/.CellBroadcastReceiver
01-25 14:06:54.821   691  2398 D AlarmManagerService: Kernel timezone updated to 360 minutes west of GMT
01-25 14:06:54.891   691  1250 I ActivityManager: Process com.wunderground.android.storm:overlay_data (pid 10455) has died
01-25 14:06:54.891   691  1250 D ActivityManager: cleanUpApplicationRecord -- 10455
01-25 14:06:54.916  4250  4250 I TWILIGHT: [14:06:54.916, main]: Accessibility CHANGED com.android.settings android.widget.ListView
01-25 14:06:54.929 10846 10846 W System  : ClassLoader referenced unknown path: /system/priv-app/CellBroadcastReceiver/lib/arm
01-25 14:06:55.000  4250  4250 I TWILIGHT: [14:06:55.000, main]: Accessibility CHANGED com.android.settings com.android.settings.Settings$WifiSettingsActivity
01-25 14:06:55.031 10550 10574 D OpenGLRenderer: endAllStagingAnimators on 0xb7f08338 (ListPopupWindow$DropDownListView) with handle 0xb7f144f8
01-25 14:06:55.077 10846 10846 D CellBroadcastReceiver: onReceive Intent { act=android.intent.action.SERVICE_STATE flg=0x10 cmp=com.android.cellbroadcastreceiver/.CellBroadcastReceiver (has extras) }
01-25 14:06:55.077 10846 10846 D CellBroadcastReceiver: Intent ACTION_SERVICE_STATE_CHANGED
01-25 14:06:55.078 10846 10846 D CellBroadcastReceiver: subscriptionId = 1
01-25 14:06:55.111 10846 10846 D CellBroadcastReceiver: Service state changed! 0 Full: 0 0 voice home data home Sprint  31000 Sprint  31000  CDMA-IS95A LTE CSS not supported 308 4139 RoamInd=1 DefRoamInd=0 Emerg
Only=false IsDataRoamingFromRegistration=false Current state=1
01-25 14:06:55.164 10846 10867 D CellBroadcastConfigService: enabling emergency cell broadcast channels
01-25 14:06:55.174  4250  4250 I TWILIGHT: [14:06:55.174, main]: Accessibility CHANGED com.android.settings android.widget.TextView
01-25 14:06:55.176  1744 26635 D IccSmsInterfaceManager: [IccSmsInterfaceManager] enableGsmBroadcastRange
01-25 14:06:55.177  1744 26635 D IccSmsInterfaceManager: [IccSmsInterfaceManager] Added GSM cell broadcast subscription for MID range 4352 to 4354 from client com.android.cellbroadcastreceiver
01-25 14:06:55.177  1744 26635 D IccSmsInterfaceManager: [IccSmsInterfaceManager] Calling setCellBroadcastActivation(true)
01-25 14:06:55.196  1744  2208 D IccSmsInterfaceManager: [IccSmsInterfaceManager] enableGsmBroadcastRange
01-25 14:06:55.197  1744  2208 D IccSmsInterfaceManager: [IccSmsInterfaceManager] Added GSM cell broadcast subscription for MID range 4356 to 4356 from client com.android.cellbroadcastreceiver
01-25 14:06:55.197  1744  2208 D IccSmsInterfaceManager: [IccSmsInterfaceManager] Calling setCellBroadcastActivation(true)
01-25 14:06:55.209  1744  2556 D IccSmsInterfaceManager: [IccSmsInterfaceManager] enableGsmBroadcastRange
01-25 14:06:55.210  1744  2556 D IccSmsInterfaceManager: [IccSmsInterfaceManager] Added GSM cell broadcast subscription for MID range 4371 to 4372 from client com.android.cellbroadcastreceiver
01-25 14:06:55.210  1744  2556 D IccSmsInterfaceManager: [IccSmsInterfaceManager] Calling setCellBroadcastActivation(true)
01-25 14:06:55.223  1744 26653 D IccSmsInterfaceManager: [IccSmsInterfaceManager] enableCdmaBroadcastRange
01-25 14:06:55.223  1744 26653 D IccSmsInterfaceManager: [IccSmsInterfaceManager] Added cdma broadcast subscription for MID range 4097 to 4097 from client com.android.cellbroadcastreceiver
01-25 14:06:55.223  1744 26653 D IccSmsInterfaceManager: [IccSmsInterfaceManager] Calling setCdmaBroadcastActivation(true)
01-25 14:06:55.236  1744 32119 D IccSmsInterfaceManager: [IccSmsInterfaceManager] enableGsmBroadcastRange
01-25 14:06:55.237  1744 32119 D IccSmsInterfaceManager: [IccSmsInterfaceManager] Added GSM cell broadcast subscription for MID range 4373 to 4378 from client com.android.cellbroadcastreceiver
01-25 14:06:55.237  1744 32119 D IccSmsInterfaceManager: [IccSmsInterfaceManager] Calling setCellBroadcastActivation(true)
01-25 14:06:55.251  1744 29331 D IccSmsInterfaceManager: [IccSmsInterfaceManager] enableCdmaBroadcastRange
01-25 14:06:55.252  1744 29331 D IccSmsInterfaceManager: [IccSmsInterfaceManager] Added cdma broadcast subscription for MID range 4098 to 4098 from client com.android.cellbroadcastreceiver
01-25 14:06:55.252  1744 29331 D IccSmsInterfaceManager: [IccSmsInterfaceManager] Calling setCdmaBroadcastActivation(true)
01-25 14:06:55.264  1744 20697 D IccSmsInterfaceManager: [IccSmsInterfaceManager] enableGsmBroadcastRange
01-25 14:06:55.265  1744 20697 D IccSmsInterfaceManager: [IccSmsInterfaceManager] Added GSM cell broadcast subscription for MID range 4379 to 4379 from client com.android.cellbroadcastreceiver
01-25 14:06:55.265  1744 20697 D IccSmsInterfaceManager: [IccSmsInterfaceManager] Calling setCellBroadcastActivation(true)
01-25 14:06:55.276  1744  1778 D IccSmsInterfaceManager: [IccSmsInterfaceManager] enableCdmaBroadcastRange
01-25 14:06:55.276  1744  1778 D IccSmsInterfaceManager: [IccSmsInterfaceManager] Added cdma broadcast subscription for MID range 4099 to 4099 from client com.android.cellbroadcastreceiver
01-25 14:06:55.277  1744  1778 D IccSmsInterfaceManager: [IccSmsInterfaceManager] Calling setCdmaBroadcastActivation(true)
01-25 14:06:55.289  1744 26635 D IccSmsInterfaceManager: [IccSmsInterfaceManager] enableGsmBroadcastRange
01-25 14:06:55.290  1744 26635 D IccSmsInterfaceManager: [IccSmsInterfaceManager] Added GSM cell broadcast subscription for MID range 4380 to 4382 from client com.android.cellbroadcastreceiver
01-25 14:06:55.290  1744 26635 D IccSmsInterfaceManager: [IccSmsInterfaceManager] Calling setCellBroadcastActivation(true)
01-25 14:06:55.303  1744  2208 D IccSmsInterfaceManager: [IccSmsInterfaceManager] enableCdmaBroadcastRange
01-25 14:06:55.304  1744  2208 D IccSmsInterfaceManager: [IccSmsInterfaceManager] Added cdma broadcast subscription for MID range 4100 to 4100 from client com.android.cellbroadcastreceiver
01-25 14:06:55.304  1744  2208 D IccSmsInterfaceManager: [IccSmsInterfaceManager] Calling setCdmaBroadcastActivation(true)
01-25 14:06:55.316  1744  2556 D IccSmsInterfaceManager: [IccSmsInterfaceManager] enableGsmBroadcastRange
01-25 14:06:55.316  1744  2556 D IccSmsInterfaceManager: [IccSmsInterfaceManager] Added GSM cell broadcast subscription for MID range 4393 to 4395 from client com.android.cellbroadcastreceiver
01-25 14:06:55.316  1744  2556 D IccSmsInterfaceManager: [IccSmsInterfaceManager] Calling setCellBroadcastActivation(true)
01-25 14:06:55.321 10846 10867 D CellBroadcastConfigService: enabled emergency cell broadcast channels
01-25 14:06:55.331  1744 26653 D IccSmsInterfaceManager: [IccSmsInterfaceManager] enableGsmBroadcastRange
01-25 14:06:55.331  1744 26653 D IccSmsInterfaceManager: [IccSmsInterfaceManager] Added GSM cell broadcast subscription for MID range 4370 to 4370 from client com.android.cellbroadcastreceiver
01-25 14:06:55.331  1744 26653 D IccSmsInterfaceManager: [IccSmsInterfaceManager] Calling setCellBroadcastActivation(true)
01-25 14:06:55.342  1744 32119 D IccSmsInterfaceManager: [IccSmsInterfaceManager] enableCdmaBroadcastRange
01-25 14:06:55.343  1744 32119 D IccSmsInterfaceManager: [IccSmsInterfaceManager] Added cdma broadcast subscription for MID range 4096 to 4096 from client com.android.cellbroadcastreceiver
01-25 14:06:55.343  1744 32119 D IccSmsInterfaceManager: [IccSmsInterfaceManager] Calling setCdmaBroadcastActivation(true)
01-25 14:06:55.367  1744 29331 D IccSmsInterfaceManager: [IccSmsInterfaceManager] enableGsmBroadcastRange
01-25 14:06:55.368  1744 29331 D IccSmsInterfaceManager: [IccSmsInterfaceManager] Added GSM cell broadcast subscription for MID range 4383 to 4383 from client com.android.cellbroadcastreceiver
01-25 14:06:55.368  1744 29331 D IccSmsInterfaceManager: [IccSmsInterfaceManager] Calling setCellBroadcastActivation(true)
01-25 14:06:55.376 10846 10867 D CellBroadcastConfigService: disabling cell broadcast channel 50
01-25 14:06:55.385  1744 20697 D IccSmsInterfaceManager: [IccSmsInterfaceManager] disableGsmBroadcastRange
01-25 14:06:55.386  1744 20697 D IccSmsInterfaceManager: [IccSmsInterfaceManager] Failed to remove GSM cell broadcast subscription for MID range 50 to 50 from client com.android.cellbroadcastreceiver
01-25 14:06:55.386 10846 10867 D CellBroadcastConfigService: channel 60 is not applicable for cdma
01-25 14:06:55.389 10846 10867 D CellBroadcastConfigService: disabling channels 919-928
01-25 14:06:55.398  1744  2208 D IccSmsInterfaceManager: [IccSmsInterfaceManager] disableGsmBroadcastRange
01-25 14:06:55.398  1744  2208 D IccSmsInterfaceManager: [IccSmsInterfaceManager] Failed to remove GSM cell broadcast subscription for MID range 919 to 928 from client com.android.cellbroadcastreceiver
01-25 14:06:55.401 10846 10867 D CellBroadcastConfigService: disabling cell broadcast ETWS test messages
01-25 14:06:55.408  1744 32119 D IccSmsInterfaceManager: [IccSmsInterfaceManager] disableGsmBroadcastRange
01-25 14:06:55.409  1744 32119 D IccSmsInterfaceManager: [IccSmsInterfaceManager] Failed to remove GSM cell broadcast subscription for MID range 4355 to 4355 from client com.android.cellbroadcastreceiver
01-25 14:06:57.376 10846 10846 D CellBroadcastReceiver: onReceive Intent { act=android.intent.action.SERVICE_STATE flg=0x10 cmp=com.android.cellbroadcastreceiver/.CellBroadcastReceiver (has extras) }
01-25 14:06:57.376 10846 10846 D CellBroadcastReceiver: Intent ACTION_SERVICE_STATE_CHANGED
01-25 14:06:57.376 10846 10846 D CellBroadcastReceiver: subscriptionId = 1
01-25 14:06:57.393 10846 10846 D CellBroadcastReceiver: Service state changed! 0 Full: 0 0 voice home data home Sprint  31000 Sprint  31000  1xRTT LTE CSS not supported 308 4139 RoamInd=1 DefRoamInd=0 EmergOnly=
false IsDataRoamingFromRegistration=false Current state=1
01-25 14:06:57.432 10846 10878 D CellBroadcastConfigService: enabling emergency cell broadcast channels
01-25 14:06:57.440  1744 26653 D IccSmsInterfaceManager: [IccSmsInterfaceManager] enableGsmBroadcastRange
01-25 14:06:57.441  1744 26653 D IccSmsInterfaceManager: [IccSmsInterfaceManager] Added GSM cell broadcast subscription for MID range 4352 to 4354 from client com.android.cellbroadcastreceiver
01-25 14:06:57.441  1744 26653 D IccSmsInterfaceManager: [IccSmsInterfaceManager] Calling setCellBroadcastActivation(true)
01-25 14:06:57.453  1744 32154 D IccSmsInterfaceManager: [IccSmsInterfaceManager] enableGsmBroadcastRange
01-25 14:06:57.453  1744 32154 D IccSmsInterfaceManager: [IccSmsInterfaceManager] Added GSM cell broadcast subscription for MID range 4356 to 4356 from client com.android.cellbroadcastreceiver
01-25 14:06:57.453  1744 32154 D IccSmsInterfaceManager: [IccSmsInterfaceManager] Calling setCellBroadcastActivation(true)
01-25 14:06:57.466  1744  1779 D IccSmsInterfaceManager: [IccSmsInterfaceManager] enableGsmBroadcastRange
01-25 14:06:57.467  1744  1779 D IccSmsInterfaceManager: [IccSmsInterfaceManager] Added GSM cell broadcast subscription for MID range 4371 to 4372 from client com.android.cellbroadcastreceiver
01-25 14:06:57.467  1744  1779 D IccSmsInterfaceManager: [IccSmsInterfaceManager] Calling setCellBroadcastActivation(true)
01-25 14:06:57.478  1744  6253 D IccSmsInterfaceManager: [IccSmsInterfaceManager] enableCdmaBroadcastRange
01-25 14:06:57.479  1744  6253 D IccSmsInterfaceManager: [IccSmsInterfaceManager] Added cdma broadcast subscription for MID range 4097 to 4097 from client com.android.cellbroadcastreceiver
01-25 14:06:57.479  1744  6253 D IccSmsInterfaceManager: [IccSmsInterfaceManager] Calling setCdmaBroadcastActivation(true)
01-25 14:06:57.490  1744 10996 D IccSmsInterfaceManager: [IccSmsInterfaceManager] enableGsmBroadcastRange
01-25 14:06:57.491  1744 10996 D IccSmsInterfaceManager: [IccSmsInterfaceManager] Added GSM cell broadcast subscription for MID range 4373 to 4378 from client com.android.cellbroadcastreceiver
01-25 14:06:57.491  1744 10996 D IccSmsInterfaceManager: [IccSmsInterfaceManager] Calling setCellBroadcastActivation(true)
01-25 14:06:57.503  1744  1964 D IccSmsInterfaceManager: [IccSmsInterfaceManager] enableCdmaBroadcastRange
01-25 14:06:57.504  1744  1964 D IccSmsInterfaceManager: [IccSmsInterfaceManager] Added cdma broadcast subscription for MID range 4098 to 4098 from client com.android.cellbroadcastreceiver
01-25 14:06:57.504  1744  1964 D IccSmsInterfaceManager: [IccSmsInterfaceManager] Calling setCdmaBroadcastActivation(true)
01-25 14:06:57.518  1744 26635 D IccSmsInterfaceManager: [IccSmsInterfaceManager] enableGsmBroadcastRange
01-25 14:06:57.519  1744 26635 D IccSmsInterfaceManager: [IccSmsInterfaceManager] Added GSM cell broadcast subscription for MID range 4379 to 4379 from client com.android.cellbroadcastreceiver
01-25 14:06:57.519  1744 26635 D IccSmsInterfaceManager: [IccSmsInterfaceManager] Calling setCellBroadcastActivation(true)
01-25 14:06:57.532  1744  1778 D IccSmsInterfaceManager: [IccSmsInterfaceManager] enableCdmaBroadcastRange
01-25 14:06:57.533  1744  1778 D IccSmsInterfaceManager: [IccSmsInterfaceManager] Added cdma broadcast subscription for MID range 4099 to 4099 from client com.android.cellbroadcastreceiver
01-25 14:06:57.533  1744  1778 D IccSmsInterfaceManager: [IccSmsInterfaceManager] Calling setCdmaBroadcastActivation(true)
01-25 14:06:57.545  1744 26653 D IccSmsInterfaceManager: [IccSmsInterfaceManager] enableGsmBroadcastRange
01-25 14:06:57.545  1744 26653 D IccSmsInterfaceManager: [IccSmsInterfaceManager] Added GSM cell broadcast subscription for MID range 4380 to 4382 from client com.android.cellbroadcastreceiver
01-25 14:06:57.545  1744 26653 D IccSmsInterfaceManager: [IccSmsInterfaceManager] Calling setCellBroadcastActivation(true)
01-25 14:06:57.557  1744 32154 D IccSmsInterfaceManager: [IccSmsInterfaceManager] enableCdmaBroadcastRange
01-25 14:06:57.558  1744 32154 D IccSmsInterfaceManager: [IccSmsInterfaceManager] Added cdma broadcast subscription for MID range 4100 to 4100 from client com.android.cellbroadcastreceiver
01-25 14:06:57.558  1744 32154 D IccSmsInterfaceManager: [IccSmsInterfaceManager] Calling setCdmaBroadcastActivation(true)
01-25 14:06:57.570  1744  1779 D IccSmsInterfaceManager: [IccSmsInterfaceManager] enableGsmBroadcastRange
01-25 14:06:57.571  1744  1779 D IccSmsInterfaceManager: [IccSmsInterfaceManager] Added GSM cell broadcast subscription for MID range 4393 to 4395 from client com.android.cellbroadcastreceiver
01-25 14:06:57.571  1744  1779 D IccSmsInterfaceManager: [IccSmsInterfaceManager] Calling setCellBroadcastActivation(true)
01-25 14:06:57.576 10846 10878 D CellBroadcastConfigService: enabled emergency cell broadcast channels
01-25 14:06:57.584  1744  6253 D IccSmsInterfaceManager: [IccSmsInterfaceManager] enableGsmBroadcastRange
01-25 14:06:57.584  1744  6253 D IccSmsInterfaceManager: [IccSmsInterfaceManager] Added GSM cell broadcast subscription for MID range 4370 to 4370 from client com.android.cellbroadcastreceiver
01-25 14:06:57.584  1744  6253 D IccSmsInterfaceManager: [IccSmsInterfaceManager] Calling setCellBroadcastActivation(true)
01-25 14:06:57.595  1744 10996 D IccSmsInterfaceManager: [IccSmsInterfaceManager] enableCdmaBroadcastRange
01-25 14:06:57.596  1744 10996 D IccSmsInterfaceManager: [IccSmsInterfaceManager] Added cdma broadcast subscription for MID range 4096 to 4096 from client com.android.cellbroadcastreceiver
01-25 14:06:57.596  1744 10996 D IccSmsInterfaceManager: [IccSmsInterfaceManager] Calling setCdmaBroadcastActivation(true)
01-25 14:06:57.607  1744  1964 D IccSmsInterfaceManager: [IccSmsInterfaceManager] enableGsmBroadcastRange
01-25 14:06:57.608  1744  1964 D IccSmsInterfaceManager: [IccSmsInterfaceManager] Added GSM cell broadcast subscription for MID range 4383 to 4383 from client com.android.cellbroadcastreceiver
01-25 14:06:57.608  1744  1964 D IccSmsInterfaceManager: [IccSmsInterfaceManager] Calling setCellBroadcastActivation(true)
01-25 14:06:57.613 10846 10878 D CellBroadcastConfigService: disabling cell broadcast channel 50
