01-25 13:43:29.026  5500  5959 I NotifUtils: Validating Notification, mapSize: 1 getAttention: true ignoreUnobtrusive: false
01-25 13:43:29.052  5500  5959 I NotifUtils: validateNotifications - cancelling 817018137 for 1437462523 / -757656686
01-25 13:43:29.068  5500  5954 I NotifUtils: sendSetNewEmailIndicator account: 1437462523, folder: 81068824
01-25 13:43:29.074  5500  5960 I NotifUtils: Validating Notification, mapSize: 1 getAttention: true ignoreUnobtrusive: false
01-25 13:43:29.094  5500  5960 I NotifUtils: Notifications are disabled for this folder; not notifying
01-25 13:43:29.165  5885  5885 I Finsky  : [1] com.google.android.finsky.d.a.a.a(240): result=false type=4
01-25 13:43:29.207  5885  5885 I Finsky  : [1] com.google.android.finsky.services.bb.a(962): Restore complete with 0 success and 0 failed.
01-25 13:43:30.697  5293  5293 E SpannableStringBuilder: SPAN_EXCLUSIVE_EXCLUSIVE spans cannot have a zero length
01-25 13:43:30.697  5293  5293 E SpannableStringBuilder: SPAN_EXCLUSIVE_EXCLUSIVE spans cannot have a zero length
01-25 13:43:30.954  5500  5973 W System  : ClassLoader referenced unknown path: /system/priv-app/PrebuiltGmsCore/lib/arm
01-25 13:43:31.110  5500  5973 W System  : ClassLoader referenced unknown path: /system/priv-app/PrebuiltGmsCore/lib/arm
01-25 13:43:31.111  5500  5973 W System  : ClassLoader referenced unknown path: /system/priv-app/PrebuiltGmsCore/lib/arm
01-25 13:43:31.115  5500  5973 W linker  : /data/data/com.google.android.gms/app_extracted_libs/armeabi-v7a/libgmscore.so: unused DT entry: type 0x7ffffffd arg 0x795
01-25 13:43:31.132   691   708 I chatty  : uid=1000(system) Binder_1 expire 1 line
01-25 13:43:31.164  5500  5973 W System  : ClassLoader referenced unknown path: /system/priv-app/PrebuiltGmsCore/lib/arm
01-25 13:43:31.169  5500  5973 W System  : ClassLoader referenced unknown path: /system/priv-app/PrebuiltGmsCore/lib/arm
01-25 13:43:31.220  5079  5079 I MemoryTrimmer: Trimming objects from memory, since app is in the background.
01-25 13:43:31.319  5500  5973 W linker  : /system/priv-app/PrebuiltGmsCore/PrebuiltGmsCore.apk: unused DT entry: type 0x1d arg 0xe0
01-25 13:43:31.319  5500  5973 W linker  : /system/priv-app/PrebuiltGmsCore/PrebuiltGmsCore.apk: unused DT entry: type 0x7ffffffd arg 0x1cb
01-25 13:43:31.330  5500  5973 V JNIHelp : Registering com/google/android/gms/org/conscrypt/NativeCrypto's 242 native methods...
01-25 13:43:31.362  5500  5973 I art     : Rejecting re-init on previously-failed class java.lang.Class<com.google.android.gms.org.conscrypt.OpenSSLExtendedSessionImpl>
01-25 13:43:31.363  5500  5973 I art     : Rejecting re-init on previously-failed class java.lang.Class<com.google.android.gms.org.conscrypt.OpenSSLExtendedSessionImpl>
01-25 13:43:31.418  5500  5973 I ProviderInstaller: Installed default security provider GmsCore_OpenSSL
01-25 13:43:35.119  5500  5973 I Gmail   : syncStatus: lastSyncResult=0
01-25 13:43:35.831  4993  5019 W LatinMetricsProcessor: DecodedCandidate rank:2 refers to 'circumstances​', expecting 'circumstances'
01-25 13:43:37.269  5293  5293 E SpannableStringBuilder: SPAN_EXCLUSIVE_EXCLUSIVE spans cannot have a zero length
01-25 13:43:37.269  5293  5293 E SpannableStringBuilder: SPAN_EXCLUSIVE_EXCLUSIVE spans cannot have a zero length
01-25 13:43:37.415   691   727 I ActivityManager: Start proc 6007:com.acmeaom.android.myradar/u0a118 for service com.acmeaom.android.myradar/.app.modules.notifications.ForecastUpdateService
01-25 13:43:37.605  6007  6007 I MultiDex: VM with version 2.1.0 has multidex support
01-25 13:43:37.605  6007  6007 I MultiDex: install
01-25 13:43:37.605  6007  6007 I MultiDex: VM has multidex support, MultiDex support library is disabled.
01-25 13:43:37.652  6007  6007 D FirebaseApp: com.google.firebase.auth.FirebaseAuth is not linked. Skipping initialization.
01-25 13:43:37.674  6007  6007 D FirebaseApp: com.google.firebase.crash.FirebaseCrash is not linked. Skipping initialization.
01-25 13:43:37.700  6007  6007 I FA      : App measurement is starting up, version: 9683
01-25 13:43:37.700  6007  6007 I FA      : To enable debug logging run: adb shell setprop log.tag.FA VERBOSE
01-25 13:43:37.721  6007  6007 I FA      : To enable faster debug mode event logging run:
01-25 13:43:37.721  6007  6007 I FA      :   adb shell setprop firebase.analytics.debug-mode com.acmeaom.android.myradar
01-25 13:43:37.741  6007  6007 I FirebaseInitProvider: FirebaseApp initialization successful
01-25 13:43:37.781  6007  6007 I com.newrelic.agent.android: Loaded configuration: HarvestConfiguration{collect_network_errors=true, cross_process_id='UwYBWFdRGwQDVVNWAAk=', data_report_period=60, data_token=[73
12478, 29500913], error_limit=50, report_max_transaction_age=600, report_max_transaction_count=1000, response_body_limit=2048, server_timestamp=1470845933, stack_trace_limit=100, activity_trace_max_size=65534, a
ctivity_trace_max_report_attempts=1, activity_trace_min_utilization=0.30000001192092896, at_capture=ActivityTraceConfiguration{maxTotalTraceCount=1}}
01-25 13:43:37.792  6007  6007 I com.newrelic.agent.android: Application state monitor has started
01-25 13:43:37.899  6007  6007 I com.newrelic.agent.android: Analytics Controller started.
01-25 13:43:37.919  6007  6007 I com.newrelic.agent.android: Measurement Engine initialized.
01-25 13:43:37.933  6007  6007 I com.newrelic.agent.android: New Relic Agent v5.7.1
01-25 13:43:38.046  6007  6030 I com.newrelic.agent.android: Harvester: connected
01-25 13:43:38.046  6007  6030 I com.newrelic.agent.android: Harvester: Sending 0 HTTP transactions.
01-25 13:43:38.046  6007  6030 I com.newrelic.agent.android: Harvester: Sending 0 HTTP errors.
01-25 13:43:38.046  6007  6030 I com.newrelic.agent.android: Harvester: Sending 0 activity traces.
01-25 13:43:38.047  6007  6030 I com.newrelic.agent.android: Harvester: Sending 0 analytics events.
01-25 13:43:38.068  6007  6035 D Volley  : [3100] c.a: Cache @/data/user/0/com.acmeaom.android.myradar/cache/volley initialized. 0 entries
01-25 13:43:38.100  6007  6030 W System  : ClassLoader referenced unknown path: /system/framework/tcmclient.jar
01-25 13:43:38.310  6007  6007 W com.facebook.internal.p: FacebookActivity is not declared in the AndroidManifest.xml, please add com.facebook.FacebookActivity to your AndroidManifest.xml file. See https://devel
opers.facebook.com/docs/android/getting-started for more info.
01-25 13:43:38.339  6007  6049 W System  : ClassLoader referenced unknown path: /system/framework/tcmclient.jar
01-25 13:43:38.547  5885  5897 I Finsky  : [3077] com.google.android.finsky.billing.iab.s.a(5212): com.acmeaom.android.myradar: Account determined from installer data - [qybsiRXmcqBLYRhOp1m7EX5kzGA]
01-25 13:43:38.580   691  1179 W ActivityManager: Unable to start service Intent { cmp=com.acmeaom.android.myradar/com.cuebiq.cuebiqsdk.model.Collector } U=0: not found
01-25 13:43:38.586  5885  5896 I Finsky  : [3076] com.google.android.finsky.billing.iab.s.a(5212): com.acmeaom.android.myradar: Account determined from installer data - [qybsiRXmcqBLYRhOp1m7EX5kzGA]
01-25 13:43:38.593  5885  5897 I Finsky  : [3077] com.google.android.finsky.billing.iab.s.a(5212): com.acmeaom.android.myradar: Account determined from installer data - [qybsiRXmcqBLYRhOp1m7EX5kzGA]
01-25 13:43:38.684  5885  5896 I Finsky  : [3076] com.google.android.finsky.billing.iab.s.a(5212): com.acmeaom.android.myradar: Account determined from installer data - [qybsiRXmcqBLYRhOp1m7EX5kzGA]
01-25 13:43:38.847  5500  5973 I Gmail   : syncStatus: lastSyncResult=0
01-25 13:43:38.886  1630  1630 I WearableService: Wear is not allowed to run on this device. Not starting Wear service.
01-25 13:43:38.886  1630  1630 D WearableService: callingUid 10028, callindPid: 1630
01-25 13:43:39.013  5500  5973 I Gmail   : syncStatus: lastSyncResult=0
01-25 13:43:43.543  5500  5973 I Gmail   : syncStatus: lastSyncResult=0
01-25 13:43:43.707  2325  6100 W IcingInternalCorpora: getNumBytesRead when not calculated.
01-25 13:43:43.803  5500  5973 I Gmail   : AppDataSearch: minSeqNo=0, maxSeqNo=0, lastCommittedSequence=1106
01-25 13:43:43.803  2325  6178 I Icing   : Usage reports 0 indexed 0 rejected 0 imm upload false
01-25 13:43:43.817  5500  5973 I Gmail   : sync completed, spent 13147ms, interrupted: false
01-25 13:43:43.819  2325  6178 I Icing   : Usage reports 0 indexed 0 rejected 0 imm upload false
01-25 13:43:44.832  2325  6178 I Icing   : Indexing BBE179F681F0D9CA494FAC68529AF42366B4AF4B from com.google.android.gm
01-25 13:43:44.851  2325  6178 I Icing   : Not enough disk space for indexing trimmable
01-25 13:43:44.851  2325  6178 I Icing   : Cannot sync trimmable corpus: no trimmable
01-25 13:43:44.851  2325  6178 I Icing   : Indexing done BBE179F681F0D9CA494FAC68529AF42366B4AF4B
01-25 13:43:44.852  2325  6178 E Icing   : Aborting indexing of corpus messages/com.google.android.gm.legacyimap/eric.gach%40live.com
01-25 13:43:45.589  5500  6109 I Gmail   : syncStatus: lastSyncResult=0
01-25 13:43:47.410   691   727 I ActivityManager: Start proc 6118:com.google.android.apps.googlevoice/u0a132 for service com.google.android.apps.googlevoice/.VoicemailPrefetchService
01-25 13:43:47.490  6118  6118 W System  : ClassLoader referenced unknown path: /data/app/com.google.android.apps.googlevoice-1/lib/arm
01-25 13:43:47.705   691  2255 I ActivityManager: Process com.google.process.gapps (pid 5146) has died
01-25 13:43:47.705   691  2255 D ActivityManager: cleanUpApplicationRecord -- 5146
01-25 13:43:47.914  6118  6126 W CursorWrapperInner: Cursor finalized without prior close()
01-25 13:43:47.917  6118  6126 W CursorWrapperInner: Cursor finalized without prior close()
01-25 13:43:47.944   691   708 D CountryDetector: The first listener is added
01-25 13:43:48.252  6118  6139 D GoogleVoice: VoiceModel.updateVoicemailPrimaryCache()
01-25 13:43:48.253  6118  6139 D GoogleVoice: VoiceModel.updateVoicemailPrimaryCache(): pending
01-25 13:43:48.326  5500  6109 I Gmail   : syncStatus: lastSyncResult=0
01-25 13:43:48.473  5500  6109 I Gmail   : syncStatus: lastSyncResult=0
01-25 13:43:48.583  6118  6118 D GoogleVoice: VoiceModel.updateVoicemailPrimaryCache()
01-25 13:43:48.591  6118  6118 D GoogleVoice: VoiceModel.updateVoicemailPrimaryCache()
01-25 13:43:49.198  4250  4250 I TWILIGHT: [13:43:49.197, main]: Service start foreground
01-25 13:43:49.198  4250  4250 I TWILIGHT: [13:43:49.198, main]: Extra android.intent.extra.ALARM_COUNT
01-25 13:43:49.253  1630 31204 I GCoreUlr: Starting BLE scan: mode: 2
01-25 13:43:49.285   691  1121 D WifiService: acquireWifiLockLocked: WifiLock{NlpWifiLock type=2 binder=android.os.BinderProxy@27cd0a5}
01-25 13:43:49.353  1630  1630 I BeaconBle: Client requested scan, settings=BleSettings [scanMode=LOW_LATENCY, callbackType=ALL_MATCHES, reportDelayMillis=0, 2 filters, 0 clients, callingClientName=ULR], listene
r=hjz@a67b8d9
01-25 13:43:49.368  4250  4250 I TWILIGHT: [13:43:49.367, main]: Needs foreground -1
01-25 13:43:49.368  4250  4250 I TWILIGHT: [13:43:49.368, main]: VIEW: Finally Update current 100 1500
01-25 13:43:49.388  1630  1630 I BeaconBle: 'L' hardware scan: 2 filters, scanMode=2, reportdelay=0, callback type=1, #clients=1
01-25 13:43:49.391  1630  1630 I BeaconBle: Starting scan on delegate scanner - BT state: 15
01-25 13:43:49.426 14007 14018 D BtGatt.GattService: registerClient() - UUID=5e079b76-7c18-4636-8cb9-55038d0cdfdc
01-25 13:43:49.458 14007 14033 D BtGatt.GattService: onClientRegistered() - UUID=5e079b76-7c18-4636-8cb9-55038d0cdfdc, clientIf=4
01-25 13:43:49.459  1630 21089 D BluetoothLeScanner: onClientRegistered() - status=0 clientIf=4
01-25 13:43:49.460 14007 14019 D BtGatt.GattService: start scan with filters
01-25 13:43:49.467 14007 14036 D BtGatt.ScanManager: handling starting scan
01-25 13:43:49.478 14007 14036 D BtGatt.ScanManager: configureRegularScanParams() - queue=1
01-25 13:43:49.478 14007 14036 D BtGatt.ScanManager: configureRegularScanParams() - ScanSetting Scan mode=2 mLastConfiguredScanSetting=-2147483648
01-25 13:43:49.479 14007 14036 D BtGatt.ScanManager: configureRegularScanParams - scanInterval = 8000configureRegularScanParams - scanWindow = 8000
01-25 13:43:49.479 14007 14033 D BtGatt.GattService: onScanParamSetupCompleted : 0
01-25 13:43:51.022  5500  6109 I Gmail   : syncStatus: lastSyncResult=0
01-25 13:43:51.120  5500  6109 I Gmail   : AppDataSearch: minSeqNo=2260, maxSeqNo=2266, lastCommittedSequence=2260
01-25 13:43:51.122  2325  6190 W IcingInternalCorpora: getNumBytesRead when not calculated.
01-25 13:43:51.125  2325  6178 I Icing   : Usage reports 0 indexed 0 rejected 0 imm upload false
01-25 13:43:51.126  5500  6109 I Gmail   : sync completed, spent 7072ms, interrupted: false
01-25 13:43:51.140  2325  6178 I Icing   : Usage reports 0 indexed 0 rejected 0 imm upload false
01-25 13:43:51.308  1630 31204 I GCoreUlr: Starting BLE scan: mode: 3
01-25 13:43:51.308  1630  1630 I BeaconBle: Client requested scan, settings=BleSettings [scanMode=ZERO_POWER, callbackType=ALL_MATCHES, reportDelayMillis=0, 2 filters, 0 clients, callingClientName=ULR], listener
=hjz@a67b8d9
01-25 13:43:51.315  1630 31204 I GCoreUlr: BLE: collected 0 results
01-25 13:43:51.322  1630  1630 I BeaconBle: Stopping scan on delegate scanner - BT state: 15
01-25 13:43:51.325 14007 14018 D BtGatt.GattService: stopScan() - queue size =1
01-25 13:43:51.326 14007 14036 D BtGatt.ScanManager: stop scan
01-25 13:43:51.326 14007 14019 D BtGatt.GattService: unregisterClient() - clientIf=4
01-25 13:43:51.326 14007 14036 D BtGatt.ScanManager: configureRegularScanParams() - queue=0
01-25 13:43:51.328 14007 14036 D BtGatt.ScanManager: configureRegularScanParams() - ScanSetting Scan mode=-2147483648 mLastConfiguredScanSetting=2
01-25 13:43:51.328 14007 14036 D BtGatt.ScanManager: configureRegularScanParams() - queue emtpy, scan stopped
01-25 13:43:51.329  1630  1630 I BeaconBle: Resetting - new scanner available: true
01-25 13:43:51.329  1630  1630 I BeaconBle: ZERO_POWER is disabled.
01-25 13:43:51.329  1630  1630 I BeaconBle: 'L' hardware scan: scan stopped, no powered clients
01-25 13:43:52.158  2325  6178 I Icing   : Indexing 24AF6C29C92015DAC7596E9A1E7BFECFE8A41D25 from com.google.android.gm
01-25 13:43:52.160  2325  6178 I Icing   : Not enough disk space for indexing trimmable
01-25 13:43:52.160  2325  6178 I Icing   : Cannot sync trimmable corpus: no trimmable
01-25 13:43:52.160  2325  6178 I Icing   : Indexing done 24AF6C29C92015DAC7596E9A1E7BFECFE8A41D25
01-25 13:43:52.160  2325  6178 E Icing   : Aborting indexing of corpus messages/com.google.android.gm.legacyimap/eric.gach%40noaa.gov
01-25 13:43:53.373   691   727 I ActivityManager: Waited long enough for: ServiceRecord{2749f41 u0 com.acmeaom.android.myradar/.app.wear.WearUpdater}
01-25 13:43:53.373   691   727 I ActivityManager: Waited long enough for: ServiceRecord{173cce6 u0 com.acmeaom.android.myradar/.app.widget.WidgetUpdater}
01-25 13:43:54.404   691  1526 D WifiService: releaseWifiLockLocked: WifiLock{NlpWifiLock type=2 binder=android.os.BinderProxy@27cd0a5}
01-25 13:43:54.469  1630 31308 I GCoreUlr: Successfully inserted 1 locations
01-25 13:44:00.151  5079  5079 I MemoryTrimmer: Trimming objects from memory, since app is in the background.
01-25 13:44:01.790  4250  4250 I TWILIGHT: [13:44:01.790, main]: Accessibility CHANGED com.facebook.orca android.widget.EditText
01-25 13:44:02.932  5293  5293 I Choreographer: Skipped 104 frames!  The application may be doing too much work on its main thread.
01-25 13:44:03.141  4993  4993 W InputConnectionWrapper: Fixing selection indices to 0, 0
01-25 13:44:03.423  4250  4250 I TWILIGHT: [13:44:03.423, main]: Accessibility CHANGED com.facebook.orca android.widget.ListView
01-25 13:44:03.552  5293  5293 W View    : requestLayout() improperly called by X.72y{f91fe7c V.E...... ......ID 0,0-540,98} during layout: running second layout pass
01-25 13:44:03.751  4993  4993 I Choreographer: Skipped 132 frames!  The application may be doing too much work on its main thread.
01-25 13:44:03.888  4250  4250 I TWILIGHT: [13:44:03.888, main]: Accessibility CHANGED com.facebook.orca android.widget.TextView
01-25 13:44:05.834  5293  5304 W art     : Suspending all threads took: 10.068ms
01-25 13:44:05.864  5293  5304 I art     : Background sticky concurrent mark sweep GC freed 18092(1757KB) AllocSpace objects, 20(384KB) LOS objects, 8% free, 21MB/23MB, paused 26.803ms total 1.304s
01-25 13:44:06.135  4250  4250 I TWILIGHT: [13:44:06.135, main]: Accessibility CHANGED com.facebook.orca android.widget.ListView
01-25 13:44:06.506  5293  5304 I art     : Background partial concurrent mark sweep GC freed 21104(2MB) AllocSpace objects, 9(152KB) LOS objects, 15% free, 21MB/25MB, paused 4.562ms total 296.483ms
01-25 13:44:07.127  5293  5293 I Choreographer: Skipped 74 frames!  The application may be doing too much work on its main thread.
01-25 13:44:08.780   691  2275 I ActivityManager: moveTaskToBack: TaskRecord{ab960c3 #254 A=com.facebook.orca U=0 sz=2}
01-25 13:44:08.885  5079  5175 I Adreno-EGL: <qeglDrvAPI_eglInitialize:379>: EGL 1.4 QUALCOMM build: Nondeterministic_AU_msm8974_LA.BF.1.1.3_RB1__release_AU (I389a668de0)
01-25 13:44:08.885  5079  5175 I Adreno-EGL: OpenGL ES Shader Compiler Version: E031.28.00.04
01-25 13:44:08.885  5079  5175 I Adreno-EGL: Build Date: 10/24/15 Sat
01-25 13:44:08.885  5079  5175 I Adreno-EGL: Local Branch: mybranch15621148
01-25 13:44:08.885  5079  5175 I Adreno-EGL: Remote Branch: quic/LA.BF.1.1.3_rb1.3
01-25 13:44:08.885  5079  5175 I Adreno-EGL: Local Patches: NONE
01-25 13:44:08.885  5079  5175 I Adreno-EGL: Reconstruct Branch: NOTHING
01-25 13:44:08.885  5079  5175 I OpenGLRenderer: Initialized EGL, version 1.4
01-25 13:44:08.965   691  1912 I ActivityManager: Process com.google.android.gm (pid 5108) has died
01-25 13:44:08.965   691  1912 D ActivityManager: cleanUpApplicationRecord -- 5108
01-25 13:44:09.047  2736  5094 I Adreno-EGL: <qeglDrvAPI_eglInitialize:379>: EGL 1.4 QUALCOMM build: Nondeterministic_AU_msm8974_LA.BF.1.1.3_RB1__release_AU (I389a668de0)
01-25 13:44:09.047  2736  5094 I Adreno-EGL: OpenGL ES Shader Compiler Version: E031.28.00.04
01-25 13:44:09.047  2736  5094 I Adreno-EGL: Build Date: 10/24/15 Sat
01-25 13:44:09.047  2736  5094 I Adreno-EGL: Local Branch: mybranch15621148
01-25 13:44:09.047  2736  5094 I Adreno-EGL: Remote Branch: quic/LA.BF.1.1.3_rb1.3
01-25 13:44:09.047  2736  5094 I Adreno-EGL: Local Patches: NONE
01-25 13:44:09.047  2736  5094 I Adreno-EGL: Reconstruct Branch: NOTHING
01-25 13:44:09.047  2736  5094 I OpenGLRenderer: Initialized EGL, version 1.4
01-25 13:44:09.059  2736  2736 W ViewRootImpl: Dropping event due to no window focus: KeyEvent { action=ACTION_DOWN, keyCode=KEYCODE_BACK, scanCode=158, metaState=0, flags=0x48, repeatCount=0, eventTime=19246709
, downTime=19246709, deviceId=6, source=0x101 }
01-25 13:44:09.118  2736  5094 V RenderScript: 0xb7aaeed0 Launching thread(s), CPUs 4
01-25 13:44:09.150  4250  4250 I TWILIGHT: [13:44:09.150, main]: Accessibility CHANGED com.facebook.orca android.view.ViewGroup
01-25 13:44:09.338  4250  4250 I TWILIGHT: [13:44:09.338, main]: Accessibility CHANGED com.google.android.apps.nexuslauncher com.google.android.apps.nexuslauncher.NexusLauncherActivity
01-25 13:44:09.475  5079  5079 I OptInState: There is a new client and it does not support opt-in. Dropping request.
01-25 13:44:09.511  5079  5079 I MicroDetectionWorker: Micro detection mode: [mDetectionMode: [1]].
01-25 13:44:09.567   691  2275 W InputMethodManagerService: Starting input on non-focused client com.android.internal.view.IInputMethodClient$Stub$Proxy@3b814b7 (uid=10125 pid=5293)
01-25 13:44:09.605  5293  5293 I Choreographer: Skipped 147 frames!  The application may be doing too much work on its main thread.
01-25 13:44:09.611  5079  5242 I MicroRecognitionRunner: Starting detection.
01-25 13:44:09.739  5079  5136 I MicrophoneInputStream: mic_starting com.google.android.apps.gsa.speech.audio.af@e0c4e51
01-25 13:44:09.758   238  1541 D audio_hw_primary: adev_open_input_stream: enter: sample_rate(16000) channel_mask(0x10) devices(0x80000004)        stream_handle(0xb71c3fc8) io_handle(71) source(6)
01-25 13:44:09.765   238  6351 I AudioFlinger: AudioFlinger's thread 0xb2473008 ready to run
01-25 13:44:09.765   238  6351 D audio_hw_primary: in_standby: enter: stream (0xb71c3fc8) usecase(9: audio-record)
01-25 13:44:09.767   238  6351 D audio_hw_primary: in_standby: enter: stream (0xb71c3fc8) usecase(9: audio-record)
01-25 13:44:09.802   238  6351 D audio_hw_primary: in_set_parameters: enter: kvpairs=input_source=6;routing=-2147483644
01-25 13:44:09.815   238  6351 D audio_hw_primary: start_input_stream: enter: stream(0xb71c3fc8)usecase(9: audio-record)
01-25 13:44:09.815   238  6351 D audio_hw_primary: select_devices: out_snd_device(0: ) in_snd_device(65: voice-rec-mic)
01-25 13:44:09.815   238  6351 D hardware_info: hw_info_append_hw_type : device_name = voice-rec-mic
01-25 13:44:09.815   238  6351 I msm8974_platform: platform_send_audio_calibration: sending audio calibration for snd_device(65) acdb_id(4)
01-25 13:44:09.817   238  6351 D ACDB-LOADER: ACDB -> send_audio_cal, acdb_id = 4, path =  1
01-25 13:44:09.817   238  6351 D ACDB-LOADER: ACDB -> send_adm_topology
01-25 13:44:09.817   238  6351 D ACDB-LOADER: ACDB -> ACDB_CMD_GET_AUDPROC_COMMON_TOPOLOGY_ID
01-25 13:44:09.819   238  6351 D ACDB-LOADER: ACDB -> send_asm_topology
01-25 13:44:09.819   238  6351 D ACDB-LOADER: ACDB -> ACDB_CMD_GET_AUDPROC_STREAM_TOPOLOGY_ID
01-25 13:44:09.819   238  6351 D ACDB-LOADER: ACDB -> send_audtable
01-25 13:44:09.819   238  6351 D ACDB-LOADER: ACDB -> ACDB_CMD_GET_AUDPROC_COMMON_TABLE
01-25 13:44:09.819   238  6351 D ACDB-LOADER: ACDB -> AUDIO_SET_AUDPROC_CAL
01-25 13:44:09.819   238  6351 D ACDB-LOADER: ACDB -> send_audvoltable
01-25 13:44:09.819   238  6351 D ACDB-LOADER: ACDB -> ACDB_CMD_GET_AUDPROC_GAIN_DEP_STEP_TABLE
01-25 13:44:09.819   238  6351 D         : Failed to fetch the lookup information of the device 00000004
01-25 13:44:09.819   238  6351 E ACDB-LOADER: Error: ACDB AudProc vol returned = -19
01-25 13:44:09.819   238  6351 D ACDB-LOADER: ACDB -> AUDIO_SET_AUDPROC_VOL_CAL
01-25 13:44:09.819   238  6351 D ACDB-LOADER: ACDB -> AUDIO_SET_AFE_CAL
01-25 13:44:09.820  5079  5136 I MicrophoneInputStream: mic_started com.google.android.apps.gsa.speech.audio.af@e0c4e51
01-25 13:44:09.825  5079  5090 I art     : Background sticky concurrent mark sweep GC freed 6699(482KB) AllocSpace objects, 15(300KB) LOS objects, 4% free, 17MB/18MB, paused 16.740ms total 177.827ms
01-25 13:44:09.827   238  6351 D audio_hw_primary: select_devices: done
01-25 13:44:09.940  5079  5079 I MicroDetectionWorker: onReady
01-25 13:44:09.975  5293  5304 W art     : Suspending all threads took: 45.448ms
01-25 13:44:10.156   691  2397 I chatty  : uid=1000(system) Binder_F expire 2 lines
01-25 13:44:10.170  1630  6173 W ctxmgr  : [AclManager]No 3 for (accnt=account#-517948760#, com.google.android.googlequicksearchbox(10038):com.google.android.googlequicksearchbox, vrsn=9683000, 1, 3pPkg = null ,
  3pMdlId = null). Was: 3 for 6, account#-517948760#
01-25 13:44:10.173  5079  5236 E PlaceStateUpdater: Received no places
01-25 13:44:10.195  5079  5255 W art     : Long monitor contention event with owner method=void com.google.android.gms.f.ji.<init>(android.os.Looper, com.google.android.gms.f.jj) from :4294967295 waiters=0 for 4
18ms
01-25 13:44:10.250  5079  5260 E PlaceStateUpdater: Received no places
01-25 13:44:10.264  1630  2778 I PlaceInferenceEngine: [anon] Setup for configuration 105:[]
01-25 13:44:10.264  1630  2778 I PlaceInferenceEngine: [anon] Active modules after start(): 0
01-25 13:44:10.271  1630  6173 W ctxmgr  : [PlacesProducer]Not handling added production policy type=3
01-25 13:44:10.365  1630  2778 I Places  : ?: PlacesBleScanner start() with priority 2
01-25 13:44:10.366  1630  2778 I PlaceInferenceEngine: [anon] Setup for configuration 102:[BeaconScoring, CategoryScoring, DistanceScoring, GeoJournalScoring, HomeWorkScoring, HulkPersonaScoring, PopularityScori
ng, SpotterScoring, TimeBasedScoring, WifiScoring]
01-25 13:44:10.366  1630  2778 I PlaceInferenceEngine: [anon] Active modules after start(): 10
01-25 13:44:10.704  1630  1630 E ctxmgr  : [PlaceFenceHelper]NearbyBuffer is null!
01-25 13:44:10.712  1630  6173 W ctxmgr  : [AclManager]No 2 for (accnt=account#-517948760#, com.google.android.gms(10028):PlacesProducer, vrsn=10291000, 0, 3pPkg = null ,  3pMdlId = null). Was: 3 for 18, account
#-517948760#
01-25 13:44:10.715  5079  5260 E PlaceStateUpdater: Received no places
01-25 13:44:10.925   691  1179 I ActivityManager: Process com.google.android.partnersetup (pid 5208) has died
01-25 13:44:10.925   691  1179 D ActivityManager: cleanUpApplicationRecord -- 5208
01-25 13:44:10.970  5885  5885 I Finsky  : [1] com.google.android.finsky.utils.cx.onTrimMemory(17): Memory trim requested to level 10
01-25 13:44:13.681   691  1912 I chatty  : uid=1000(system) Binder_B expire 2 lines
01-25 13:44:23.694  1630  1640 I art     : Background partial concurrent mark sweep GC freed 65880(3MB) AllocSpace objects, 19(552KB) LOS objects, 19% free, 16MB/20MB, paused 3.373ms total 129.111ms
01-25 13:44:23.782  4250  4250 I TWILIGHT: [13:44:23.782, main]: Accessibility CHANGED com.google.android.apps.nexuslauncher android.support.v7.widget.a
01-25 13:44:23.795  4250  4250 I TWILIGHT: [13:44:23.794, main]: Accessibility CHANGED com.google.android.apps.nexuslauncher com.google.android.apps.nexuslauncher.NexusLauncherActivity
01-25 13:44:24.128  4250  4250 I TWILIGHT: [13:44:24.128, main]: Accessibility CHANGED com.google.android.apps.nexuslauncher android.widget.FrameLayout
01-25 13:44:24.588   691  1912 I ActivityManager: START u0 {act=android.intent.action.MAIN cat=[android.intent.category.LAUNCHER] flg=0x10200000 cmp=com.facebook.katana/.LoginActivity bnds=[14,137][116,283] (has
 extras)} from uid 10084 on display 0
01-25 13:44:24.721  5079  5287 I PBSessionCacheImpl: Deleted sessionId[22339163603273428] from persistence.
01-25 13:44:24.735  5079  5079 I MicroDetector: Keeping mic open: false
01-25 13:44:24.736  5079  5228 I MicroRecognitionRunner: Stopping hotword detection.
01-25 13:44:24.738  5079  5287 I AudioController: internalShutdown
01-25 13:44:24.742  5079  5079 W SearchService: Abort, client detached.
01-25 13:44:24.745  5079  5243 I DeviceStateChecker: DeviceStateChecker cancelled
01-25 13:44:24.797  5079  5287 I MicrophoneInputStream: mic_close com.google.android.apps.gsa.speech.audio.af@e0c4e51
01-25 13:44:24.799  5079  5136 E AudioRecord-JNI: Error -4 during AudioRecord native read
01-25 13:44:24.803   238  6351 D audio_hw_primary: in_set_parameters: enter: kvpairs=routing=0
01-25 13:44:24.803   238  6351 D audio_hw_primary: in_standby: enter: stream (0xb71c3fc8) usecase(9: audio-record)
01-25 13:44:24.845   238  6351 D hardware_info: hw_info_append_hw_type : device_name = voice-rec-mic
01-25 13:44:24.855  5079  5242 I MicroRecognitionRunner: Detection finished
01-25 13:44:24.856   238  2416 D audio_hw_primary: adev_close_input_stream: enter:stream_handle(0xb71c3fc8)
01-25 13:44:24.856   238  2416 D audio_hw_primary: in_standby: enter: stream (0xb71c3fc8) usecase(9: audio-record)
01-25 13:44:24.971  1630  6356 E ctxmgr  : [ProducerActiveIntervalImpl]closeActiveInterval: Error: ongoing, trying to close
01-25 13:44:25.043  1630  2778 I PlaceInferenceEngine: [anon] Setup for configuration 105:[]
01-25 13:44:25.043  1630  2778 I PlaceInferenceEngine: [anon] Active modules after start(): 0
01-25 13:44:25.922 30279 30289 I art     : Background sticky concurrent mark sweep GC freed 4057(216KB) AllocSpace objects, 2(40KB) LOS objects, 1% free, 44MB/44MB, paused 6.151ms total 54.572ms
01-25 13:44:26.020 30279 30279 W fb4a.3u3: PlayedForNSeconds status shouldnt be unknown when attempting to send event
01-25 13:44:27.235   691  1120 I chatty  : uid=1000(system) Binder_3 expire 1 line
01-25 13:44:27.320 30279 30279 E fb4a.0Zg: Called registerBroadcastReceiver twice.
01-25 13:44:27.422   691  1042 D NsdService: Discover services
01-25 13:44:27.422   691  1042 D NsdService: discoverServices: 6 _fb._tcp.
01-25 13:44:27.426   234   820 D MDnsDS  : discover((null), _fb._tcp., (null), 6, 0)
01-25 13:44:27.426   234   820 D MDnsDS  : using ref 0xb82040ac
01-25 13:44:27.435   234   820 D MDnsDS  : startMonitoring 6
01-25 13:44:27.435   234   820 D MDnsDS  : triggering rescan
01-25 13:44:27.435   234   820 D MDnsDS  : discover successful
01-25 13:44:27.435   234   819 D MDnsDS  : Monitor poll got data pollCount = 1, 1
01-25 13:44:27.435   234   819 D MDnsDS  : controlSocket shows revent= 1
01-25 13:44:27.435   234   819 D MDnsDS  : MDnsSdListener::Monitor got 1
01-25 13:44:27.435   234   819 D MDnsDS  : MDnsSdListener::Monitor poll rescanning - size=10, live=1
01-25 13:44:27.435   234   819 D MDnsDS  : Going to poll with pollCount 2
01-25 13:44:27.435   691  1042 D NsdService: Discover 5 6_fb._tcp.
01-25 13:44:27.451 30279 30279 I Choreographer: Skipped 168 frames!  The application may be doing too much work on its main thread.
01-25 13:44:27.772 30279 30289 I art     : Background partial concurrent mark sweep GC freed 9268(678KB) AllocSpace objects, 14(276KB) LOS objects, 7% free, 47MB/51MB, paused 6.819ms total 261.802ms
01-25 13:44:27.788 30279  4843 W fb4a.RequestLoggingListener: time 19268412: onRequestFailure: {requestId: 1192, elapsedTime: -1 ms, throwable: X.1vb: Encoded image is not valid.}
01-25 13:44:28.183  4250  4250 I TWILIGHT: [13:44:28.182, main]: Accessibility CHANGED com.facebook.katana com.facebook.katana.activity.FbMainTabActivity
01-25 13:44:28.285  5079  5079 I MemoryTrimmer: Trimming objects from memory, since app is in the background.
01-25 13:44:28.363  4250  4250 I TWILIGHT: [13:44:28.363, main]: Accessibility CHANGED com.facebook.katana android.view.View
01-25 13:44:29.471 30279 30279 W FragmentManager: moveToState: Fragment state for 0pS{16ba611 #0 id=0x7f0c003c} not updated inline; expected state 3 found 2
01-25 13:44:29.472 30279 30279 I Choreographer: Skipped 90 frames!  The application may be doing too much work on its main thread.
01-25 13:44:29.749  4250  4250 I TWILIGHT: [13:44:29.749, main]: Accessibility CHANGED com.facebook.katana android.widget.LinearLayout
01-25 13:44:30.092 30279 30279 I Choreographer: Skipped 36 frames!  The application may be doing too much work on its main thread.
01-25 13:44:30.153   691  2255 D WifiService: acquireWifiLockLocked: WifiLock{NlpWifiLock type=2 binder=android.os.BinderProxy@8987641}
01-25 13:44:30.500 30279 30289 I art     : Background sticky concurrent mark sweep GC freed 21535(1215KB) AllocSpace objects, 14(280KB) LOS objects, 4% free, 48MB/51MB, paused 9.886ms total 68.305ms
01-25 13:44:30.797  5079  5079 I MemoryTrimmer: Trimming objects from memory, since app is in the background.
01-25 13:44:30.822  5079  5079 I MemoryTrimmer: Trimming objects from memory, since app is in the background.
01-25 13:44:30.994 30279  6439 W art     : Long monitor contention event with owner method=X.1ft X.1AA.a(X.1e1) from :191741 waiters=0 for 266ms
01-25 13:44:31.208 30279  4843 W art     : Long monitor contention event with owner method=X.1ft X.1AA.a(X.1e1) from :191741 waiters=1 for 208ms
01-25 13:44:31.256 30279  6438 W fb4a.RequestLoggingListener: time 19271880: onRequestFailure: {requestId: 1223, elapsedTime: -1 ms, throwable: X.1vb: Encoded image is not valid.}
01-25 13:44:31.286 30279  6439 W fb4a.RequestLoggingListener: time 19271911: onRequestFailure: {requestId: 1210, elapsedTime: -1 ms, throwable: X.1vb: Encoded image is not valid.}
01-25 13:44:31.286 30279  6439 W fb4a.RequestLoggingListener: time 19271911: onRequestFailure: {requestId: 1222, elapsedTime: -1 ms, throwable: X.1vb: Encoded image is not valid.}
01-25 13:44:31.317 30279  6439 W fb4a.RequestLoggingListener: time 19271941: onRequestFailure: {requestId: 1234, elapsedTime: -1 ms, throwable: X.1vb: Encoded image is not valid.}
01-25 13:44:31.324 30279  6439 W fb4a.RequestLoggingListener: time 19271948: onRequestFailure: {requestId: 1235, elapsedTime: -1 ms, throwable: X.1vb: Encoded image is not valid.}
01-25 13:44:31.422 30279 30289 I art     : Background partial concurrent mark sweep GC freed 87626(5MB) AllocSpace objects, 23(464KB) LOS objects, 7% free, 46MB/50MB, paused 4.446ms total 153.275ms
01-25 13:44:31.597  4250  4250 I TWILIGHT: [13:44:31.596, main]: Accessibility CHANGED com.facebook.katana android.widget.LinearLayout
01-25 13:44:35.175  5079  5079 I MemoryTrimmer: Trimming objects from memory, since app is in the background.
01-25 13:44:35.418   691  1038 I chatty  : uid=1000(system) WifiStateMachin expire 8 lines
01-25 13:44:38.129  6007  6030 I com.newrelic.agent.android: Harvester: connected
01-25 13:44:38.129  6007  6030 I com.newrelic.agent.android: Harvester: Sending 1 HTTP transactions.
01-25 13:44:38.129  6007  6030 I com.newrelic.agent.android: Harvester: Sending 0 HTTP errors.
01-25 13:44:38.129  6007  6030 I com.newrelic.agent.android: Harvester: Sending 0 activity traces.
01-25 13:44:38.129  6007  6030 I com.newrelic.agent.android: Harvester: Sending 0 analytics events.
01-25 13:44:45.263   691  2397 D WifiService: releaseWifiLockLocked: WifiLock{NlpWifiLock type=2 binder=android.os.BinderProxy@8987641}
01-25 13:44:45.370  1630 29388 I GCoreUlr: Successfully inserted 1 locations
01-25 13:44:47.990  4250  4250 I TWILIGHT: [13:44:47.990, main]: Accessibility CHANGED com.facebook.katana android.support.v7.widget.RecyclerView
01-25 13:44:48.680 30279 30279 W fb4a.1vf: View does not have a tracking node set, when it should. Perhaps view is not the view you were expecting. View is of type class com.facebook.components.feed.FeedComponen
tView
01-25 13:44:49.510 30279 30279 I Choreographer: Skipped 40 frames!  The application may be doing too much work on its main thread.
01-25 13:44:49.529   691  2255 I ActivityManager: Start proc 6557:com.facebook.katana:browser/u0a133 for service com.facebook.katana/com.facebook.browser.lite.BrowserLiteIntentService
01-25 13:44:50.098 30279 30289 I art     : Background partial concurrent mark sweep GC freed 16379(943KB) AllocSpace objects, 13(3MB) LOS objects, 8% free, 45MB/49MB, paused 10.619ms total 179.631ms
01-25 13:44:50.152  4250  4250 I TWILIGHT: [13:44:50.152, main]: Accessibility CHANGED com.facebook.katana X.9Mb
01-25 13:44:50.171  4250  4250 I TWILIGHT: [13:44:50.171, main]: Accessibility CHANGED com.facebook.katana android.widget.FrameLayout
01-25 13:44:50.306 30279 30279 E fb4a.GRAPHQL_QUERY_STRING: Trying to set unknown parameter 'max_reactors' on query 'CommentCreateSubscription'
01-25 13:44:50.601  4250  4250 I TWILIGHT: [13:44:50.600, main]: Accessibility CHANGED com.facebook.katana android.widget.ImageButton
01-25 13:44:51.031 30279 30279 I Choreographer: Skipped 49 frames!  The application may be doing too much work on its main thread.
01-25 13:44:51.782 30279  6589 W Filter  : An exception occured during performFiltering()!
01-25 13:44:51.782 30279  6589 W Filter  : java.lang.NullPointerException
01-25 13:44:51.782 30279  6589 W Filter  :      at com.google.common.base.Preconditions.checkNotNull(:55991)
01-25 13:44:51.782 30279  6589 W Filter  :      at X.7oV.a(:1211109)
01-25 13:44:51.782 30279  6589 W Filter  :      at X.9Gi.b(:1415641)
01-25 13:44:51.782 30279  6589 W Filter  :      at X.9Gi.a(:1415635)
01-25 13:44:51.782 30279  6589 W Filter  :      at X.9Gi.performFiltering(:1415665)
01-25 13:44:51.782 30279  6589 W Filter  :      at android.widget.Filter$RequestHandler.handleMessage(Filter.java:234)
01-25 13:44:51.782 30279  6589 W Filter  :      at android.os.Handler.dispatchMessage(Handler.java:102)
01-25 13:44:51.782 30279  6589 W Filter  :      at android.os.Looper.loop(Looper.java:148)
01-25 13:44:51.782 30279  6589 W Filter  :      at android.os.HandlerThread.run(HandlerThread.java:61)
01-25 13:44:51.892  4250  4250 I TWILIGHT: [13:44:51.892, main]: Accessibility CHANGED com.facebook.katana android.view.ViewGroup
01-25 13:44:52.435  6557  6557 I art     : Thread[1,tid=6557,Native,Thread*=0xb77dc7c0,peer=0x73684c98,"main"] recursive attempt to load library "/mnt/expand/374aeeba-e221-47d3-bd4e-ba641468c683/user/0/com.faceb
ook.katana/lib-xzs/libfb.so"
01-25 13:44:52.471  4250  4250 I TWILIGHT: [13:44:52.470, main]: Accessibility CHANGED com.facebook.katana android.widget.ImageButton
01-25 13:44:53.167  6557  6557 V appstatelogger: Registered App State Logger stream with Breakpad
01-25 13:44:53.178  6557  6557 V dalvik-internals: Hooking function _ZN3art12FaultManager35EnsureArtActionInFrontOfSignalChainEv
01-25 13:44:53.178  6557  6557 V dalvik-internals: hooked _ZN3art12FaultManager35EnsureArtActionInFrontOfSignalChainEv using trap ()
01-25 13:44:53.178  6557  6557 V dalvik-internals: hooked signal using trap ()
01-25 13:44:53.178  6557  6557 V dalvik-internals: hooked sysv_signal using trap ()
01-25 13:44:53.178  6557  6557 V dalvik-internals: hooked bsd_signal using trap ()
01-25 13:44:53.187  6557  6557 E linker  : "/system/bin/app_process32_xposed": ignoring 2-entry DT_PREINIT_ARRAY in shared library!
01-25 13:44:53.187  6557  6557 V dalvik-internals: hooked sigaction using trap ()
01-25 13:44:53.188  6557  6557 I dalvik-internals: installed sigmux crash handler for crash log
01-25 13:44:53.430 30279 30289 I art     : Background sticky concurrent mark sweep GC freed 44271(2MB) AllocSpace objects, 10(212KB) LOS objects, 5% free, 46MB/49MB, paused 5.326ms total 59.019ms
01-25 13:44:53.899   691  1526 I ActivityManager: Process com.cyanogenmod.lockclock (pid 5395) has died
01-25 13:44:53.899   691  1526 D ActivityManager: cleanUpApplicationRecord -- 5395
01-25 13:44:56.100  4250  4250 I TWILIGHT: [13:44:56.100, main]: Accessibility CHANGED com.facebook.katana android.support.v7.widget.RecyclerView
01-25 13:44:57.427   691  1042 D NsdService: Stop service discovery
01-25 13:44:57.427   691  1042 D NsdService: stopServiceDiscovery: 6
01-25 13:44:57.428   234   820 D MDnsDS  : Stopping discover with ref 0xb82040ac
01-25 13:44:57.428   234   820 D MDnsDS  : freeServiceRef 6
01-25 13:44:57.428   234   820 D MDnsDS  : triggering rescan
01-25 13:44:57.428   234   819 D MDnsDS  : Monitor poll got data pollCount = 2, 2
01-25 13:44:57.428   234   819 D MDnsDS  : Monitor found [1].revents = 32 - calling ProcessResults
01-25 13:44:57.428   234   819 W /system/bin/netd: dnssd_clientstub DNSServiceProcessResult called with invalid DNSServiceRef 0xb8200e40 FFFFFFFF DDDDDDDD
01-25 13:44:57.428   234   819 D MDnsDS  : controlSocket shows revent= 1
01-25 13:44:57.428   234   819 D MDnsDS  : MDnsSdListener::Monitor got 1
01-25 13:44:57.428   234   819 D MDnsDS  : MDnsSdListener::Monitor poll rescanning - size=10, live=0
01-25 13:44:57.428   234   819 D MDnsDS  : Going to poll with pollCount 1
01-25 13:44:58.350  4250  4250 I TWILIGHT: [13:44:58.350, main]: Accessibility CHANGED com.facebook.katana android.support.v7.widget.RecyclerView
01-25 13:44:59.231  4250  4250 I TWILIGHT: [13:44:59.230, main]: Accessibility CHANGED com.facebook.katana android.support.v7.widget.RecyclerView
01-25 13:44:59.834 30279 30279 E ViewRootImpl: Attempting to destroy the window while drawing!
01-25 13:44:59.834 30279 30279 E ViewRootImpl:   window=android.view.ViewRootImpl@399bb21, title=
01-25 13:45:00.075 30279 30289 I art     : Background sticky concurrent mark sweep GC freed 44858(2MB) AllocSpace objects, 3(60KB) LOS objects, 4% free, 47MB/49MB, paused 6.593ms total 147.156ms
01-25 13:45:00.170  5079  5079 I MemoryTrimmer: Trimming objects from memory, since app is in the background.
01-25 13:45:00.267  4250  4250 I TWILIGHT: [13:45:00.267, main]: Accessibility CHANGED com.facebook.katana com.facebook.katana.activity.FbMainTabActivity
01-25 13:45:00.337  4250  4250 I TWILIGHT: [13:45:00.337, main]: Accessibility CHANGED com.facebook.katana android.view.ViewGroup
01-25 13:45:02.238  4250  4250 I TWILIGHT: [13:45:02.237, main]: Accessibility CHANGED com.facebook.katana android.support.v7.widget.RecyclerView
01-25 13:45:02.345  4250  4250 I TWILIGHT: [13:45:02.344, main]: Accessibility CHANGED com.facebook.katana android.view.View
01-25 13:45:02.564 30279 30279 I Choreographer: Skipped 92 frames!  The application may be doing too much work on its main thread.
01-25 13:45:03.073  4250  4250 I TWILIGHT: [13:45:03.073, main]: Accessibility CHANGED com.facebook.katana android.view.View
01-25 13:45:08.364  4250  4250 I TWILIGHT: [13:45:08.364, main]: Accessibility CHANGED com.facebook.katana android.support.v7.widget.RecyclerView
01-25 13:45:08.812  4250  4250 I TWILIGHT: [13:45:08.812, main]: Accessibility CHANGED com.facebook.katana android.support.v4.view.ViewPager
01-25 13:45:10.774 30279 30289 I art     : Background partial concurrent mark sweep GC freed 34067(1709KB) AllocSpace objects, 9(200KB) LOS objects, 7% free, 49MB/53MB, paused 9.567ms total 200.679ms
01-25 13:45:11.547  4250  4250 I TWILIGHT: [13:45:11.547, main]: Accessibility CHANGED com.facebook.katana android.support.v7.widget.RecyclerView
01-25 13:45:21.627   691   727 E KernelUidCpuTimeReader: Failed to read uid_cputime: /proc/uid_cputime/show_uid_stat: open failed: ENOENT (No such file or directory)
01-25 13:45:21.628   691   729 E KernelUidCpuTimeReader: Failed to read uid_cputime: /proc/uid_cputime/show_uid_stat: open failed: ENOENT (No such file or directory)
01-25 13:45:29.059 30279 30289 I art     : Background sticky concurrent mark sweep GC freed 11859(529KB) AllocSpace objects, 15(356KB) LOS objects, 0% free, 53MB/53MB, paused 5.262ms total 49.048ms
01-25 13:45:29.219 30279 30289 I art     : Background partial concurrent mark sweep GC freed 10385(597KB) AllocSpace objects, 21(5MB) LOS objects, 7% free, 47MB/51MB, paused 4.269ms total 158.659ms
01-25 13:45:29.255  4250  4250 I TWILIGHT: [13:45:29.255, main]: Accessibility CHANGED com.facebook.katana android.support.v7.widget.RecyclerView
01-25 13:45:31.217   232   232 I rmt_storage: rmt_storage_connect_cb: clnt_h=0x83 conn_h=0xb782df20
01-25 13:45:31.217   232   232 I rmt_storage: rmt_storage_rw_iovec_cb: /boot/modem_fs2: clnt_h=0x2: req_h=0x87 msg_id=3: R/W request received
01-25 13:45:31.217   232   232 I rmt_storage: wakelock acquired: 1, error no: 42
01-25 13:45:31.218   232   449 I rmt_storage: rmt_storage_client_thread: /boot/modem_fs2: clnt_h=0x2 Unblock worker thread (th_id: -1228916432)
01-25 13:45:31.328   232   449 I rmt_storage: rmt_storage_client_thread: /boot/modem_fs2: clnt_h=0x2: req_h=0x87 msg_id=3: Bytes written = 1572864
01-25 13:45:31.328   232   449 I rmt_storage: rmt_storage_client_thread: /boot/modem_fs2: clnt_h=0x2: req_h=0x87 msg_id=3: Send response: res=0 err=0
01-25 13:45:31.328   232   449 I rmt_storage: rmt_storage_client_thread: /boot/modem_fs2: clnt_h=0x2 About to block rmt_storage client thread (th_id: -1228916432) wakelock released: 1, error no: 0
01-25 13:45:31.328   232   449 I rmt_storage:
01-25 13:45:31.329   232   232 I rmt_storage: rmt_storage_disconnect_cb: clnt_h=0x0x83 conn_h=0x0xb782df20
01-25 13:45:38.082  6007  6030 I com.newrelic.agent.android: Harvester: connected
01-25 13:45:38.082  6007  6030 I com.newrelic.agent.android: Harvester: Sending 0 HTTP transactions.
01-25 13:45:38.082  6007  6030 I com.newrelic.agent.android: Harvester: Sending 0 HTTP errors.
01-25 13:45:38.082  6007  6030 I com.newrelic.agent.android: Harvester: Sending 0 activity traces.
01-25 13:45:38.082  6007  6030 I com.newrelic.agent.android: Harvester: Sending 0 analytics events.
01-25 13:45:40.184   691  1121 D WifiService: acquireWifiLockLocked: WifiLock{NlpWifiLock type=2 binder=android.os.BinderProxy@3e097ff}
01-25 13:45:45.204   691   708 D WifiService: releaseWifiLockLocked: WifiLock{NlpWifiLock type=2 binder=android.os.BinderProxy@3e097ff}
01-25 13:45:45.265  1630  6523 I GCoreUlr: Successfully inserted 1 locations
01-25 13:45:50.336   691  1047 I chatty  : uid=1000(system) AudioService expire 1 line
01-25 13:45:51.081 30279 30279 I Choreographer: Skipped 43 frames!  The application may be doing too much work on its main thread.
01-25 13:45:51.418  4250  4250 I TWILIGHT: [13:45:51.417, main]: Accessibility CHANGED com.facebook.katana android.widget.TextView
01-25 13:45:51.497 30279 30279 E RecyclerView: No adapter attached; skipping layout
01-25 13:45:51.713 30279 30289 I art     : Background sticky concurrent mark sweep GC freed 11163(629KB) AllocSpace objects, 12(1696KB) LOS objects, 3% free, 50MB/51MB, paused 7.777ms total 50.106ms
01-25 13:45:51.771  4250  4250 I TWILIGHT: [13:45:51.770, main]: Accessibility CHANGED com.facebook.katana android.support.v7.widget.RecyclerView
01-25 13:45:51.781  4250  4250 I TWILIGHT: [13:45:51.781, main]: Accessibility CHANGED com.facebook.katana X.IA6
01-25 13:45:51.893 30279  6759 E fb4a.GRAPHQL_QUERY_STRING: Trying to set unknown parameter 'pymk_size_param' on query 'FetchFollowUpFeedUnitQuery'
01-25 13:45:52.161 30279 30670 E fb4a.GRAPHQL_QUERY_STRING: Trying to set unknown parameter 'pymk_size_param' on query 'FetchFollowUpFeedUnitQuery'
01-25 13:45:52.592 30279 30279 W FragmentManager: moveToState: Fragment state for InstantArticlesFragment{1d410af #1 id=0x7f0c17da} not updated inline; expected state 3 found 2
01-25 13:45:52.616 30279 30279 E RecyclerView: No adapter attached; skipping layout
01-25 13:45:52.937 30279 30289 I art     : Background partial concurrent mark sweep GC freed 16556(1005KB) AllocSpace objects, 12(3MB) LOS objects, 7% free, 47MB/51MB, paused 5.113ms total 160.446ms
01-25 13:45:52.998   691  2275 D ConnectivityService: listenForNetwork for Listen from uid/pid:10133/30279 for NetworkRequest [ id=52, legacyType=-1, [ Capabilities: INTERNET&NOT_RESTRICTED&TRUSTED&NOT_VPN] ]
01-25 13:45:53.012  4250  4250 I TWILIGHT: [13:45:53.012, main]: Accessibility CHANGED com.facebook.katana android.widget.RelativeLayout
01-25 13:45:53.297 30279 30279 D cr_Ime  : [InputMethodManagerWrapper.java:30] Constructor
01-25 13:45:53.322 30279 30279 W cr_AwContents: onDetachedFromWindow called when already detached. Ignoring
01-25 13:45:53.324 30279 30279 D cr_Ime  : [InputMethodManagerWrapper.java:59] isActive: false
01-25 13:45:54.089   230   230 I chatty  : uid=1000(system) /system/bin/servicemanager expire 1 line
01-25 13:45:54.122 30279 30279 I cr_Ime  : ImeThread is not enabled.
01-25 13:45:54.139 30279 30279 I Choreographer: Skipped 81 frames!  The application may be doing too much work on its main thread.
01-25 13:45:54.404  4250  4250 I TWILIGHT: [13:45:54.404, main]: Accessibility CHANGED com.facebook.katana android.support.v4.view.ViewPager
01-25 13:45:54.492 30279  6787 E libEGL  : validate_display:255 error 3008 (EGL_BAD_DISPLAY)
01-25 13:45:54.593 30279  6787 W VideoCapabilities: Unrecognized profile 2130706433 for video/avc
01-25 13:45:54.606 30279  6787 W VideoCapabilities: Unrecognized profile/level 0/3 for video/mpeg2
01-25 13:45:54.615 30279  6787 W VideoCapabilities: Unsupported mime video/x-ms-wmv
01-25 13:45:54.618 30279  6787 W VideoCapabilities: Unsupported mime video/divx
01-25 13:45:54.620 30279  6787 W VideoCapabilities: Unsupported mime video/divx311
01-25 13:45:54.623 30279  6787 W VideoCapabilities: Unsupported mime video/divx4
01-25 13:45:54.655 30279 31089 W art     : Long monitor contention event with owner method=void X.0uQ.a(X.13X, com.facebook.graphql.executor.GraphQLResult, java.nio.ByteBuffer) from :155456 waiters=0 for 625ms
01-25 13:45:54.712 30279  6787 W VideoCapabilities: Unsupported mime video/mp4v-esdp
01-25 13:45:54.728 30279  6787 I VideoCapabilities: Unsupported profile 4 for video/mp4v-es
01-25 13:45:54.733 30279  6787 W AudioCapabilities: Unsupported mime audio/x-ape
01-25 13:45:54.734 30279  6787 W AudioCapabilities: Unsupported mime audio/ffmpeg
01-25 13:45:54.735 30279  6787 W AudioCapabilities: Unsupported mime audio/dts
01-25 13:45:54.737 30279  6787 W AudioCapabilities: Unsupported mime audio/mpeg-L2
01-25 13:45:54.738 30279  6787 W AudioCapabilities: Unsupported mime audio/vnd.rn-realaudio
01-25 13:45:54.739 30279  6787 W AudioCapabilities: Unsupported mime audio/x-ms-wma
01-25 13:45:54.740 30279  6787 W VideoCapabilities: Unsupported mime video/divx
01-25 13:45:54.742 30279  6787 W VideoCapabilities: Unsupported mime video/x-flv
01-25 13:45:54.747 30279  6787 W VideoCapabilities: Unsupported mime video/vnd.rn-realvideo
01-25 13:45:54.749 30279  6787 W VideoCapabilities: Unsupported mime video/vc1
01-25 13:45:54.751 30279  6787 W VideoCapabilities: Unsupported mime video/ffmpeg
01-25 13:45:54.753 30279  6787 W VideoCapabilities: Unsupported mime video/x-ms-wmv
01-25 13:45:55.063 30279 30279 I Choreographer: Skipped 49 frames!  The application may be doing too much work on its main thread.
01-25 13:45:55.112 30279 30279 W cr_BindingManager: Cannot call determinedVisibility() - never saw a connection for the pid: 30279
01-25 13:45:55.114 30279 30279 D cr_Ime  : [InputMethodManagerWrapper.java:59] isActive: false
01-25 13:45:55.384  4250  4250 I TWILIGHT: [13:45:55.384, main]: Accessibility CHANGED com.facebook.katana android.view.View
01-25 13:45:55.441 30279 30279 D cr_Ime  : [InputMethodManagerWrapper.java:30] Constructor
01-25 13:45:55.443 30279 30279 W cr_AwContents: onDetachedFromWindow called when already detached. Ignoring
01-25 13:45:55.444 30279 30279 D cr_Ime  : [InputMethodManagerWrapper.java:59] isActive: false
01-25 13:45:55.767 30279 30279 I Choreographer: Skipped 36 frames!  The application may be doing too much work on its main thread.
01-25 13:45:55.771   691   709 I ActivityManager: Process com.android.providers.calendar (pid 5263) has died
01-25 13:45:55.771   691   709 D ActivityManager: cleanUpApplicationRecord -- 5263
