01-25 13:49:17.923  7369  7369 W System  : ClassLoader referenced unknown path: /system/priv-app/DownloadProvider/lib/arm
01-25 13:49:17.928  1744 26653 I chatty  : uid=1001(radio) Binder_8 expire 11 lines
01-25 13:49:17.941  1744 29331 I chatty  : uid=1001(radio) Binder_9 expire 6 lines
01-25 13:49:17.953  1744  1778 I chatty  : uid=1001(radio) Binder_1 expire 3 lines
01-25 13:49:17.977  1744 32119 I chatty  : uid=1001(radio) Binder_A expire 6 lines
01-25 13:49:17.981   691   708 D CountryDetector: No listener is left
01-25 13:49:17.982  6980  7338 D CellBroadcastConfigService: enabled emergency cell broadcast channels
01-25 13:49:17.989  1744 25971 I chatty  : uid=1001(radio) Binder_F expire 11 lines
01-25 13:49:18.021  6980  7338 D CellBroadcastConfigService: disabling cell broadcast channel 50
01-25 13:49:18.026   691  2397 I ActivityManager: Process android.process.acore (pid 5049) has died
01-25 13:49:18.026   691  2397 D ActivityManager: cleanUpApplicationRecord -- 5049
01-25 13:49:18.029  6980  7338 D CellBroadcastConfigService: channel 60 is not applicable for cdma
01-25 13:49:18.032  6980  7338 D CellBroadcastConfigService: disabling channels 919-928
01-25 13:49:18.042  6980  7338 D CellBroadcastConfigService: disabling cell broadcast ETWS test messages
01-25 13:49:18.063  4250  4250 I TWILIGHT: [13:49:18.063, main]: Accessibility CHANGED com.android.systemui android.widget.TextView
01-25 13:49:18.075  7369  7369 W System  : ClassLoader referenced unknown path: /system/priv-app/MediaProvider/lib/arm
01-25 13:49:18.134   236   321 I chatty  : uid=1001(radio) /system/bin/rild expire 10 lines
01-25 13:49:18.134   254   519 D QC-time-services: Daemon: Connection accepted:time_genoff
01-25 13:49:18.134   254  7390 D QC-time-services: Daemon:Received base = 13, unit = 1, operation = 0,value = 1485373759000
01-25 13:49:18.135   254  7390 D QC-time-services: Daemon:genoff_opr: Base = 13, val = 1485373759000, operation = 0
01-25 13:49:18.135   254  7390 D QC-time-services: Daemon:rtc_get: Time read from RTC -- MM/DD/YY HH:MM:SS0/3/70 22:11:46
01-25 13:49:18.135   254  7390 D QC-time-services: Daemon:Value read from RTC seconds = 252706000
01-25 13:49:18.135   254  7390 D QC-time-services: Daemon:new time 1485373759000
01-25 13:49:18.135   254  7390 D QC-time-services: Daemon: delta 1485121053000 genoff 1485121053000
01-25 13:49:18.135   254  7390 D QC-time-services: Daemon:genoff_persistent_update: Writing genoff = 1485121053000 to memory
01-25 13:49:18.135   254  7390 D QC-time-services: Daemon:Opening File: /data/time/ats_13
01-25 13:49:18.135   254  7390 D QC-time-services: Daemon:time_persistent_memory_opr:Genoff write operation
01-25 13:49:18.139   254   519 E QC-time-services: Daemon: Time-services: Waiting to acceptconnection
01-25 13:49:18.144   691   726 D GpsLocationProvider: received SIM change, new known MCC/MNC: [310120]
01-25 13:49:18.159   691  1040 D ConnectivityService: notifyType CAP_CHANGED for NetworkAgentInfo [MOBILE (UNKNOWN) - 115]
01-25 13:49:18.164   691  1040 D ConnectivityService: NetworkAgentInfo [MOBILE (LTE) - 115] EVENT_NETWORK_INFO_CHANGED, going from SUSPENDED to CONNECTED
01-25 13:49:18.164   691  1040 D ConnectivityService: notifyType UNKNOWN for NetworkAgentInfo [MOBILE (LTE) - 115]
01-25 13:49:18.168   691  1040 D CSLegacyTypeTracker: Sending CONNECTED broadcast for type 0 NetworkAgentInfo [MOBILE (LTE) - 115] isDefaultNetwork=true
01-25 13:49:18.168   691  1040 D ConnectivityService: sendStickyBroadcast: action=android.net.conn.CONNECTIVITY_CHANGE
01-25 13:49:18.169   691  1040 D ConnectivityService: Setting tx/rx TCP buffers to 2097152,4194304,8388608,262144,524288,1048576
01-25 13:49:18.176   691   739 D Tethering: MasterInitialState.processMessage what=3
01-25 13:49:18.182  5079  5079 D NetworkChangeNotifierAutoDetect: Network connectivity changed, type is: 5
01-25 13:49:18.188  5293  5293 D NetworkChangeNotifierAutoDetect: Network connectivity changed, type is: 5
01-25 13:49:18.191   691  1179 D AlarmManagerService: Kernel timezone updated to 360 minutes west of GMT
01-25 13:49:18.281   691  1121 I Telecom : PhoneAccountRegistrar: [ComponentInfo{com.android.phone/com.android.services.telephony.TelephonyConnectionService}, [356a192b7913b04c54574d18c28d46e6395428ab], UserHand
le{0}(icon: Icon(typ=BITMAP size=29x36) -> Icon(typ=BITMAP size=29x36))(lbl: Sprint -> Searching for Service)(desc: Sprint -> Searching for Service)]
01-25 13:49:18.283  2325  2325 I CastMediaRouteProvider: Network connectivity changed
01-25 13:49:18.294   691  1121 I Telecom : : Sending phone-account registered intent as user
01-25 13:49:18.309   691  2182 W Telecom : : No account found for the calling user
01-25 13:49:18.312  1744  7396 I chatty  : uid=1001(radio) com.android.phone expire 1 line
01-25 13:49:18.339   691  2255 I Telecom : PhoneAccountRegistrar: [ComponentInfo{com.android.phone/com.android.services.telephony.TelephonyConnectionService}, [356a192b7913b04c54574d18c28d46e6395428ab], UserHand
le{0}(icon: Icon(typ=BITMAP size=29x36) -> Icon(typ=BITMAP size=29x36))]
01-25 13:49:18.354   691  2255 I Telecom : : Sending phone-account registered intent as user
01-25 13:49:18.365   691  2255 W Telecom : : No account found for the calling user
01-25 13:49:18.409   691  2255 I Telecom : PhoneAccountRegistrar: [ComponentInfo{com.android.phone/com.android.services.telephony.TelephonyConnectionService}, [356a192b7913b04c54574d18c28d46e6395428ab], UserHand
le{0}(icon: Icon(typ=BITMAP size=29x36) -> Icon(typ=BITMAP size=29x36))]
01-25 13:49:18.419   691  2255 I Telecom : : Sending phone-account registered intent as user
01-25 13:49:18.426   691  2275 I Telecom : PhoneAccountRegistrar: [ComponentInfo{com.android.phone/com.android.services.telephony.TelephonyConnectionService}, [356a192b7913b04c54574d18c28d46e6395428ab], UserHand
le{0}(icon: Icon(typ=BITMAP size=29x36) -> Icon(typ=BITMAP size=29x36))]
01-25 13:49:18.439   691  2275 I Telecom : : Sending phone-account registered intent as user
01-25 13:49:18.504   691  2255 I ActivityManager: Process com.google.android.gm (pid 5500) has died
01-25 13:49:18.504   691  2255 D ActivityManager: cleanUpApplicationRecord -- 5500
01-25 13:49:18.859   234   822 I iptables: iptables: Index of insertion too big.
01-25 13:49:18.864   234   822 I iptables: iptables terminated by exit(1)
01-25 13:49:18.864   234   822 E BandwidthController: runIptablesCmd(): res=1 status=256 failed /system/bin/iptables -w -I bw_FORWARD 2 -i rmnet0 --jump bw_costly_rmnet0
01-25 13:49:18.879   234   822 I ip6tables: ip6tables: Index of insertion too big.
01-25 13:49:18.884   234   822 I ip6tables: ip6tables terminated by exit(1)
01-25 13:49:18.884   234   822 E BandwidthController: runIptablesCmd(): res=1 status=256 failed /system/bin/ip6tables -w -I bw_FORWARD 2 -i rmnet0 --jump bw_costly_rmnet0
01-25 13:49:18.924   234   822 E BandwidthController: Failed set quota rule
01-25 13:49:18.924   234   822 E BandwidthController: No such iface rmnet0 to delete
01-25 13:49:18.925   691  1033 E NetdConnector: NDC Command {522 bandwidth setiquota rmnet0 9223372036854775807} took too long (729ms)
01-25 13:49:18.925   691  1040 E NetdConnector: NDC Command {523 bandwidth gettetherstats} took too long (708ms)
01-25 13:49:18.933   691  1040 D ConnectivityService: notifyType IP_CHANGED for NetworkAgentInfo [MOBILE (LTE) - 115]
01-25 13:49:18.954   691  1033 E NetworkPolicy: problem setting interface quota
01-25 13:49:18.954   691  1033 E NetworkPolicy: java.lang.IllegalStateException: command '522 bandwidth setiquota rmnet0 9223372036854775807' failed with '400 522 Bandwidth command failed'
01-25 13:49:18.954   691  1033 E NetworkPolicy:         at com.android.server.NetworkManagementService.setInterfaceQuota(NetworkManagementService.java:1717)
01-25 13:49:18.954   691  1033 E NetworkPolicy:         at com.android.server.net.NetworkPolicyManagerService.setInterfaceQuota(NetworkPolicyManagerService.java:2567)
01-25 13:49:18.954   691  1033 E NetworkPolicy:         at com.android.server.net.NetworkPolicyManagerService.updateNetworkRulesLocked(NetworkPolicyManagerService.java:1314)
01-25 13:49:18.954   691  1033 E NetworkPolicy:         at com.android.server.net.NetworkPolicyManagerService$14.onReceive(NetworkPolicyManagerService.java:1138)
01-25 13:49:18.954   691  1033 E NetworkPolicy:         at android.app.LoadedApk$ReceiverDispatcher$Args.run(LoadedApk.java:882)
01-25 13:49:18.954   691  1033 E NetworkPolicy:         at android.os.Handler.handleCallback(Handler.java:739)
01-25 13:49:18.954   691  1033 E NetworkPolicy:         at android.os.Handler.dispatchMessage(Handler.java:95)
01-25 13:49:18.954   691  1033 E NetworkPolicy:         at android.os.Looper.loop(Looper.java:148)
01-25 13:49:18.954   691  1033 E NetworkPolicy:         at android.os.HandlerThread.run(HandlerThread.java:61)
01-25 13:49:18.954   691  1033 E NetworkPolicy: Caused by: com.android.server.NativeDaemonConnector$NativeDaemonFailureException: command '522 bandwidth setiquota rmnet0 9223372036854775807' failed with '400 522
 Bandwidth command failed'
01-25 13:49:18.954   691  1033 E NetworkPolicy:         at com.android.server.NativeDaemonConnector.executeForList(NativeDaemonConnector.java:444)
01-25 13:49:18.954   691  1033 E NetworkPolicy:         at com.android.server.NativeDaemonConnector.execute(NativeDaemonConnector.java:345)
01-25 13:49:18.954   691  1033 E NetworkPolicy:         at com.android.server.NativeDaemonConnector.execute(NativeDaemonConnector.java:340)
01-25 13:49:18.954   691  1033 E NetworkPolicy:         at com.android.server.NetworkManagementService.setInterfaceQuota(NetworkManagementService.java:1714)
01-25 13:49:18.954   691  1033 E NetworkPolicy:         ... 8 more
01-25 13:49:18.982   691   708 W art     : Long monitor contention event with owner method=void com.android.server.net.NetworkPolicyManagerService$14.onReceive(android.content.Context, android.content.Intent) fr
om NetworkPolicyManagerService.java:1134 waiters=0 for 805ms
01-25 13:49:18.987   691  1912 W art     : Long monitor contention event with owner method=void com.android.server.net.NetworkPolicyManagerService$14.onReceive(android.content.Context, android.content.Intent) fr
om NetworkPolicyManagerService.java:1134 waiters=1 for 808ms
01-25 13:49:18.988   691   691 W art     : Long monitor contention event with owner method=void com.android.server.net.NetworkPolicyManagerService$14.onReceive(android.content.Context, android.content.Intent) fr
om NetworkPolicyManagerService.java:1134 waiters=2 for 806ms
01-25 13:49:18.989   691  1544 W art     : Long monitor contention event with owner method=void com.android.server.net.NetworkPolicyManagerService$14.onReceive(android.content.Context, android.content.Intent) fr
om NetworkPolicyManagerService.java:1134 waiters=3 for 803ms
01-25 13:49:18.989   691  2398 W art     : Long monitor contention event with owner method=void com.android.server.net.NetworkPolicyManagerService$14.onReceive(android.content.Context, android.content.Intent) fr
om NetworkPolicyManagerService.java:1134 waiters=4 for 799ms
01-25 13:49:18.989   691   728 W art     : Long monitor contention event with owner method=void com.android.server.net.NetworkPolicyManagerService$14.onReceive(android.content.Context, android.content.Intent) fr
om NetworkPolicyManagerService.java:1134 waiters=5 for 774ms
01-25 13:49:19.015  4250  4250 I TWILIGHT: [13:49:19.015, main]: Accessibility CHANGED com.android.systemui android.widget.FrameLayout
01-25 13:49:19.064 30279 30279 D NetworkChangeNotifierAutoDetect: Network connectivity changed, type is: 5
01-25 13:49:19.065 30279 30279 D NetworkChangeNotifierAutoDetect: Network connectivity changed, type is: 5
01-25 13:49:19.134   691  1830 I ActivityManager: Start proc 7434:com.cyanogenmod.lockclock/u0a56 for broadcast com.cyanogenmod.lockclock/.ClockWidgetProvider
01-25 13:49:19.195  7434  7434 W System  : ClassLoader referenced unknown path: /system/app/LockClock/lib/arm
01-25 13:49:19.306  7434  7434 D WeatherUpdateService: onCreate
01-25 13:49:19.315   691  1526 I ActivityManager: Start proc 7449:com.google.android.apps.photos/u0a82 for broadcast com.google.android.apps.photos/.actionqueue.SystemReceiver
01-25 13:49:19.350  7434  7434 D WeatherUpdateService: Service started, but shouldn't update ... stopping
01-25 13:49:19.356  7434  7434 D WeatherUpdateService: onDestroy
01-25 13:49:19.380  7449  7449 W System  : ClassLoader referenced unknown path: /system/app/Photos/lib/arm
01-25 13:49:19.534   691  2397 I ActivityManager: Process com.facebook.katana:browser (pid 6557) has died
01-25 13:49:19.534   691  2397 D ActivityManager: cleanUpApplicationRecord -- 6557
01-25 13:49:20.329   691  2182 I ActivityManager: Start proc 7473:com.usbank.mobilebanking/u0a102 for broadcast com.usbank.mobilebanking/com.foresee.mobileReplay.receivers.ConnectivityChangeEventReceiver
01-25 13:49:20.374   691  1544 I ActivityManager: Process com.google.process.gapps (pid 4084) has died
01-25 13:49:20.374   691  1544 D ActivityManager: cleanUpApplicationRecord -- 4084
01-25 13:49:21.984   231   472 I qdhwcomposer: handle_blank_event: dpy:0 panel power state: 0
01-25 13:49:22.239  7473  7473 D caa-aCallback: #1.Initializing from application onCreate
01-25 13:49:22.271  7473  7473 D uemAdkSettings: #1.Setting dtMonitor: dynaTraceMonitor attempt: 0
01-25 13:49:22.271  7473  7473 D uemAdkSettings: #1.Setting dtMonitor: dynaTraceMonitor attempt: 0
01-25 13:49:22.284  7473  7473 I uemLcCallbacks: #1.USBank Android startup begins
01-25 13:49:22.288  7473  7473 D uemCore : #1.Handle event name=Loading USBank Android type=1
01-25 13:49:22.290  7473  7473 D uemCalloutTable: #1.Adding action Loading USBank Android68908511 (id=1 pid=0) current timeout = 0
01-25 13:49:22.292  7473  7473 D uemAutoUemAction: #1.onUA: new GAUA Loading USBank Android @ 3
01-25 13:49:22.292  7473  7473 D uemAutoUemAction: #1.onUA: cancel timer=null graceTimeOver=false
01-25 13:49:22.293  7473  7473 D uemAutoUemAction: #1.onUA: add child AppStart USBank Android to Loading USBank Android
01-25 13:49:22.294  7473  7473 D uemCore : #1.Handle event name=AppStart USBank Android type=1
01-25 13:49:22.294  7473  7473 D uemCalloutTable: #1.Adding action AppStart USBank Android118837804 (id=2 pid=1) current timeout = 0
01-25 13:49:22.296  7473  7473 D uemDynatraceUEM: #1.DynatraceUEM startup parameters: sApplId=USBank Android, agentPath=https://dcis.usbank.com/TOOLS/dynatrace, useAnyCert=false, keyStore=null
01-25 13:49:22.298  7473  7473 I uemCore : #1.DynatraceUEM 6.2.5.3041 Target API 23 Android API 23
01-25 13:49:22.298  7473  7473 D uemAdkSettings: #1.Setting dtMonitor: dynaTraceMonitor attempt: 0
01-25 13:49:22.341  7473  7473 D uemAndroidMetrics: #1.Verbose metrics updated in 1 ms
01-25 13:49:22.344  7473  7473 D uemAndroidMetrics: #1.Basic metrics updated in 2 ms
01-25 13:49:22.353  7473  7473 D uemAndroidMetrics: #1.Common metrics updated in 9 ms
01-25 13:49:22.353  7473  7473 D uemCore : #1.Using https communication: true
01-25 13:49:22.353  7473  7473 I uemCrashReporter: #1.Set package filter to com.usbank.mobilebanking
01-25 13:49:22.379  7473  7507 D uemDatabaseWriteQueue: #3128.Database write queue running ...
01-25 13:49:22.381  7473  7473 D uemCore : #1.startNewSession
01-25 13:49:22.411  7473  7473 D uemAndroidMetrics: #1.Common metrics updated in 3 ms
01-25 13:49:22.414  7473  7473 D uemAndroidMetrics: #1.Basic metrics updated in 2 ms
01-25 13:49:22.415  7473  7473 D uemEventsDbHelper: #1.Rows deleted: 0
01-25 13:49:22.422  7473  7473 I WebViewFactory: Loading com.android.webview version 51.0.2704.106 (code 1)
01-25 13:49:22.504  7473  7473 W System  : ClassLoader referenced unknown path: /system/app/webview/lib/arm
01-25 13:49:22.540  7473  7473 I cr_LibraryLoader: Time to load native libraries: 5 ms (timestamps 6120-6125)
01-25 13:49:22.541  7473  7473 I cr_LibraryLoader: Expected native library version number "51.0.2704.106", actual native library version number "51.0.2704.106"
01-25 13:49:22.581  7473  7473 I uemCookieCreator: #1.acceptCookie:true cookie:dtAdk=3905086313_67_USBank+Android_m domain: https://dcis.usbank.com/TOOLS/dynatrace
01-25 13:49:22.614  7473  7473 I uemCookieCreator: #1.acceptCookie:true cookie:dtAdk=3905086313_67_USBank+Android_m domain: .usbank.com
01-25 13:49:22.622  7473  7473 I uemCookieCreator: #1.acceptCookie:true cookie:dtAdkTag=MT2_0_0_USBank+Android_0_0_0 domain: https://dcis.usbank.com/TOOLS/dynatrace
01-25 13:49:22.623  7473  7473 I uemCookieCreator: #1.acceptCookie:true cookie:dtAdkTag=MT2_0_0_USBank+Android_0_0_0 domain: .usbank.com
01-25 13:49:22.631  7473  7473 D uemConnectionAttemptMonitor: #1.Connection attempt is scheduled for Wed Jan 25 13:49:22 CST 2017
01-25 13:49:22.633  7473  7514 D uemConnectionAttemptMonitor: #3134.Connection attempt is scheduled for Wed Jan 25 13:50:22 CST 2017
01-25 13:49:22.633  7473  7473 D uemCore : #1.TimerLoop started
01-25 13:49:22.634  7473  7473 I uemCrashReporter: #1.Set package filter to com.usbank.mobilebanking
01-25 13:49:22.634  7473  7473 D uemCrashCatcher: #1.Registered UEM crash handler
01-25 13:49:22.636  7473  7515 D uemCore : #3135.TaskTimer mForceUemUpdate=true mUemActive=true
01-25 13:49:22.638  7473  7515 D uemCore : #3135.TaskTimer mForceSendEvent=false thread ID=3130
01-25 13:49:22.638  7473  7509 D uemCore : #3130.EventSender active ... mForceSendEvent=false mForceUemUpdate=true
01-25 13:49:22.658  7473  7509 W System  : ClassLoader referenced unknown path: /system/framework/tcmclient.jar
01-25 13:49:22.660  7473  7509 D uemRequestExecutor: #3130.Send 82bytes ... https://dcis.usbank.com/TOOLS/dynatrace/dynaTraceMonitor?status=%7Bo%3Ac%7Cb%3A%7D
01-25 13:49:23.004  7473  7473 I FORESEE_SDK_COMMON: Setting skipPoolingCheck = false
01-25 13:49:23.004  7473  7473 I FORESEE_SDK_COMMON: Setting debugLogEnabled = false
01-25 13:49:23.197  7473  7473 W nalizableReferenceQueue: Could not load Finalizer in its own class loader. Loading Finalizer in the current class loader instead. As a result, you will not be able to garbage col
lect this class loader. To support reclaiming this class loader, either resolve the underlying issue, or move Google Collections to your system class path.
01-25 13:49:23.197  7473  7473 W nalizableReferenceQueue: java.io.FileNotFoundException: com/google/inject/internal/util/$Finalizer.class
01-25 13:49:23.197  7473  7473 W nalizableReferenceQueue:       at com.google.inject.internal.util.$FinalizableReferenceQueue$DecoupledLoader.getBaseUrl(FinalizableReferenceQueue.java:269)
01-25 13:49:23.197  7473  7473 W nalizableReferenceQueue:       at com.google.inject.internal.util.$FinalizableReferenceQueue$DecoupledLoader.loadFinalizer(FinalizableReferenceQueue.java:253)
01-25 13:49:23.197  7473  7473 W nalizableReferenceQueue:       at com.google.inject.internal.util.$FinalizableReferenceQueue.loadFinalizer(FinalizableReferenceQueue.java:175)
01-25 13:49:23.197  7473  7473 W nalizableReferenceQueue:       at com.google.inject.internal.util.$FinalizableReferenceQueue.<clinit>(FinalizableReferenceQueue.java:100)
01-25 13:49:23.197  7473  7473 W nalizableReferenceQueue:       at com.google.inject.internal.util.$MapMaker$QueueHolder.<clinit>(MapMaker.java:787)
01-25 13:49:23.197  7473  7473 W nalizableReferenceQueue:       at com.google.inject.internal.util.$MapMaker$WeakEntry.<init>(MapMaker.java:946)
01-25 13:49:23.197  7473  7473 W nalizableReferenceQueue:       at com.google.inject.internal.util.$MapMaker$Strength$1.newEntry(MapMaker.java:312)
01-25 13:49:23.197  7473  7473 W nalizableReferenceQueue:       at com.google.inject.internal.util.$MapMaker$StrategyImpl.newEntry(MapMaker.java:498)
01-25 13:49:23.197  7473  7473 W nalizableReferenceQueue:       at com.google.inject.internal.util.$MapMaker$StrategyImpl.newEntry(MapMaker.java:419)
01-25 13:49:23.197  7473  7473 W nalizableReferenceQueue:       at com.google.inject.internal.util.$CustomConcurrentHashMap$ComputingImpl.get(CustomConcurrentHashMap.java:2029)
01-25 13:49:23.197  7473  7473 W nalizableReferenceQueue:       at com.google.inject.internal.Annotations$AnnotationChecker.hasAnnotations(Annotations.java:116)
01-25 13:49:23.197  7473  7473 W nalizableReferenceQueue:       at com.google.inject.internal.Annotations.isBindingAnnotation(Annotations.java:180)
01-25 13:49:23.197  7473  7473 W nalizableReferenceQueue:       at com.google.inject.Key.ensureIsBindingAnnotation(Key.java:366)
01-25 13:49:23.197  7473  7473 W nalizableReferenceQueue:       at com.google.inject.Key.strategyFor(Key.java:338)
01-25 13:49:23.197  7473  7473 W nalizableReferenceQueue:       at com.google.inject.Key.get(Key.java:272)
01-25 13:49:23.197  7473  7473 W nalizableReferenceQueue:       at com.google.inject.internal.AbstractBindingBuilder.annotatedWithInternal(AbstractBindingBuilder.java:82)
01-25 13:49:23.197  7473  7473 W nalizableReferenceQueue:       at com.google.inject.internal.ConstantBindingBuilderImpl.annotatedWith(ConstantBindingBuilderImpl.java:49)
01-25 13:49:23.197  7473  7473 W nalizableReferenceQueue:       at roboguice.config.DefaultRoboModule.configure(DefaultRoboModule.java:117)
01-25 13:49:23.197  7473  7473 W nalizableReferenceQueue:       at com.google.inject.AbstractModule.configure(AbstractModule.java:59)
01-25 13:49:23.197  7473  7473 W nalizableReferenceQueue:       at com.google.inject.spi.Elements$RecordingBinder.install(Elements.java:223)
01-25 13:49:23.197  7473  7473 W nalizableReferenceQueue:       at com.google.inject.spi.Elements.getElements(Elements.java:101)
01-25 13:49:23.197  7473  7473 W nalizableReferenceQueue:       at com.google.inject.spi.Elements.getElements(Elements.java:78)
01-25 13:49:23.197  7473  7473 W nalizableReferenceQueue:       at roboguice.RoboGuice.setBaseApplicationInjector(RoboGuice.java:83)
01-25 13:49:23.197  7473  7473 W nalizableReferenceQueue:       at roboguice.RoboGuice.setBaseApplicationInjector(RoboGuice.java:139)
01-25 13:49:23.197  7473  7473 W nalizableReferenceQueue:       at roboguice.RoboGuice.getBaseApplicationInjector(RoboGuice.java:59)
01-25 13:49:23.197  7473  7473 W nalizableReferenceQueue:       at roboguice.receiver.RoboBroadcastReceiver.onReceive(RoboBroadcastReceiver.java:24)
01-25 13:49:23.197  7473  7473 W nalizableReferenceQueue:       at android.app.ActivityThread.handleReceiver(ActivityThread.java:2759)
01-25 13:49:23.197  7473  7473 W nalizableReferenceQueue:       at android.app.ActivityThread.-wrap14(ActivityThread.java)
01-25 13:49:23.197  7473  7473 W nalizableReferenceQueue:       at android.app.ActivityThread$H.handleMessage(ActivityThread.java:1440)
01-25 13:49:23.197  7473  7473 W nalizableReferenceQueue:       at android.os.Handler.dispatchMessage(Handler.java:102)
01-25 13:49:23.197  7473  7473 W nalizableReferenceQueue:       at android.os.Looper.loop(Looper.java:148)
01-25 13:49:23.197  7473  7473 W nalizableReferenceQueue:       at android.app.ActivityThread.main(ActivityThread.java:5461)
01-25 13:49:23.197  7473  7473 W nalizableReferenceQueue:       at java.lang.reflect.Method.invoke(Native Method)
01-25 13:49:23.197  7473  7473 W nalizableReferenceQueue:       at com.android.internal.os.ZygoteInit$MethodAndArgsCaller.run(ZygoteInit.java:726)
01-25 13:49:23.197  7473  7473 W nalizableReferenceQueue:       at com.android.internal.os.ZygoteInit.main(ZygoteInit.java:616)
01-25 13:49:23.197  7473  7473 W nalizableReferenceQueue:       at de.robv.android.xposed.XposedBridge.main(XposedBridge.java:102)
01-25 13:49:23.366   691   727 E KernelUidCpuTimeReader: Failed to read uid_cputime: /proc/uid_cputime/show_uid_stat: open failed: ENOENT (No such file or directory)
01-25 13:49:23.554  7473  7473 D /Ln.java:218: main Configuring Logging, minimum log level is INFO
01-25 13:49:23.589  7473  7473 W FORESEE_DEBUG: Could not respond to network event due to class com.google.inject.ConfigurationException
01-25 13:49:23.601   691  2275 I ActivityManager: Start proc 7522:com.wunderground.android.storm/u0a101 for broadcast com.wunderground.android.storm/.widgets.NetworkReceiver
01-25 13:49:23.994  7522  7522 I MultiDex: VM with version 2.1.0 has multidex support
01-25 13:49:23.994  7522  7522 I MultiDex: install
01-25 13:49:23.994  7522  7522 I MultiDex: VM has multidex support, MultiDex support library is disabled.
01-25 13:49:24.078  7522  7522 I GMPM    : App measurement is starting up, version: 8487
01-25 13:49:24.078  7522  7522 I GMPM    : To enable debug logging run: adb shell setprop log.tag.GMPM VERBOSE
01-25 13:49:24.121  7522  7522 E GMPM    : GoogleService failed to initialize, status: 10, Missing an expected resource: 'R.string.google_app_id' for initializing Google services.  Possible causes are missing go
ogle-services.json or com.google.gms.google-services gradle plugin.
01-25 13:49:24.121  7522  7522 E GMPM    : Scheduler not set. Not logging error/warn.
01-25 13:49:24.157  7522  7544 E GMPM    : Uploading is not possible. App measurement disabled
01-25 13:49:24.467  7473  7509 D AbsCommHandlerActions: #3130.Response code: 200 msg: OK body: dynaTrace.c4(1,1,120,1,1,1,"dynaTraceMonitor",2)
01-25 13:49:24.467  7473  7509 D uemCore : #3130.Result: dynaTrace.c4(1,1,120,1,1,1,"dynaTraceMonitor",2) Id: -1 Success: true
01-25 13:49:24.468  7473  7509 D uemAdkSettings: #3130.Setting dtMonitor: dynaTraceMonitor attempt: 0
01-25 13:49:24.468  7473  7509 D uemCore : #3130.Send event timeout set to: 12 ticks
01-25 13:49:24.468  7473  7509 D uemConnectionAttemptMonitor: #3130.Connection ok notification
01-25 13:49:24.468  7473  7509 D uemCore : #3130.UEM state update: uemStateUpdated: true UEM state: true mForceUemUpdate: false
01-25 13:49:24.468  7473  7509 D uemRequestExecutor: #3130.Send completed
01-25 13:49:24.745   691  2398 I ActivityManager: Process com.instagram.android (pid 7162) has died
01-25 13:49:24.745   691  2398 D ActivityManager: cleanUpApplicationRecord -- 7162
01-25 13:49:24.857  7522  7522 D AppsFlyer_4.4.0: Build Number: 87
01-25 13:49:24.922  7522  7522 I GAv4    : Google Analytics 8.4.87 is starting up. To enable debug logging on a device run:
01-25 13:49:24.922  7522  7522 I GAv4    :   adb shell setprop log.tag.GAv4 DEBUG
01-25 13:49:24.922  7522  7522 I GAv4    :   adb logcat -s GAv4
01-25 13:49:24.942  7522  7522 W GAv4    : AnalyticsReceiver is not registered or is disabled. Register the receiver for reliable dispatching on non-Google Play devices. See http://goo.gl/8Rd3yj for instructions
.
01-25 13:49:24.945  7522  7522 W GAv4    : CampaignTrackingReceiver is not registered, not exported or is disabled. Installation campaign tracking is not possible. See http://goo.gl/8Rd3yj for instructions.
01-25 13:49:24.959  7522  7595 W GAv4    : AnalyticsService not registered in the app manifest. Hits might not be delivered reliably. See http://goo.gl/8Rd3yj for instructions.
01-25 13:49:25.118  6007  6030 I com.newrelic.agent.android: Harvester: connected
01-25 13:49:25.118  6007  6030 I com.newrelic.agent.android: Harvester: Sending 0 HTTP transactions.
01-25 13:49:25.118  6007  6030 I com.newrelic.agent.android: Harvester: Sending 0 HTTP errors.
01-25 13:49:25.118  6007  6030 I com.newrelic.agent.android: Harvester: Sending 0 activity traces.
01-25 13:49:25.118  6007  6030 I com.newrelic.agent.android: Harvester: Sending 0 analytics events.
01-25 13:49:25.252  7522  7587 W System  : ClassLoader referenced unknown path: /system/framework/tcmclient.jar
01-25 13:49:25.257  7522  7522 I FileUtils: Cache folder: /data/user/0/com.wunderground.android.storm/files/0805_tiles
01-25 13:49:25.288   691  1830 I ActivityManager: Start proc 7599:com.wunderground.android.storm:data_service/u0a101 for service com.wunderground.android.storm/com.wunderground.android.weather.maplibrary.datasou
rce.wu.data.service.WUDataSourceService
01-25 13:49:25.309   691  1121 I ActivityManager: Start proc 7611:com.wunderground.android.storm:overlay_data/u0a101 for service com.wunderground.android.storm/com.wunderground.android.weather.maplibrary.datapro
vider.OverlayDataService
01-25 13:49:25.359   691  1912 I ActivityManager: Start proc 7625:com.wunderground.android.storm:geo_data/u0a101 for service com.wunderground.android.storm/com.wunderground.android.weather.maplibrary.dataprovide
r.GeoDataLoadingService
01-25 13:49:25.546  7599  7599 I MultiDex: VM with version 2.1.0 has multidex support
01-25 13:49:25.546  7599  7599 I MultiDex: install
01-25 13:49:25.547  7599  7599 I MultiDex: VM has multidex support, MultiDex support library is disabled.
01-25 13:49:25.572  7611  7611 I MultiDex: VM with version 2.1.0 has multidex support
01-25 13:49:25.572  7611  7611 I MultiDex: install
01-25 13:49:25.572  7611  7611 I MultiDex: VM has multidex support, MultiDex support library is disabled.
01-25 13:49:25.602  7625  7625 I MultiDex: VM with version 2.1.0 has multidex support
01-25 13:49:25.603  7625  7625 I MultiDex: install
01-25 13:49:25.603  7625  7625 I MultiDex: VM has multidex support, MultiDex support library is disabled.
01-25 13:49:25.762  7522  7522 I FileUtils: Cache folder: /data/user/0/com.wunderground.android.storm/files/0805_tiles
01-25 13:49:25.813  7522  7576 W System  : ClassLoader referenced unknown path: /system/framework/tcmclient.jar
01-25 13:49:25.862   691  2398 I ActivityManager: Start proc 7660:com.instagram.android/u0a127 for broadcast com.instagram.android/com.instagram.store.PendingActionReceiver
01-25 13:49:25.942   691  2255 D WifiService: acquireWifiLockLocked: WifiLock{NlpWifiLock type=2 binder=android.os.BinderProxy@b766a2b}
01-25 13:49:25.958   691  1038 E native  : do suspend true
01-25 13:49:25.981   691  1038 D WifiConfigStore: Retrieve network priorities after PNO.
01-25 13:49:26.055   691   709 I ActivityManager: Process com.android.cellbroadcastreceiver (pid 6980) has died
01-25 13:49:26.055   691   709 D ActivityManager: cleanUpApplicationRecord -- 6980
01-25 13:49:26.062  7660  7660 I Xposed  : XInsta - XInsta Initialized
01-25 13:49:26.066   691  1038 D WifiConfigStore: Retrieve network priorities after PNO.
01-25 13:49:26.073   691  1038 D WifiConfigStore: Retrieve network priorities after PNO.
01-25 13:49:26.079  7660  7681 W System  : ClassLoader referenced unknown path: /system/framework/tcmclient.jar
01-25 13:49:26.082  7660  7660 I Xposed  : XInsta - Instagram Version Code: 47718694
01-25 13:49:26.093  7660  7660 I Xposed  : XInsta - Device Codename: LGLS740
01-25 13:49:26.101  7660  7660 I Xposed  : XInsta - Android Version: 6.0.1
01-25 13:49:26.104   691  1038 D WifiConfigStore: Retrieve network priorities after PNO.
01-25 13:49:26.110  7660  7660 I Xposed  : XInsta - XInsta Version 1.8.7
01-25 13:49:26.320  7660  7673 W art     : Suspending all threads took: 11.073ms
01-25 13:49:26.442  7522  7587 W System  : ClassLoader referenced unknown path: /system/framework/tcmclient.jar
01-25 13:49:27.799  7660  7660 I IgDiscardableRuntime: JNI_OnLoad
01-25 13:49:27.984  7660  7673 W art     : Suspending all threads took: 5.946ms
01-25 13:49:28.007  7660  7660 W ColdStartPerformanceTracer: .                   TOTAL   THREAD
01-25 13:49:28.007  7660  7660 W ColdStartPerformanceTracer: ____0 00.000 Start    ...     ...   ColdStartPerformanceTracer
01-25 13:49:28.007  7660  7660 W ColdStartPerformanceTracer: __305 00.305 Comment  ...     ...   |  init_to_auth_helper_started
01-25 13:49:28.007  7660  7660 W ColdStartPerformanceTracer: __546 00.851 Comment  ...     ...   |  init_to_app_created
01-25 13:49:28.007  7660  7660 W ColdStartPerformanceTracer: -19461458 -19460.607 Done -19460607 ms _-257 ms ColdStartPerformanceTracer
01-25 13:49:28.020   691  1544 I ActivityManager: Start proc 7730:com.android.cellbroadcastreceiver/u0a6 for broadcast com.android.cellbroadcastreceiver/.CellBroadcastReceiver
01-25 13:49:28.085  7730  7730 W System  : ClassLoader referenced unknown path: /system/priv-app/CellBroadcastReceiver/lib/arm
01-25 13:49:28.184  7730  7730 D CellBroadcastReceiver: onReceive Intent { act=android.intent.action.SERVICE_STATE flg=0x10 cmp=com.android.cellbroadcastreceiver/.CellBroadcastReceiver (has extras) }
01-25 13:49:28.184  7730  7730 D CellBroadcastReceiver: Intent ACTION_SERVICE_STATE_CHANGED
01-25 13:49:28.184  7730  7730 D CellBroadcastReceiver: subscriptionId = 1
01-25 13:49:28.244   691  2275 I ActivityManager: Start proc 7756:android.process.acore/u0a5 for broadcast com.android.providers.contacts/.PhoneAccountRegistrationReceiver
01-25 13:49:28.275   691  1179 I ActivityManager: Process com.cyanogenmod.updater (pid 7339) has died
01-25 13:49:28.275   691  1179 D ActivityManager: cleanUpApplicationRecord -- 7339
01-25 13:49:28.301  7756  7756 W System  : ClassLoader referenced unknown path: /system/priv-app/ContactsProvider/lib/arm
01-25 13:49:28.445   691  2255 I ActivityManager: Process android.process.media (pid 7369) has died
01-25 13:49:28.445   691  2255 D ActivityManager: cleanUpApplicationRecord -- 7369
01-25 13:49:28.493  7756  7756 W System  : ClassLoader referenced unknown path: /system/app/UserDictionaryProvider/lib/arm
01-25 13:49:28.540  7756  7756 D StrictMode: StrictMode policy violation; ~duration=37 ms: android.os.StrictMode$StrictModeDiskReadViolation: policy=65567 violation=2
01-25 13:49:28.540  7756  7756 D StrictMode:    at android.os.StrictMode$AndroidBlockGuardPolicy.onReadFromDisk(StrictMode.java:1263)
01-25 13:49:28.540  7756  7756 D StrictMode:    at libcore.io.BlockGuardOs.stat(BlockGuardOs.java:292)
01-25 13:49:28.540  7756  7756 D StrictMode:    at java.io.File.length(File.java:722)
01-25 13:49:28.540  7756  7756 D StrictMode:    at de.robv.android.xposed.services.DirectAccessService.statFile(DirectAccessService.java:35)
01-25 13:49:28.540  7756  7756 D StrictMode:    at de.robv.android.xposed.XSharedPreferences.hasFileChanged(XSharedPreferences.java:175)
01-25 13:49:28.540  7756  7756 D StrictMode:    at de.robv.android.xposed.XSharedPreferences.reload(XSharedPreferences.java:164)
01-25 13:49:28.540  7756  7756 D StrictMode:    at com.pyler.xinternalsd.XInternalSD.isEnabledApp(XInternalSD.java:223)
01-25 13:49:28.540  7756  7756 D StrictMode:    at com.pyler.xinternalsd.XInternalSD.handleLoadPackage(XInternalSD.java:193)
01-25 13:49:28.540  7756  7756 D StrictMode:    at de.robv.android.xposed.IXposedHookLoadPackage$Wrapper.handleLoadPackage(IXposedHookLoadPackage.java:34)
01-25 13:49:28.540  7756  7756 D StrictMode:    at de.robv.android.xposed.callbacks.XC_LoadPackage.call(XC_LoadPackage.java:61)
01-25 13:49:28.540  7756  7756 D StrictMode:    at de.robv.android.xposed.callbacks.XCallback.callAll(XCallback.java:106)
01-25 13:49:28.540  7756  7756 D StrictMode:    at de.robv.android.xposed.XposedInit$5.afterHookedMethod(XposedInit.java:195)
01-25 13:49:28.540  7756  7756 D StrictMode:    at de.robv.android.xposed.XposedBridge.handleHookedMethod(XposedBridge.java:348)
01-25 13:49:28.540  7756  7756 D StrictMode:    at android.app.LoadedApk.<init>(<Xposed>)
01-25 13:49:28.540  7756  7756 D StrictMode:    at android.app.ActivityThread.getPackageInfo(ActivityThread.java:1858)
01-25 13:49:28.540  7756  7756 D StrictMode:    at android.app.ActivityThread.getPackageInfo(ActivityThread.java:1814)
01-25 13:49:28.540  7756  7756 D StrictMode:    at android.app.ActivityThread.getPackageInfo(ActivityThread.java:1786)
01-25 13:49:28.540  7756  7756 D StrictMode:    at android.app.ContextImpl.createPackageContextAsUser(ContextImpl.java:1714)
01-25 13:49:28.540  7756  7756 D StrictMode:    at android.app.ContextImpl.createPackageContext(ContextImpl.java:1695)
01-25 13:49:28.540  7756  7756 D StrictMode:    at android.content.ContextWrapper.createPackageContext(ContextWrapper.java:752)
01-25 13:49:28.540  7756  7756 D StrictMode:    at android.app.ActivityThread.installProvider(ActivityThread.java:5170)
01-25 13:49:28.540  7756  7756 D StrictMode:    at android.app.ActivityThread.installContentProviders(ActivityThread.java:4792)
01-25 13:49:28.540  7756  7756 D StrictMode:    at android.app.ActivityThread.handleBindApplication(ActivityThread.java:4732)
01-25 13:49:28.540  7756  7756 D StrictMode:    at de.robv.android.xposed.XposedBridge.invokeOriginalMethodNative(Native Method)
01-25 13:49:28.540  7756  7756 D StrictMode:    at de.robv.android.xposed.XposedBridge.handleHookedMethod(XposedBridge.java:334)
01-25 13:49:28.540  7756  7756 D StrictMode:    at android.app.ActivityThread.handleBindApplication(<Xposed>)
01-25 13:49:28.540  7756  7756 D StrictMode:    at android.app.ActivityThread.-wrap1(ActivityThread.java)
01-25 13:49:28.540  7756  7756 D StrictMode:    at android.app.ActivityThread$H.handleMessage(ActivityThread.java:1424)
01-25 13:49:28.540  7756  7756 D StrictMode:    at android.os.Handler.dispatchMessage(Handler.java:102)
01-25 13:49:28.540  7756  7756 D StrictMode:    at android.os.Looper.loop(Looper.java:148)
01-25 13:49:28.540  7756  7756 D StrictMode:    at android.app.ActivityThread.main(ActivityThread.java:5461)
01-25 13:49:28.540  7756  7756 D StrictMode:    at java.lang.reflect.Method.invoke(Native Method)
01-25 13:49:28.540  7756  7756 D StrictMode:    at com.android.internal.os.ZygoteInit$MethodAndArgsCaller.run(ZygoteInit.java:726)
01-25 13:49:28.540  7756  7756 D StrictMode:    at com.android.internal.os.ZygoteInit.main(ZygoteInit.java:616)
01-25 13:49:28.540  7756  7756 D StrictMode:    at de.robv.android.xposed.XposedBridge.main(XposedBridge.java:102)
01-25 13:49:28.540  7756  7756 D StrictMode: StrictMode policy violation; ~duration=35 ms: android.os.StrictMode$StrictModeDiskReadViolation: policy=65567 violation=2
01-25 13:49:28.540  7756  7756 D StrictMode:    at android.os.StrictMode$AndroidBlockGuardPolicy.onReadFromDisk(StrictMode.java:1263)
01-25 13:49:28.540  7756  7756 D StrictMode:    at libcore.io.BlockGuardOs.stat(BlockGuardOs.java:292)
01-25 13:49:28.540  7756  7756 D StrictMode:    at java.io.File.lastModified(File.java:569)
01-25 13:49:28.540  7756  7756 D StrictMode:    at de.robv.android.xposed.services.DirectAccessService.statFile(DirectAccessService.java:35)
01-25 13:49:28.540  7756  7756 D StrictMode:    at de.robv.android.xposed.XSharedPreferences.hasFileChanged(XSharedPreferences.java:175)
01-25 13:49:28.540  7756  7756 D StrictMode:    at de.robv.android.xposed.XSharedPreferences.reload(XSharedPreferences.java:164)
01-25 13:49:28.540  7756  7756 D StrictMode:    at com.pyler.xinternalsd.XInternalSD.isEnabledApp(XInternalSD.java:223)
01-25 13:49:28.540  7756  7756 D StrictMode:    at com.pyler.xinternalsd.XInternalSD.handleLoadPackage(XInternalSD.java:193)
01-25 13:49:28.540  7756  7756 D StrictMode:    at de.robv.android.xposed.IXposedHookLoadPackage$Wrapper.handleLoadPackage(IXposedHookLoadPackage.java:34)
01-25 13:49:28.540  7756  7756 D StrictMode:    at de.robv.android.xposed.callbacks.XC_LoadPackage.call(XC_LoadPackage.java:61)
01-25 13:49:28.540  7756  7756 D StrictMode:    at de.robv.android.xposed.callbacks.XCallback.callAll(XCallback.java:106)
01-25 13:49:28.540  7756  7756 D StrictMode:    at de.robv.android.xposed.XposedInit$5.afterHookedMethod(XposedInit.java:195)
01-25 13:49:28.540  7756  7756 D StrictMode:    at de.robv.android.xposed.XposedBridge.handleHookedMethod(XposedBridge.java:348)
01-25 13:49:28.540  7756  7756 D StrictMode:    at android.app.LoadedApk.<init>(<Xposed>)
01-25 13:49:28.540  7756  7756 D StrictMode:    at android.app.ActivityThread.getPackageInfo(ActivityThread.java:1858)
01-25 13:49:28.540  7756  7756 D StrictMode:    at android.app.ActivityThread.getPackageInfo(ActivityThread.java:1814)
01-25 13:49:28.540  7756  7756 D StrictMode:    at android.app.ActivityThread.getPackageInfo(ActivityThread.java:1786)
01-25 13:49:28.540  7756  7756 D StrictMode:    at android.app.ContextImpl.createPackageContextAsUser(ContextImpl.java:1714)
01-25 13:49:28.540  7756  7756 D StrictMode:    at android.app.ContextImpl.createPackageContext(ContextImpl.java:1695)
01-25 13:49:28.540  7756  7756 D StrictMode:    at android.content.ContextWrapper.createPackageContext(ContextWrapper.java:752)
01-25 13:49:28.540  7756  7756 D StrictMode:    at android.app.ActivityThread.installProvider(ActivityThread.java:5170)
01-25 13:49:28.540  7756  7756 D StrictMode:    at android.app.ActivityThread.installContentProviders(ActivityThread.java:4792)
01-25 13:49:28.540  7756  7756 D StrictMode:    at android.app.ActivityThread.handleBindApplication(ActivityThread.java:4732)
01-25 13:49:28.540  7756  7756 D StrictMode:    at de.robv.android.xposed.XposedBridge.invokeOriginalMethodNative(Native Method)
01-25 13:49:28.540  7756  7756 D StrictMode:    at de.robv.android.xposed.XposedBridge.handleHookedMethod(XposedBridge.java:334)
01-25 13:49:28.540  7756  7756 D StrictMode:    at android.app.ActivityThread.handleBindApplication(<Xposed>)
01-25 13:49:28.540  7756  7756 D StrictMode:    at android.app.ActivityThread.-wrap1(ActivityThread.java)
01-25 13:49:28.540  7756  7756 D StrictMode:    at android.app.ActivityThread$H.handleMessage(ActivityThread.java:1424)
01-25 13:49:28.540  7756  7756 D StrictMode:    at android.os.Handler.dispatchMessage(Handler.java:102)
01-25 13:49:28.540  7756  7756 D StrictMode:    at android.os.Looper.loop(Looper.java:148)
01-25 13:49:28.540  7756  7756 D StrictMode:    at android.app.ActivityThread.main(ActivityThread.java:5461)
01-25 13:49:28.540  7756  7756 D StrictMode:    at java.lang.reflect.Method.invoke(Native Method)
01-25 13:49:28.540  7756  7756 D StrictMode:    at com.android.internal.os.ZygoteInit$MethodAndArgsCaller.run(ZygoteInit.java:726)
01-25 13:49:28.540  7756  7756 D StrictMode:    at com.android.internal.os.ZygoteInit.main(ZygoteInit.java:616)
01-25 13:49:28.540  7756  7756 D StrictMode:    at de.robv.android.xposed.XposedBridge.main(XposedBridge.java:102)
01-25 13:49:28.541  7756  7756 D StrictMode: StrictMode policy violation; ~duration=33 ms: android.os.StrictMode$StrictModeDiskReadViolation: policy=65567 violation=2
01-25 13:49:28.541  7756  7756 D StrictMode:    at android.os.StrictMode$AndroidBlockGuardPolicy.onReadFromDisk(StrictMode.java:1263)
01-25 13:49:28.541  7756  7756 D StrictMode:    at libcore.io.BlockGuardOs.stat(BlockGuardOs.java:292)
01-25 13:49:28.541  7756  7756 D StrictMode:    at java.io.File.length(File.java:722)
01-25 13:49:28.541  7756  7756 D StrictMode:    at de.robv.android.xposed.services.DirectAccessService.statFile(DirectAccessService.java:35)
01-25 13:49:28.541  7756  7756 D StrictMode:    at de.robv.android.xposed.XSharedPreferences.hasFileChanged(XSharedPreferences.java:175)
01-25 13:49:28.541  7756  7756 D StrictMode:    at de.robv.android.xposed.XSharedPreferences.reload(XSharedPreferences.java:164)
01-25 13:49:28.541  7756  7756 D StrictMode:    at com.pyler.xinternalsd.XInternalSD.isAllowedApp(XInternalSD.java:325)
01-25 13:49:28.541  7756  7756 D StrictMode:    at com.pyler.xinternalsd.XInternalSD.isEnabledApp(XInternalSD.java:228)
01-25 13:49:28.541  7756  7756 D StrictMode:    at com.pyler.xinternalsd.XInternalSD.handleLoadPackage(XInternalSD.java:193)
01-25 13:49:28.541  7756  7756 D StrictMode:    at de.robv.android.xposed.IXposedHookLoadPackage$Wrapper.handleLoadPackage(IXposedHookLoadPackage.java:34)
01-25 13:49:28.541  7756  7756 D StrictMode:    at de.robv.android.xposed.callbacks.XC_LoadPackage.call(XC_LoadPackage.java:61)
01-25 13:49:28.541  7756  7756 D StrictMode:    at de.robv.android.xposed.callbacks.XCallback.callAll(XCallback.java:106)
01-25 13:49:28.541  7756  7756 D StrictMode:    at de.robv.android.xposed.XposedInit$5.afterHookedMethod(XposedInit.java:195)
01-25 13:49:28.541  7756  7756 D StrictMode:    at de.robv.android.xposed.XposedBridge.handleHookedMethod(XposedBridge.java:348)
01-25 13:49:28.541  7756  7756 D StrictMode:    at android.app.LoadedApk.<init>(<Xposed>)
01-25 13:49:28.541  7756  7756 D StrictMode:    at android.app.ActivityThread.getPackageInfo(ActivityThread.java:1858)
01-25 13:49:28.541  7756  7756 D StrictMode:    at android.app.ActivityThread.getPackageInfo(ActivityThread.java:1814)
01-25 13:49:28.541  7756  7756 D StrictMode:    at android.app.ActivityThread.getPackageInfo(ActivityThread.java:1786)
01-25 13:49:28.541  7756  7756 D StrictMode:    at android.app.ContextImpl.createPackageContextAsUser(ContextImpl.java:1714)
01-25 13:49:28.541  7756  7756 D StrictMode:    at android.app.ContextImpl.createPackageContext(ContextImpl.java:1695)
01-25 13:49:28.541  7756  7756 D StrictMode:    at android.content.ContextWrapper.createPackageContext(ContextWrapper.java:752)
01-25 13:49:28.541  7756  7756 D StrictMode:    at android.app.ActivityThread.installProvider(ActivityThread.java:5170)
01-25 13:49:28.541  7756  7756 D StrictMode:    at android.app.ActivityThread.installContentProviders(ActivityThread.java:4792)
01-25 13:49:28.541  7756  7756 D StrictMode:    at android.app.ActivityThread.handleBindApplication(ActivityThread.java:4732)
01-25 13:49:28.541  7756  7756 D StrictMode:    at de.robv.android.xposed.XposedBridge.invokeOriginalMethodNative(Native Method)
01-25 13:49:28.541  7756  7756 D StrictMode:    at de.robv.android.xposed.XposedBridge.handleHookedMethod(XposedBridge.java:334)
01-25 13:49:28.541  7756  7756 D StrictMode:    at android.app.ActivityThread.handleBindApplication(<Xposed>)
01-25 13:49:28.541  7756  7756 D StrictMode:    at android.app.ActivityThread.-wrap1(ActivityThread.java)
01-25 13:49:28.541  7756  7756 D StrictMode:    at android.app.ActivityThread$H.handleMessage(ActivityThread.java:1424)
01-25 13:49:28.541  7756  7756 D StrictMode:    at android.os.Handler.dispatchMessage(Handler.java:102)
01-25 13:49:28.541  7756  7756 D StrictMode:    at android.os.Looper.loop(Looper.java:148)
01-25 13:49:28.541  7756  7756 D StrictMode:    at android.app.ActivityThread.main(ActivityThread.java:5461)
01-25 13:49:28.541  7756  7756 D StrictMode:    at java.lang.reflect.Method.invoke(Native Method)
01-25 13:49:28.541  7756  7756 D StrictMode:    at com.android.internal.os.ZygoteInit$MethodAndArgsCaller.run(ZygoteInit.java:726)
01-25 13:49:28.541  7756  7756 D StrictMode:    at com.android.internal.os.ZygoteInit.main(ZygoteInit.java:616)
01-25 13:49:28.541  7756  7756 D StrictMode:    at de.robv.android.xposed.XposedBridge.main(XposedBridge.java:102)
01-25 13:49:28.541  7756  7756 D StrictMode: StrictMode policy violation; ~duration=31 ms: android.os.StrictMode$StrictModeDiskReadViolation: policy=65567 violation=2
01-25 13:49:28.541  7756  7756 D StrictMode:    at android.os.StrictMode$AndroidBlockGuardPolicy.onReadFromDisk(StrictMode.java:1263)
01-25 13:49:28.541  7756  7756 D StrictMode:    at libcore.io.BlockGuardOs.stat(BlockGuardOs.java:292)
01-25 13:49:28.541  7756  7756 D StrictMode:    at java.io.File.lastModified(File.java:569)
01-25 13:49:28.541  7756  7756 D StrictMode:    at de.robv.android.xposed.services.DirectAccessService.statFile(DirectAccessService.java:35)
01-25 13:49:28.541  7756  7756 D StrictMode:    at de.robv.android.xposed.XSharedPreferences.hasFileChanged(XSharedPreferences.java:175)
01-25 13:49:28.541  7756  7756 D StrictMode:    at de.robv.android.xposed.XSharedPreferences.reload(XSharedPreferences.java:164)
01-25 13:49:28.541  7756  7756 D StrictMode:    at com.pyler.xinternalsd.XInternalSD.isAllowedApp(XInternalSD.java:325)
01-25 13:49:28.541  7756  7756 D StrictMode:    at com.pyler.xinternalsd.XInternalSD.isEnabledApp(XInternalSD.java:228)
01-25 13:49:28.541  7756  7756 D StrictMode:    at com.pyler.xinternalsd.XInternalSD.handleLoadPackage(XInternalSD.java:193)
01-25 13:49:28.541  7756  7756 D StrictMode:    at de.robv.android.xposed.IXposedHookLoadPackage$Wrapper.handleLoadPackage(IXposedHookLoadPackage.java:34)
01-25 13:49:28.541  7756  7756 D StrictMode:    at de.robv.android.xposed.callbacks.XC_LoadPackage.call(XC_LoadPackage.java:61)
01-25 13:49:28.541  7756  7756 D StrictMode:    at de.robv.android.xposed.callbacks.XCallback.callAll(XCallback.java:106)
01-25 13:49:28.541  7756  7756 D StrictMode:    at de.robv.android.xposed.XposedInit$5.afterHookedMethod(XposedInit.java:195)
01-25 13:49:28.541  7756  7756 D StrictMode:    at de.robv.android.xposed.XposedBridge.handleHookedMethod(XposedBridge.java:348)
01-25 13:49:28.541  7756  7756 D StrictMode:    at android.app.LoadedApk.<init>(<Xposed>)
01-25 13:49:28.541  7756  7756 D StrictMode:    at android.app.ActivityThread.getPackageInfo(ActivityThread.java:1858)
01-25 13:49:28.541  7756  7756 D StrictMode:    at android.app.ActivityThread.getPackageInfo(ActivityThread.java:1814)
01-25 13:49:28.541  7756  7756 D StrictMode:    at android.app.ActivityThread.getPackageInfo(ActivityThread.java:1786)
01-25 13:49:28.541  7756  7756 D StrictMode:    at android.app.ContextImpl.createPackageContextAsUser(ContextImpl.java:1714)
01-25 13:49:28.541  7756  7756 D StrictMode:    at android.app.ContextImpl.createPackageContext(ContextImpl.java:1695)
01-25 13:49:28.541  7756  7756 D StrictMode:    at android.content.ContextWrapper.createPackageContext(ContextWrapper.java:752)
01-25 13:49:28.541  7756  7756 D StrictMode:    at android.app.ActivityThread.installProvider(ActivityThread.java:5170)
01-25 13:49:28.541  7756  7756 D StrictMode:    at android.app.ActivityThread.installContentProviders(ActivityThread.java:4792)
01-25 13:49:28.541  7756  7756 D StrictMode:    at android.app.ActivityThread.handleBindApplication(ActivityThread.java:4732)
01-25 13:49:28.541  7756  7756 D StrictMode:    at de.robv.android.xposed.XposedBridge.invokeOriginalMethodNative(Native Method)
01-25 13:49:28.541  7756  7756 D StrictMode:    at de.robv.android.xposed.XposedBridge.handleHookedMethod(XposedBridge.java:334)
01-25 13:49:28.541  7756  7756 D StrictMode:    at android.app.ActivityThread.handleBindApplication(<Xposed>)
01-25 13:49:28.541  7756  7756 D StrictMode:    at android.app.ActivityThread.-wrap1(ActivityThread.java)
