01-25 13:49:42.777  1630  1630 D Error   :      at android.database.sqlite.SQLiteConnection.setJournalMode(SQLiteConnection.java:318)
01-25 13:49:42.777  1630  1630 D Error   :      at android.database.sqlite.SQLiteConnection.setWalModeFromConfiguration(SQLiteConnection.java:292)
01-25 13:49:42.777  1630  1630 D Error   :      at android.database.sqlite.SQLiteConnection.open(SQLiteConnection.java:213)
01-25 13:49:42.777  1630  1630 D Error   :      at android.database.sqlite.SQLiteConnection.open(SQLiteConnection.java:191)
01-25 13:49:42.777  1630  1630 D Error   :      at android.database.sqlite.SQLiteConnectionPool.openConnectionLocked(SQLiteConnectionPool.java:463)
01-25 13:49:42.777  1630  1630 D Error   :      at android.database.sqlite.SQLiteConnectionPool.open(SQLiteConnectionPool.java:185)
01-25 13:49:42.777  1630  1630 D Error   :      at android.database.sqlite.SQLiteConnectionPool.open(SQLiteConnectionPool.java:177)
01-25 13:49:42.777  1630  1630 D Error   :      at android.database.sqlite.SQLiteDatabase.openInner(SQLiteDatabase.java:806)
01-25 13:49:42.777  1630  1630 D Error   :      at android.database.sqlite.SQLiteDatabase.open(SQLiteDatabase.java:791)
01-25 13:49:42.777  1630  1630 D Error   :      at android.database.sqlite.SQLiteDatabase.openDatabase(SQLiteDatabase.java:694)
01-25 13:49:42.777  1630  1630 D Error   :      at android.app.ContextImpl.openOrCreateDatabase(ContextImpl.java:581)
01-25 13:49:42.777  1630  1630 D Error   :      at android.content.ContextWrapper.openOrCreateDatabase(ContextWrapper.java:275)
01-25 13:49:42.777  1630  1630 D Error   :      at android.content.ContextWrapper.openOrCreateDatabase(ContextWrapper.java:275)
01-25 13:49:42.777  1630  1630 D Error   :      at android.database.sqlite.SQLiteOpenHelper.getDatabaseLocked(SQLiteOpenHelper.java:223)
01-25 13:49:42.777  1630  1630 D Error   :      at android.database.sqlite.SQLiteOpenHelper.getWritableDatabase(SQLiteOpenHelper.java:163)
01-25 13:49:42.777  1630  1630 D Error   :      at cqq.getWritableDatabase(:com.google.android.gms:236)
01-25 13:49:42.777  1630  1630 D Error   :      at cqm.a(:com.google.android.gms:78)
01-25 13:49:42.777  1630  1630 D Error   :      at crf.b(:com.google.android.gms:221)
01-25 13:49:42.777  1630  1630 D Error   :      at crf.a(:com.google.android.gms:280)
01-25 13:49:42.777  1630  1630 D Error   :      at ckn.O(:com.google.android.gms:451)
01-25 13:49:42.777  1630  1630 D Error   :      at ckn.o(:com.google.android.gms:188)
01-25 13:49:42.777  1630  1630 D Error   :      at cha.a(:com.google.android.gms:61)
01-25 13:49:42.777  1630  1630 D Error   :      at crk.<init>(:com.google.android.gms:50)
01-25 13:49:42.777  1630  1630 D Error   :      at cqt.<init>(:com.google.android.gms:52)
01-25 13:49:42.777  1630  1630 D Error   :      at ckn.M(:com.google.android.gms:429)
01-25 13:49:42.777  1630  1630 D Error   :      at ckn.a(:com.google.android.gms:1340)
01-25 13:49:42.777  1630  1630 D Error   :      at ckn.l(:com.google.android.gms:176)
01-25 13:49:42.777  1630  1630 D Error   :      at com.google.android.contextmanager.service.ContextManagerChimeraService.onCreate(:com.google.android.gms:44)
01-25 13:49:42.777  1630  1630 D Error   :      at bzc.onCreate(:com.google.android.gms:148)
01-25 13:49:42.777  1630  1630 D Error   :      at jix.onCreate(:com.google.android.gms:63)
01-25 13:49:42.777  1630  1630 D Error   :      at android.app.ActivityThread.handleCreateService(ActivityThread.java:2911)
01-25 13:49:42.777  1630  1630 D Error   :      at android.app.ActivityThread.-wrap4(ActivityThread.java)
01-25 13:49:42.777  1630  1630 D Error   :      at android.app.ActivityThread$H.handleMessage(ActivityThread.java:1446)
01-25 13:49:42.777  1630  1630 D Error   :      at android.os.Handler.dispatchMessage(Handler.java:102)
01-25 13:49:42.777  1630  1630 D Error   :      at android.os.Looper.loop(Looper.java:148)
01-25 13:49:42.777  1630  1630 D Error   :      at android.app.ActivityThread.main(ActivityThread.java:5461)
01-25 13:49:42.777  1630  1630 D Error   :      at java.lang.reflect.Method.invoke(Native Method)
01-25 13:49:42.777  1630  1630 D Error   :      at com.android.internal.os.ZygoteInit$MethodAndArgsCaller.run(ZygoteInit.java:726)
01-25 13:49:42.777  1630  1630 D Error   :      at com.android.internal.os.ZygoteInit.main(ZygoteInit.java:616)
01-25 13:49:42.777  1630  1630 D Error   :      at de.robv.android.xposed.XposedBridge.main(XposedBridge.java:102)
01-25 13:49:42.777  1630  1630 D Error   : # via Binder call with stack:
01-25 13:49:42.777  1630  1630 D Error   : android.os.StrictMode$LogStackTrace
01-25 13:49:42.777  1630  1630 D Error   :      at android.os.StrictMode.readAndHandleBinderCallViolations(StrictMode.java:1911)
01-25 13:49:42.777  1630  1630 D Error   :      at android.os.Parcel.readExceptionCode(Parcel.java:1601)
01-25 13:49:42.777  1630  1630 D Error   :      at android.os.Parcel.readException(Parcel.java:1570)
01-25 13:49:42.777  1630  1630 D Error   :      at lbg.a(:com.google.android.gms:119)
01-25 13:49:42.777  1630  1630 D Error   :      at laj.a(:com.google.android.gms:66)
01-25 13:49:42.777  1630  1630 D Error   :      at oji.a(:com.google.android.gms:187)
01-25 13:49:42.777  1630  1630 D Error   :      at kyy.a(:com.google.android.gms:161)
01-25 13:49:42.777  1630  1630 D Error   :      at lbi.onTransact(:com.google.android.gms:85)
01-25 13:49:42.777  1630  1630 D Error   :      at android.os.Binder.transact(Binder.java:387)
01-25 13:49:42.777  1630  1630 D Error   :      at bxp.onTransact(:com.google.android.gms:35)
01-25 13:49:42.777  1630  1630 D Error   :      at android.os.Binder.execTransact(Binder.java:453)
01-25 13:49:42.777  1630  1630 D Error   : # via Binder call with stack:
01-25 13:49:42.777  1630  1630 D Error   : android.os.StrictMode$LogStackTrace
01-25 13:49:42.777  1630  1630 D Error   :      at android.os.StrictMode.readAndHandleBinderCallViolations(StrictMode.java:1911)
01-25 13:49:42.777  1630  1630 D Error   :      at android.os.Parcel.readExceptionCode(Parcel.java:1601)
01-25 13:49:42.777  1630  1630 D Error   :      at android.os.Parcel.readException(Parcel.java:1570)
01-25 13:49:42.777  1630  1630 D Error   :      at lbj.a(:com.google.android.gms:270)
01-25 13:49:42.777  1630  1630 D Error   :      at kzf.a(:com.google.android.gms:1311)
01-25 13:49:42.777  1630  1630 D Error   :      at kzo.a(:com.google.android.gms:408)
01-25 13:49:42.777  1630  1630 D Error   :      at kzq.a(:com.google.android.gms:733)
01-25 13:49:42.777  1630  1630 D Error   :      at kzg.a(:com.google.android.gms:1837)
01-25 13:49:42.777  1630  1630 D Error   :      at kzj.handleMessage(:com.google.android.gms:4345)
01-25 13:49:42.777  1630  1630 D Error   :      at android.os.Handler.dispatchMessage(Handler.java:102)
01-25 13:49:42.777  1630  1630 D Error   :      at android.os.Looper.loop(Looper.java:148)
01-25 13:49:42.777  1630  1630 D Error   :      at android.app.ActivityThread.main(ActivityThread.java:546
01-25 13:49:42.777  1630  1630 D Error   : ERR: TOTAL BYTES WRITTEN: 121552
01-25 13:49:42.790   238   925 E Drm     : Failed to find drm plugin
01-25 13:49:42.804  8344  8368 W DG.WV   : Widevine DRM not supported on this device
01-25 13:49:42.804  8344  8368 W DG.WV   : android.media.UnsupportedSchemeException: Failed to instantiate drm object.
01-25 13:49:42.804  8344  8368 W DG.WV   :      at android.media.MediaDrm.native_setup(Native Method)
01-25 13:49:42.804  8344  8368 W DG.WV   :      at android.media.MediaDrm.<init>(MediaDrm.java:215)
01-25 13:49:42.804  8344  8368 W DG.WV   :      at omq.a(:com.google.android.gms:122)
01-25 13:49:42.804  8344  8368 W DG.WV   :      at ojj.run(:com.google.android.gms:1095)
01-25 13:49:42.804  8344  8368 W DG.WV   :      at llt.run(:com.google.android.gms:450)
01-25 13:49:42.804  8344  8368 W DG.WV   :      at java.util.concurrent.ThreadPoolExecutor.runWorker(ThreadPoolExecutor.java:1113)
01-25 13:49:42.804  8344  8368 W DG.WV   :      at java.util.concurrent.ThreadPoolExecutor$Worker.run(ThreadPoolExecutor.java:588)
01-25 13:49:42.804  8344  8368 W DG.WV   :      at lqc.run(:com.google.android.gms:17)
01-25 13:49:42.804  8344  8368 W DG.WV   :      at java.lang.Thread.run(Thread.java:818)
01-25 13:49:42.875   691  2182 I ActivityManager: Process com.wunderground.android.storm:geo_data (pid 7625) has died
01-25 13:49:42.875   691  2182 D ActivityManager: cleanUpApplicationRecord -- 7625
01-25 13:49:42.880  8344  8355 W System  : ClassLoader referenced unknown path: /system/framework/tcmclient.jar
01-25 13:49:43.467   691  2397 I ActivityManager: Process com.wunderground.android.storm:data_service (pid 8045) has died
01-25 13:49:43.467   691  2397 D ActivityManager: cleanUpApplicationRecord -- 8045
01-25 13:49:43.478  5885  5885 I Finsky  : [1] com.google.android.finsky.utils.cx.onTrimMemory(17): Memory trim requested to level 10
01-25 13:49:43.877   691   743 W PowerManagerService: Sandman unresponsive, releasing suspend blocker
01-25 13:49:45.454  7833  8401 I NotifUtils: sendSetNewEmailIndicator account: 1437462523, folder: 70791782
01-25 13:49:45.469  7833  8402 I NotifUtils: Validating Notification, mapSize: 1 getAttention: true ignoreUnobtrusive: false
01-25 13:49:45.542  7833  8402 I NotifUtils: validateNotifications - cancelling 742033636 for 1437462523 / -1103699138
01-25 13:49:45.563  7833  8401 I NotifUtils: sendSetNewEmailIndicator account: 1437462523, folder: 2573240
01-25 13:49:45.572  7833  8405 I NotifUtils: Validating Notification, mapSize: 1 getAttention: true ignoreUnobtrusive: false
01-25 13:49:45.595  7833  8405 I NotifUtils: validateNotifications - cancelling 817018137 for 1437462523 / -757656686
01-25 13:49:45.609  7833  8401 I NotifUtils: sendSetNewEmailIndicator account: 1437462523, folder: 81068824
01-25 13:49:45.618  7833  8406 I NotifUtils: Validating Notification, mapSize: 1 getAttention: true ignoreUnobtrusive: false
01-25 13:49:45.672  7833  8406 I NotifUtils: Notifications are disabled for this folder; not notifying
01-25 13:49:46.759   691   727 E KernelUidCpuTimeReader: Failed to read uid_cputime: /proc/uid_cputime/show_uid_stat: open failed: ENOENT (No such file or directory)
01-25 13:49:46.815  8344  8354 W art     : Suspending all threads took: 16.352ms
01-25 13:49:46.831  8344  8354 I art     : Background partial concurrent mark sweep GC freed 15077(1126KB) AllocSpace objects, 12(616KB) LOS objects, 28% free, 9MB/13MB, paused 18.549ms total 142.664ms
01-25 13:49:47.309   691  2182 I bsthal  : <BST> set delay of <BOSCH Acceleration Sensor> to 20ms
01-25 13:49:47.312   691   709 D WifiService: acquireWifiLockLocked: WifiLock{NlpWifiLock type=2 binder=android.os.BinderProxy@b766a2b}
01-25 13:49:47.313   691  1038 E native  : do suspend true
01-25 13:49:47.324   691  1038 D WifiConfigStore: Retrieve network priorities after PNO.
01-25 13:49:47.421  8421  8421 I dex2oat : /system/bin/dex2oat --no-watch-dog --dex-file=/data/user/0/com.google.android.gms/app_fb/f.apk --oat-file=/data/user/0/com.google.android.gms/app_fb/f.dex
01-25 13:49:47.609  8421  8421 I dex2oat : dex2oat took 191.831ms (threads: 4) arena alloc=179KB java alloc=101KB native alloc=1031KB free=68KB
01-25 13:49:47.621  8344  8355 W System  : ClassLoader referenced unknown path:
01-25 13:49:47.638  8344  8355 I Adreno-EGL: <qeglDrvAPI_eglInitialize:379>: EGL 1.4 QUALCOMM build: Nondeterministic_AU_msm8974_LA.BF.1.1.3_RB1__release_AU (I389a668de0)
01-25 13:49:47.638  8344  8355 I Adreno-EGL: OpenGL ES Shader Compiler Version: E031.28.00.04
01-25 13:49:47.638  8344  8355 I Adreno-EGL: Build Date: 10/24/15 Sat
01-25 13:49:47.638  8344  8355 I Adreno-EGL: Local Branch: mybranch15621148
01-25 13:49:47.638  8344  8355 I Adreno-EGL: Remote Branch: quic/LA.BF.1.1.3_rb1.3
01-25 13:49:47.638  8344  8355 I Adreno-EGL: Local Patches: NONE
01-25 13:49:47.638  8344  8355 I Adreno-EGL: Reconstruct Branch: NOTHING
01-25 13:49:47.757  8344  8355 I Adreno-EGL: <qeglDrvAPI_eglInitialize:379>: EGL 1.4 QUALCOMM build: Nondeterministic_AU_msm8974_LA.BF.1.1.3_RB1__release_AU (I389a668de0)
01-25 13:49:47.757  8344  8355 I Adreno-EGL: OpenGL ES Shader Compiler Version: E031.28.00.04
01-25 13:49:47.757  8344  8355 I Adreno-EGL: Build Date: 10/24/15 Sat
01-25 13:49:47.757  8344  8355 I Adreno-EGL: Local Branch: mybranch15621148
01-25 13:49:47.757  8344  8355 I Adreno-EGL: Remote Branch: quic/LA.BF.1.1.3_rb1.3
01-25 13:49:47.757  8344  8355 I Adreno-EGL: Local Patches: NONE
01-25 13:49:47.757  8344  8355 I Adreno-EGL: Reconstruct Branch: NOTHING
01-25 13:49:47.785  8355  8355 W Binder_1: type=1400 audit(0.0:650): avc: denied { read } for name="/" dev="tmpfs" ino=6145 scontext=u:r:untrusted_app:s0:c512,c768 tcontext=u:object_r:device:s0 tclass=dir permis
sive=0
01-25 13:49:49.275  8355  8355 W Binder_1: type=1400 audit(0.0:651): avc: denied { search } for name="247" dev="proc" ino=4935 scontext=u:r:untrusted_app:s0:c512,c768 tcontext=u:r:zygote:s0 tclass=dir permissive
=0
01-25 13:49:49.371  8344  8355 I Adreno-EGL: <qeglDrvAPI_eglInitialize:379>: EGL 1.4 QUALCOMM build: Nondeterministic_AU_msm8974_LA.BF.1.1.3_RB1__release_AU (I389a668de0)
01-25 13:49:49.371  8344  8355 I Adreno-EGL: OpenGL ES Shader Compiler Version: E031.28.00.04
01-25 13:49:49.371  8344  8355 I Adreno-EGL: Build Date: 10/24/15 Sat
01-25 13:49:49.371  8344  8355 I Adreno-EGL: Local Branch: mybranch15621148
01-25 13:49:49.371  8344  8355 I Adreno-EGL: Remote Branch: quic/LA.BF.1.1.3_rb1.3
01-25 13:49:49.371  8344  8355 I Adreno-EGL: Local Patches: NONE
01-25 13:49:49.371  8344  8355 I Adreno-EGL: Reconstruct Branch: NOTHING
01-25 13:49:49.418  8344  8355 I Adreno-EGL: <qeglDrvAPI_eglInitialize:379>: EGL 1.4 QUALCOMM build: Nondeterministic_AU_msm8974_LA.BF.1.1.3_RB1__release_AU (I389a668de0)
01-25 13:49:49.418  8344  8355 I Adreno-EGL: OpenGL ES Shader Compiler Version: E031.28.00.04
01-25 13:49:49.418  8344  8355 I Adreno-EGL: Build Date: 10/24/15 Sat
01-25 13:49:49.418  8344  8355 I Adreno-EGL: Local Branch: mybranch15621148
01-25 13:49:49.418  8344  8355 I Adreno-EGL: Remote Branch: quic/LA.BF.1.1.3_rb1.3
01-25 13:49:49.418  8344  8355 I Adreno-EGL: Local Patches: NONE
01-25 13:49:49.418  8344  8355 I Adreno-EGL: Reconstruct Branch: NOTHING
01-25 13:49:49.601  1630  2454 W Conscrypt: Could not set socket write timeout: null
01-25 13:49:49.926  1630  2454 W Conscrypt: Could not set socket write timeout: null
01-25 13:49:50.173  1630  2454 W GLSUser : [AppCertManager] IOException while requesting key:
01-25 13:49:50.173  1630  2454 W GLSUser : java.io.IOException: Invalid device key response.
01-25 13:49:50.173  1630  2454 W GLSUser :      at evk.a(:com.google.android.gms:274)
01-25 13:49:50.173  1630  2454 W GLSUser :      at evk.a(:com.google.android.gms:4238)
01-25 13:49:50.173  1630  2454 W GLSUser :      at evj.a(:com.google.android.gms:45)
01-25 13:49:50.173  1630  2454 W GLSUser :      at evd.a(:com.google.android.gms:50)
01-25 13:49:50.173  1630  2454 W GLSUser :      at evc.a(:com.google.android.gms:104)
01-25 13:49:50.173  1630  2454 W GLSUser :      at com.google.android.gms.auth.account.be.legacy.AuthCronChimeraService.b(:com.google.android.gms:4049)
01-25 13:49:50.173  1630  2454 W GLSUser :      at ecm.call(:com.google.android.gms:2041)
01-25 13:49:50.173  1630  2454 W GLSUser :      at java.util.concurrent.FutureTask.run(FutureTask.java:237)
01-25 13:49:50.173  1630  2454 W GLSUser :      at llt.run(:com.google.android.gms:450)
01-25 13:49:50.173  1630  2454 W GLSUser :      at java.util.concurrent.ThreadPoolExecutor.runWorker(ThreadPoolExecutor.java:1113)
01-25 13:49:50.173  1630  2454 W GLSUser :      at java.util.concurrent.ThreadPoolExecutor$Worker.run(ThreadPoolExecutor.java:588)
01-25 13:49:50.173  1630  2454 W GLSUser :      at lqc.run(:com.google.android.gms:17)
01-25 13:49:50.173  1630  2454 W GLSUser :      at java.lang.Thread.run(Thread.java:818)
01-25 13:49:50.878   691  2397 I bsthal  : <BST> set delay of <BOSCH Acceleration Sensor> to 200ms
01-25 13:49:52.309   691   727 E KernelUidCpuTimeReader: Failed to read uid_cputime: /proc/uid_cputime/show_uid_stat: open failed: ENOENT (No such file or directory)
01-25 13:49:52.374   691   709 I bsthal  : <BST> set delay of <BOSCH Acceleration Sensor> to 20ms
01-25 13:49:52.409   691  2397 D WifiService: releaseWifiLockLocked: WifiLock{NlpWifiLock type=2 binder=android.os.BinderProxy@b766a2b}
01-25 13:49:52.410   691  1038 E native  : do suspend true
01-25 13:49:53.771   691  1038 D WifiStateMachine: Disconnected CMD_START_SCAN source -2 293, 294 -> obsolete
01-25 13:49:55.966   691  1596 I bsthal  : <BST> set delay of <BOSCH Acceleration Sensor> to 200ms
01-25 13:49:57.386   691   727 E KernelUidCpuTimeReader: Failed to read uid_cputime: /proc/uid_cputime/show_uid_stat: open failed: ENOENT (No such file or directory)
01-25 13:50:01.278  2325  8457 W IcingInternalCorpora: getNumBytesRead when not calculated.
01-25 13:50:01.321   691  2182 I bsthal  : <BST> set delay of <BOSCH Acceleration Sensor> to 20ms
01-25 13:50:01.322   691   726 W art     : Long monitor contention event with owner method=android.content.ComponentName com.android.server.am.ActivityManagerService.startService(android.app.IApplicationThread,
android.content.Intent, java.lang.String, java.lang.String, int) from ActivityManagerService.java:16177 waiters=0 for 527ms
01-25 13:50:01.385  5079  5079 I MemoryTrimmer: Trimming objects from memory, since app is in the background.
01-25 13:50:01.671  4250  4250 I TWILIGHT: [13:50:01.669, main]: Accessibility CHANGED com.android.vending android.widget.TextView
01-25 13:50:04.812   691  1544 I bsthal  : <BST> set delay of <BOSCH Acceleration Sensor> to 200ms
01-25 13:50:05.005  5079  5079 I MemoryTrimmer: Trimming objects from memory, since app is in the background.
01-25 13:50:34.608   231   472 I qdhwcomposer: handle_blank_event: dpy:0 panel power state: 0
01-25 13:50:34.640   254   519 D QC-time-services: Daemon: Connection accepted:time_genoff
01-25 13:50:34.642   254  8501 D QC-time-services: Daemon:Received base = 13, unit = 1, operation = 0,value = 1485373835000
01-25 13:50:34.642   254  8501 D QC-time-services: Daemon:genoff_opr: Base = 13, val = 1485373835000, operation = 0
01-25 13:50:34.642   254  8501 D QC-time-services: Daemon:rtc_get: Time read from RTC -- MM/DD/YY HH:MM:SS0/3/70 22:13:3
01-25 13:50:34.643   254  8501 D QC-time-services: Daemon:Value read from RTC seconds = 252783000
01-25 13:50:34.643   254  8501 D QC-time-services: Daemon:new time 1485373835000
01-25 13:50:34.643   254  8501 D QC-time-services: Daemon: delta 1485121052000 genoff 1485121052000
01-25 13:50:34.643   254  8501 D QC-time-services: Daemon:genoff_persistent_update: Writing genoff = 1485121052000 to memory
01-25 13:50:34.643   254  8501 D QC-time-services: Daemon:Opening File: /data/time/ats_13
01-25 13:50:34.643   254  8501 D QC-time-services: Daemon:time_persistent_memory_opr:Genoff write operation
01-25 13:50:34.649   254   519 E QC-time-services: Daemon: Time-services: Waiting to acceptconnection
01-25 13:50:34.654   691   708 D AlarmManagerService: Kernel timezone updated to 360 minutes west of GMT
01-25 13:50:34.709  1744  1744 D MccTable: updateMccMncConfiguration mccmnc='31000' fromServiceState=true
01-25 13:50:34.710  1744  1744 D MccTable: updateMccMncConfiguration defaultMccMnc=310120
01-25 13:50:34.710  1744  1744 D MccTable: updateMccMncConfiguration: mcc=310, mnc=0
01-25 13:50:34.710  1744  1744 D MccTable: WIFI_COUNTRY_CODE set to us
01-25 13:50:34.710   691  2397 I WifiService: WifiService trying to set country code to us with persist set to true
01-25 13:50:34.812   691   727 I ActivityManager: Start proc 8509:com.android.cellbroadcastreceiver/u0a6 for broadcast com.android.cellbroadcastreceiver/.CellBroadcastReceiver
01-25 13:50:34.881   691   727 E KernelUidCpuTimeReader: Failed to read uid_cputime: /proc/uid_cputime/show_uid_stat: open failed: ENOENT (No such file or directory)
01-25 13:50:34.923  8509  8509 W System  : ClassLoader referenced unknown path: /system/priv-app/CellBroadcastReceiver/lib/arm
01-25 13:50:35.044  8509  8509 D CellBroadcastReceiver: onReceive Intent { act=android.intent.action.SERVICE_STATE flg=0x10 cmp=com.android.cellbroadcastreceiver/.CellBroadcastReceiver (has extras) }
01-25 13:50:35.045  8509  8509 D CellBroadcastReceiver: Intent ACTION_SERVICE_STATE_CHANGED
01-25 13:50:35.045  8509  8509 D CellBroadcastReceiver: subscriptionId = 1
01-25 13:50:35.047  4250  4250 I TWILIGHT: [13:50:35.047, main]: Accessibility CHANGED com.android.systemui android.widget.TextView
01-25 13:50:35.096  8509  8509 D CellBroadcastReceiver: Service state changed! 0 Full: 0 0 voice home data home Sprint  31000 Sprint  31000  1xRTT LTE CSS not supported 308 4139 RoamInd=1 DefRoamInd=0 EmergOnly=
false IsDataRoamingFromRegistration=false Current state=1
01-25 13:50:36.153   231   472 I qdhwcomposer: handle_blank_event: dpy:0 panel power state: 0
01-25 13:50:36.169  8509  8526 D CellBroadcastConfigService: enabling emergency cell broadcast channels
01-25 13:50:36.243  8509  8509 D CellBroadcastReceiver: onReceive Intent { act=android.intent.action.SERVICE_STATE flg=0x10 cmp=com.android.cellbroadcastreceiver/.CellBroadcastReceiver (has extras) }
01-25 13:50:36.243  8509  8509 D CellBroadcastReceiver: Intent ACTION_SERVICE_STATE_CHANGED
01-25 13:50:36.244  8509  8509 D CellBroadcastReceiver: subscriptionId = 1
01-25 13:50:36.252   691  1040 D ConnectivityService: notifyType CAP_CHANGED for NetworkAgentInfo [MOBILE (LTE) - 115]
01-25 13:50:36.268   691  1040 D ConnectivityService: Setting tx/rx TCP buffers to 4094,87380,1048576,4096,16384,262144
01-25 13:50:36.269  8509  8509 D CellBroadcastReceiver: Service state changed! 0 Full: 0 0 voice home data home Sprint  31000 Sprint  31000  1xRTT eHRPD CSS not supported 308 4139 RoamInd=1 DefRoamInd=0 EmergOnl
y=false IsDataRoamingFromRegistration=false Current state=1
01-25 13:50:36.379   691  1040 D ConnectivityService: notifyType IP_CHANGED for NetworkAgentInfo [MOBILE (CDMA - eHRPD) - 115]
01-25 13:50:42.103   231   472 I qdhwcomposer: handle_blank_event: dpy:0 panel power state: 0
01-25 13:50:42.146   691   701 I art     : Background sticky concurrent mark sweep GC freed 28780(2MB) AllocSpace objects, 11(420KB) LOS objects, 12% free, 21MB/24MB, paused 2.699ms total 728.557ms
01-25 13:50:42.163  4250  4250 I TWILIGHT: [13:50:42.162, main]: Accessibility CHANGED com.android.systemui android.widget.LinearLayout
01-25 13:50:46.868   231   472 I qdhwcomposer: handle_blank_event: dpy:0 panel power state: 0
01-25 13:50:47.328   691  1121 D WifiService: acquireWifiLockLocked: WifiLock{NlpWifiLock type=2 binder=android.os.BinderProxy@b766a2b}
01-25 13:50:47.329   691  1038 E native  : do suspend true
01-25 13:50:47.330   691  1038 D WifiConfigStore: Retrieve network priorities after PNO.
01-25 13:50:47.495   232   232 I rmt_storage: rmt_storage_connect_cb: clnt_h=0x86 conn_h=0xb782df20
01-25 13:50:47.496   232   232 I rmt_storage: rmt_storage_rw_iovec_cb: /boot/modem_fs1: clnt_h=0x1: req_h=0x8a msg_id=3: R/W request received
01-25 13:50:47.496   232   232 I rmt_storage: wakelock acquired: 1, error no: 42
01-25 13:50:47.496   232   448 I rmt_storage: rmt_storage_client_thread: /boot/modem_fs1: clnt_h=0x1 Unblock worker thread (th_id: -1227871952)
01-25 13:50:47.601   232   448 I rmt_storage: rmt_storage_client_thread: /boot/modem_fs1: clnt_h=0x1: req_h=0x8a msg_id=3: Bytes written = 1572864
01-25 13:50:47.601   232   448 I rmt_storage: rmt_storage_client_thread: /boot/modem_fs1: clnt_h=0x1: req_h=0x8a msg_id=3: Send response: res=0 err=0
01-25 13:50:47.601   232   448 I rmt_storage: rmt_storage_client_thread: /boot/modem_fs1: clnt_h=0x1 About to block rmt_storage client thread (th_id: -1227871952) wakelock released: 1, error no: 22
01-25 13:50:47.601   232   448 I rmt_storage:
01-25 13:50:47.602   232   232 I rmt_storage: rmt_storage_disconnect_cb: clnt_h=0x0x86 conn_h=0x0xb782df20
01-25 13:50:47.686  1744 25971 I chatty  : uid=1001(radio) Binder_F expire 9 lines
01-25 13:50:47.721  1744 26653 I chatty  : uid=1001(radio) Binder_8 expire 6 lines
01-25 13:50:47.726  8509  8526 D CellBroadcastConfigService: enabled emergency cell broadcast channels
01-25 13:50:47.732  1744  2556 I chatty  : uid=1001(radio) Binder_6 expire 3 lines
01-25 13:50:47.743  1744  6253 I chatty  : uid=1001(radio) Binder_7 expire 5 lines
01-25 13:50:47.754  1744 20697 I chatty  : uid=1001(radio) Binder_D expire 8 lines
01-25 13:50:47.758  8509  8526 D CellBroadcastConfigService: disabling cell broadcast channel 50
01-25 13:50:47.765  1744  1964 I chatty  : uid=1001(radio) Binder_3 expire 8 lines
01-25 13:50:47.765  8509  8526 D CellBroadcastConfigService: channel 60 is not applicable for cdma
01-25 13:50:47.768  8509  8526 D CellBroadcastConfigService: disabling channels 919-928
01-25 13:50:47.774  1744 29331 I chatty  : uid=1001(radio) Binder_9 expire 5 lines
01-25 13:50:47.777  8509  8526 D CellBroadcastConfigService: disabling cell broadcast ETWS test messages
01-25 13:50:47.816  8509  8526 D CellBroadcastConfigService: enabling emergency cell broadcast channels
01-25 13:50:47.825  1744  2555 I chatty  : uid=1001(radio) Binder_5 expire 12 lines
01-25 13:50:47.838  1744 21084 I chatty  : uid=1001(radio) Binder_E expire 8 lines
01-25 13:50:47.850  1744 32154 I chatty  : uid=1001(radio) Binder_B expire 9 lines
01-25 13:50:47.862  1744  1778 I chatty  : uid=1001(radio) Binder_1 expire 9 lines
01-25 13:50:47.876  1744  2208 I chatty  : uid=1001(radio) Binder_4 expire 11 lines
01-25 13:50:47.887  1744 26635 I chatty  : uid=1001(radio) Binder_10 expire 6 lines
01-25 13:50:47.900  1744 10996 I chatty  : uid=1001(radio) Binder_C expire 11 lines
01-25 13:50:47.913  1744  1779 I chatty  : uid=1001(radio) Binder_2 expire 6 lines
01-25 13:50:47.956  8509  8526 D CellBroadcastConfigService: enabled emergency cell broadcast channels
01-25 13:50:47.995  8509  8526 D CellBroadcastConfigService: disabling cell broadcast channel 50
01-25 13:50:48.004  8509  8526 D CellBroadcastConfigService: channel 60 is not applicable for cdma
01-25 13:50:48.006  8509  8526 D CellBroadcastConfigService: disabling channels 919-928
01-25 13:50:48.018  8509  8526 D CellBroadcastConfigService: disabling cell broadcast ETWS test messages
01-25 13:50:50.518   691   727 E KernelUidCpuTimeReader: Failed to read uid_cputime: /proc/uid_cputime/show_uid_stat: open failed: ENOENT (No such file or directory)
01-25 13:50:52.431   691  1120 D WifiService: releaseWifiLockLocked: WifiLock{NlpWifiLock type=2 binder=android.os.BinderProxy@b766a2b}
01-25 13:50:52.432   691  1038 E native  : do suspend true
01-25 13:50:52.479  1630  8321 I GCoreUlr: Successfully inserted 1 locations
01-25 13:50:56.996   231   472 I qdhwcomposer: handle_blank_event: dpy:0 panel power state: 0
01-25 13:50:57.823  5885  5907 I PlayCommon: [3082] com.google.android.play.a.g.e(909): Preparing logs for uploading
01-25 13:50:57.968  5885  5907 I PlayCommon: [3082] com.google.android.play.a.g.a(1049): Connecting to server: https://play.googleapis.com/play/log?format=raw&proto_v2=true
01-25 13:50:57.984  5885  5907 W System  : ClassLoader referenced unknown path: /system/framework/tcmclient.jar
01-25 13:50:59.020  5885  5907 I PlayCommon: [3082] com.google.android.play.a.g.a(1127): Successfully uploaded logs.
01-25 13:51:04.054   231   472 I qdhwcomposer: handle_blank_event: dpy:0 panel power state: 0
01-25 13:51:04.119   691   727 E KernelUidCpuTimeReader: Failed to read uid_cputime: /proc/uid_cputime/show_uid_stat: open failed: ENOENT (No such file or directory)
01-25 13:51:10.975   231   472 I qdhwcomposer: handle_blank_event: dpy:0 panel power state: 0
01-25 13:51:16.525   231   472 I qdhwcomposer: handle_blank_event: dpy:0 panel power state: 0
01-25 13:51:32.913   231   472 I qdhwcomposer: handle_blank_event: dpy:0 panel power state: 0
01-25 13:51:33.054  1630  8684 I GCoreUlr: Starting service, intent=Intent { act=com.google.android.location.reporting.UPLOAD cmp=com.google.android.gms/com.google.android.location.reporting.service.DispatchingS
ervice }, extras=null
01-25 13:51:33.093  6007  6030 I com.newrelic.agent.android: Harvester: connected
01-25 13:51:33.093  6007  6030 I com.newrelic.agent.android: Harvester: Sending 0 HTTP transactions.
01-25 13:51:33.093  6007  6030 I com.newrelic.agent.android: Harvester: Sending 0 HTTP errors.
01-25 13:51:33.093  6007  6030 I com.newrelic.agent.android: Harvester: Sending 0 activity traces.
01-25 13:51:33.094  6007  6030 I com.newrelic.agent.android: Harvester: Sending 0 analytics events.
01-25 13:51:33.108  1630  8689 I GCoreUlr: LocationReporter sending 9 locations, 7 activities, and 5 metadata for account account#-1# request #0; requests: []
01-25 13:51:33.388  4250  4250 I TWILIGHT: [13:51:33.387, main]: Accessibility CHANGED com.android.vending android.widget.TextView
01-25 13:51:34.449  1630  8689 I GCoreUlr: Batch Location Update succeeded for account account#-1#
01-25 13:51:34.735   691   727 E KernelUidCpuTimeReader: Failed to read uid_cputime: /proc/uid_cputime/show_uid_stat: open failed: ENOENT (No such file or directory)
01-25 13:51:40.573   231   472 I qdhwcomposer: handle_blank_event: dpy:0 panel power state: 0
01-25 13:51:46.914   691   727 E KernelUidCpuTimeReader: Failed to read uid_cputime: /proc/uid_cputime/show_uid_stat: open failed: ENOENT (No such file or directory)
01-25 13:51:47.375   691  1121 D WifiService: acquireWifiLockLocked: WifiLock{NlpWifiLock type=2 binder=android.os.BinderProxy@b766a2b}
01-25 13:51:47.376   691  1038 E native  : do suspend true
01-25 13:51:47.381   691  1038 D WifiConfigStore: Retrieve network priorities after PNO.
01-25 13:51:52.382   691   727 E KernelUidCpuTimeReader: Failed to read uid_cputime: /proc/uid_cputime/show_uid_stat: open failed: ENOENT (No such file or directory)
01-25 13:51:52.458   691  1250 D WifiService: releaseWifiLockLocked: WifiLock{NlpWifiLock type=2 binder=android.os.BinderProxy@b766a2b}
01-25 13:51:52.459   691  1038 E native  : do suspend true
01-25 13:51:52.498  1630  1630 E GCoreUlr: Nearby alert returned an error:tte{status=Status{statusCode=PLACE_PROXIMITY_UNKNOWN, resolution=null}, attributions=null}
01-25 13:51:52.542  1630  8711 I GCoreUlr: Starting service, intent=Intent { act=com.google.android.location.reporting.UPLOAD cmp=com.google.android.gms/com.google.android.location.reporting.service.DispatchingS
ervice }, extras=null
01-25 13:52:27.382   231   472 I qdhwcomposer: handle_blank_event: dpy:0 panel power state: 0
01-25 13:52:27.383   232   232 I rmt_storage: rmt_storage_connect_cb: clnt_h=0x87 conn_h=0xb782df20
01-25 13:52:27.383   232   232 I rmt_storage: rmt_storage_rw_iovec_cb: /boot/modem_fs2: clnt_h=0x2: req_h=0x8b msg_id=3: R/W request received
01-25 13:52:27.383   232   232 I rmt_storage: wakelock acquired: 1, error no: 42
01-25 13:52:27.383   232   449 I rmt_storage: rmt_storage_client_thread: /boot/modem_fs2: clnt_h=0x2 Unblock worker thread (th_id: -1228916432)
01-25 13:52:27.552   232   449 I rmt_storage: rmt_storage_client_thread: /boot/modem_fs2: clnt_h=0x2: req_h=0x8b msg_id=3: Bytes written = 1572864
01-25 13:52:27.552   232   449 I rmt_storage: rmt_storage_client_thread: /boot/modem_fs2: clnt_h=0x2: req_h=0x8b msg_id=3: Send response: res=0 err=0
01-25 13:52:27.553   232   449 I rmt_storage: rmt_storage_client_thread: /boot/modem_fs2: clnt_h=0x2 About to block rmt_storage client thread (th_id: -1228916432) wakelock released: 1, error no: 0
01-25 13:52:27.553   232   449 I rmt_storage:
01-25 13:52:27.557   232   232 I rmt_storage: rmt_storage_disconnect_cb: clnt_h=0x0x87 conn_h=0x0xb782df20
01-25 13:52:45.929   231   472 I qdhwcomposer: handle_blank_event: dpy:0 panel power state: 0
01-25 13:53:00.937   231   472 I qdhwcomposer: handle_blank_event: dpy:0 panel power state: 0
01-25 13:53:01.087   691  2398 I bsthal  : <BST> set delay of <BOSCH Acceleration Sensor> to 20ms
01-25 13:53:01.460  4250  4250 I TWILIGHT: [13:53:01.459, main]: Accessibility CHANGED com.android.vending android.widget.TextView
01-25 13:53:01.643   691   727 E KernelUidCpuTimeReader: Failed to read uid_cputime: /proc/uid_cputime/show_uid_stat: open failed: ENOENT (No such file or directory)
01-25 13:53:01.797   691   701 I art     : Background partial concurrent mark sweep GC freed 46199(3MB) AllocSpace objects, 6(120KB) LOS objects, 16% free, 20MB/24MB, paused 2.706ms total 182.030ms
01-25 13:53:04.598   691  1544 I bsthal  : <BST> set delay of <BOSCH Acceleration Sensor> to 200ms
01-25 13:53:06.767   231   472 I qdhwcomposer: handle_blank_event: dpy:0 panel power state: 0
01-25 13:53:09.927   231   472 I qdhwcomposer: handle_blank_event: dpy:0 panel power state: 0
01-25 13:53:09.986   691  2398 I bsthal  : <BST> set delay of <BOSCH Acceleration Sensor> to 20ms
01-25 13:53:13.589   691  1544 I bsthal  : <BST> set delay of <BOSCH Acceleration Sensor> to 200ms
01-25 13:53:13.921   691   727 E KernelUidCpuTimeReader: Failed to read uid_cputime: /proc/uid_cputime/show_uid_stat: open failed: ENOENT (No such file or directory)
01-25 13:53:18.036   231   472 I qdhwcomposer: handle_blank_event: dpy:0 panel power state: 0
01-25 13:53:18.642   691  1250 I bsthal  : <BST> set delay of <BOSCH Acceleration Sensor> to 20ms
01-25 13:53:19.514  5293  5304 W art     : Suspending all threads took: 7.957ms
01-25 13:53:22.216   691  1912 I bsthal  : <BST> set delay of <BOSCH Acceleration Sensor> to 200ms
01-25 13:53:22.288   691   727 E KernelUidCpuTimeReader: Failed to read uid_cputime: /proc/uid_cputime/show_uid_stat: open failed: ENOENT (No such file or directory)
01-25 13:53:47.576   231   472 I qdhwcomposer: handle_blank_event: dpy:0 panel power state: 0
01-25 13:53:47.595  1630  8321 I GCoreUlr: Starting BLE scan: mode: 2
01-25 13:53:47.598  1630  1630 I BeaconBle: Client requested scan, settings=BleSettings [scanMode=LOW_LATENCY, callbackType=ALL_MATCHES, reportDelayMillis=0, 2 filters, 0 clients, callingClientName=ULR], listene
r=hjz@a67b8d9
01-25 13:53:47.602   691  1120 D WifiService: acquireWifiLockLocked: WifiLock{NlpWifiLock type=2 binder=android.os.BinderProxy@6cac20a}
01-25 13:53:47.603   691  1038 E native  : do suspend true
01-25 13:53:47.604   691  1038 D WifiConfigStore: Retrieve network priorities after PNO.
01-25 13:53:47.621  1630  1630 I BeaconBle: 'L' hardware scan: 2 filters, scanMode=2, reportdelay=0, callback type=1, #clients=1
01-25 13:53:47.626  1630  1630 I BeaconBle: Starting scan on delegate scanner - BT state: 15
01-25 13:53:47.660 14007 14019 D BtGatt.GattService: registerClient() - UUID=c4c11553-7ccb-47bb-9c48-77cc0e26fd2d
01-25 13:53:47.707 14007 14033 D BtGatt.GattService: onClientRegistered() - UUID=c4c11553-7ccb-47bb-9c48-77cc0e26fd2d, clientIf=4
01-25 13:53:47.707  1630  2400 D BluetoothLeScanner: onClientRegistered() - status=0 clientIf=4
01-25 13:53:47.708 14007 23653 D BtGatt.GattService: start scan with filters
01-25 13:53:47.716 14007 14036 D BtGatt.ScanManager: handling starting scan
01-25 13:53:47.723 14007 14036 D BtGatt.ScanManager: configureRegularScanParams() - queue=1
01-25 13:53:47.723 14007 14036 D BtGatt.ScanManager: configureRegularScanParams() - ScanSetting Scan mode=2 mLastConfiguredScanSetting=-2147483648
01-25 13:53:47.723 14007 14036 D BtGatt.ScanManager: configureRegularScanParams - scanInterval = 8000configureRegularScanParams - scanWindow = 8000
01-25 13:53:47.728 14007 14033 D BtGatt.GattService: onScanParamSetupCompleted : 0
01-25 13:53:49.054 14007 14033 D bt_btif_gattc: btif_gattc_update_properties BLE device name=Flex len=4 dev_type=2
01-25 13:53:49.091 14007 14033 D BluetoothRemoteDevices: Remote Device name is: Flex
01-25 13:53:49.101 14007 14033 D BluetoothRemoteDevices: Remote class is:7936
01-25 13:53:49.604  1630  8321 I GCoreUlr: Starting BLE scan: mode: 3
01-25 13:53:49.607  1630  1630 I BeaconBle: Client requested scan, settings=BleSettings [scanMode=ZERO_POWER, callbackType=ALL_MATCHES, reportDelayMillis=0, 2 filters, 0 clients, callingClientName=ULR], listener
=hjz@a67b8d9
01-25 13:53:49.644  1630  1630 I BeaconBle: Stopping scan on delegate scanner - BT state: 15
01-25 13:53:49.653 14007 14019 D BtGatt.GattService: stopScan() - queue size =1
01-25 13:53:49.657 14007 14036 D BtGatt.ScanManager: stop scan
01-25 13:53:49.657 14007 14036 D BtGatt.ScanManager: configureRegularScanParams() - queue=0
01-25 13:53:49.657 14007 14036 D BtGatt.ScanManager: configureRegularScanParams() - ScanSetting Scan mode=-2147483648 mLastConfiguredScanSetting=2
01-25 13:53:49.657 14007 14036 D BtGatt.ScanManager: configureRegularScanParams() - queue emtpy, scan stopped
01-25 13:53:49.663 14007 23653 D BtGatt.GattService: unregisterClient() - clientIf=4
01-25 13:53:49.669  1630  1630 I BeaconBle: Resetting - new scanner available: true
01-25 13:53:49.669  1630  1630 I BeaconBle: ZERO_POWER is disabled.
01-25 13:53:49.669  1630  1630 I BeaconBle: 'L' hardware scan: scan stopped, no powered clients
01-25 13:53:49.699  1630  8321 I GCoreUlr: BLE: collected 0 results
01-25 13:53:51.619   691   727 E KernelUidCpuTimeReader: Failed to read uid_cputime: /proc/uid_cputime/show_uid_stat: open failed: ENOENT (No such file or directory)
01-25 13:53:52.615   691  1830 D WifiService: releaseWifiLockLocked: WifiLock{NlpWifiLock type=2 binder=android.os.BinderProxy@6cac20a}
01-25 13:53:52.618   691  1038 E native  : do suspend true
01-25 13:53:56.039   231   472 I qdhwcomposer: handle_blank_event: dpy:0 panel power state: 0
01-25 13:54:18.312   231   472 I qdhwcomposer: handle_blank_event: dpy:0 panel power state: 0
01-25 13:54:19.739  4250  4250 I TWILIGHT: [13:54:19.738, main]: Accessibility CHANGED com.android.vending android.widget.TextView
01-25 13:54:24.081   231   472 I qdhwcomposer: handle_blank_event: dpy:0 panel power state: 0
01-25 13:54:24.127   691   727 E KernelUidCpuTimeReader: Failed to read uid_cputime: /proc/uid_cputime/show_uid_stat: open failed: ENOENT (No such file or directory)
01-25 13:54:35.912   231   472 I qdhwcomposer: handle_blank_event: dpy:0 panel power state: 0
01-25 13:54:35.955  4250  4250 I TWILIGHT: [13:54:35.955, main]: Service start foreground
01-25 13:54:35.955  4250  4250 I TWILIGHT: [13:54:35.955, main]: Extra android.intent.extra.ALARM_COUNT
01-25 13:54:35.982  4250  4250 I TWILIGHT: [13:54:35.982, main]: Needs foreground -1
01-25 13:54:35.982  4250  4250 I TWILIGHT: [13:54:35.982, main]: VIEW: Finally Update current 100 1500
01-25 13:54:48.705   232   232 I rmt_storage: rmt_storage_connect_cb: clnt_h=0x88 conn_h=0xb782df20
01-25 13:54:48.722   232   232 I rmt_storage: rmt_storage_rw_iovec_cb: /boot/modem_fs1: clnt_h=0x1: req_h=0x8c msg_id=3: R/W request received
01-25 13:54:48.723   232   232 I rmt_storage: wakelock acquired: 1, error no: 42
01-25 13:54:48.723   232   448 I rmt_storage: rmt_storage_client_thread: /boot/modem_fs1: clnt_h=0x1 Unblock worker thread (th_id: -1227871952)
01-25 13:54:48.729   231   472 I qdhwcomposer: handle_blank_event: dpy:0 panel power state: 0
01-25 13:54:48.859   232   448 I rmt_storage: rmt_storage_client_thread: /boot/modem_fs1: clnt_h=0x1: req_h=0x8c msg_id=3: Bytes written = 1572864
01-25 13:54:48.859   232   448 I rmt_storage: rmt_storage_client_thread: /boot/modem_fs1: clnt_h=0x1: req_h=0x8c msg_id=3: Send response: res=0 err=0
01-25 13:54:48.859   232   448 I rmt_storage: rmt_storage_client_thread: /boot/modem_fs1: clnt_h=0x1 About to block rmt_storage client thread (th_id: -1227871952) wakelock released: 1, error no: 22
01-25 13:54:48.859   232   448 I rmt_storage:
01-25 13:54:48.860   232   232 I rmt_storage: rmt_storage_disconnect_cb: clnt_h=0x0x88 conn_h=0x0xb782df20
01-25 13:54:56.542   231   472 I qdhwcomposer: handle_blank_event: dpy:0 panel power state: 0
01-25 13:55:04.413   231   472 I qdhwcomposer: handle_blank_event: dpy:0 panel power state: 0
01-25 13:55:04.462   691   727 E KernelUidCpuTimeReader: Failed to read uid_cputime: /proc/uid_cputime/show_uid_stat: open failed: ENOENT (No such file or directory)
01-25 13:55:10.060   231   472 I qdhwcomposer: handle_blank_event: dpy:0 panel power state: 0
01-25 13:55:24.885   231   472 I qdhwcomposer: handle_blank_event: dpy:0 panel power state: 0
01-25 13:55:31.054   231   472 I qdhwcomposer: handle_blank_event: dpy:0 panel power state: 0
01-25 13:55:35.139   231   472 I qdhwcomposer: handle_blank_event: dpy:0 panel power state: 0
01-25 13:55:35.279  1744  1744 D MccTable: updateMccMncConfiguration mccmnc='310120' fromServiceState=true
01-25 13:55:35.280  1744  1744 D MccTable: updateMccMncConfiguration defaultMccMnc=310120
01-25 13:55:35.280  1744  1744 D MccTable: updateMccMncConfiguration: mcc=310, mnc=120
01-25 13:55:35.280  1744  1744 D MccTable: WIFI_COUNTRY_CODE set to us
01-25 13:55:35.280   691   708 I WifiService: WifiService trying to set country code to us with persist set to true
01-25 13:55:35.326   691   726 D GpsLocationProvider: received SIM change, new known MCC/MNC: [310120]
01-25 13:55:35.346  8509  8509 D CellBroadcastReceiver: onReceive Intent { act=android.intent.action.SERVICE_STATE flg=0x10 cmp=com.android.cellbroadcastreceiver/.CellBroadcastReceiver (has extras) }
01-25 13:55:35.346  8509  8509 D CellBroadcastReceiver: Intent ACTION_SERVICE_STATE_CHANGED
01-25 13:55:35.347  8509  8509 D CellBroadcastReceiver: subscriptionId = 1
01-25 13:55:35.380  1744  1744 I chatty  : uid=1001(radio) com.android.phone expire 12 lines
01-25 13:55:35.434   691  1544 I Telecom : PhoneAccountRegistrar: [ComponentInfo{com.android.phone/com.android.services.telephony.TelephonyConnectionService}, [356a192b7913b04c54574d18c28d46e6395428ab], UserHand
le{0}(icon: Icon(typ=BITMAP size=29x36) -> Icon(typ=BITMAP size=29x36))(lbl:  -> Sprint)(desc:  -> Sprint)]
01-25 13:55:35.458   691  1544 I Telecom : : Sending phone-account registered intent as user
01-25 13:55:35.477   691  2397 W Telecom : : No account found for the calling user
01-25 13:55:35.490  1744  8904 I chatty  : uid=1001(radio) com.android.phone expire 1 line
01-25 13:55:35.496   691  2182 I Telecom : PhoneAccountRegistrar: [ComponentInfo{com.android.phone/com.android.services.telephony.TelephonyConnectionService}, [356a192b7913b04c54574d18c28d46e6395428ab], UserHand
le{0}(icon: Icon(typ=BITMAP size=29x36) -> Icon(typ=BITMAP size=29x36))]
01-25 13:55:36.008   231   472 I qdhwcomposer: handle_blank_event: dpy:0 panel power state: 0
01-25 13:55:36.051   691  2182 I Telecom : : Sending phone-account registered intent as user
01-25 13:55:36.057   236   321 I chatty  : uid=1001(radio) /system/bin/rild expire 10 lines
01-25 13:55:36.057   254   519 D QC-time-services: Daemon: Connection accepted:time_genoff
01-25 13:55:36.058  4250  4250 I TWILIGHT: [13:55:36.057, main]: Accessibility CHANGED com.android.systemui android.widget.TextView
01-25 13:55:36.058   254  8923 D QC-time-services: Daemon:Received base = 13, unit = 1, operation = 0,value = 1485374136000
01-25 13:55:36.058   254  8923 D QC-time-services: Daemon:genoff_opr: Base = 13, val = 1485374136000, operation = 0
01-25 13:55:36.058   254  8923 D QC-time-services: Daemon:rtc_get: Time read from RTC -- MM/DD/YY HH:MM:SS0/3/70 22:18:4
01-25 13:55:36.058   254  8923 D QC-time-services: Daemon:Value read from RTC seconds = 253084000
01-25 13:55:36.058   254  8923 D QC-time-services: Daemon:new time 1485374136000
01-25 13:55:36.058   254  8923 D QC-time-services: Daemon: delta 1485121052000 genoff 1485121052000
01-25 13:55:36.058   254  8923 D QC-time-services: Daemon:genoff_persistent_update: Writing genoff = 1485121052000 to memory
01-25 13:55:36.058   254  8923 D QC-time-services: Daemon:Opening File: /data/time/ats_13
01-25 13:55:36.058   254  8923 D QC-time-services: Daemon:time_persistent_memory_opr:Genoff write operation
01-25 13:55:36.062   254   519 E QC-time-services: Daemon: Time-services: Waiting to acceptconnection
01-25 13:55:36.067   691  2182 D AlarmManagerService: Kernel timezone updated to 360 minutes west of GMT
01-25 13:55:36.120   691   726 D GpsLocationProvider: received SIM change, new known MCC/MNC: [310120]
01-25 13:55:36.133   691  1040 D ConnectivityService: notifyType CAP_CHANGED for NetworkAgentInfo [MOBILE (CDMA - eHRPD) - 115]
01-25 13:55:36.135  8509  8509 D CellBroadcastReceiver: onReceive Intent { act=android.intent.action.SERVICE_STATE flg=0x10 cmp=com.android.cellbroadcastreceiver/.CellBroadcastReceiver (has extras) }
01-25 13:55:36.135  8509  8509 D CellBroadcastReceiver: Intent ACTION_SERVICE_STATE_CHANGED
01-25 13:55:36.136  8509  8509 D CellBroadcastReceiver: subscriptionId = 1
01-25 13:55:36.137   691  1040 D ConnectivityService: Setting tx/rx TCP buffers to 2097152,4194304,8388608,262144,524288,1048576
01-25 13:55:36.162  8509  8509 D CellBroadcastReceiver: Service state changed! 0 Full: 0 0 voice home data home Sprint  310120 Sprint  310120  LTE LTE CSS not supported 0 0 RoamInd=1 DefRoamInd=0 EmergOnly=false
 IsDataRoamingFromRegistration=false Current state=1
01-25 13:55:36.166   691  1040 D ConnectivityService: notifyType IP_CHANGED for NetworkAgentInfo [MOBILE (LTE) - 115]
01-25 13:55:36.219   691  1830 I Telecom : PhoneAccountRegistrar: [ComponentInfo{com.android.phone/com.android.services.telephony.TelephonyConnectionService}, [356a192b7913b04c54574d18c28d46e6395428ab], UserHand
le{0}(icon: Icon(typ=BITMAP size=29x36) -> Icon(typ=BITMAP size=29x36))(lbl: Sprint -> )(desc: Sprint -> )]
01-25 13:55:36.230   691  1830 I Telecom : : Sending phone-account registered intent as user
01-25 13:55:36.238  8509  8932 D CellBroadcastConfigService: enabling emergency cell broadcast channels
01-25 13:55:36.246   691  1544 W Telecom : : No account found for the calling user
01-25 13:55:36.280  1744  8933 I chatty  : uid=1001(radio) com.android.phone expire 1 line
01-25 13:55:36.293   691  1179 I ActivityManager: Process com.google.android.apps.photos (pid 7857) has died
01-25 13:55:36.293   691  1179 D ActivityManager: cleanUpApplicationRecord -- 7857
01-25 13:55:36.301  5079  5079 I MemoryTrimmer: Trimming objects from memory, since app is in the background.
01-25 13:55:36.313  5885  5885 I Finsky  : [1] com.google.android.finsky.utils.cx.onTrimMemory(17): Memory trim requested to level 5
01-25 13:55:36.336   691  2398 I Telecom : PhoneAccountRegistrar: [ComponentInfo{com.android.phone/com.android.services.telephony.TelephonyConnectionService}, [356a192b7913b04c54574d18c28d46e6395428ab], UserHand
le{0}(icon: Icon(typ=BITMAP size=29x36) -> Icon(typ=BITMAP size=29x36))]
01-25 13:55:36.348   691  2398 I Telecom : : Sending phone-account registered intent as user
01-25 13:55:36.361   691  2255 W Telecom : : No account found for the calling user
01-25 13:55:36.405   691  1120 I Telecom : PhoneAccountRegistrar: [ComponentInfo{com.android.phone/com.android.services.telephony.TelephonyConnectionService}, [356a192b7913b04c54574d18c28d46e6395428ab], UserHand
le{0}(icon: Icon(typ=BITMAP size=29x36) -> Icon(typ=BITMAP size=29x36))]
01-25 13:55:36.415   691  1120 I Telecom : : Sending phone-account registered intent as user
01-25 13:55:36.423   691  2397 I Telecom : PhoneAccountRegistrar: [ComponentInfo{com.android.phone/com.android.services.telephony.TelephonyConnectionService}, [356a192b7913b04c54574d18c28d46e6395428ab], UserHand
le{0}(icon: Icon(typ=BITMAP size=29x36) -> Icon(typ=BITMAP size=29x36))]
01-25 13:55:36.435   691  2397 I Telecom : : Sending phone-account registered intent as user
01-25 13:55:36.458  1744 32119 I chatty  : uid=1001(radio) Binder_A expire 3 lines
01-25 13:55:36.516  4250  4250 I TWILIGHT: [13:55:36.515, main]: Accessibility CHANGED com.android.systemui android.widget.TextView
01-25 13:55:36.576  8509  8932 D CellBroadcastConfigService: enabled emergency cell broadcast channels
01-25 13:55:36.626  8509  8932 D CellBroadcastConfigService: disabling cell broadcast channel 50
01-25 13:55:36.672  1744 10996 I chatty  : uid=1001(radio) Binder_C expire 4 lines
01-25 13:55:36.674  8509  8932 D CellBroadcastConfigService: channel 60 is not applicable for cdma
01-25 13:55:36.680  8509  8932 D CellBroadcastConfigService: disabling channels 919-928
01-25 13:55:36.702   691   701 I art     : Background sticky concurrent mark sweep GC freed 30694(3MB) AllocSpace objects, 11(220KB) LOS objects, 15% free, 21MB/24MB, paused 4.220ms total 110.846ms
01-25 13:55:36.708  8509  8932 D CellBroadcastConfigService: disabling cell broadcast ETWS test messages
01-25 13:55:37.189  6007  6030 I com.newrelic.agent.android: Harvester: connected
01-25 13:55:37.189  6007  6030 I com.newrelic.agent.android: Harvester: Sending 0 HTTP transactions.
01-25 13:55:37.189  6007  6030 I com.newrelic.agent.android: Harvester: Sending 0 HTTP errors.
01-25 13:55:37.189  6007  6030 I com.newrelic.agent.android: Harvester: Sending 0 activity traces.
01-25 13:55:37.189  6007  6030 I com.newrelic.agent.android: Harvester: Sending 0 analytics events.
01-25 13:55:47.944   231   472 I qdhwcomposer: handle_blank_event: dpy:0 panel power state: 0
01-25 13:55:48.016  4250  4250 I TWILIGHT: [13:55:48.016, main]: Accessibility CHANGED com.android.systemui android.widget.LinearLayout
01-25 13:55:48.039   691  2182 D WifiService: acquireWifiLockLocked: WifiLock{NlpWifiLock type=2 binder=android.os.BinderProxy@c2faa0c}
01-25 13:55:48.040   691  1038 E native  : do suspend true
01-25 13:55:48.044   691  1038 D WifiConfigStore: Retrieve network priorities after PNO.
01-25 13:55:48.126  5079  5079 I MemoryTrimmer: Trimming objects from memory, since app is in the background.
01-25 13:55:48.407  4250  4250 I TWILIGHT: [13:55:48.407, main]: Accessibility CHANGED com.android.vending android.widget.TextView
01-25 13:55:48.608   691   727 E KernelUidCpuTimeReader: Failed to read uid_cputime: /proc/uid_cputime/show_uid_stat: open failed: ENOENT (No such file or directory)
