01-25 13:55:53.129   691  1544 D WifiService: releaseWifiLockLocked: WifiLock{NlpWifiLock type=2 binder=android.os.BinderProxy@c2faa0c}
01-25 13:55:53.130   691  1038 E native  : do suspend true
01-25 13:55:53.228   691  1596 E SensorService: Error activating sensor 1598182245 (I/O error)
01-25 13:55:53.239  5079  5079 I MemoryTrimmer: Trimming objects from memory, since app is in the background.
01-25 13:55:53.383  1630  8320 I GCoreUlr: Successfully inserted 3 locations
01-25 13:55:53.407  1630  1640 I art     : Background partial concurrent mark sweep GC freed 39476(2MB) AllocSpace objects, 35(932KB) LOS objects, 19% free, 16MB/20MB, paused 4.740ms total 227.276ms
01-25 13:56:14.923   231   472 I qdhwcomposer: handle_blank_event: dpy:0 panel power state: 0
01-25 13:56:15.170  5079  5079 I MemoryTrimmer: Trimming objects from memory, since app is in the background.
01-25 13:56:15.422  4250  4250 I TWILIGHT: [13:56:15.421, main]: Accessibility CHANGED com.android.vending android.widget.TextView
01-25 13:56:16.960   231   472 I qdhwcomposer: handle_blank_event: dpy:0 panel power state: 0
01-25 13:56:17.002   254   519 D QC-time-services: Daemon: Connection accepted:time_genoff
01-25 13:56:17.003   254  9027 D QC-time-services: Daemon:Received base = 13, unit = 1, operation = 0,value = 1485374177000
01-25 13:56:17.003   254  9027 D QC-time-services: Daemon:genoff_opr: Base = 13, val = 1485374177000, operation = 0
01-25 13:56:17.003   254  9027 D QC-time-services: Daemon:rtc_get: Time read from RTC -- MM/DD/YY HH:MM:SS0/3/70 22:18:45
01-25 13:56:17.004   254  9027 D QC-time-services: Daemon:Value read from RTC seconds = 253125000
01-25 13:56:17.004   254  9027 D QC-time-services: Daemon:new time 1485374177000
01-25 13:56:17.004   254  9027 D QC-time-services: Daemon: delta 1485121052000 genoff 1485121052000
01-25 13:56:17.004   254  9027 D QC-time-services: Daemon:genoff_persistent_update: Writing genoff = 1485121052000 to memory
01-25 13:56:17.004   254  9027 D QC-time-services: Daemon:Opening File: /data/time/ats_13
01-25 13:56:17.004   254  9027 D QC-time-services: Daemon:time_persistent_memory_opr:Genoff write operation
01-25 13:56:17.008   254   519 E QC-time-services: Daemon: Time-services: Waiting to acceptconnection
01-25 13:56:17.010   691   708 D AlarmManagerService: Kernel timezone updated to 360 minutes west of GMT
01-25 13:56:17.065  1744  1744 D MccTable: updateMccMncConfiguration mccmnc='31000' fromServiceState=true
01-25 13:56:17.065  1744  1744 D MccTable: updateMccMncConfiguration defaultMccMnc=310120
01-25 13:56:17.065  1744  1744 D MccTable: updateMccMncConfiguration: mcc=310, mnc=0
01-25 13:56:17.065  1744  1744 D MccTable: WIFI_COUNTRY_CODE set to us
01-25 13:56:17.065   691  2397 I WifiService: WifiService trying to set country code to us with persist set to true
01-25 13:56:17.091  8509  8509 D CellBroadcastReceiver: onReceive Intent { act=android.intent.action.SERVICE_STATE flg=0x10 cmp=com.android.cellbroadcastreceiver/.CellBroadcastReceiver (has extras) }
01-25 13:56:17.092  8509  8509 D CellBroadcastReceiver: Intent ACTION_SERVICE_STATE_CHANGED
01-25 13:56:17.092  8509  8509 D CellBroadcastReceiver: subscriptionId = 1
01-25 13:56:17.107  8509  8509 D CellBroadcastReceiver: Service state changed! 0 Full: 0 0 voice home data home Sprint  31000 Sprint  31000  CDMA-IS95A LTE CSS not supported 308 4139 RoamInd=1 DefRoamInd=0 Emerg
Only=false IsDataRoamingFromRegistration=false Current state=1
01-25 13:56:17.154  8509  9031 D CellBroadcastConfigService: enabling emergency cell broadcast channels
01-25 13:56:17.184  1744 20697 I chatty  : uid=1001(radio) Binder_D expire 3 lines
01-25 13:56:17.194  1744 25971 I chatty  : uid=1001(radio) Binder_F expire 3 lines
01-25 13:56:17.206  1744  1778 I chatty  : uid=1001(radio) Binder_1 expire 3 lines
01-25 13:56:17.217  1744  2208 I chatty  : uid=1001(radio) Binder_4 expire 3 lines
01-25 13:56:17.228  1744  6253 I chatty  : uid=1001(radio) Binder_7 expire 3 lines
01-25 13:56:17.239  1744  2556 D IccSmsInterfaceManager: [IccSmsInterfaceManager] enableCdmaBroadcastRange
01-25 13:56:17.240  1744  2556 D IccSmsInterfaceManager: [IccSmsInterfaceManager] Added cdma broadcast subscription for MID range 4099 to 4099 from client com.android.cellbroadcastreceiver
01-25 13:56:17.240  1744  2556 D IccSmsInterfaceManager: [IccSmsInterfaceManager] Calling setCdmaBroadcastActivation(true)
01-25 13:56:17.252  1744 29331 D IccSmsInterfaceManager: [IccSmsInterfaceManager] enableGsmBroadcastRange
01-25 13:56:17.253  1744 29331 D IccSmsInterfaceManager: [IccSmsInterfaceManager] Added GSM cell broadcast subscription for MID range 4380 to 4382 from client com.android.cellbroadcastreceiver
01-25 13:56:17.253  1744 29331 D IccSmsInterfaceManager: [IccSmsInterfaceManager] Calling setCellBroadcastActivation(true)
01-25 13:56:17.301  1744  1779 D IccSmsInterfaceManager: [IccSmsInterfaceManager] enableCdmaBroadcastRange
01-25 13:56:17.301  1744  1779 D IccSmsInterfaceManager: [IccSmsInterfaceManager] Added cdma broadcast subscription for MID range 4100 to 4100 from client com.android.cellbroadcastreceiver
01-25 13:56:17.301  1744  1779 D IccSmsInterfaceManager: [IccSmsInterfaceManager] Calling setCdmaBroadcastActivation(true)
01-25 13:56:17.312  1744  2208 D IccSmsInterfaceManager: [IccSmsInterfaceManager] enableGsmBroadcastRange
01-25 13:56:17.312  1744  2208 D IccSmsInterfaceManager: [IccSmsInterfaceManager] Added GSM cell broadcast subscription for MID range 4393 to 4395 from client com.android.cellbroadcastreceiver
01-25 13:56:17.312  1744  2208 D IccSmsInterfaceManager: [IccSmsInterfaceManager] Calling setCellBroadcastActivation(true)
01-25 13:56:17.316  8509  9031 D CellBroadcastConfigService: enabled emergency cell broadcast channels
01-25 13:56:17.323  1744  2556 D IccSmsInterfaceManager: [IccSmsInterfaceManager] enableGsmBroadcastRange
01-25 13:56:17.323  1744  2556 D IccSmsInterfaceManager: [IccSmsInterfaceManager] Added GSM cell broadcast subscription for MID range 4370 to 4370 from client com.android.cellbroadcastreceiver
01-25 13:56:17.323  1744  2556 D IccSmsInterfaceManager: [IccSmsInterfaceManager] Calling setCellBroadcastActivation(true)
01-25 13:56:17.335  1744 32119 D IccSmsInterfaceManager: [IccSmsInterfaceManager] enableCdmaBroadcastRange
01-25 13:56:17.335  1744 32119 D IccSmsInterfaceManager: [IccSmsInterfaceManager] Added cdma broadcast subscription for MID range 4096 to 4096 from client com.android.cellbroadcastreceiver
01-25 13:56:17.335  1744 32119 D IccSmsInterfaceManager: [IccSmsInterfaceManager] Calling setCdmaBroadcastActivation(true)
01-25 13:56:17.342  4250  4250 I TWILIGHT: [13:56:17.342, main]: Accessibility CHANGED com.android.systemui android.widget.TextView
01-25 13:56:17.347  1744 10996 D IccSmsInterfaceManager: [IccSmsInterfaceManager] enableGsmBroadcastRange
01-25 13:56:17.348  1744 10996 D IccSmsInterfaceManager: [IccSmsInterfaceManager] Added GSM cell broadcast subscription for MID range 4383 to 4383 from client com.android.cellbroadcastreceiver
01-25 13:56:17.348  1744 10996 D IccSmsInterfaceManager: [IccSmsInterfaceManager] Calling setCellBroadcastActivation(true)
01-25 13:56:17.352  8509  9031 D CellBroadcastConfigService: disabling cell broadcast channel 50
01-25 13:56:17.359  1744 21084 D IccSmsInterfaceManager: [IccSmsInterfaceManager] disableGsmBroadcastRange
01-25 13:56:17.359  1744 21084 D IccSmsInterfaceManager: [IccSmsInterfaceManager] Failed to remove GSM cell broadcast subscription for MID range 50 to 50 from client com.android.cellbroadcastreceiver
01-25 13:56:17.359  8509  9031 D CellBroadcastConfigService: channel 60 is not applicable for cdma
01-25 13:56:17.361  8509  9031 D CellBroadcastConfigService: disabling channels 919-928
01-25 13:56:17.368  1744  1779 D IccSmsInterfaceManager: [IccSmsInterfaceManager] disableGsmBroadcastRange
01-25 13:56:17.368  1744  1779 D IccSmsInterfaceManager: [IccSmsInterfaceManager] Failed to remove GSM cell broadcast subscription for MID range 919 to 928 from client com.android.cellbroadcastreceiver
01-25 13:56:17.371  8509  9031 D CellBroadcastConfigService: disabling cell broadcast ETWS test messages
01-25 13:56:17.376  1744 32119 D IccSmsInterfaceManager: [IccSmsInterfaceManager] disableGsmBroadcastRange
01-25 13:56:17.377  1744 32119 D IccSmsInterfaceManager: [IccSmsInterfaceManager] Failed to remove GSM cell broadcast subscription for MID range 4355 to 4355 from client com.android.cellbroadcastreceiver
01-25 13:56:18.837   231   472 I qdhwcomposer: handle_blank_event: dpy:0 panel power state: 0
01-25 13:56:20.865   231   472 I qdhwcomposer: handle_blank_event: dpy:0 panel power state: 0
01-25 13:56:20.977   691  1040 D ConnectivityService: notifyType CAP_CHANGED for NetworkAgentInfo [MOBILE (LTE) - 115]
01-25 13:56:20.983  8509  8509 D CellBroadcastReceiver: onReceive Intent { act=android.intent.action.SERVICE_STATE flg=0x10 cmp=com.android.cellbroadcastreceiver/.CellBroadcastReceiver (has extras) }
01-25 13:56:20.983  8509  8509 D CellBroadcastReceiver: Intent ACTION_SERVICE_STATE_CHANGED
01-25 13:56:20.984  8509  8509 D CellBroadcastReceiver: subscriptionId = 1
01-25 13:56:20.986   691  1040 D ConnectivityService: Setting tx/rx TCP buffers to 4094,87380,1048576,4096,16384,262144
01-25 13:56:21.009  8509  8509 D CellBroadcastReceiver: Service state changed! 0 Full: 0 0 voice home data home Sprint  31000 Sprint  31000  1xRTT eHRPD CSS not supported 308 4139 RoamInd=1 DefRoamInd=0 EmergOnl
y=false IsDataRoamingFromRegistration=false Current state=1
01-25 13:56:21.024   691  1040 D ConnectivityService: notifyType IP_CHANGED for NetworkAgentInfo [MOBILE (CDMA - eHRPD) - 115]
01-25 13:56:21.091  8509  9082 D CellBroadcastConfigService: enabling emergency cell broadcast channels
01-25 13:56:21.147  1744 20697 D IccSmsInterfaceManager: [IccSmsInterfaceManager] enableGsmBroadcastRange
01-25 13:56:21.147  1744 20697 D IccSmsInterfaceManager: [IccSmsInterfaceManager] Added GSM cell broadcast subscription for MID range 4352 to 4354 from client com.android.cellbroadcastreceiver
01-25 13:56:21.148  1744 20697 D IccSmsInterfaceManager: [IccSmsInterfaceManager] Calling setCellBroadcastActivation(true)
01-25 13:56:21.158  1744 26635 D IccSmsInterfaceManager: [IccSmsInterfaceManager] enableGsmBroadcastRange
01-25 13:56:21.159  1744 26635 D IccSmsInterfaceManager: [IccSmsInterfaceManager] Added GSM cell broadcast subscription for MID range 4356 to 4356 from client com.android.cellbroadcastreceiver
01-25 13:56:21.159  1744 26635 D IccSmsInterfaceManager: [IccSmsInterfaceManager] Calling setCellBroadcastActivation(true)
01-25 13:56:21.170  1744 25971 D IccSmsInterfaceManager: [IccSmsInterfaceManager] enableGsmBroadcastRange
01-25 13:56:21.171  1744 25971 D IccSmsInterfaceManager: [IccSmsInterfaceManager] Added GSM cell broadcast subscription for MID range 4371 to 4372 from client com.android.cellbroadcastreceiver
01-25 13:56:21.171  1744 25971 D IccSmsInterfaceManager: [IccSmsInterfaceManager] Calling setCellBroadcastActivation(true)
01-25 13:56:21.181  1744 26653 D IccSmsInterfaceManager: [IccSmsInterfaceManager] enableCdmaBroadcastRange
01-25 13:56:21.182  1744 26653 D IccSmsInterfaceManager: [IccSmsInterfaceManager] Added cdma broadcast subscription for MID range 4097 to 4097 from client com.android.cellbroadcastreceiver
01-25 13:56:21.182  1744 26653 D IccSmsInterfaceManager: [IccSmsInterfaceManager] Calling setCdmaBroadcastActivation(true)
01-25 13:56:21.192  1744  6253 D IccSmsInterfaceManager: [IccSmsInterfaceManager] enableGsmBroadcastRange
01-25 13:56:21.192  1744  6253 D IccSmsInterfaceManager: [IccSmsInterfaceManager] Added GSM cell broadcast subscription for MID range 4373 to 4378 from client com.android.cellbroadcastreceiver
01-25 13:56:21.192  1744  6253 D IccSmsInterfaceManager: [IccSmsInterfaceManager] Calling setCellBroadcastActivation(true)
01-25 13:56:21.203  1744  2208 D IccSmsInterfaceManager: [IccSmsInterfaceManager] enableCdmaBroadcastRange
01-25 13:56:21.204  1744  2208 D IccSmsInterfaceManager: [IccSmsInterfaceManager] Added cdma broadcast subscription for MID range 4098 to 4098 from client com.android.cellbroadcastreceiver
01-25 13:56:21.204  1744  2208 D IccSmsInterfaceManager: [IccSmsInterfaceManager] Calling setCdmaBroadcastActivation(true)
01-25 13:56:21.217  1744 32119 D IccSmsInterfaceManager: [IccSmsInterfaceManager] enableGsmBroadcastRange
01-25 13:56:21.218  1744 32119 D IccSmsInterfaceManager: [IccSmsInterfaceManager] Added GSM cell broadcast subscription for MID range 4379 to 4379 from client com.android.cellbroadcastreceiver
01-25 13:56:21.218  1744 32119 D IccSmsInterfaceManager: [IccSmsInterfaceManager] Calling setCellBroadcastActivation(true)
01-25 13:56:21.236  1744  1964 D IccSmsInterfaceManager: [IccSmsInterfaceManager] enableCdmaBroadcastRange
01-25 13:56:21.238  1744  1964 D IccSmsInterfaceManager: [IccSmsInterfaceManager] Added cdma broadcast subscription for MID range 4099 to 4099 from client com.android.cellbroadcastreceiver
01-25 13:56:21.238  1744  1964 D IccSmsInterfaceManager: [IccSmsInterfaceManager] Calling setCdmaBroadcastActivation(true)
01-25 13:56:21.258  1744 20697 D IccSmsInterfaceManager: [IccSmsInterfaceManager] enableGsmBroadcastRange
01-25 13:56:21.259  1744 20697 D IccSmsInterfaceManager: [IccSmsInterfaceManager] Added GSM cell broadcast subscription for MID range 4380 to 4382 from client com.android.cellbroadcastreceiver
01-25 13:56:21.259  1744 20697 D IccSmsInterfaceManager: [IccSmsInterfaceManager] Calling setCellBroadcastActivation(true)
01-25 13:56:21.277  1744 26635 D IccSmsInterfaceManager: [IccSmsInterfaceManager] enableCdmaBroadcastRange
01-25 13:56:21.279  1744 26635 D IccSmsInterfaceManager: [IccSmsInterfaceManager] Added cdma broadcast subscription for MID range 4100 to 4100 from client com.android.cellbroadcastreceiver
01-25 13:56:21.279  1744 26635 D IccSmsInterfaceManager: [IccSmsInterfaceManager] Calling setCdmaBroadcastActivation(true)
01-25 13:56:21.298  1744 25971 D IccSmsInterfaceManager: [IccSmsInterfaceManager] enableGsmBroadcastRange
01-25 13:56:21.299  1744 25971 D IccSmsInterfaceManager: [IccSmsInterfaceManager] Added GSM cell broadcast subscription for MID range 4393 to 4395 from client com.android.cellbroadcastreceiver
01-25 13:56:21.300  1744 25971 D IccSmsInterfaceManager: [IccSmsInterfaceManager] Calling setCellBroadcastActivation(true)
01-25 13:56:21.307  8509  9082 D CellBroadcastConfigService: enabled emergency cell broadcast channels
01-25 13:56:21.310  4250  4250 I TWILIGHT: [13:56:21.309, main]: Accessibility CHANGED com.android.systemui android.widget.LinearLayout
01-25 13:56:21.323  1744 32154 D IccSmsInterfaceManager: [IccSmsInterfaceManager] enableGsmBroadcastRange
01-25 13:56:21.324  1744 32154 D IccSmsInterfaceManager: [IccSmsInterfaceManager] Added GSM cell broadcast subscription for MID range 4370 to 4370 from client com.android.cellbroadcastreceiver
01-25 13:56:21.325  1744 32154 D IccSmsInterfaceManager: [IccSmsInterfaceManager] Calling setCellBroadcastActivation(true)
01-25 13:56:21.356  1744  1779 D IccSmsInterfaceManager: [IccSmsInterfaceManager] enableCdmaBroadcastRange
01-25 13:56:21.357  1744  1779 D IccSmsInterfaceManager: [IccSmsInterfaceManager] Added cdma broadcast subscription for MID range 4096 to 4096 from client com.android.cellbroadcastreceiver
01-25 13:56:21.357  1744  1779 D IccSmsInterfaceManager: [IccSmsInterfaceManager] Calling setCdmaBroadcastActivation(true)
01-25 13:56:21.383  1744  1778 D IccSmsInterfaceManager: [IccSmsInterfaceManager] enableGsmBroadcastRange
01-25 13:56:21.385  1744  1778 D IccSmsInterfaceManager: [IccSmsInterfaceManager] Added GSM cell broadcast subscription for MID range 4383 to 4383 from client com.android.cellbroadcastreceiver
01-25 13:56:21.385  1744  1778 D IccSmsInterfaceManager: [IccSmsInterfaceManager] Calling setCellBroadcastActivation(true)
01-25 13:56:21.393  8509  9082 D CellBroadcastConfigService: disabling cell broadcast channel 50
01-25 13:56:21.415  1744 10996 D IccSmsInterfaceManager: [IccSmsInterfaceManager] disableGsmBroadcastRange
01-25 13:56:21.416  1744 10996 D IccSmsInterfaceManager: [IccSmsInterfaceManager] Failed to remove GSM cell broadcast subscription for MID range 50 to 50 from client com.android.cellbroadcastreceiver
01-25 13:56:21.417  8509  9082 D CellBroadcastConfigService: channel 60 is not applicable for cdma
01-25 13:56:21.423  8509  9082 D CellBroadcastConfigService: disabling channels 919-928
01-25 13:56:21.446  1744  2556 D IccSmsInterfaceManager: [IccSmsInterfaceManager] disableGsmBroadcastRange
01-25 13:56:21.447  1744  2556 D IccSmsInterfaceManager: [IccSmsInterfaceManager] Failed to remove GSM cell broadcast subscription for MID range 919 to 928 from client com.android.cellbroadcastreceiver
01-25 13:56:21.454  8509  9082 D CellBroadcastConfigService: disabling cell broadcast ETWS test messages
01-25 13:56:21.475  1744  1779 D IccSmsInterfaceManager: [IccSmsInterfaceManager] disableGsmBroadcastRange
01-25 13:56:21.477  1744  1779 D IccSmsInterfaceManager: [IccSmsInterfaceManager] Failed to remove GSM cell broadcast subscription for MID range 4355 to 4355 from client com.android.cellbroadcastreceiver
01-25 13:56:22.086   691   727 E KernelUidCpuTimeReader: Failed to read uid_cputime: /proc/uid_cputime/show_uid_stat: open failed: ENOENT (No such file or directory)
01-25 13:56:26.619   231   472 I qdhwcomposer: handle_blank_event: dpy:0 panel power state: 0
01-25 13:56:26.620   232   232 I rmt_storage: rmt_storage_connect_cb: clnt_h=0x89 conn_h=0xb782df20
01-25 13:56:26.620   232   232 I rmt_storage: rmt_storage_rw_iovec_cb: /boot/modem_fs2: clnt_h=0x2: req_h=0x8d msg_id=3: R/W request received
01-25 13:56:26.620   232   232 I rmt_storage: wakelock acquired: 1, error no: 42
01-25 13:56:26.620   232   449 I rmt_storage: rmt_storage_client_thread: /boot/modem_fs2: clnt_h=0x2 Unblock worker thread (th_id: -1228916432)
01-25 13:56:26.818   232   449 I rmt_storage: rmt_storage_client_thread: /boot/modem_fs2: clnt_h=0x2: req_h=0x8d msg_id=3: Bytes written = 1572864
01-25 13:56:26.818   232   449 I rmt_storage: rmt_storage_client_thread: /boot/modem_fs2: clnt_h=0x2: req_h=0x8d msg_id=3: Send response: res=0 err=0
01-25 13:56:26.818   232   449 I rmt_storage: rmt_storage_client_thread: /boot/modem_fs2: clnt_h=0x2 About to block rmt_storage client thread (th_id: -1228916432) wakelock released: 1, error no: 0
01-25 13:56:26.818   232   449 I rmt_storage:
01-25 13:56:26.819   232   232 I rmt_storage: rmt_storage_disconnect_cb: clnt_h=0x0x89 conn_h=0x0xb782df20
01-25 13:56:28.241   231   472 I qdhwcomposer: handle_blank_event: dpy:0 panel power state: 0
01-25 13:56:36.927   231   472 I qdhwcomposer: handle_blank_event: dpy:0 panel power state: 0
01-25 13:56:36.993   691  1179 I bsthal  : <BST> set delay of <BOSCH Acceleration Sensor> to 20ms
01-25 13:56:40.581   691  1830 I bsthal  : <BST> set delay of <BOSCH Acceleration Sensor> to 200ms
01-25 13:56:40.692  5079  5079 I MemoryTrimmer: Trimming objects from memory, since app is in the background.
01-25 13:56:41.947   691   727 E KernelUidCpuTimeReader: Failed to read uid_cputime: /proc/uid_cputime/show_uid_stat: open failed: ENOENT (No such file or directory)
01-25 13:56:45.575   231   472 I qdhwcomposer: handle_blank_event: dpy:0 panel power state: 0
01-25 13:57:19.289   231   472 I qdhwcomposer: handle_blank_event: dpy:0 panel power state: 0
01-25 13:57:19.387  1744  1744 D MccTable: updateMccMncConfiguration mccmnc='310120' fromServiceState=true
01-25 13:57:19.388  1744  1744 D MccTable: updateMccMncConfiguration defaultMccMnc=310120
01-25 13:57:19.388  1744  1744 D MccTable: updateMccMncConfiguration: mcc=310, mnc=120
01-25 13:57:19.388  1744  1744 D MccTable: WIFI_COUNTRY_CODE set to us
01-25 13:57:19.388   691  1596 I WifiService: WifiService trying to set country code to us with persist set to true
01-25 13:57:19.411   691   726 D GpsLocationProvider: received SIM change, new known MCC/MNC: [310120]
01-25 13:57:19.421  8509  8509 D CellBroadcastReceiver: onReceive Intent { act=android.intent.action.SERVICE_STATE flg=0x10 cmp=com.android.cellbroadcastreceiver/.CellBroadcastReceiver (has extras) }
01-25 13:57:19.421  8509  8509 D CellBroadcastReceiver: Intent ACTION_SERVICE_STATE_CHANGED
01-25 13:57:19.421  8509  8509 D CellBroadcastReceiver: subscriptionId = 1
01-25 13:57:19.442  1744  1744 I Telephony: PstnIncomingCallNotifier: Unregistering: Handler (com.android.internal.telephony.cdma.CDMALTEPhone) {a0d74ad}
01-25 13:57:19.463   691  2182 I Telecom : PhoneAccountRegistrar: [ComponentInfo{com.android.phone/com.android.services.telephony.TelephonyConnectionService}, [356a192b7913b04c54574d18c28d46e6395428ab], UserHand
le{0}(icon: Icon(typ=BITMAP size=29x36) -> Icon(typ=BITMAP size=29x36))(lbl:  -> Sprint)(desc:  -> Sprint)]
01-25 13:57:19.473   691  2182 I Telecom : : Sending phone-account registered intent as user
01-25 13:57:19.475  1744  1744 I Telephony: AccountEntry: Registered phoneAccount: [[ ] PhoneAccount: ComponentInfo{com.android.phone/com.android.services.telephony.TelephonyConnectionService}, [356a192b7913b04c
54574d18c28d46e6395428ab], UserHandle{0} Capabilities: 54 Schemes: tel voicemail ] with handle: ComponentInfo{com.android.phone/com.android.services.telephony.TelephonyConnectionService}, [356a192b7913b04c54574d
18c28d46e6395428ab], UserHandle{0}
01-25 13:57:19.476  1744  1744 I Telephony: PstnIncomingCallNotifier: Registering: Handler (com.android.internal.telephony.cdma.CDMALTEPhone) {a0d74ad}
01-25 13:57:19.481  1744  1744 W Telephony: TelecomAccountRegistry: Failed to get primary stack id
01-25 13:57:19.484   691  2398 W Telecom : : No account found for the calling user
01-25 13:57:19.488  1744  9154 I MmsService: MmsConfigManager loads in background mcc/mnc: 310/120
01-25 13:57:19.497   691  2275 I Telecom : PhoneAccountRegistrar: [ComponentInfo{com.android.phone/com.android.services.telephony.TelephonyConnectionService}, [356a192b7913b04c54574d18c28d46e6395428ab], UserHand
le{0}(icon: Icon(typ=BITMAP size=29x36) -> Icon(typ=BITMAP size=29x36))]
01-25 13:57:19.506   691  2275 I Telecom : : Sending phone-account registered intent as user
01-25 13:57:20.056   231   472 I qdhwcomposer: handle_blank_event: dpy:0 panel power state: 0
01-25 13:57:20.109  4250  4250 I TWILIGHT: [13:57:20.108, main]: Accessibility CHANGED com.android.systemui android.widget.TextView
01-25 13:57:20.155   236   321 D QC-time-services: Lib:time_genoff_operation: pargs->base = 13
01-25 13:57:20.155   236   321 D QC-time-services: Lib:time_genoff_operation: pargs->operation = 0
01-25 13:57:20.155   236   321 D QC-time-services: Lib:time_genoff_operation: pargs->ts_val = 1485374240000
01-25 13:57:20.155   236   321 D QC-time-services: Lib:time_genoff_operation: Send to server  passed!!
01-25 13:57:20.155   254   519 D QC-time-services: Daemon: Connection accepted:time_genoff
01-25 13:57:20.156   254  9172 D QC-time-services: Daemon:Received base = 13, unit = 1, operation = 0,value = 1485374240000
01-25 13:57:20.156   254  9172 D QC-time-services: Daemon:genoff_opr: Base = 13, val = 1485374240000, operation = 0
01-25 13:57:20.156   254  9172 D QC-time-services: Daemon:rtc_get: Time read from RTC -- MM/DD/YY HH:MM:SS0/3/70 22:19:48
01-25 13:57:20.156   254  9172 D QC-time-services: Daemon:Value read from RTC seconds = 253188000
01-25 13:57:20.156   254  9172 D QC-time-services: Daemon:new time 1485374240000
01-25 13:57:20.156   254  9172 D QC-time-services: Daemon: delta 1485121052000 genoff 1485121052000
01-25 13:57:20.156   254  9172 D QC-time-services: Daemon:genoff_persistent_update: Writing genoff = 1485121052000 to memory
01-25 13:57:20.156   254  9172 D QC-time-services: Daemon:Opening File: /data/time/ats_13
01-25 13:57:20.156   254  9172 D QC-time-services: Daemon:time_persistent_memory_opr:Genoff write operation
01-25 13:57:20.158   236   321 E QC-time-services: Receive Passed == base = 13, unit = 1, operation = 0, result = 0
01-25 13:57:20.159   254   519 E QC-time-services: Daemon: Time-services: Waiting to acceptconnection
01-25 13:57:20.160   691  1544 D AlarmManagerService: Kernel timezone updated to 360 minutes west of GMT
01-25 13:57:20.162   691  2182 D AlarmManagerService: Setting time of day to sec=1485374240
01-25 13:57:20.003   691  2182 D QC-time-services: Lib:time_genoff_operation: pargs->base = 2
01-25 13:57:20.003   691  2182 D QC-time-services: Lib:time_genoff_operation: pargs->operation = 0
01-25 13:57:20.003   691  2182 D QC-time-services: Lib:time_genoff_operation: pargs->ts_val = 1485374240
01-25 13:57:20.003   691  2182 D QC-time-services: Lib:time_genoff_operation: Send to server  passed!!
01-25 13:57:20.003   254   519 D QC-time-services: Daemon: Connection accepted:time_genoff
01-25 13:57:20.003   254  9175 D QC-time-services: Daemon:Received base = 2, unit = 1, operation = 0,value = 1485374240000
01-25 13:57:20.003   254  9175 D QC-time-services: Daemon:genoff_opr: Base = 2, val = 1485374240000, operation = 0
01-25 13:57:20.003   254  9175 D QC-time-services: Daemon:rtc_get: Time read from RTC -- MM/DD/YY HH:MM:SS0/3/70 22:19:48
01-25 13:57:20.003   254  9175 D QC-time-services: Daemon:Value read from RTC seconds = 253188000
01-25 13:57:20.004   254  9175 D QC-time-services: Daemon:new time 1485374240000
01-25 13:57:20.004   254  9175 D QC-time-services: Daemon: delta 1485121052000 genoff 1485121052000
01-25 13:57:20.004   254  9175 D QC-time-services: Daemon:genoff_persistent_update: Writing genoff = 1485121052000 to memory
01-25 13:57:20.004   254  9175 D QC-time-services: Daemon:Opening File: /data/time/ats_2
01-25 13:57:20.004   254  9175 D QC-time-services: Daemon:time_persistent_memory_opr:Genoff write operation
01-25 13:57:20.006   254  9175 D QC-time-services: Updating the TOD offset
01-25 13:57:20.006   254  9175 D QC-time-services: Daemon:genoff_persistent_update: Writing genoff = 1485121052000 to memory
01-25 13:57:20.006   254  9175 D QC-time-services: Daemon:Opening File: /data/time/ats_1
01-25 13:57:20.006   254  9175 D QC-time-services: Daemon:time_persistent_memory_opr:Genoff write operation
01-25 13:57:20.007   691  2182 E QC-time-services: Receive Passed == base = 2, unit = 1, operation = 0, result = 0
01-25 13:57:20.007   691  2182 W AlarmManagerService: Unable to set rtc to 1485374240: Invalid argument
01-25 13:57:20.007   254  9175 E QC-time-services: Daemon:Update to modem bit set
01-25 13:57:20.007   254  9175 D QC-time-services: Daemon:genoff_send_modem: Sending data to MODEM !
01-25 13:57:20.008   254  9175 D QC-time-services: Daemon: Base = 2, Value being sent to MODEM = 1169156252000
01-25 13:57:20.009   254   519 E QC-time-services: Daemon: Time-services: Waiting to acceptconnection
01-25 13:57:20.051   691   726 D GpsLocationProvider: received SIM change, new known MCC/MNC: [310120]
01-25 13:57:20.060   691  1040 D ConnectivityService: notifyType CAP_CHANGED for NetworkAgentInfo [MOBILE (CDMA - eHRPD) - 115]
01-25 13:57:20.061  8509  8509 D CellBroadcastReceiver: onReceive Intent { act=android.intent.action.SERVICE_STATE flg=0x10 cmp=com.android.cellbroadcastreceiver/.CellBroadcastReceiver (has extras) }
01-25 13:57:20.061  8509  8509 D CellBroadcastReceiver: Intent ACTION_SERVICE_STATE_CHANGED
01-25 13:57:20.061  8509  8509 D CellBroadcastReceiver: subscriptionId = 1
01-25 13:57:20.066   691  1040 D ConnectivityService: Setting tx/rx TCP buffers to 2097152,4194304,8388608,262144,524288,1048576
01-25 13:57:20.074  8509  8509 D CellBroadcastReceiver: Service state changed! 0 Full: 0 0 voice home data home Sprint  310120 Sprint  310120  LTE LTE CSS not supported 0 0 RoamInd=1 DefRoamInd=0 EmergOnly=false
 IsDataRoamingFromRegistration=false Current state=1
01-25 13:57:20.090  1744  1744 I Telephony: PstnIncomingCallNotifier: Unregistering: Handler (com.android.internal.telephony.cdma.CDMALTEPhone) {a0d74ad}
01-25 13:57:20.097   691  1040 D ConnectivityService: notifyType IP_CHANGED for NetworkAgentInfo [MOBILE (LTE) - 115]
01-25 13:57:20.117   691  2275 I Telecom : PhoneAccountRegistrar: [ComponentInfo{com.android.phone/com.android.services.telephony.TelephonyConnectionService}, [356a192b7913b04c54574d18c28d46e6395428ab], UserHand
le{0}(icon: Icon(typ=BITMAP size=29x36) -> Icon(typ=BITMAP size=29x36))(lbl: Sprint -> )(desc: Sprint -> )]
01-25 13:57:20.128   691  2275 I Telecom : : Sending phone-account registered intent as user
01-25 13:57:20.131  1744  1744 I Telephony: AccountEntry: Registered phoneAccount: [[ ] PhoneAccount: ComponentInfo{com.android.phone/com.android.services.telephony.TelephonyConnectionService}, [356a192b7913b04c
54574d18c28d46e6395428ab], UserHandle{0} Capabilities: 54 Schemes: tel voicemail ] with handle: ComponentInfo{com.android.phone/com.android.services.telephony.TelephonyConnectionService}, [356a192b7913b04c54574d
18c28d46e6395428ab], UserHandle{0}
01-25 13:57:20.131  1744  1744 I Telephony: PstnIncomingCallNotifier: Registering: Handler (com.android.internal.telephony.cdma.CDMALTEPhone) {a0d74ad}
01-25 13:57:20.135  8509  9183 D CellBroadcastConfigService: enabling emergency cell broadcast channels
01-25 13:57:20.136  1744  1744 W Telephony: TelecomAccountRegistry: Failed to get primary stack id
01-25 13:57:20.143   691   709 W Telecom : : No account found for the calling user
01-25 13:57:20.144  1744  2555 D IccSmsInterfaceManager: [IccSmsInterfaceManager] enableGsmBroadcastRange
01-25 13:57:20.145  1744  2555 D IccSmsInterfaceManager: [IccSmsInterfaceManager] Added GSM cell broadcast subscription for MID range 4352 to 4354 from client com.android.cellbroadcastreceiver
01-25 13:57:20.145  1744  2555 D IccSmsInterfaceManager: [IccSmsInterfaceManager] Calling setCellBroadcastActivation(true)
01-25 13:57:20.146  1744  1744 I Telephony: PstnIncomingCallNotifier: Unregistering: Handler (com.android.internal.telephony.cdma.CDMALTEPhone) {a0d74ad}
01-25 13:57:20.146  1744  9184 I MmsService: MmsConfigManager loads in background mcc/mnc: 310/120
01-25 13:57:20.165   691   709 I Telecom : PhoneAccountRegistrar: [ComponentInfo{com.android.phone/com.android.services.telephony.TelephonyConnectionService}, [356a192b7913b04c54574d18c28d46e6395428ab], UserHand
le{0}(icon: Icon(typ=BITMAP size=29x36) -> Icon(typ=BITMAP size=29x36))]
01-25 13:57:20.175   691   709 I Telecom : : Sending phone-account registered intent as user
01-25 13:57:20.182  1744  1744 I Telephony: AccountEntry: Registered phoneAccount: [[ ] PhoneAccount: ComponentInfo{com.android.phone/com.android.services.telephony.TelephonyConnectionService}, [356a192b7913b04c
54574d18c28d46e6395428ab], UserHandle{0} Capabilities: 54 Schemes: tel voicemail ] with handle: ComponentInfo{com.android.phone/com.android.services.telephony.TelephonyConnectionService}, [356a192b7913b04c54574d
18c28d46e6395428ab], UserHandle{0}
01-25 13:57:20.183  1744  1744 I Telephony: PstnIncomingCallNotifier: Registering: Handler (com.android.internal.telephony.cdma.CDMALTEPhone) {a0d74ad}
01-25 13:57:20.189  1744  1744 W Telephony: TelecomAccountRegistry: Failed to get primary stack id
01-25 13:57:20.194   691  1596 W Telecom : : No account found for the calling user
01-25 13:57:20.253   691  1120 I Telecom : PhoneAccountRegistrar: [ComponentInfo{com.android.phone/com.android.services.telephony.TelephonyConnectionService}, [356a192b7913b04c54574d18c28d46e6395428ab], UserHand
le{0}(icon: Icon(typ=BITMAP size=29x36) -> Icon(typ=BITMAP size=29x36))]
01-25 13:57:46.310   231   472 I qdhwcomposer: handle_blank_event: dpy:0 panel power state: 0
01-25 13:57:46.363   691  1120 I Telecom : : Sending phone-account registered intent as user
01-25 13:57:46.371   691  1830 I Telecom : PhoneAccountRegistrar: [ComponentInfo{com.android.phone/com.android.services.telephony.TelephonyConnectionService}, [356a192b7913b04c54574d18c28d46e6395428ab], UserHand
le{0}(icon: Icon(typ=BITMAP size=29x36) -> Icon(typ=BITMAP size=29x36))]
01-25 13:57:46.372  4250  4250 I TWILIGHT: [13:57:46.372, main]: Accessibility CHANGED com.android.systemui android.widget.LinearLayout
01-25 13:57:46.376  1744  2556 D IccSmsInterfaceManager: [IccSmsInterfaceManager] enableGsmBroadcastRange
01-25 13:57:46.377  1744  2556 D IccSmsInterfaceManager: [IccSmsInterfaceManager] Added GSM cell broadcast subscription for MID range 4356 to 4356 from client com.android.cellbroadcastreceiver
01-25 13:57:46.377  1744  2556 D IccSmsInterfaceManager: [IccSmsInterfaceManager] Calling setCellBroadcastActivation(true)
01-25 13:57:46.382   691  1830 I Telecom : : Sending phone-account registered intent as user
01-25 13:57:46.451  1744  6253 D IccSmsInterfaceManager: [IccSmsInterfaceManager] enableGsmBroadcastRange
01-25 13:57:46.452  1744  6253 D IccSmsInterfaceManager: [IccSmsInterfaceManager] Added GSM cell broadcast subscription for MID range 4371 to 4372 from client com.android.cellbroadcastreceiver
01-25 13:57:46.452  1744  6253 D IccSmsInterfaceManager: [IccSmsInterfaceManager] Calling setCellBroadcastActivation(true)
01-25 13:57:46.463  1744 29331 D IccSmsInterfaceManager: [IccSmsInterfaceManager] enableCdmaBroadcastRange
01-25 13:57:46.464  1744 29331 D IccSmsInterfaceManager: [IccSmsInterfaceManager] Added cdma broadcast subscription for MID range 4097 to 4097 from client com.android.cellbroadcastreceiver
01-25 13:57:46.464  1744 29331 D IccSmsInterfaceManager: [IccSmsInterfaceManager] Calling setCdmaBroadcastActivation(true)
01-25 13:57:46.475  1744 20697 D IccSmsInterfaceManager: [IccSmsInterfaceManager] enableGsmBroadcastRange
01-25 13:57:46.476  1744 20697 D IccSmsInterfaceManager: [IccSmsInterfaceManager] Added GSM cell broadcast subscription for MID range 4373 to 4378 from client com.android.cellbroadcastreceiver
01-25 13:57:46.476  1744 20697 D IccSmsInterfaceManager: [IccSmsInterfaceManager] Calling setCellBroadcastActivation(true)
01-25 13:57:46.487  1744  2555 D IccSmsInterfaceManager: [IccSmsInterfaceManager] enableCdmaBroadcastRange
01-25 13:57:46.487  1744  2555 D IccSmsInterfaceManager: [IccSmsInterfaceManager] Added cdma broadcast subscription for MID range 4098 to 4098 from client com.android.cellbroadcastreceiver
01-25 13:57:46.487  1744  2555 D IccSmsInterfaceManager: [IccSmsInterfaceManager] Calling setCdmaBroadcastActivation(true)
01-25 13:57:46.498  1744 32119 D IccSmsInterfaceManager: [IccSmsInterfaceManager] enableGsmBroadcastRange
01-25 13:57:46.498  1744 32119 D IccSmsInterfaceManager: [IccSmsInterfaceManager] Added GSM cell broadcast subscription for MID range 4379 to 4379 from client com.android.cellbroadcastreceiver
01-25 13:57:46.498  1744 32119 D IccSmsInterfaceManager: [IccSmsInterfaceManager] Calling setCellBroadcastActivation(true)
01-25 13:57:46.509  1744 26653 D IccSmsInterfaceManager: [IccSmsInterfaceManager] enableCdmaBroadcastRange
01-25 13:57:46.510  1744 26653 D IccSmsInterfaceManager: [IccSmsInterfaceManager] Added cdma broadcast subscription for MID range 4099 to 4099 from client com.android.cellbroadcastreceiver
01-25 13:57:46.510  1744 26653 D IccSmsInterfaceManager: [IccSmsInterfaceManager] Calling setCdmaBroadcastActivation(true)
01-25 13:57:46.521  1744  1778 D IccSmsInterfaceManager: [IccSmsInterfaceManager] enableGsmBroadcastRange
01-25 13:57:46.521  1744  1778 D IccSmsInterfaceManager: [IccSmsInterfaceManager] Added GSM cell broadcast subscription for MID range 4380 to 4382 from client com.android.cellbroadcastreceiver
01-25 13:57:46.521  1744  1778 D IccSmsInterfaceManager: [IccSmsInterfaceManager] Calling setCellBroadcastActivation(true)
01-25 13:57:46.532  1744  2208 D IccSmsInterfaceManager: [IccSmsInterfaceManager] enableCdmaBroadcastRange
01-25 13:57:46.533  1744  2208 D IccSmsInterfaceManager: [IccSmsInterfaceManager] Added cdma broadcast subscription for MID range 4100 to 4100 from client com.android.cellbroadcastreceiver
01-25 13:57:46.533  1744  2208 D IccSmsInterfaceManager: [IccSmsInterfaceManager] Calling setCdmaBroadcastActivation(true)
01-25 13:57:46.544  1744  6253 D IccSmsInterfaceManager: [IccSmsInterfaceManager] enableGsmBroadcastRange
01-25 13:57:46.545  1744  6253 D IccSmsInterfaceManager: [IccSmsInterfaceManager] Added GSM cell broadcast subscription for MID range 4393 to 4395 from client com.android.cellbroadcastreceiver
01-25 13:57:46.545  1744  6253 D IccSmsInterfaceManager: [IccSmsInterfaceManager] Calling setCellBroadcastActivation(true)
01-25 13:57:46.549  8509  9183 D CellBroadcastConfigService: enabled emergency cell broadcast channels
01-25 13:57:46.556  1744 29331 D IccSmsInterfaceManager: [IccSmsInterfaceManager] enableGsmBroadcastRange
01-25 13:57:46.557  1744 29331 D IccSmsInterfaceManager: [IccSmsInterfaceManager] Added GSM cell broadcast subscription for MID range 4370 to 4370 from client com.android.cellbroadcastreceiver
01-25 13:57:46.557  1744 29331 D IccSmsInterfaceManager: [IccSmsInterfaceManager] Calling setCellBroadcastActivation(true)
01-25 13:57:46.568  1744 20697 D IccSmsInterfaceManager: [IccSmsInterfaceManager] enableCdmaBroadcastRange
01-25 13:57:46.569  1744 20697 D IccSmsInterfaceManager: [IccSmsInterfaceManager] Added cdma broadcast subscription for MID range 4096 to 4096 from client com.android.cellbroadcastreceiver
01-25 13:57:46.569  1744 20697 D IccSmsInterfaceManager: [IccSmsInterfaceManager] Calling setCdmaBroadcastActivation(true)
01-25 13:57:46.580  1744  2555 D IccSmsInterfaceManager: [IccSmsInterfaceManager] enableGsmBroadcastRange
01-25 13:57:46.581  1744  2555 D IccSmsInterfaceManager: [IccSmsInterfaceManager] Added GSM cell broadcast subscription for MID range 4383 to 4383 from client com.android.cellbroadcastreceiver
01-25 13:57:46.581  1744  2555 D IccSmsInterfaceManager: [IccSmsInterfaceManager] Calling setCellBroadcastActivation(true)
01-25 13:57:46.585  8509  9183 D CellBroadcastConfigService: disabling cell broadcast channel 50
01-25 13:57:46.591  1744 32119 D IccSmsInterfaceManager: [IccSmsInterfaceManager] disableGsmBroadcastRange
01-25 13:57:46.592  1744 32119 D IccSmsInterfaceManager: [IccSmsInterfaceManager] Failed to remove GSM cell broadcast subscription for MID range 50 to 50 from client com.android.cellbroadcastreceiver
01-25 13:57:46.592  8509  9183 D CellBroadcastConfigService: channel 60 is not applicable for cdma
01-25 13:57:46.594  8509  9183 D CellBroadcastConfigService: disabling channels 919-928
01-25 13:57:46.601  1744  2208 D IccSmsInterfaceManager: [IccSmsInterfaceManager] disableGsmBroadcastRange
01-25 13:57:46.601  1744  2208 D IccSmsInterfaceManager: [IccSmsInterfaceManager] Failed to remove GSM cell broadcast subscription for MID range 919 to 928 from client com.android.cellbroadcastreceiver
01-25 13:57:46.604  8509  9183 D CellBroadcastConfigService: disabling cell broadcast ETWS test messages
01-25 13:57:46.611  1744 20697 D IccSmsInterfaceManager: [IccSmsInterfaceManager] disableGsmBroadcastRange
01-25 13:57:46.611  1744 20697 D IccSmsInterfaceManager: [IccSmsInterfaceManager] Failed to remove GSM cell broadcast subscription for MID range 4355 to 4355 from client com.android.cellbroadcastreceiver
01-25 13:58:11.656   231   472 I qdhwcomposer: handle_blank_event: dpy:0 panel power state: 0
01-25 13:58:11.695   236   321 D QC-time-services: Lib:time_genoff_operation: pargs->base = 13
01-25 13:58:11.695   236   321 D QC-time-services: Lib:time_genoff_operation: pargs->operation = 0
01-25 13:58:11.695   236   321 D QC-time-services: Lib:time_genoff_operation: pargs->ts_val = 1485374292000
01-25 13:58:11.695   236   321 D QC-time-services: Lib:time_genoff_operation: Send to server  passed!!
01-25 13:58:11.696   254   519 D QC-time-services: Daemon: Connection accepted:time_genoff
01-25 13:58:11.708   254  9213 D QC-time-services: Daemon:Received base = 13, unit = 1, operation = 0,value = 1485374292000
01-25 13:58:11.708   254  9213 D QC-time-services: Daemon:genoff_opr: Base = 13, val = 1485374292000, operation = 0
01-25 13:58:11.708   254  9213 D QC-time-services: Daemon:rtc_get: Time read from RTC -- MM/DD/YY HH:MM:SS0/3/70 22:20:40
01-25 13:58:11.708   254  9213 D QC-time-services: Daemon:Value read from RTC seconds = 253240000
01-25 13:58:11.708   254  9213 D QC-time-services: Daemon:new time 1485374292000
01-25 13:58:11.708   254  9213 D QC-time-services: Daemon: delta 1485121052000 genoff 1485121052000
01-25 13:58:11.708   254  9213 D QC-time-services: Daemon:genoff_persistent_update: Writing genoff = 1485121052000 to memory
01-25 13:58:11.708   254  9213 D QC-time-services: Daemon:Opening File: /data/time/ats_13
01-25 13:58:11.708   254  9213 D QC-time-services: Daemon:time_persistent_memory_opr:Genoff write operation
01-25 13:58:11.714   236   321 E QC-time-services: Receive Passed == base = 13, unit = 1, operation = 0, result = 0
01-25 13:58:11.715   254   519 E QC-time-services: Daemon: Time-services: Waiting to acceptconnection
01-25 13:58:11.716   691   709 D AlarmManagerService: Kernel timezone updated to 360 minutes west of GMT
01-25 13:58:11.771  1744  1744 D MccTable: updateMccMncConfiguration mccmnc='31000' fromServiceState=true
01-25 13:58:11.771  1744  1744 D MccTable: updateMccMncConfiguration defaultMccMnc=310120
01-25 13:58:11.771  1744  1744 D MccTable: updateMccMncConfiguration: mcc=310, mnc=0
01-25 13:58:11.771  1744  1744 D MccTable: WIFI_COUNTRY_CODE set to us
01-25 13:58:11.772   691  2398 I WifiService: WifiService trying to set country code to us with persist set to true
01-25 13:58:11.798  8509  8509 D CellBroadcastReceiver: onReceive Intent { act=android.intent.action.SERVICE_STATE flg=0x10 cmp=com.android.cellbroadcastreceiver/.CellBroadcastReceiver (has extras) }
01-25 13:58:11.798  8509  8509 D CellBroadcastReceiver: Intent ACTION_SERVICE_STATE_CHANGED
01-25 13:58:11.799  8509  8509 D CellBroadcastReceiver: subscriptionId = 1
01-25 13:58:11.809  8509  8509 D CellBroadcastReceiver: Service state changed! 0 Full: 0 0 voice home data home Sprint  31000 Sprint  31000  1xRTT LTE CSS not supported 308 4139 RoamInd=1 DefRoamInd=0 EmergOnly=
false IsDataRoamingFromRegistration=false Current state=1
01-25 13:58:11.855  8509  9217 D CellBroadcastConfigService: enabling emergency cell broadcast channels
01-25 13:58:11.861  1744  6253 D IccSmsInterfaceManager: [IccSmsInterfaceManager] enableGsmBroadcastRange
01-25 13:58:11.862  1744  6253 D IccSmsInterfaceManager: [IccSmsInterfaceManager] Added GSM cell broadcast subscription for MID range 4352 to 4354 from client com.android.cellbroadcastreceiver
01-25 13:58:11.862  1744  6253 D IccSmsInterfaceManager: [IccSmsInterfaceManager] Calling setCellBroadcastActivation(true)
01-25 13:58:11.872  1744 20697 D IccSmsInterfaceManager: [IccSmsInterfaceManager] enableGsmBroadcastRange
01-25 13:58:11.873  1744 20697 D IccSmsInterfaceManager: [IccSmsInterfaceManager] Added GSM cell broadcast subscription for MID range 4356 to 4356 from client com.android.cellbroadcastreceiver
01-25 13:58:11.873  1744 20697 D IccSmsInterfaceManager: [IccSmsInterfaceManager] Calling setCellBroadcastActivation(true)
01-25 13:58:11.884  1744 25971 D IccSmsInterfaceManager: [IccSmsInterfaceManager] enableGsmBroadcastRange
01-25 13:58:11.884  1744 25971 D IccSmsInterfaceManager: [IccSmsInterfaceManager] Added GSM cell broadcast subscription for MID range 4371 to 4372 from client com.android.cellbroadcastreceiver
01-25 13:58:11.884  1744 25971 D IccSmsInterfaceManager: [IccSmsInterfaceManager] Calling setCellBroadcastActivation(true)
01-25 13:58:11.894  1744 10996 D IccSmsInterfaceManager: [IccSmsInterfaceManager] enableCdmaBroadcastRange
01-25 13:58:11.895  1744 10996 D IccSmsInterfaceManager: [IccSmsInterfaceManager] Added cdma broadcast subscription for MID range 4097 to 4097 from client com.android.cellbroadcastreceiver
01-25 13:58:11.895  1744 10996 D IccSmsInterfaceManager: [IccSmsInterfaceManager] Calling setCdmaBroadcastActivation(true)
01-25 13:58:11.906  1744  1964 D IccSmsInterfaceManager: [IccSmsInterfaceManager] enableGsmBroadcastRange
01-25 13:58:11.906  1744  1964 D IccSmsInterfaceManager: [IccSmsInterfaceManager] Added GSM cell broadcast subscription for MID range 4373 to 4378 from client com.android.cellbroadcastreceiver
01-25 13:58:11.906  1744  1964 D IccSmsInterfaceManager: [IccSmsInterfaceManager] Calling setCellBroadcastActivation(true)
01-25 13:58:11.916  1744  2556 D IccSmsInterfaceManager: [IccSmsInterfaceManager] enableCdmaBroadcastRange
01-25 13:58:11.917  1744  2556 D IccSmsInterfaceManager: [IccSmsInterfaceManager] Added cdma broadcast subscription for MID range 4098 to 4098 from client com.android.cellbroadcastreceiver
01-25 13:58:11.917  1744  2556 D IccSmsInterfaceManager: [IccSmsInterfaceManager] Calling setCdmaBroadcastActivation(true)
01-25 13:58:11.928  1744  1779 D IccSmsInterfaceManager: [IccSmsInterfaceManager] enableGsmBroadcastRange
01-25 13:58:11.929  1744  1779 D IccSmsInterfaceManager: [IccSmsInterfaceManager] Added GSM cell broadcast subscription for MID range 4379 to 4379 from client com.android.cellbroadcastreceiver
01-25 13:58:11.929  1744  1779 D IccSmsInterfaceManager: [IccSmsInterfaceManager] Calling setCellBroadcastActivation(true)
01-25 13:58:11.946  1744 29331 D IccSmsInterfaceManager: [IccSmsInterfaceManager] enableCdmaBroadcastRange
01-25 13:58:11.946  1744 29331 D IccSmsInterfaceManager: [IccSmsInterfaceManager] Added cdma broadcast subscription for MID range 4099 to 4099 from client com.android.cellbroadcastreceiver
01-25 13:58:11.947  1744 29331 D IccSmsInterfaceManager: [IccSmsInterfaceManager] Calling setCdmaBroadcastActivation(true)
01-25 13:58:11.970  1744  6253 D IccSmsInterfaceManager: [IccSmsInterfaceManager] enableGsmBroadcastRange
01-25 13:58:11.984  1744  6253 D IccSmsInterfaceManager: [IccSmsInterfaceManager] Added GSM cell broadcast subscription for MID range 4380 to 4382 from client com.android.cellbroadcastreceiver
01-25 13:58:11.984  1744  6253 D IccSmsInterfaceManager: [IccSmsInterfaceManager] Calling setCellBroadcastActivation(true)
01-25 13:58:11.996  1744  1964 D IccSmsInterfaceManager: [IccSmsInterfaceManager] enableCdmaBroadcastRange
01-25 13:58:11.997  1744  1964 D IccSmsInterfaceManager: [IccSmsInterfaceManager] Added cdma broadcast subscription for MID range 4100 to 4100 from client com.android.cellbroadcastreceiver
01-25 13:58:11.997  1744  1964 D IccSmsInterfaceManager: [IccSmsInterfaceManager] Calling setCdmaBroadcastActivation(true)
01-25 13:58:12.007  1744  2555 D IccSmsInterfaceManager: [IccSmsInterfaceManager] enableGsmBroadcastRange
01-25 13:58:12.007  1744  2555 D IccSmsInterfaceManager: [IccSmsInterfaceManager] Added GSM cell broadcast subscription for MID range 4393 to 4395 from client com.android.cellbroadcastreceiver
01-25 13:58:12.007  1744  2555 D IccSmsInterfaceManager: [IccSmsInterfaceManager] Calling setCellBroadcastActivation(true)
01-25 13:58:12.012  8509  9217 D CellBroadcastConfigService: enabled emergency cell broadcast channels
01-25 13:58:12.018  1744 32119 D IccSmsInterfaceManager: [IccSmsInterfaceManager] enableGsmBroadcastRange
01-25 13:58:12.019  1744 32119 D IccSmsInterfaceManager: [IccSmsInterfaceManager] Added GSM cell broadcast subscription for MID range 4370 to 4370 from client com.android.cellbroadcastreceiver
01-25 13:58:12.019  1744 32119 D IccSmsInterfaceManager: [IccSmsInterfaceManager] Calling setCellBroadcastActivation(true)
01-25 13:58:12.032  1744 10996 D IccSmsInterfaceManager: [IccSmsInterfaceManager] enableCdmaBroadcastRange
01-25 13:58:12.032  1744 10996 D IccSmsInterfaceManager: [IccSmsInterfaceManager] Added cdma broadcast subscription for MID range 4096 to 4096 from client com.android.cellbroadcastreceiver
01-25 13:58:12.032  1744 10996 D IccSmsInterfaceManager: [IccSmsInterfaceManager] Calling setCdmaBroadcastActivation(true)
01-25 13:58:12.047  1744 26635 D IccSmsInterfaceManager: [IccSmsInterfaceManager] enableGsmBroadcastRange
01-25 13:58:12.047  4250  4250 I TWILIGHT: [13:58:12.047, main]: Accessibility CHANGED com.android.systemui android.widget.TextView
01-25 13:58:12.047  1744 26635 D IccSmsInterfaceManager: [IccSmsInterfaceManager] Added GSM cell broadcast subscription for MID range 4383 to 4383 from client com.android.cellbroadcastreceiver
01-25 13:58:12.047  1744 26635 D IccSmsInterfaceManager: [IccSmsInterfaceManager] Calling setCellBroadcastActivation(true)
01-25 13:58:12.055  8509  9217 D CellBroadcastConfigService: disabling cell broadcast channel 50
01-25 13:58:12.061  1744 26653 D IccSmsInterfaceManager: [IccSmsInterfaceManager] disableGsmBroadcastRange
01-25 13:58:12.062  1744 26653 D IccSmsInterfaceManager: [IccSmsInterfaceManager] Failed to remove GSM cell broadcast subscription for MID range 50 to 50 from client com.android.cellbroadcastreceiver
01-25 13:58:12.062  8509  9217 D CellBroadcastConfigService: channel 60 is not applicable for cdma
01-25 13:58:12.065  8509  9217 D CellBroadcastConfigService: disabling channels 919-928
01-25 13:58:12.072  1744  1964 D IccSmsInterfaceManager: [IccSmsInterfaceManager] disableGsmBroadcastRange
01-25 13:58:12.072  1744  1964 D IccSmsInterfaceManager: [IccSmsInterfaceManager] Failed to remove GSM cell broadcast subscription for MID range 919 to 928 from client com.android.cellbroadcastreceiver
01-25 13:58:12.075  8509  9217 D CellBroadcastConfigService: disabling cell broadcast ETWS test messages
01-25 13:58:12.082  1744 10996 D IccSmsInterfaceManager: [IccSmsInterfaceManager] disableGsmBroadcastRange
01-25 13:58:12.083  1744 10996 D IccSmsInterfaceManager: [IccSmsInterfaceManager] Failed to remove GSM cell broadcast subscription for MID range 4355 to 4355 from client com.android.cellbroadcastreceiver
01-25 13:58:13.806   231   472 I qdhwcomposer: handle_blank_event: dpy:0 panel power state: 0
01-25 13:58:13.935   691  1040 D ConnectivityService: notifyType CAP_CHANGED for NetworkAgentInfo [MOBILE (LTE) - 115]
01-25 13:58:13.940   691  1040 D ConnectivityService: Setting tx/rx TCP buffers to 4094,87380,1048576,4096,16384,262144
