01-25 14:06:57.621  1744 26635 D IccSmsInterfaceManager: [IccSmsInterfaceManager] disableGsmBroadcastRange
01-25 14:06:57.622  1744 26635 D IccSmsInterfaceManager: [IccSmsInterfaceManager] Failed to remove GSM cell broadcast subscription for MID range 50 to 50 from client com.android.cellbroadcastreceiver
01-25 14:06:57.622 10846 10878 D CellBroadcastConfigService: channel 60 is not applicable for cdma
01-25 14:06:57.624 10846 10878 D CellBroadcastConfigService: disabling channels 919-928
01-25 14:06:57.632  1744 32154 D IccSmsInterfaceManager: [IccSmsInterfaceManager] disableGsmBroadcastRange
01-25 14:06:57.632  1744 32154 D IccSmsInterfaceManager: [IccSmsInterfaceManager] Failed to remove GSM cell broadcast subscription for MID range 919 to 928 from client com.android.cellbroadcastreceiver
01-25 14:06:57.635 10846 10878 D CellBroadcastConfigService: disabling cell broadcast ETWS test messages
01-25 14:06:57.642  1744 10996 D IccSmsInterfaceManager: [IccSmsInterfaceManager] disableGsmBroadcastRange
01-25 14:06:57.643  1744 10996 D IccSmsInterfaceManager: [IccSmsInterfaceManager] Failed to remove GSM cell broadcast subscription for MID range 4355 to 4355 from client com.android.cellbroadcastreceiver
01-25 14:06:57.668   691  1038 D WifiConfigStore: Retrieve network priorities after PNO.
01-25 14:06:58.113  4250  4250 I TWILIGHT: [14:06:58.112, main]: Accessibility CHANGED com.android.settings android.widget.TextView
01-25 14:06:59.821 10846 10846 D CellBroadcastReceiver: onReceive Intent { act=android.intent.action.SERVICE_STATE flg=0x10 cmp=com.android.cellbroadcastreceiver/.CellBroadcastReceiver (has extras) }
01-25 14:06:59.821 10846 10846 D CellBroadcastReceiver: Intent ACTION_SERVICE_STATE_CHANGED
01-25 14:06:59.821 10846 10846 D CellBroadcastReceiver: subscriptionId = 1
01-25 14:06:59.824   691  1040 D ConnectivityService: notifyType CAP_CHANGED for NetworkAgentInfo [MOBILE (LTE) - 115]
01-25 14:06:59.838   691  1040 D ConnectivityService: Setting tx/rx TCP buffers to 4094,87380,1048576,4096,16384,262144
01-25 14:06:59.840 10846 10846 D CellBroadcastReceiver: Service state changed! 0 Full: 0 0 voice home data home Sprint  31000 Sprint  31000  1xRTT eHRPD CSS not supported 308 4139 RoamInd=1 DefRoamInd=0 EmergOnl
y=false IsDataRoamingFromRegistration=false Current state=1
01-25 14:06:59.898   691  1040 D ConnectivityService: notifyType IP_CHANGED for NetworkAgentInfo [MOBILE (CDMA - eHRPD) - 115]
01-25 14:06:59.906 10846 10912 D CellBroadcastConfigService: enabling emergency cell broadcast channels
01-25 14:06:59.915  1744 10996 D IccSmsInterfaceManager: [IccSmsInterfaceManager] enableGsmBroadcastRange
01-25 14:06:59.915  1744 10996 D IccSmsInterfaceManager: [IccSmsInterfaceManager] Added GSM cell broadcast subscription for MID range 4352 to 4354 from client com.android.cellbroadcastreceiver
01-25 14:06:59.915  1744 10996 D IccSmsInterfaceManager: [IccSmsInterfaceManager] Calling setCellBroadcastActivation(true)
01-25 14:06:59.947  1744  2556 D IccSmsInterfaceManager: [IccSmsInterfaceManager] enableGsmBroadcastRange
01-25 14:06:59.948  1744  2556 D IccSmsInterfaceManager: [IccSmsInterfaceManager] Added GSM cell broadcast subscription for MID range 4356 to 4356 from client com.android.cellbroadcastreceiver
01-25 14:06:59.948  1744  2556 D IccSmsInterfaceManager: [IccSmsInterfaceManager] Calling setCellBroadcastActivation(true)
01-25 14:06:59.986  1744  1964 D IccSmsInterfaceManager: [IccSmsInterfaceManager] enableGsmBroadcastRange
01-25 14:06:59.987  1744  1964 D IccSmsInterfaceManager: [IccSmsInterfaceManager] Added GSM cell broadcast subscription for MID range 4371 to 4372 from client com.android.cellbroadcastreceiver
01-25 14:06:59.987  1744  1964 D IccSmsInterfaceManager: [IccSmsInterfaceManager] Calling setCellBroadcastActivation(true)
01-25 14:06:59.999  1744  6253 D IccSmsInterfaceManager: [IccSmsInterfaceManager] enableCdmaBroadcastRange
01-25 14:07:00.002  1744  6253 D IccSmsInterfaceManager: [IccSmsInterfaceManager] Added cdma broadcast subscription for MID range 4097 to 4097 from client com.android.cellbroadcastreceiver
01-25 14:07:00.002  1744  6253 D IccSmsInterfaceManager: [IccSmsInterfaceManager] Calling setCdmaBroadcastActivation(true)
01-25 14:07:00.015  1744  2555 D IccSmsInterfaceManager: [IccSmsInterfaceManager] enableGsmBroadcastRange
01-25 14:07:00.016  1744  2555 D IccSmsInterfaceManager: [IccSmsInterfaceManager] Added GSM cell broadcast subscription for MID range 4373 to 4378 from client com.android.cellbroadcastreceiver
01-25 14:07:00.016  1744  2555 D IccSmsInterfaceManager: [IccSmsInterfaceManager] Calling setCellBroadcastActivation(true)
01-25 14:07:00.030  1744 10996 D IccSmsInterfaceManager: [IccSmsInterfaceManager] enableCdmaBroadcastRange
01-25 14:07:00.032  1744 10996 D IccSmsInterfaceManager: [IccSmsInterfaceManager] Added cdma broadcast subscription for MID range 4098 to 4098 from client com.android.cellbroadcastreceiver
01-25 14:07:00.032  1744 10996 D IccSmsInterfaceManager: [IccSmsInterfaceManager] Calling setCdmaBroadcastActivation(true)
01-25 14:07:00.045  1744 32154 D IccSmsInterfaceManager: [IccSmsInterfaceManager] enableGsmBroadcastRange
01-25 14:07:00.046  1744 32154 D IccSmsInterfaceManager: [IccSmsInterfaceManager] Added GSM cell broadcast subscription for MID range 4379 to 4379 from client com.android.cellbroadcastreceiver
01-25 14:07:00.046  1744 32154 D IccSmsInterfaceManager: [IccSmsInterfaceManager] Calling setCellBroadcastActivation(true)
01-25 14:07:00.059  1744  1778 D IccSmsInterfaceManager: [IccSmsInterfaceManager] enableCdmaBroadcastRange
01-25 14:07:00.060  1744  1778 D IccSmsInterfaceManager: [IccSmsInterfaceManager] Added cdma broadcast subscription for MID range 4099 to 4099 from client com.android.cellbroadcastreceiver
01-25 14:07:00.060  1744  1778 D IccSmsInterfaceManager: [IccSmsInterfaceManager] Calling setCdmaBroadcastActivation(true)
01-25 14:07:00.074  5079  5079 I MemoryTrimmer: Trimming objects from memory, since app is in the background.
01-25 14:07:00.078  1744  1779 D IccSmsInterfaceManager: [IccSmsInterfaceManager] enableGsmBroadcastRange
01-25 14:07:00.079  1744  1779 D IccSmsInterfaceManager: [IccSmsInterfaceManager] Added GSM cell broadcast subscription for MID range 4380 to 4382 from client com.android.cellbroadcastreceiver
01-25 14:07:00.079  1744  1779 D IccSmsInterfaceManager: [IccSmsInterfaceManager] Calling setCellBroadcastActivation(true)
01-25 14:07:00.091  1744 25971 D IccSmsInterfaceManager: [IccSmsInterfaceManager] enableCdmaBroadcastRange
01-25 14:07:00.092  1744 25971 D IccSmsInterfaceManager: [IccSmsInterfaceManager] Added cdma broadcast subscription for MID range 4100 to 4100 from client com.android.cellbroadcastreceiver
01-25 14:07:00.092  1744 25971 D IccSmsInterfaceManager: [IccSmsInterfaceManager] Calling setCdmaBroadcastActivation(true)
01-25 14:07:00.105  1744  1964 D IccSmsInterfaceManager: [IccSmsInterfaceManager] enableGsmBroadcastRange
01-25 14:07:00.106  1744  1964 D IccSmsInterfaceManager: [IccSmsInterfaceManager] Added GSM cell broadcast subscription for MID range 4393 to 4395 from client com.android.cellbroadcastreceiver
01-25 14:07:00.106  1744  1964 D IccSmsInterfaceManager: [IccSmsInterfaceManager] Calling setCellBroadcastActivation(true)
01-25 14:07:00.110 10846 10912 D CellBroadcastConfigService: enabled emergency cell broadcast channels
01-25 14:07:00.119  1744  6253 D IccSmsInterfaceManager: [IccSmsInterfaceManager] enableGsmBroadcastRange
01-25 14:07:00.120  1744  6253 D IccSmsInterfaceManager: [IccSmsInterfaceManager] Added GSM cell broadcast subscription for MID range 4370 to 4370 from client com.android.cellbroadcastreceiver
01-25 14:07:00.120  1744  6253 D IccSmsInterfaceManager: [IccSmsInterfaceManager] Calling setCellBroadcastActivation(true)
01-25 14:07:00.131  1744  2555 D IccSmsInterfaceManager: [IccSmsInterfaceManager] enableCdmaBroadcastRange
01-25 14:07:00.132  1744  2555 D IccSmsInterfaceManager: [IccSmsInterfaceManager] Added cdma broadcast subscription for MID range 4096 to 4096 from client com.android.cellbroadcastreceiver
01-25 14:07:00.132  1744  2555 D IccSmsInterfaceManager: [IccSmsInterfaceManager] Calling setCdmaBroadcastActivation(true)
01-25 14:07:00.144  1744 10996 D IccSmsInterfaceManager: [IccSmsInterfaceManager] enableGsmBroadcastRange
01-25 14:07:00.145  1744 10996 D IccSmsInterfaceManager: [IccSmsInterfaceManager] Added GSM cell broadcast subscription for MID range 4383 to 4383 from client com.android.cellbroadcastreceiver
01-25 14:07:00.145  1744 10996 D IccSmsInterfaceManager: [IccSmsInterfaceManager] Calling setCellBroadcastActivation(true)
01-25 14:07:00.150 10846 10912 D CellBroadcastConfigService: disabling cell broadcast channel 50
01-25 14:07:00.157  1744 32154 D IccSmsInterfaceManager: [IccSmsInterfaceManager] disableGsmBroadcastRange
01-25 14:07:00.157  1744 32154 D IccSmsInterfaceManager: [IccSmsInterfaceManager] Failed to remove GSM cell broadcast subscription for MID range 50 to 50 from client com.android.cellbroadcastreceiver
01-25 14:07:00.157 10846 10912 D CellBroadcastConfigService: channel 60 is not applicable for cdma
01-25 14:07:00.161 10846 10912 D CellBroadcastConfigService: disabling channels 919-928
01-25 14:07:00.168  1744 25971 D IccSmsInterfaceManager: [IccSmsInterfaceManager] disableGsmBroadcastRange
01-25 14:07:00.169  1744 25971 D IccSmsInterfaceManager: [IccSmsInterfaceManager] Failed to remove GSM cell broadcast subscription for MID range 919 to 928 from client com.android.cellbroadcastreceiver
01-25 14:07:00.172 10846 10912 D CellBroadcastConfigService: disabling cell broadcast ETWS test messages
01-25 14:07:00.179  1744  2555 D IccSmsInterfaceManager: [IccSmsInterfaceManager] disableGsmBroadcastRange
01-25 14:07:00.180  1744  2555 D IccSmsInterfaceManager: [IccSmsInterfaceManager] Failed to remove GSM cell broadcast subscription for MID range 4355 to 4355 from client com.android.cellbroadcastreceiver
01-25 14:07:03.221  6007  6030 I com.newrelic.agent.android: Harvester: connected
01-25 14:07:03.221  6007  6030 I com.newrelic.agent.android: Harvester: Sending 0 HTTP transactions.
01-25 14:07:03.221  6007  6030 I com.newrelic.agent.android: Harvester: Sending 0 HTTP errors.
01-25 14:07:03.221  6007  6030 I com.newrelic.agent.android: Harvester: Sending 0 activity traces.
01-25 14:07:03.221  6007  6030 I com.newrelic.agent.android: Harvester: Sending 0 analytics events.
01-25 14:07:04.734   691  1038 D WifiConfigStore: Retrieve network priorities after PNO.
01-25 14:07:05.146  4250  4250 I TWILIGHT: [14:07:05.145, main]: Accessibility CHANGED com.android.settings android.widget.TextView
01-25 14:07:05.848 30279 10924 W art     : Long monitor contention event with owner method=void X.1AA.e(X.1AA) from :191835 waiters=0 for 4.212s
01-25 14:07:12.676   691  1038 D WifiConfigStore: Retrieve network priorities after PNO.
01-25 14:07:13.150  4250  4250 I TWILIGHT: [14:07:13.150, main]: Accessibility CHANGED com.android.settings android.widget.TextView
01-25 14:07:14.040  1630  9447 I GCoreUlr: Successfully inserted 1 locations
01-25 14:07:14.090   691   701 I art     : Background sticky concurrent mark sweep GC freed 43672(2MB) AllocSpace objects, 4(268KB) LOS objects, 13% free, 21MB/25MB, paused 5.490ms total 85.522ms
01-25 14:07:14.741   691  1038 D WifiConfigStore: Retrieve network priorities after PNO.
01-25 14:07:15.186  4250  4250 I TWILIGHT: [14:07:15.186, main]: Accessibility CHANGED com.android.settings android.widget.TextView
01-25 14:07:24.771   691  1038 D WifiConfigStore: Retrieve network priorities after PNO.
01-25 14:07:25.255  4250  4250 I TWILIGHT: [14:07:25.255, main]: Accessibility CHANGED com.android.settings android.widget.TextView
01-25 14:07:27.402   691   728 I ActivityManager: START u0 {act=android.intent.action.MAIN cat=[android.intent.category.HOME] flg=0x10200000 cmp=com.google.android.apps.nexuslauncher/.NexusLauncherActivity (has
extras)} from uid 1000 on display 0
01-25 14:07:27.459  5079  5175 I Adreno-EGL: <qeglDrvAPI_eglInitialize:379>: EGL 1.4 QUALCOMM build: Nondeterministic_AU_msm8974_LA.BF.1.1.3_RB1__release_AU (I389a668de0)
01-25 14:07:27.459  5079  5175 I Adreno-EGL: OpenGL ES Shader Compiler Version: E031.28.00.04
01-25 14:07:27.459  5079  5175 I Adreno-EGL: Build Date: 10/24/15 Sat
01-25 14:07:27.459  5079  5175 I Adreno-EGL: Local Branch: mybranch15621148
01-25 14:07:27.459  5079  5175 I Adreno-EGL: Remote Branch: quic/LA.BF.1.1.3_rb1.3
01-25 14:07:27.459  5079  5175 I Adreno-EGL: Local Patches: NONE
01-25 14:07:27.459  5079  5175 I Adreno-EGL: Reconstruct Branch: NOTHING
01-25 14:07:27.459  5079  5175 I OpenGLRenderer: Initialized EGL, version 1.4
01-25 14:07:27.488  2736  5094 I Adreno-EGL: <qeglDrvAPI_eglInitialize:379>: EGL 1.4 QUALCOMM build: Nondeterministic_AU_msm8974_LA.BF.1.1.3_RB1__release_AU (I389a668de0)
01-25 14:07:27.488  2736  5094 I Adreno-EGL: OpenGL ES Shader Compiler Version: E031.28.00.04
01-25 14:07:27.488  2736  5094 I Adreno-EGL: Build Date: 10/24/15 Sat
01-25 14:07:27.488  2736  5094 I Adreno-EGL: Local Branch: mybranch15621148
01-25 14:07:27.488  2736  5094 I Adreno-EGL: Remote Branch: quic/LA.BF.1.1.3_rb1.3
01-25 14:07:27.488  2736  5094 I Adreno-EGL: Local Patches: NONE
01-25 14:07:27.488  2736  5094 I Adreno-EGL: Reconstruct Branch: NOTHING
01-25 14:07:27.488  2736  5094 I OpenGLRenderer: Initialized EGL, version 1.4
01-25 14:07:27.672   691   701 I art     : Background partial concurrent mark sweep GC freed 21188(1322KB) AllocSpace objects, 2(56KB) LOS objects, 16% free, 20MB/24MB, paused 14.594ms total 251.892ms
01-25 14:07:27.679   691  1038 D WifiConfigStore: Retrieve network priorities after PNO.
01-25 14:07:27.685  5079  5079 I OptInState: There is a new client and it does not support opt-in. Dropping request.
01-25 14:07:27.692  5079  5079 I MicroDetectionWorker: Micro detection mode: [mDetectionMode: [1]].
01-25 14:07:27.729  5079  5242 I MicroRecognitionRunner: Starting detection.
01-25 14:07:27.731  5079 10487 I MicrophoneInputStream: mic_starting com.google.android.apps.gsa.speech.audio.af@1be5df9
01-25 14:07:27.736   238  2416 D audio_hw_primary: adev_open_input_stream: enter: sample_rate(16000) channel_mask(0x10) devices(0x80000004)        stream_handle(0xb71c3fc8) io_handle(77) source(6)
01-25 14:07:27.737   238 11044 D audio_hw_primary: in_standby: enter: stream (0xb71c3fc8) usecase(9: audio-record)
01-25 14:07:27.738   238 11044 D audio_hw_primary: in_standby: enter: stream (0xb71c3fc8) usecase(9: audio-record)
01-25 14:07:27.747   238 11044 D audio_hw_primary: in_set_parameters: enter: kvpairs=input_source=6;routing=-2147483644
01-25 14:07:27.749  5079 10487 I MicrophoneInputStream: mic_started com.google.android.apps.gsa.speech.audio.af@1be5df9
01-25 14:07:27.757   238 11044 D audio_hw_primary: start_input_stream: enter: stream(0xb71c3fc8)usecase(9: audio-record)
01-25 14:07:27.757   238 11044 D audio_hw_primary: select_devices: out_snd_device(0: ) in_snd_device(65: voice-rec-mic)
01-25 14:07:27.757   238 11044 D hardware_info: hw_info_append_hw_type : device_name = voice-rec-mic
01-25 14:07:27.757   238 11044 I msm8974_platform: platform_send_audio_calibration: sending audio calibration for snd_device(65) acdb_id(4)
01-25 14:07:27.757   238 11044 D ACDB-LOADER: ACDB -> send_audio_cal, acdb_id = 4, path =  1
01-25 14:07:27.757   238 11044 D ACDB-LOADER: ACDB -> send_adm_topology
01-25 14:07:27.757   238 11044 D ACDB-LOADER: ACDB -> ACDB_CMD_GET_AUDPROC_COMMON_TOPOLOGY_ID
01-25 14:07:27.758   238 11044 D ACDB-LOADER: ACDB -> send_asm_topology
01-25 14:07:27.758   238 11044 D ACDB-LOADER: ACDB -> ACDB_CMD_GET_AUDPROC_STREAM_TOPOLOGY_ID
01-25 14:07:27.758   238 11044 D ACDB-LOADER: ACDB -> send_audtable
01-25 14:07:27.758   238 11044 D ACDB-LOADER: ACDB -> ACDB_CMD_GET_AUDPROC_COMMON_TABLE
01-25 14:07:27.758   238 11044 D ACDB-LOADER: ACDB -> AUDIO_SET_AUDPROC_CAL
01-25 14:07:27.758   238 11044 D ACDB-LOADER: ACDB -> send_audvoltable
01-25 14:07:27.758   238 11044 D ACDB-LOADER: ACDB -> ACDB_CMD_GET_AUDPROC_GAIN_DEP_STEP_TABLE
01-25 14:07:27.758   238 11044 D         : Failed to fetch the lookup information of the device 00000004
01-25 14:07:27.758   238 11044 E ACDB-LOADER: Error: ACDB AudProc vol returned = -19
01-25 14:07:27.758   238 11044 D ACDB-LOADER: ACDB -> AUDIO_SET_AUDPROC_VOL_CAL
01-25 14:07:27.758   238 11044 D ACDB-LOADER: ACDB -> AUDIO_SET_AFE_CAL
01-25 14:07:27.765   238 11044 D audio_hw_primary: select_devices: done
01-25 14:07:27.779  4250  4250 I TWILIGHT: [14:07:27.779, main]: Accessibility CHANGED com.google.android.apps.nexuslauncher com.google.android.apps.nexuslauncher.NexusLauncherActivity
01-25 14:07:27.823  5079  5090 I art     : Background sticky concurrent mark sweep GC freed 5941(436KB) AllocSpace objects, 2(40KB) LOS objects, 3% free, 18MB/19MB, paused 21.839ms total 91.534ms
01-25 14:07:27.883  5079  5079 I MicroDetectionWorker: onReady
01-25 14:07:28.027   691  1544 E SensorService: Error activating sensor 1598182245 (I/O error)
01-25 14:07:28.034  2736  5094 W OpenGLRenderer: Incorrectly called buildLayer on View: ShortcutAndWidgetContainer, destroying layer...
01-25 14:07:28.054   691   708 I bsthal  : <BST> set delay of <BOSCH Acceleration Sensor> to 20ms
01-25 14:07:28.065  1630 11015 W ctxmgr  : [AclManager]No 3 for (accnt=account#-517948760#, com.google.android.googlequicksearchbox(10038):com.google.android.googlequicksearchbox, vrsn=9683000, 1, 3pPkg = null ,
  3pMdlId = null). Was: 3 for 6, account#-517948760#
01-25 14:07:28.068  5079 10505 W art     : Long monitor contention event with owner method=boolean android.os.BinderProxy.transactNative(int, android.os.Parcel, android.os.Parcel, int) from Binder.java:429496729
4 waiters=0 for 218ms
01-25 14:07:28.109  1630  2778 I PlaceInferenceEngine: [anon] Setup for configuration 105:[]
01-25 14:07:28.109  1630  2778 I PlaceInferenceEngine: [anon] Active modules after start(): 0
01-25 14:07:28.114  1630 11015 W ctxmgr  : [PlacesProducer]Not handling added production policy type=3
01-25 14:07:28.213  1630  2778 I Places  : ?: PlacesBleScanner start() with priority 2
01-25 14:07:28.213  1630  2778 I PlaceInferenceEngine: [anon] Setup for configuration 102:[BeaconScoring, CategoryScoring, DistanceScoring, GeoJournalScoring, HomeWorkScoring, HulkPersonaScoring, PopularityScori
ng, SpotterScoring, TimeBasedScoring, WifiScoring]
01-25 14:07:28.213  1630  2778 I PlaceInferenceEngine: [anon] Active modules after start(): 10
01-25 14:07:28.228   691  1001 I PowerManagerService: Going to sleep due to power button (uid 1000)...
01-25 14:07:28.380  1630  1640 I art     : Background sticky concurrent mark sweep GC freed 31611(2MB) AllocSpace objects, 19(424KB) LOS objects, 13% free, 18MB/21MB, paused 5.794ms total 60.904ms
01-25 14:07:28.505  1630  9447 I PlaceInferenceEngine: No beacon scan available - ignoring candidates.
01-25 14:07:28.627  1630  1630 E ctxmgr  : [PlaceFenceHelper]NearbyBuffer is null!
01-25 14:07:28.651  1630  9518 W ctxmgr  : [AclManager]No 2 for (accnt=account#-517948760#, com.google.android.gms(10028):PlacesProducer, vrsn=10291000, 0, 3pPkg = null ,  3pMdlId = null). Was: 3 for 18, account
#-517948760#
01-25 14:07:28.668   691  2397 I bsthal  : <BST> set delay of <BOSCH Acceleration Sensor> to 66ms
01-25 14:07:28.684  1630  1630 I GCoreUlr: Starting service, intent=Intent { act=com.google.android.location.reporting.ACTION_UPDATE_ACTIVE_STATE cmp=com.google.android.gms/com.google.android.location.reporting.
service.DispatchingService (has extras) }, extras=Bundle[{source=PowerModeReceiver}]
01-25 14:07:28.730  1630  9447 I GCoreUlr: DispatchingService.updateActiveState+PowerModeReceiver: Ensuring that reporting is active for [account#-1#]
01-25 14:07:28.733   691   743 I bsthal  : <BST> set delay of <BOSCH Acceleration Sensor> to 200ms
01-25 14:07:28.733   691   743 V KeyguardServiceDelegate: onScreenTurnedOff()
01-25 14:07:28.744  1630  1630 I GCoreUlr: Starting service, intent=Intent { act=com.google.android.location.reporting.ACTION_UPDATE_ACTIVE_STATE cmp=com.google.android.gms/com.google.android.location.reporting.
service.DispatchingService (has extras) }, extras=Bundle[{source=PowerModeReceiver}]
01-25 14:07:28.745   231   231 D SurfaceFlinger: Set power mode=0, type=0 flinger=0xb74afe80
01-25 14:07:28.745   691   740 I DisplayManagerService: Display device changed state: "Built-in Screen", OFF
01-25 14:07:28.745   231   231 D qdhwcomposer: hwc_setPowerMode: Setting mode 0 on display: 0
01-25 14:07:28.772   691  1526 I bsthal  : <BST> set delay of <BOSCH Acceleration Sensor> to 20ms
01-25 14:07:28.775  1630  9447 I GCoreUlr: GMS FLP location and AR updates requested: {"description":"default","newRequest":true,"samplePeriodMs":120000,"sampleReason":"default","sampleSource":"internal","timest
ampMs":1485374848708}
01-25 14:07:28.787  1630  9447 I GCoreUlr: Place inference reporting - stop
01-25 14:07:28.809  1630  9447 I GCoreUlr: DispatchingService.updateActiveState+PowerModeReceiver: Ensuring that reporting is active for [account#-1#]
01-25 14:07:28.812  1630  9447 I GCoreUlr: Place inference reporting - stop
01-25 14:07:28.823  1630  9447 I GCoreUlr: Successfully inserted 1 locations
01-25 14:07:28.838  5079 10482 I PBSessionCacheImpl: Deleted sessionId[22339163603273428] from persistence.
01-25 14:07:28.847  5079  5079 I MicroDetector: Keeping mic open: false
01-25 14:07:28.847  5079 10482 I AudioController: internalShutdown
01-25 14:07:28.847  5079 10482 I MicrophoneInputStream: mic_close com.google.android.apps.gsa.speech.audio.af@1be5df9
01-25 14:07:28.848  5079  5228 I MicroRecognitionRunner: Stopping hotword detection.
01-25 14:07:28.848  5079 10487 E AudioRecord-JNI: Error -4 during AudioRecord native read
01-25 14:07:28.849  5079 10500 I DeviceStateChecker: DeviceStateChecker cancelled
01-25 14:07:28.850  5079  5079 W SearchService: Abort, client detached.
01-25 14:07:28.867   231   472 I qdhwcomposer: handle_blank_event: dpy:0 panel power state: 0
01-25 14:07:28.867   238 11044 D audio_hw_primary: in_set_parameters: enter: kvpairs=routing=0
01-25 14:07:28.867   238 11044 D audio_hw_primary: in_standby: enter: stream (0xb71c3fc8) usecase(9: audio-record)
01-25 14:07:28.867   231   231 D qdhwcomposer: hwc_setPowerMode: Done setting mode 0 on display 0
01-25 14:07:28.868   691  1074 D SurfaceControl: Excessive delay in setPowerMode(): 123ms
01-25 14:07:28.868   691   743 I QCOM PowerHAL: Got set_interactive hint
01-25 14:07:28.870   691   743 I PowerManagerService: Sleeping (uid 1000)...
01-25 14:07:28.910   238 11044 D hardware_info: hw_info_append_hw_type : device_name = voice-rec-mic
01-25 14:07:28.918   238   925 D audio_hw_primary: adev_close_input_stream: enter:stream_handle(0xb71c3fc8)
01-25 14:07:28.918   238   925 D audio_hw_primary: in_standby: enter: stream (0xb71c3fc8) usecase(9: audio-record)
01-25 14:07:28.924  5079  5242 I MicroRecognitionRunner: Detection finished
01-25 14:07:28.984  1131  1131 D CarrierText: onSimStateChanged: Normal
01-25 14:07:29.006   238   238 D audio_hw_primary: adev_set_parameters: enter: screen_state=off
01-25 14:07:29.006   238   238 E bt_a2dp_hw: adev_set_parameters: ERROR: set param called even when stream out is null
01-25 14:07:29.007   691  1038 E native  : do suspend true
01-25 14:07:29.012  1630  9447 E ctxmgr  : [ProducerActiveIntervalImpl]closeActiveInterval: Error: ongoing, trying to close
01-25 14:07:29.084  1630  2778 I PlaceInferenceEngine: [anon] Setup for configuration 105:[]
01-25 14:07:29.084  1630  2778 I PlaceInferenceEngine: [anon] Active modules after start(): 0
01-25 14:07:29.141  1131  1131 D PhoneStatusBar: disable: < expand ICONS* alerts SYSTEM_INFO* back home recent clock search quick_settings >
01-25 14:07:29.343  1131  1131 D PhoneStatusBar: disable: < expand ICONS alerts SYSTEM_INFO back HOME* RECENT* clock SEARCH* quick_settings >
01-25 14:07:29.432  4250  4250 I TWILIGHT: [14:07:29.432, main]: SCREEN_OFF
01-25 14:07:29.445  2325  2325 I DeviceScanner: [MDNS] Screen is OFF
01-25 14:07:29.449  2325  2325 I DeviceScanner: [CastNearby] Screen is OFF
01-25 14:07:29.609  4250  4250 I TWILIGHT: [14:07:29.609, main]: Accessibility CHANGED com.android.systemui android.widget.FrameLayout
01-25 14:07:29.665  4250  4250 I TWILIGHT: [14:07:29.665, main]: Accessibility CHANGED com.android.systemui android.widget.TextView
01-25 14:07:30.456  4250  4250 I TWILIGHT: [14:07:30.455, main]: Accessibility CHANGED com.android.systemui android.widget.LinearLayout
01-25 14:07:30.870   691   743 W PowerManagerService: Sandman unresponsive, releasing suspend blocker
^C
eric@eric-arch.laptop.dev (130) [/home/eric]                                                                                                                                                       [2.94 2.64 2.29]
%
