01-25 13:28:47.987   691  2398 I chatty  : uid=1000(system) Binder_10 expire 10 lines
01-25 13:28:48.375   691  1120 I chatty  : uid=1000(system) Binder_3 expire 11 lines
01-25 13:28:53.583   691  1544 I chatty  : uid=1000(system) Binder_8 expire 6 lines
01-25 13:28:54.115   691  1596 I chatty  : uid=1000(system) Binder_9 expire 3 lines
01-25 13:28:54.541   691  1912 I chatty  : uid=1000(system) Binder_B expire 10 lines
01-25 13:28:56.693   691  1039 I chatty  : uid=1000(system) WifiService expire 5 lines
01-25 13:29:05.132   691  1040 I chatty  : uid=1000(system) ConnectivitySer expire 4 lines
01-25 13:29:28.396   691  1830 I chatty  : uid=1000(system) Binder_A expire 2 lines
01-25 13:30:16.551   691  1000 I chatty  : uid=1000(system) InputDispatcher expire 1 line
01-25 13:30:20.538   691 29262 I chatty  : uid=1000 system_server expire 1 line
01-25 13:30:22.186   691   740 I chatty  : uid=1000(system) android.display expire 1 line
01-25 13:31:00.684   691  2255 I chatty  : uid=1000(system) Binder_D expire 2 lines
01-25 13:31:01.593   691   729 I chatty  : uid=1000(system) android.fg expire 1 line
01-25 13:33:07.224   691   728 I chatty  : uid=1000(system) android.ui expire 1 line
01-25 13:33:26.153   691   726 I chatty  : uid=1000(system) android.bg expire 1 line
01-25 13:33:27.803 30615 30615 D ActivityThread: Loading provider com.google.android.gmail.provider;com.android.mail.notifier;com.google.android.gm.email.provider;com.google.android.gm.tasks.provider;com.google.
android.gm.email.notifier: com.android.email.provider.EmailProvider
01-25 13:33:27.929  2325 30689 E ActivityThread: Failed to find provider info for com.android.contacts.metadata
01-25 13:33:28.420   691  1526 I chatty  : uid=1000(system) Binder_7 expire 1 line
01-25 13:33:28.765   691  1120 I chatty  : uid=1000(system) Binder_3 expire 2 lines
01-25 13:33:29.160   691  1042 I chatty  : uid=1000(system) NsdService expire 6 lines
01-25 13:33:29.332   691  2398 I chatty  : uid=1000(system) Binder_10 expire 1 line
01-25 13:33:29.458   691   709 I chatty  : uid=1000(system) Binder_2 expire 1 line
01-25 13:33:29.563   691  1912 I chatty  : uid=1000(system) Binder_B expire 1 line
01-25 13:33:30.252   691  2182 I chatty  : uid=1000(system) Binder_C expire 1 line
01-25 13:33:32.588   691  1179 I chatty  : uid=1000(system) Binder_5 expire 2 lines
01-25 13:33:32.620   691  1526 I chatty  : uid=1000(system) Binder_7 expire 1 line
01-25 13:33:34.565   691  1596 I chatty  : uid=1000(system) Binder_9 expire 2 lines
01-25 13:33:35.342   691  2255 I chatty  : uid=1000(system) Binder_D expire 1 line
01-25 13:33:35.405   691  1544 I chatty  : uid=1000(system) Binder_8 expire 5 lines
01-25 13:33:35.446   691  1250 I chatty  : uid=1000(system) Binder_6 expire 4 lines
01-25 13:33:35.515   691   708 I chatty  : uid=1000(system) Binder_1 expire 3 lines
01-25 13:33:35.529   691   727 I chatty  : uid=1000(system) ActivityManager expire 1 line
01-25 13:33:35.665   691  1830 I chatty  : uid=1000(system) Binder_A expire 2 lines
01-25 13:33:36.226   691   726 I chatty  : uid=1000(system) android.bg expire 3 lines
01-25 13:33:36.685   691   709 I chatty  : uid=1000(system) Binder_2 expire 2 lines
01-25 13:33:36.766   691  2398 I chatty  : uid=1000(system) Binder_10 expire 3 lines
01-25 13:33:39.822   691  2182 I chatty  : uid=1000(system) Binder_C expire 1 line
01-25 13:33:42.383   691  1120 I chatty  : uid=1000(system) Binder_3 expire 2 lines
01-25 13:33:42.817   691  1912 I chatty  : uid=1000(system) Binder_B expire 2 lines
01-25 13:33:43.798 30279 30404 E ActivityThread: Failed to find provider info for com.facebook.appmanager.attribution
01-25 13:33:54.206 30279 30409 E ActivityThread: Failed to find provider info for com.facebook.appmanager.attribution
01-25 13:33:56.134   691  1040 I chatty  : uid=1000(system) ConnectivitySer expire 2 lines
01-25 13:33:56.138   691  2397 I chatty  : uid=1000(system) Binder_F expire 1 line
01-25 13:33:56.206   691   727 I chatty  : uid=1000(system) ActivityManager expire 2 lines
01-25 13:33:59.410   691  1042 I chatty  : uid=1000(system) NsdService expire 2 lines
01-25 13:34:03.764   691  1544 I chatty  : uid=1000(system) Binder_8 expire 2 lines
01-25 13:34:04.415   691  1179 I chatty  : uid=1000(system) Binder_5 expire 2 lines
01-25 13:34:04.610   691   709 I chatty  : uid=1000(system) Binder_2 expire 3 lines
01-25 13:34:04.723   691  2398 I chatty  : uid=1000(system) Binder_10 expire 1 line
01-25 13:34:07.644  2325 31557 E ActivityThread: Failed to find provider info for com.android.contacts.metadata
01-25 13:34:14.779   691  1040 I chatty  : uid=1000(system) ConnectivitySer expire 2 lines
01-25 13:34:14.915   691  2182 I chatty  : uid=1000(system) Binder_C expire 5 lines
01-25 13:34:14.975   691  1250 I chatty  : uid=1000(system) Binder_6 expire 2 lines
01-25 13:34:14.994   691  1596 I chatty  : uid=1000(system) Binder_9 expire 1 line
01-25 13:34:15.014   691   729 I chatty  : uid=1000(system) android.fg expire 2 lines
01-25 13:34:15.768   691   708 I chatty  : uid=1000(system) Binder_1 expire 1 line
01-25 13:34:15.793   691  2255 I chatty  : uid=1000(system) Binder_D expire 1 line
01-25 13:34:17.273   691  1121 I chatty  : uid=1000(system) Binder_4 expire 3 lines
01-25 13:34:17.325   691  1912 I chatty  : uid=1000(system) Binder_B expire 4 lines
01-25 13:34:17.906   691  2255 I chatty  : uid=1000(system) Binder_D expire 1 line
01-25 13:34:17.919   691   709 I chatty  : uid=1000(system) Binder_2 expire 2 lines
01-25 13:34:50.056   691  2398 I chatty  : uid=1000(system) Binder_10 expire 2 lines
01-25 13:35:12.599   691  1042 I chatty  : uid=1000(system) NsdService expire 10 lines
01-25 13:35:21.607   691   727 I chatty  : uid=1000(system) ActivityManager expire 1 line
01-25 13:35:21.609   691   729 I chatty  : uid=1000(system) android.fg expire 1 line
01-25 13:35:30.166   691  2275 I chatty  : uid=1000(system) Binder_E expire 4 lines
01-25 13:35:34.507   691  1179 I chatty  : uid=1000(system) Binder_5 expire 4 lines
01-25 13:35:34.508   691  1040 I chatty  : uid=1000(system) ConnectivitySer expire 2 lines
01-25 13:36:03.789   691  1830 I chatty  : uid=1000(system) Binder_A expire 2 lines
01-25 13:36:08.821   691  1596 I chatty  : uid=1000(system) Binder_9 expire 2 lines
01-25 13:36:38.657   691  2397 I chatty  : uid=1000(system) Binder_F expire 2 lines
01-25 13:36:38.665   691  1544 I chatty  : uid=1000(system) Binder_8 expire 1 line
01-25 13:37:13.410   691   691 I chatty  : uid=1000 system_server expire 1 line
01-25 13:39:21.266   691  1039 I chatty  : uid=1000(system) WifiService expire 1 line
01-25 13:39:21.548   691  1526 I chatty  : uid=1000(system) Binder_7 expire 1 line
01-25 13:39:21.955   691  1179 I ActivityManager: Process com.google.android.gm (pid 30615) has died
01-25 13:39:21.955   691  1179 D ActivityManager: cleanUpApplicationRecord -- 30615
01-25 13:39:22.080   691  1596 D ConnectivityService: listenForNetwork for Listen from uid/pid:10133/31397 for NetworkRequest [ id=48, legacyType=-1, [ Capabilities: INTERNET&NOT_RESTRICTED&TRUSTED&NOT_VPN] ]
01-25 13:39:23.355   691   708 I ActivityManager: Process com.google.process.gapps (pid 3202) has died
01-25 13:39:23.355   691   708 D ActivityManager: cleanUpApplicationRecord -- 3202
01-25 13:39:29.995   691  1912 I ActivityManager: Process android.process.acore (pid 30793) has died
01-25 13:39:29.995   691  1912 D ActivityManager: cleanUpApplicationRecord -- 30793
01-25 13:39:30.545   691  2255 I ActivityManager: Process com.android.dialer (pid 32757) has died
01-25 13:39:30.545   691  2255 D ActivityManager: cleanUpApplicationRecord -- 32757
01-25 13:39:30.715   691  1121 I ActivityManager: Process com.instagram.android (pid 31410) has died
01-25 13:39:30.716   691  1121 D ActivityManager: cleanUpApplicationRecord -- 31410
01-25 13:39:34.177   691   989 I ActivityManager: Low on memory:
01-25 13:39:34.177   691   989 I ActivityManager:   ntv   N     7569 kB: surfaceflinger (4080 kB memtrack) (pid 231) native
01-25 13:39:34.177   691   989 I ActivityManager:   ntv   N     2967 kB: logd (pid 181) native
01-25 13:39:34.177   691   989 I ActivityManager:   ntv   N     1222 kB: zygote (pid 247) native
01-25 13:39:34.177   691   989 I ActivityManager:   ntv   N     1101 kB: rild (pid 236) native
01-25 13:39:34.177   691   989 I ActivityManager:   ntv   N      760 kB: mediaserver (pid 238) native
01-25 13:39:34.177   691   989 I ActivityManager:   ntv   N      629 kB: netd (pid 234) native
01-25 13:39:34.177   691   989 I ActivityManager:   ntv   N     3974 kB: (Other native)
01-25 13:39:34.177   691   989 I ActivityManager:   sys   P    47055 kB: system (pid 691) fixed
01-25 13:39:34.177   691   989 I ActivityManager:   pers  P    42129 kB: com.android.systemui (7840 kB memtrack) (pid 1131) fixed
01-25 13:39:34.177   691   989 I ActivityManager:   pers  P     9457 kB: com.android.phone (pid 1744) fixed
01-25 13:39:34.177   691   989 I ActivityManager:   pers  P     1484 kB: com.android.nfc (pid 1736) fixed
01-25 13:39:34.177   691   989 I ActivityManager:   pers  P      766 kB: org.cyanogenmod.audiofx (pid 1730) fixed
01-25 13:39:34.177   691   989 I ActivityManager:   psvc  IF    2251 kB: com.android.bluetooth (pid 14007) service
01-25 13:39:34.177   691   989 I ActivityManager:                        com.android.bluetooth/.btservice.AdapterService<=Proc{691:system/1000}
01-25 13:39:34.177   691   989 I ActivityManager:   fore  SB  129984 kB: com.facebook.katana (7680 kB memtrack) (pid 30279) service
01-25 13:39:34.177   691   989 I ActivityManager:                        com.facebook.katana/com.facebook.browser.liteclient.BrowserLiteCallbackService<=Proc{31397:com.facebook.katana:browser/u0a133}
01-25 13:39:34.177   691   989 I ActivityManager:   vis   T    94277 kB: com.facebook.katana:browser (13800 kB memtrack) (pid 31397) top-activity
01-25 13:39:34.177   691   989 I ActivityManager:   vis   SB   30330 kB: com.google.android.gms.persistent (pid 1630) service
01-25 13:39:34.177   691   989 I ActivityManager:                        com.google.android.gms/com.google.android.location.geocode.GeocodeService<=Proc{691:system/1000}
01-25 13:39:34.177   691   989 I ActivityManager:   vis   SB   19091 kB: com.urbandroid.lux:background (11760 kB memtrack) (pid 4250) service
01-25 13:39:34.177   691   989 I ActivityManager:                        com.urbandroid.lux/.TwilightAccessibilityService<=Proc{691:system/1000}
01-25 13:39:34.177   691   989 I ActivityManager:   vis   SB   14492 kB: com.google.android.gms (pid 2325) service
01-25 13:39:34.177   691   989 I ActivityManager:                        com.google.android.gms/.cast.media.CastMediaRouteProviderService<=Proc{30279:com.facebook.katana/u0a133}
01-25 13:39:34.177   691   989 I ActivityManager:   vis   SB   11300 kB: com.android.inputmethod.latin (pid 12592) service
01-25 13:39:34.177   691   989 I ActivityManager:                        com.android.inputmethod.latin/.spellcheck.AndroidSpellCheckerService<=Proc{691:system/1000}
01-25 13:39:34.177   691   989 I ActivityManager:   vis   SB    4553 kB: org.cyanogenmod.theme.chooser2 (pid 2322) service
01-25 13:39:34.177   691   989 I ActivityManager:                        org.cyanogenmod.theme.chooser2/.NotificationHijackingService<=Proc{691:system/1000}
01-25 13:39:34.177   691   989 I ActivityManager:   vis   SB    3930 kB: com.facebook.katana:videoplayer (pid 30596) service
01-25 13:39:34.177   691   989 I ActivityManager:                        com.facebook.katana/com.facebook.video.vps.VideoPlayerService<=Proc{30279:com.facebook.katana/u0a133}
01-25 13:39:34.177   691   989 I ActivityManager:   vis   IF    1008 kB: org.cyanogenmod.themeservice (pid 2478) service
01-25 13:39:34.177   691   989 I ActivityManager:                        org.cyanogenmod.themeservice/.IconCacheManagerService<=Proc{691:system/1000}
01-25 13:39:34.177   691   989 I ActivityManager:   vis   IF     959 kB: org.cyanogenmod.yahooweatherprovider (pid 1589) service
01-25 13:39:34.177   691   989 I ActivityManager:                        org.cyanogenmod.yahooweatherprovider/.YahooWeatherProviderService<=Proc{4062:org.cyanogenmod.weatherservice/u0a26}
01-25 13:39:34.177   691   989 I ActivityManager:   vis   SB     896 kB: com.google.android.googlequicksearchbox:interactor (pid 1490) service
01-25 13:39:34.177   691   989 I ActivityManager:                        com.google.android.googlequicksearchbox/com.google.android.voiceinteraction.GsaVoiceInteractionService<=Proc{691:system/1000}
01-25 13:39:34.177   691   989 I ActivityManager:   vis   IF     806 kB: org.cyanogenmod.weatherservice (pid 4062) service
01-25 13:39:34.177   691   989 I ActivityManager:                        org.cyanogenmod.weatherservice/.WeatherManagerService<=Proc{691:system/1000}
01-25 13:39:34.177   691   989 I ActivityManager:   vis   IF     803 kB: org.cyanogenmod.livelockscreen.service (pid 3151) service
01-25 13:39:34.177   691   989 I ActivityManager:                        org.cyanogenmod.livelockscreen.service/.LiveLockScreenManagerService<=Proc{691:system/1000}
01-25 13:39:34.177   691   989 I ActivityManager:   vis   SB     776 kB: org.cyanogenmod.profiles (pid 7762) service
01-25 13:39:34.177   691   989 I ActivityManager:                        org.cyanogenmod.profiles/.ProfilesTrustAgent<=Proc{691:system/1000}
01-25 13:39:34.177   691   989 I ActivityManager:   vis   IF     747 kB: com.android.smspush (pid 1868) service
01-25 13:39:34.177   691   989 I ActivityManager:                        com.android.smspush/.WapPushManager<=Proc{1744:com.android.phone/1001}
01-25 13:39:34.177   691   989 I ActivityManager:   vis   IF     739 kB: org.cyanogenmod.cmaudio.service (pid 3035) service
01-25 13:39:34.177   691   989 I ActivityManager:                        org.cyanogenmod.cmaudio.service/.CMAudioService<=Proc{691:system/1000}
01-25 13:39:34.177   691   989 I ActivityManager:   prcp  IB   44593 kB: com.google.android.inputmethod.latin (7680 kB memtrack) (pid 1529) service
01-25 13:39:34.177   691   989 I ActivityManager:                        com.google.android.inputmethod.latin/com.android.inputmethod.latin.LatinIME<=Proc{691:system/1000}
01-25 13:39:34.177   691   989 I ActivityManager:   svc   S     8117 kB: com.acmeaom.android.myradar (pid 23358) started-services
01-25 13:39:34.177   691   989 I ActivityManager:   svc   S     8083 kB: com.android.vending (pid 2514) service
01-25 13:39:34.177   691   989 I ActivityManager:                        com.android.vending/com.google.android.finsky.billing.iab.InAppBillingService<=Proc{23358:com.acmeaom.android.myradar/u0a118}
01-25 13:39:34.177   691   989 I ActivityManager:   svc   S     2333 kB: com.tapatalk.androidforumscom (pid 29720) started-services
01-25 13:39:34.177   691   989 I ActivityManager:   home  HO   10498 kB: com.google.android.googleq
01-25 13:39:34.177   691   989 I ActivityManager:   MemInfo: 53052 kB slab, 5808 kB shmem, 4012 kB vm alloc, 24492 kB page tables 13240 kB kernel stack
01-25 13:39:34.177   691   989 I ActivityManager:            1644 kB buffers, 206860 kB cached, 186968 kB mapped, 33280 kB free
01-25 13:39:34.177   691   989 I ActivityManager:   ZRAM: 68228 kB RAM, 262140 kB swap total, 45556 kB swap free
01-25 13:39:34.177   691   989 I ActivityManager:   Free RAM: 54816 kB
01-25 13:39:34.177   691   989 I ActivityManager:   Used RAM: 709755 kB
01-25 13:39:34.177   691   989 I ActivityManager:   Lost RAM: 119757 kB
01-25 13:39:54.211   691  1121 D ConnectivityService: ConnectivityService NetworkRequestInfo binderDied(NetworkRequest [ id=8, legacyType=-1, [ Capabilities: INTERNET&NOT_RESTRICTED&TRUSTED&NOT_VPN] ], android.o
s.BinderProxy@b69e66b)
01-25 13:39:54.211   691  1912 I WindowState: WIN DEATH: Window{2b2bc6 u0 com.facebook.orca/com.facebook.orca.auth.StartScreenActivity}
01-25 13:39:54.213   691  1040 D ConnectivityService: releasing NetworkRequest NetworkRequest [ id=8, legacyType=-1, [ Capabilities: INTERNET&NOT_RESTRICTED&TRUSTED&NOT_VPN] ]
01-25 13:39:54.218   691  2275 I WindowState: WIN DEATH: Window{a7244c u0 com.facebook.orca/com.facebook.messenger.neue.MainActivity}
01-25 13:39:54.227   691  1040 E ConnectivityService: RemoteException caught trying to send a callback msg for NetworkRequest [ id=8, legacyType=-1, [ Capabilities: INTERNET&NOT_RESTRICTED&TRUSTED&NOT_VPN] ]
01-25 13:39:54.265   691  2182 I ActivityManager: Process com.facebook.orca (pid 5497) has died
01-25 13:39:54.265   691  2182 D ActivityManager: cleanUpApplicationRecord -- 5497
01-25 13:39:54.266   691  2182 W ActivityManager: Scheduling restart of crashed service com.facebook.orca/com.facebook.messaging.newphoto.NewPhotoIntentService in 1000ms
01-25 13:39:54.266   691  2182 W ActivityManager: Scheduling restart of crashed service com.facebook.orca/com.facebook.mqttlite.MqttService in 1000ms
01-25 13:39:54.447   691  2398 I ActivityManager: Process com.android.inputmethod.latin (pid 12592) has died
01-25 13:39:54.448   691  2398 D ActivityManager: cleanUpApplicationRecord -- 12592
01-25 13:39:55.279   691   727 I ActivityManager: Start proc 1175:com.facebook.orca/u0a125 for service com.facebook.orca/com.facebook.mqttlite.MqttService
01-25 13:39:57.008   691   726 I UsageStatsService: User[0] Flushing usage stats to disk
01-25 13:40:05.830   691  1526 D ConnectivityService: listenForNetwork for Listen from uid/pid:10125/1175 for NetworkRequest [ id=49, legacyType=-1, [ Capabilities: INTERNET&NOT_RESTRICTED&TRUSTED&NOT_VPN] ]
01-25 13:40:06.704   691   727 W BroadcastQueue: Permission Denial: broadcasting Intent { act=android.net.conn.CONNECTIVITY_CHANGE flg=0x4000010 (has extras) } from null (pid=-1, uid=-1) requires com.facebook.pe
rmission.prod.FB_APP_COMMUNICATION due to registered receiver BroadcastFilter{11308d7 u0 ReceiverList{7768056 1175 com.facebook.orca/10125/u0 remote:82d3a71}}
01-25 13:40:06.704   691   727 W BroadcastQueue: Permission Denial: broadcasting Intent { act=android.net.conn.INET_CONDITION_ACTION flg=0x4000010 (has extras) } from null (pid=-1, uid=-1) requires com.facebook.
permission.prod.FB_APP_COMMUNICATION due to registered receiver BroadcastFilter{11308d7 u0 ReceiverList{7768056 1175 com.facebook.orca/10125/u0 remote:82d3a71}}
01-25 13:40:06.716   691   727 W BroadcastQueue: Permission Denial: broadcasting Intent { act=android.net.conn.CONNECTIVITY_CHANGE flg=0x4000010 (has extras) } from null (pid=-1, uid=-1) requires com.facebook.pe
rmission.prod.FB_APP_COMMUNICATION due to registered receiver BroadcastFilter{367c6a9 u0 ReceiverList{5e72a30 1175 com.facebook.orca/10125/u0 remote:1155b73}}
01-25 13:40:21.624   691   727 E KernelUidCpuTimeReader: Failed to read uid_cputime: /proc/uid_cputime/show_uid_stat: open failed: ENOENT (No such file or directory)
01-25 13:40:21.629   691   729 E KernelUidCpuTimeReader: Failed to read uid_cputime: /proc/uid_cputime/show_uid_stat: open failed: ENOENT (No such file or directory)
01-25 13:40:23.464   691   727 I ActivityManager: Waited long enough for: ServiceRecord{6d4c551 u0 com.facebook.orca/com.facebook.messaging.newphoto.NewPhotoIntentService}
01-25 13:40:46.446   691  1120 I ActivityManager: Process org.thoughtcrime.securesms (pid 18990) has died
01-25 13:40:46.446   691  1120 D ActivityManager: cleanUpApplicationRecord -- 18990
01-25 13:40:46.446   691  1120 W ActivityManager: Scheduling restart of crashed service org.thoughtcrime.securesms/.service.KeyCachingService in 1000ms
01-25 13:40:54.991   691  2255 D ConnectivityService: ConnectivityService NetworkRequestInfo binderDied(NetworkRequest [ id=49, legacyType=-1, [ Capabilities: INTERNET&NOT_RESTRICTED&TRUSTED&NOT_VPN] ], android.
os.BinderProxy@263476)
01-25 13:40:55.001   691  1040 D ConnectivityService: releasing NetworkRequest NetworkRequest [ id=49, legacyType=-1, [ Capabilities: INTERNET&NOT_RESTRICTED&TRUSTED&NOT_VPN] ]
01-25 13:40:55.015   691   709 I ActivityManager: Process com.facebook.orca (pid 1175) has died
01-25 13:40:55.015   691   709 D ActivityManager: cleanUpApplicationRecord -- 1175
01-25 13:40:55.016   691   709 W ActivityManager: Scheduling restart of crashed service com.facebook.orca/com.facebook.mqttlite.MqttService in 1000ms
01-25 13:40:55.016   691   709 W ActivityManager: Scheduling restart of crashed service com.facebook.orca/com.facebook.messaging.newphoto.NewPhotoIntentService in 10999ms
01-25 13:40:55.031   691  1040 E ConnectivityService: RemoteException caught trying to send a callback msg for NetworkRequest [ id=49, legacyType=-1, [ Capabilities: INTERNET&NOT_RESTRICTED&TRUSTED&NOT_VPN] ]
01-25 13:40:56.046   691   727 I ActivityManager: Start proc 1721:com.facebook.orca/u0a125 for service com.facebook.orca/com.facebook.mqttlite.MqttService
01-25 13:40:56.395   691  2397 I ActivityManager: Process com.google.android.apps.googlevoice (pid 29685) has died
01-25 13:40:56.396   691  2397 D ActivityManager: cleanUpApplicationRecord -- 29685
01-25 13:40:56.396   691  2397 W ActivityManager: Scheduling restart of crashed service com.google.android.apps.googlevoice/.VoicemailPrefetchService in 1000ms
01-25 13:40:56.396   691  2397 W ActivityManager: Scheduling restart of crashed service com.google.android.apps.googlevoice/.widget.WidgetService in 11000ms
01-25 13:40:56.396   691  2397 W ActivityManager: Scheduling restart of crashed service com.google.android.apps.googlevoice/.UpdateService in 21000ms
01-25 13:40:56.778   691  1121 I ActivityManager: Process com.instagram.android:mqtt (pid 11720) has died
01-25 13:40:56.778   691  1121 D ActivityManager: cleanUpApplicationRecord -- 11720
01-25 13:40:56.778   691  1121 W ActivityManager: Scheduling restart of crashed service com.instagram.android/com.facebook.rti.push.service.FbnsService in 30618ms
01-25 13:40:57.416   691   727 I ActivityManager: Start proc 1789:com.google.android.apps.googlevoice/u0a132 for service com.google.android.apps.googlevoice/.VoicemailPrefetchService
01-25 13:40:57.685   691  1179 I ActivityManager: Process com.android.vending (pid 2514) has died
01-25 13:40:57.685   691  1179 D ActivityManager: cleanUpApplicationRecord -- 2514
01-25 13:40:57.687   691  1179 W ActivityManager: Scheduling restart of crashed service com.android.vending/com.google.android.finsky.billing.iab.InAppBillingService in 1000ms
01-25 13:40:57.688   691  1179 W ActivityManager: Scheduling restart of crashed service com.android.vending/com.google.android.finsky.services.LocationUpdaterService in 38025066ms
01-25 13:40:57.928   691  1526 I ActivityManager: Start proc 1810:com.google.process.gapps/u0a28 for content provider com.google.android.gsf/.settings.GoogleSettingsProvider
01-25 13:40:58.709   691   727 I ActivityManager: Start proc 1849:com.android.vending/u0a37 for service com.android.vending/com.google.android.finsky.billing.iab.InAppBillingService
01-25 13:40:58.905   691  1120 I ActivityManager: Process com.facebook.orca:videoplayer (pid 12397) has died
01-25 13:40:58.905   691  1120 D ActivityManager: cleanUpApplicationRecord -- 12397
01-25 13:40:58.906   691  1120 W ActivityManager: Scheduling restart of crashed service com.facebook.orca/com.facebook.video.vps.VideoPlayerService in 1000ms
01-25 13:40:59.205   691   708 I ActivityManager: Start proc 1879:android.process.acore/u0a5 for content provider com.android.providers.contacts/.VoicemailContentProvider
01-25 13:40:59.285   691  2255 I ActivityManager: Process com.google.android.apps.googlevoice (pid 1789) has died
01-25 13:40:59.285   691  2255 D ActivityManager: cleanUpApplicationRecord -- 1789
01-25 13:40:59.286   691  2255 W ActivityManager: Scheduling restart of crashed service com.google.android.apps.googlevoice/.VoicemailPrefetchService in 10620ms
01-25 13:40:59.286   691  2255 W ActivityManager: Scheduling restart of crashed service com.google.android.apps.googlevoice/.UpdateService in 38110ms
01-25 13:40:59.445   691  1544 I ActivityManager: Process android.process.acore (pid 1879) has died
01-25 13:40:59.445   691  1544 D ActivityManager: cleanUpApplicationRecord -- 1879
01-25 13:40:59.451   691   708 W ActivityManager: Unable to launch app com.android.providers.contacts/10005 for provider com.android.voicemail: launching app became null
01-25 13:40:59.777   691   708 I ActivityManager: Process com.facebook.orca (pid 1721) has died
01-25 13:40:59.777   691   708 D ActivityManager: cleanUpApplicationRecord -- 1721
01-25 13:40:59.777   691   708 W ActivityManager: Scheduling restart of crashed service com.facebook.orca/com.facebook.mqttlite.MqttService in 47619ms
01-25 13:40:59.918   691   727 I ActivityManager: Start proc 1929:com.facebook.orca:videoplayer/u0a125 for service com.facebook.orca/com.facebook.video.vps.VideoPlayerService
01-25 13:41:00.335   691  1912 I ActivityManager: Start proc 1960:android.process.media/u0a10 for content provider com.android.providers.downloads/.DownloadProvider
01-25 13:41:07.291   691  1179 D WifiService: acquireWifiLockLocked: WifiLock{NlpWifiLock type=2 binder=android.os.BinderProxy@16d246e}
01-25 13:41:09.922   691   727 I ActivityManager: Start proc 2063:com.google.android.apps.googlevoice/u0a132 for service com.google.android.apps.googlevoice/.VoicemailPrefetchService
01-25 13:41:10.282   691  1250 I ActivityManager: Start proc 2087:android.process.acore/u0a5 for content provider com.android.providers.contacts/.VoicemailContentProvider
01-25 13:41:10.775   691  1830 D CountryDetector: The first listener is added
01-25 13:41:11.022   691  2398 I ActivityManager: Start proc 2117:com.google.android.gm/u0a86 for content provider com.google.android.gm/com.android.exchange.provider.ExchangeDirectoryProvider
01-25 13:41:11.790  2117  2117 D ActivityThread: Loading provider com.google.android.gmail.provider;com.android.mail.notifier;com.google.android.gm.email.provider;com.google.android.gm.tasks.provider;com.google.
android.gm.email.notifier: com.android.email.provider.EmailProvider
01-25 13:41:12.146   691  1250 I ActivityManager: Start proc 2147:com.google.process.gapps/u0a49 for content provider com.google.android.syncadapters.contacts/.GalProvider
01-25 13:41:12.282   691  1526 I ActivityManager: Exiting empty application process android.process.acore (null)
01-25 13:41:12.290   691  1526 D ActivityManager: cleanUpApplicationRecord -- 0
01-25 13:41:12.462   691  2275 W ActivityManager: Unable to start service Intent { cmp=com.google.android.gm.exchange/com.android.exchange.service.EasService } U=0: not found
01-25 13:41:12.744   691  1544 W ActivityManager: Unable to start service Intent { cmp=com.google.android.gm.exchange/com.android.exchange.service.EasService } U=0: not found
01-25 13:41:12.905   691   708 W ActivityManager: Unable to start service Intent { cmp=com.google.android.gm.exchange/com.android.exchange.service.EasService } U=0: not found
01-25 13:41:14.385   691   709 I ActivityManager: Process com.google.process.gapps (pid 2147) has died
01-25 13:41:14.385   691   709 D ActivityManager: cleanUpApplicationRecord -- 2147
01-25 13:41:16.218   691  1526 I ActivityManager: Process com.google.android.gm (pid 2117) has died
01-25 13:41:16.218   691  1526 D ActivityManager: cleanUpApplicationRecord -- 2117
01-25 13:41:18.355   691  1526 I ActivityManager: Process com.google.android.apps.googlevoice (pid 2063) has died
01-25 13:41:18.355   691  1526 D ActivityManager: cleanUpApplicationRecord -- 2063
01-25 13:41:18.355   691  1526 W ActivityManager: Scheduling restart of crashed service com.google.android.apps.googlevoice/.VoicemailPrefetchService in 39041ms
01-25 13:41:18.355   691  1526 W ActivityManager: Scheduling restart of crashed service com.google.android.apps.googlevoice/.UpdateService in 49041ms
01-25 13:41:23.590   691  1250 D WifiService: releaseWifiLockLocked: WifiLock{NlpWifiLock type=2 binder=android.os.BinderProxy@16d246e}
01-25 13:41:27.410   691   727 I ActivityManager: Start proc 2268:com.instagram.android:mqtt/u0a127 for service com.instagram.android/com.facebook.rti.push.service.FbnsService
01-25 13:41:30.072   691   727 I ActivityManager: Start proc 2349:com.instagram.android/u0a127 for broadcast com.instagram.android/com.instagram.push.fbns.FbnsInitBroadcastReceiver
01-25 13:41:30.985   691  1120 I ActivityManager: Process android.process.media (pid 1960) has died
01-25 13:41:30.985   691  1120 D ActivityManager: cleanUpApplicationRecord -- 1960
01-25 13:41:34.446   691  1596 I ActivityManager: Process com.instagram.android (pid 2349) has died
01-25 13:41:34.446   691  1596 D ActivityManager: cleanUpApplicationRecord -- 2349
01-25 13:41:35.079   691  1912 I ActivityManager: Process com.urbandroid.lux (pid 8697) has died
01-25 13:41:35.079   691  1912 D ActivityManager: cleanUpApplicationRecord -- 8697
01-25 13:41:35.919   691   708 I ActivityManager: Start proc 2448:com.urbandroid.lux/u0a114 for content provider com.urbandroid.lux/.util.MultiprocessPreferences
01-25 13:41:36.035   691  2255 I ActivityManager: Process com.instagram.android:mqtt (pid 2268) has died
01-25 13:41:36.035   691  2255 D ActivityManager: cleanUpApplicationRecord -- 2268
01-25 13:41:36.036   691  2255 W ActivityManager: Scheduling restart of crashed service com.instagram.android/com.facebook.rti.push.service.FbnsService in 1000ms
01-25 13:41:37.051   691   727 I ActivityManager: Start proc 2475:com.instagram.android:mqtt/u0a127 for service com.instagram.android/com.facebook.rti.push.service.FbnsService
01-25 13:41:37.335   691  1830 I ActivityManager: Process com.android.vending (pid 1849) has died
01-25 13:41:37.335   691  1830 D ActivityManager: cleanUpApplicationRecord -- 1849
01-25 13:41:37.336   691  1830 W ActivityManager: Scheduling restart of crashed service com.android.vending/com.google.android.finsky.billing.iab.InAppBillingService in 40061ms
01-25 13:41:37.336   691  1830 W ActivityManager: Scheduling restart of crashed service com.android.vending/com.google.android.finsky.services.LocationUpdaterService in 77046ms
01-25 13:41:37.678   691  1121 I ActivityManager: Start proc 2514:com.facebook.orca/u0a125 for content provider com.facebook.orca/com.facebook.messenger.app.MessengerLoggedInUserProvider
01-25 13:41:38.840   691   727 I ActivityManager: Start proc 2553:com.instagram.android/u0a127 for broadcast com.instagram.android/com.instagram.push.fbns.FbnsInitBroadcastReceiver
01-25 13:41:40.426   691  1526 D CountryDetector: No listener is left
01-25 13:41:40.495   691  1912 I ActivityManager: Process android.process.acore (pid 2087) has died
01-25 13:41:40.496   691  1912 D ActivityManager: cleanUpApplicationRecord -- 2087
01-25 13:41:42.887   691  1912 I ActivityManager: Process com.instagram.android:mqtt (pid 2475) has died
01-25 13:41:42.888   691  1912 D ActivityManager: cleanUpApplicationRecord -- 2475
01-25 13:41:42.888   691  1912 W ActivityManager: Scheduling restart of crashed service com.instagram.android/com.facebook.rti.push.service.FbnsService in 1000ms
01-25 13:41:43.480   691   709 I ActivityManager: Start proc 2662:android.process.acore/u0a5 for content provider com.android.providers.contacts/.ContactsProvider2
01-25 13:41:43.566   691   708 I ActivityManager: Process com.facebook.orca:videoplayer (pid 1929) has died
01-25 13:41:43.566   691   708 D ActivityManager: cleanUpApplicationRecord -- 1929
01-25 13:41:43.566   691   708 W ActivityManager: Scheduling restart of crashed service com.facebook.orca/com.facebook.video.vps.VideoPlayerService in 43830ms
01-25 13:41:43.745   691  1596 I ActivityManager: Process com.google.process.gapps (pid 1810) has died
01-25 13:41:43.746   691  1596 D ActivityManager: cleanUpApplicationRecord -- 1810
01-25 13:41:43.924   691   727 I ActivityManager: Start proc 2689:com.instagram.android:mqtt/u0a127 for service com.instagram.android/com.facebook.rti.push.service.FbnsService
01-25 13:41:44.085   691  2398 I ActivityManager: Process com.grarak.kerneladiutor:monitoring (pid 29150) has died
01-25 13:41:44.086   691  2398 D ActivityManager: cleanUpApplicationRecord -- 29150
01-25 13:41:44.087   691  2398 W ActivityManager: Scheduling restart of crashed service com.grarak.kerneladiutor/.services.monitor.Monitor in 1000ms
01-25 13:41:44.453   691  2182 I ActivityManager: Process com.tapatalk.androidforumscom (pid 29720) has died
01-25 13:41:44.453   691  2182 D ActivityManager: cleanUpApplicationRecord -- 29720
01-25 13:41:44.454   691  2182 W ActivityManager: Scheduling restart of crashed service com.tapatalk.androidforumscom/com.androidforums.channels.allchannels.AllChannelsService in 52943ms
01-25 13:41:44.525   691  1912 I ActivityManager: Process com.urbandroid.lux (pid 2448) has died
01-25 13:41:44.525   691  1912 D ActivityManager: cleanUpApplicationRecord -- 2448
01-25 13:41:45.107   691   727 I ActivityManager: Start proc 2716:com.grarak.kerneladiutor:monitoring/u0a112 for service com.grarak.kerneladiutor/.services.monitor.Monitor
01-25 13:41:45.244   691   709 I WindowState: WIN DEATH: Window{6707618 u0 com.google.android.apps.nexuslauncher/com.google.android.apps.nexuslauncher.NexusLauncherActivity}
01-25 13:41:45.283   691   709 D ConnectivityService: ConnectivityService NetworkRequestInfo binderDied(NetworkRequest [ id=4, legacyType=-1, [ Capabilities: INTERNET&NOT_RESTRICTED&TRUSTED] ], android.os.Binder
Proxy@65276f8)
01-25 13:41:45.289   691  1040 D ConnectivityService: releasing NetworkRequest NetworkRequest [ id=4, legacyType=-1, [ Capabilities: INTERNET&NOT_RESTRICTED&TRUSTED] ]
01-25 13:41:45.308   691  1040 E ConnectivityService: RemoteException caught trying to send a callback msg for NetworkRequest [ id=4, legacyType=-1, [ Capabilities: INTERNET&NOT_RESTRICTED&TRUSTED] ]
01-25 13:41:45.336   691  1039 D WifiService: Client connection lost with reason: 4
01-25 13:41:45.369   691  2275 I ActivityManager: Process com.google.android.googlequicksearchbox:search (pid 1903) has died
01-25 13:41:45.369   691  2275 D ActivityManager: cleanUpApplicationRecord -- 1903
01-25 13:41:45.369   691  2275 W ActivityManager: Scheduling restart of crashed service com.google.android.googlequicksearchbox/com.google.android.apps.gsa.nowoverlayservice.DrawerOverlayService in 1000ms
01-25 13:41:45.502   691  1830 I WindowState: WIN DEATH: Window{58d3a82 u0 com.google.android.apps.nexuslauncher/com.google.android.apps.nexuslauncher.NexusLauncherActivity}
01-25 13:41:45.595   691   708 I ActivityManager: Process com.google.android.apps.nexuslauncher (pid 3443) has died
01-25 13:41:45.595   691   708 D ActivityManager: cleanUpApplicationRecord -- 3443
01-25 13:41:45.656   691   708 I ActivityManager: Start proc 2736:com.google.android.apps.nexuslauncher/u0a84 for activity
01-25 13:41:45.669   691  1544 I ActivityManager: Start proc 2743:com.urbandroid.lux/u0a114 for content provider com.urbandroid.lux/.util.MultiprocessPreferences
01-25 13:41:45.728   691  2255 I ActivityManager: Process com.acmeaom.android.myradar (pid 23358) has died
01-25 13:41:45.728   691  2255 D ActivityManager: cleanUpApplicationRecord -- 23358
01-25 13:41:45.736   691  2255 W ActivityManager: Scheduling restart of crashed service com.acmeaom.android.myradar/.app.modules.notifications.ForecastUpdateService in 1000ms
01-25 13:41:45.736   691  2255 W ActivityManager: Scheduling restart of crashed service com.acmeaom.android.myradar/.app.wear.WearUpdater in 78647ms
01-25 13:41:45.736   691  2255 W ActivityManager: Scheduling restart of crashed service com.acmeaom.android.myradar/.app.widget.WidgetUpdater in 78647ms
01-25 13:41:46.789   691   727 I ActivityManager: Start proc 2776:com.acmeaom.android.myradar/u0a118 for service com.acmeaom.android.myradar/.app.modules.notifications.ForecastUpdateService
01-25 13:41:47.322   691   708 I ActivityManager: Start proc 2802:com.google.android.gm/u0a86 for content provider com.google.android.gm/com.android.exchange.provider.ExchangeDirectoryProvider
01-25 13:41:48.623  2802  2802 D ActivityThread: Loading provider com.google.android.gmail.provider;com.android.mail.notifier;com.google.android.gm.email.provider;com.google.android.gm.tasks.provider;com.google.
android.gm.email.notifier: com.android.email.provider.EmailProvider
01-25 13:41:48.976   691  1526 I ActivityManager: Start proc 2869:com.google.process.gapps/u0a28 for content provider com.google.android.gsf/.gservices.GservicesProvider
01-25 13:41:49.115   691  1912 I ActivityManager: Start proc 2894:com.google.process.gapps/u0a49 for content provider com.google.android.syncadapters.contacts/.GalProvider
01-25 13:41:49.905   691  1544 I ActivityManager: Process com.instagram.android (pid 2553) has died
01-25 13:41:49.905   691  1544 D ActivityManager: cleanUpApplicationRecord -- 2553
01-25 13:41:49.931   691  1250 I ActivityManager: Start proc 2925:com.android.vending/u0a37 for service com.android.vending/com.google.android.finsky.billing.iab.InAppBillingService
01-25 13:41:50.805   691  1120 W ActivityManager: Unable to start service Intent { cmp=com.google.android.gm.exchange/com.android.exchange.service.EasService } U=0: not found
01-25 13:41:51.045   691  1830 I ActivityManager: Process com.google.process.gapps (pid 2894) has died
01-25 13:41:51.046   691  1830 D ActivityManager: cleanUpApplicationRecord -- 2894
01-25 13:41:51.316   691   691 I ActivityManager: Start proc 2978:com.instagram.android/u0a127 for broadcast com.instagram.android/com.instagram.push.fbns.FbnsInitBroadcastReceiver
01-25 13:41:51.855   691   708 I ActivityManager: Process com.instagram.android:mqtt (pid 2689) has died
01-25 13:41:51.855   691   708 D ActivityManager: cleanUpApplicationRecord -- 2689
01-25 13:41:51.856   691   708 W ActivityManager: Scheduling restart of crashed service com.instagram.android/com.facebook.rti.push.service.FbnsService in 55542ms
01-25 13:41:52.115   691  1120 I ActivityManager: Process android.process.acore (pid 2662) has died
01-25 13:41:52.115   691  1120 D ActivityManager: cleanUpApplicationRecord -- 2662
01-25 13:41:53.045   691  2275 I ActivityManager: Process com.grarak.kerneladiutor:monitoring (pid 2716) has died
01-25 13:41:53.045   691  2275 D ActivityManager: cleanUpApplicationRecord -- 2716
01-25 13:41:53.046   691  2275 W ActivityManager: Scheduling restart of crashed service com.grarak.kerneladiutor/.services.monitor.Monitor in 64351ms
01-25 13:41:53.310   234  2965 W SocketClient: write error (Broken pipe)
01-25 13:41:54.241   691  2397 I ActivityManager: Process com.google.android.gm (pid 2802) has died
01-25 13:41:54.242   691  2397 D ActivityManager: cleanUpApplicationRecord -- 2802
01-25 13:41:54.608   691  2275 I ActivityManager: Start proc 3055:android.process.media/u0a10 for content provider com.android.providers.downloads/.DownloadProvider
01-25 13:41:55.142   691   709 W ActivityManager: Unable to start service Intent { cmp=com.acmeaom.android.myradar/com.cuebiq.cuebiqsdk.model.Collector } U=0: not found
01-25 13:41:56.071   691  1912 I ActivityManager: Start proc 3089:android.process.acore/u0a5 for content provider com.android.providers.contacts/.ContactsProvider2
01-25 13:41:56.801   691  2275 I ActivityManager: Process com.facebook.orca (pid 2514) has died
01-25 13:41:56.802   691  2275 D ActivityManager: cleanUpApplicationRecord -- 2514
01-25 13:41:56.802   691  2275 W ActivityManager: Scheduling restart of crashed service com.facebook.orca/com.facebook.mqttlite.MqttService in 70596ms
01-25 13:41:57.478   691   727 I ActivityManager: Start proc 3116:com.google.android.apps.googlevoice/u0a132 for service com.google.android.apps.googlevoice/.VoicemailPrefetchService
01-25 13:41:57.603   691  2398 I ActivityManager: Start proc 3129:com.google.android.gm/u0a86 for content provider com.google.android.gm/com.android.exchange.provider.ExchangeDirectoryProvider
01-25 13:41:57.675   691  2397 I ActivityManager: Process com.android.vending (pid 2925) has died
01-25 13:41:57.676   691  2397 D ActivityManager: cleanUpApplicationRecord -- 2925
01-25 13:41:57.676   691  2397 W ActivityManager: Scheduling restart of crashed service com.android.vending/com.google.android.finsky.billing.iab.InAppBillingService in 79722ms
01-25 13:41:57.676   691  2397 W ActivityManager: Scheduling restart of crashed service com.android.vending/com.google.android.finsky.services.LocationUpdaterService in 89722ms
01-25 13:41:58.285   691  2397 I ActivityManager: Process android.process.acore (pid 3089) has died
01-25 13:41:58.285   691  2397 D ActivityManager: cleanUpApplicationRecord -- 3089
01-25 13:41:58.545   691  1596 I ActivityManager: Start proc 3166:android.process.acore/u0a5 for content provider com.android.providers.contacts/.VoicemailContentProvider
01-25 13:41:58.595  3129  3129 D ActivityThread: Loading provider com.google.android.gmail.provider;com.android.mail.notifier;com.google.android.gm.email.provider;com.google.android.gm.tasks.provider;com.google.
android.gm.email.notifier: com.android.email.provider.EmailProvider
01-25 13:41:58.895   691  1830 I ActivityManager: Process com.google.android.gm (pid 3129) has died
01-25 13:41:58.896   691  1830 D ActivityManager: cleanUpApplicationRecord -- 3129
01-25 13:41:58.897   691  2398 W ActivityManager: Unable to launch app com.google.android.gm/10086 for provider com.google.android.gm.exchange.bundled.directory.provider: launching app became null
01-25 13:41:59.182   691  2182 D CountryDetector: The first listener is added
01-25 13:41:59.529   691  2397 I ActivityManager: Start proc 3200:com.google.android.gm/u0a86 for content provider com.google.android.gm/com.android.exchange.provider.ExchangeDirectoryProvider
01-25 13:42:00.080  3200  3200 D ActivityThread: Loading provider com.google.android.gmail.provider;com.android.mail.notifier;com.google.android.gm.email.provider;com.google.android.gm.tasks.provider;com.google.
android.gm.email.notifier: com.android.email.provider.EmailProvider
01-25 13:42:00.135   691   708 I ActivityManager: Process com.google.android.apps.googlevoice (pid 3116) has died
01-25 13:42:00.135   691   708 D ActivityManager: cleanUpApplicationRecord -- 3116
01-25 13:42:00.136   691   708 W ActivityManager: Scheduling restart of crashed service com.google.android.apps.googlevoice/.VoicemailPrefetchService in 1000ms
01-25 13:42:00.136   691   708 W ActivityManager: Scheduling restart of crashed service com.google.android.apps.googlevoice/.UpdateService in 10999ms
01-25 13:42:00.356   691  1179 I ActivityManager: Start proc 3229:com.google.process.gapps/u0a49 for content provider com.google.android.syncadapters.contacts/.GalProvider
01-25 13:42:00.605   691  1250 I ActivityManager: Process com.google.android.gm (pid 3200) has died
01-25 13:42:00.605   691  1250 D ActivityManager: cleanUpApplicationRecord -- 3200
01-25 13:42:00.756   691   708 D CountryDetector: No listener is left
01-25 13:42:00.825   691  1120 I ActivityManager: Process android.process.acore (pid 3166) has died
01-25 13:42:00.825   691  1120 D ActivityManager: cleanUpApplicationRecord -- 3166
01-25 13:42:01.147   691   727 I ActivityManager: Start proc 3261:com.google.android.apps.googlevoice/u0a132 for service com.google.android.apps.googlevoice/.VoicemailPrefetchService
01-25 13:42:01.450   691  2397 I ActivityManager: Start proc 3278:com.instagram.android:mqtt/u0a127 for service com.instagram.android/com.facebook.rti.push.service.FbnsService
01-25 13:42:01.475   691  1250 I ActivityManager: Start proc 3285:com.google.android.gm/u0a86 for broadcast com.google.android.gm/.widget.GmailWidgetProvider
01-25 13:42:01.655   691  2275 I ActivityManager: Process com.google.process.gapps (pid 3229) has died
01-25 13:42:01.656   691  2275 D ActivityManager: cleanUpApplicationRecord -- 3229
01-25 13:42:02.016   691  1120 I ActivityManager: Process com.instagram.android (pid 2978) has died
01-25 13:42:02.016   691  1120 D ActivityManager: cleanUpApplicationRecord -- 2978
01-25 13:42:02.019  3285  3285 D ActivityThread: Loading provider com.google.android.gmail.provider;com.android.mail.notifier;com.google.android.gm.email.provider;com.google.android.gm.tasks.provider;com.google.
android.gm.email.notifier: com.android.email.provider.EmailProvider
01-25 13:42:02.031   691  2398 I ActivityManager: Start proc 3329:android.process.acore/u0a5 for content provider com.android.providers.contacts/.VoicemailContentProvider
01-25 13:42:02.385   691  2397 I ActivityManager: Process com.google.android.apps.googlevoice (pid 3261) has died
01-25 13:42:02.385   691  2397 D ActivityManager: cleanUpApplicationRecord -- 3261
01-25 13:42:02.386   691  2397 W ActivityManager: Scheduling restart of crashed service com.google.android.apps.googlevoice/.VoicemailPrefetchService in 1000ms
01-25 13:42:02.386   691  2397 W ActivityManager: Scheduling restart of crashed service com.google.android.apps.googlevoice/.UpdateService in 11000ms
01-25 13:42:02.635   691  2182 I ActivityManager: Process android.process.acore (pid 3329) has died
01-25 13:42:02.635   691  2182 D ActivityManager: cleanUpApplicationRecord -- 3329
01-25 13:42:02.697   691  2275 W ActivityManager: Unable to start service Intent { cmp=com.google.android.gm.exchange/com.android.exchange.service.EasService } U=0: not found
01-25 13:42:03.397   691   727 I ActivityManager: Start proc 3398:com.google.android.apps.googlevoice/u0a132 for service com.google.android.apps.googlevoice/.VoicemailPrefetchService
01-25 13:42:03.766   691  2182 I ActivityManager: Start proc 3422:android.process.acore/u0a5 for content provider com.android.providers.contacts/.VoicemailContentProvider
01-25 13:42:03.859   691  2398 I ActivityManager: Process com.google.android.gm (pid 3285) has died
01-25 13:42:03.859   691  2398 D ActivityManager: cleanUpApplicationRecord -- 3285
01-25 13:42:03.891   691   727 I ActivityManager: Start proc 3438:com.instagram.android/u0a127 for broadcast com.instagram.android/com.instagram.push.fbns.FbnsInitBroadcastReceiver
01-25 13:42:04.334   691  1830 D CountryDetector: The first listener is added
01-25 13:42:04.664   691  1526 I ActivityManager: Start proc 3467:com.google.android.gm/u0a86 for content provider com.google.android.gm/com.android.exchange.provider.ExchangeDirectoryProvider
01-25 13:42:04.706   691  1120 I ActivityManager: Process com.google.android.apps.googlevoice (pid 3398) has died
01-25 13:42:04.706   691  1120 D ActivityManager: cleanUpApplicationRecord -- 3398
01-25 13:42:04.706   691  1120 W ActivityManager: Scheduling restart of crashed service com.google.android.apps.googlevoice/.VoicemailPrefetchService in 1000ms
01-25 13:42:04.706   691  1120 W ActivityManager: Scheduling restart of crashed service com.google.android.apps.googlevoice/.UpdateService in 11000ms
01-25 13:42:04.969   691  1830 D CountryDetector: No listener is left
01-25 13:42:05.026   691   709 I ActivityManager: Process android.process.acore (pid 3422) has died
01-25 13:42:05.026   691   709 D ActivityManager: cleanUpApplicationRecord -- 3422
01-25 13:42:05.028  3467  3467 D ActivityThread: Loading provider com.google.android.gmail.provider;com.android.mail.notifier;com.google.android.gm.email.provider;com.google.android.gm.tasks.provider;com.google.
android.gm.email.notifier: com.android.email.provider.EmailProvider
01-25 13:42:05.288   691   727 I ActivityManager: Waited long enough for: ServiceRecord{71ec983 u0 com.acmeaom.android.myradar/.app.wear.WearUpdater}
01-25 13:42:05.292   691   727 I ActivityManager: Waited long enough for: ServiceRecord{7d3e700 u0 com.acmeaom.android.myradar/.app.widget.WidgetUpdater}
01-25 13:42:05.298   691   708 W ActivityManager: Unable to start service Intent { cmp=com.google.android.gm.exchange/com.android.exchange.service.EasService } U=0: not found
01-25 13:42:05.505   691  2398 I ActivityManager: Process com.instagram.android:mqtt (pid 3278) has died
01-25 13:42:05.505   691  2398 D ActivityManager: cleanUpApplicationRecord -- 3278
01-25 13:42:05.506   691  2398 W ActivityManager: Scheduling restart of crashed service com.instagram.android/com.facebook.rti.push.service.FbnsService in 91893ms
01-25 13:42:05.519   691  1596 W ActivityManager: Unable to start service Intent { cmp=com.google.android.gm.exchange/com.android.exchange.service.EasService } U=0: not found
01-25 13:42:05.543   234  3326 W SocketClient: write error (Broken pipe)
01-25 13:42:05.607   691  1526 W ActivityManager: Unable to start service Intent { cmp=com.google.android.gm.exchange/com.android.exchange.service.EasService } U=0: not found
01-25 13:42:05.720   691   727 I ActivityManager: Start proc 3513:com.google.android.apps.googlevoice/u0a132 for service com.google.android.apps.googlevoice/.VoicemailPrefetchService
01-25 13:42:06.075   691  1526 I ActivityManager: Process com.google.android.gm (pid 3467) has died
01-25 13:42:06.075   691  1526 D ActivityManager: cleanUpApplicationRecord -- 3467
01-25 13:42:06.201   691  2398 I ActivityManager: Start proc 3547:android.process.acore/u0a5 for content provider com.android.providers.contacts/.VoicemailContentProvider
01-25 13:42:06.410   691   708 I ActivityManager: Start proc 3566:com.instagram.android:mqtt/u0a127 for service com.instagram.android/com.facebook.rti.push.service.FbnsService
01-25 13:42:06.468   691  2182 I ActivityManager: Start proc 3589:com.google.android.gm/u0a86 for broadcast com.google.android.gm/.widget.GmailWidgetProvider
01-25 13:42:06.665   691  1544 I ActivityManager: Process com.instagram.android (pid 3438) has died
01-25 13:42:06.665   691  1544 D ActivityManager: cleanUpApplicationRecord -- 3438
01-25 13:42:06.666   691  1544 W ActivityManager: Scheduling restart of crashed service com.instagram.android/com.instagram.user.userservice.UserService in 1000ms
01-25 13:42:07.035   691  2275 I ActivityManager: Process android.process.acore (pid 3547) has died
01-25 13:42:07.035   691  2275 D ActivityManager: cleanUpApplicationRecord -- 3547
