01-25 10:21:39.188   691  1040 I chatty  : uid=1000(system) ConnectivitySer expire 10 lines
01-25 10:21:39.354   691  2182 I chatty  : uid=1000(system) Binder_C expire 17 lines
01-25 10:25:11.482   691  1120 I chatty  : uid=1000(system) Binder_3 expire 10 lines
01-25 10:33:43.103  1744  1744 D MccTable: updateMccMncConfiguration mccmnc='310120' fromServiceState=true
01-25 10:33:43.104  1744  1744 D MccTable: updateMccMncConfiguration defaultMccMnc=310120
01-25 10:33:43.104  1744  1744 D MccTable: updateMccMncConfiguration: mcc=310, mnc=120
01-25 10:33:43.104  1744  1744 D MccTable: WIFI_COUNTRY_CODE set to us
01-25 10:33:43.889   691  2398 I chatty  : uid=1000(system) Binder_10 expire 16 lines
01-25 10:33:44.219   691  1596 I chatty  : uid=1000(system) Binder_9 expire 16 lines
01-25 10:33:44.246   691   709 I chatty  : uid=1000(system) Binder_2 expire 16 lines
01-25 10:33:45.414   691   727 I chatty  : uid=1000(system) ActivityManager expire 11 lines
01-25 10:34:36.076  1744  1744 D MccTable: updateMccMncConfiguration mccmnc='31000' fromServiceState=true
01-25 10:34:36.077  1744  1744 D MccTable: updateMccMncConfiguration defaultMccMnc=310120
01-25 10:34:36.077  1744  1744 D MccTable: updateMccMncConfiguration: mcc=310, mnc=0
01-25 10:34:36.077  1744  1744 D MccTable: WIFI_COUNTRY_CODE set to us
01-25 10:34:36.112   691  1040 I chatty  : uid=1000(system) ConnectivitySer expire 18 lines
01-25 10:38:47.594  1744  1744 D MccTable: updateMccMncConfiguration mccmnc='310120' fromServiceState=true
01-25 10:38:47.594  1744  1744 D MccTable: updateMccMncConfiguration defaultMccMnc=310120
01-25 10:38:47.594  1744  1744 D MccTable: updateMccMncConfiguration: mcc=310, mnc=120
01-25 10:38:47.594  1744  1744 D MccTable: WIFI_COUNTRY_CODE set to us
01-25 10:38:48.899   691  1121 I chatty  : uid=1000(system) Binder_4 expire 16 lines
01-25 10:39:50.582   691  1912 I chatty  : uid=1000(system) Binder_B expire 22 lines
01-25 10:40:01.604  1744  1744 D MccTable: updateMccMncConfiguration mccmnc='31000' fromServiceState=true
01-25 10:40:01.605  1744  1744 D MccTable: updateMccMncConfiguration defaultMccMnc=310120
01-25 10:40:01.605  1744  1744 D MccTable: updateMccMncConfiguration: mcc=310, mnc=0
01-25 10:40:01.605  1744  1744 D MccTable: WIFI_COUNTRY_CODE set to us
01-25 10:40:01.784   691  1544 I chatty  : uid=1000(system) Binder_8 expire 17 lines
01-25 10:40:03.071   691  2397 I chatty  : uid=1000(system) Binder_F expire 18 lines
01-25 10:40:17.722   691   727 I chatty  : uid=1000(system) ActivityManager expire 23 lines
01-25 10:44:30.996  1630  1630 I chatty  : uid=10028 com.google.android.gms.persistent expire 40 lines
01-25 10:44:31.015 31337 31348 I chatty  : uid=10028 com.google.android.gms.unstable expire 40 lines
01-25 10:45:22.875   691  1250 I chatty  : uid=1000(system) Binder_6 expire 10 lines
01-25 10:45:55.038  1744  1744 D MccTable: updateMccMncConfiguration mccmnc='310120' fromServiceState=true
01-25 10:45:55.038  1744  1744 D MccTable: updateMccMncConfiguration defaultMccMnc=310120
01-25 10:45:55.039  1744  1744 D MccTable: updateMccMncConfiguration: mcc=310, mnc=120
01-25 10:45:55.039  1744  1744 D MccTable: WIFI_COUNTRY_CODE set to us
01-25 10:46:20.997  1744  1744 D MccTable: updateMccMncConfiguration mccmnc='31000' fromServiceState=true
01-25 10:46:20.997  1744  1744 D MccTable: updateMccMncConfiguration defaultMccMnc=310120
01-25 10:46:20.997  1744  1744 D MccTable: updateMccMncConfiguration: mcc=310, mnc=0
01-25 10:46:20.997  1744  1744 D MccTable: WIFI_COUNTRY_CODE set to us
01-25 10:49:07.146  1744  1744 D MccTable: updateMccMncConfiguration mccmnc='310120' fromServiceState=true
01-25 10:49:07.146  1744  1744 D MccTable: updateMccMncConfiguration defaultMccMnc=310120
01-25 10:49:07.147  1744  1744 D MccTable: updateMccMncConfiguration: mcc=310, mnc=120
01-25 10:49:07.147  1744  1744 D MccTable: WIFI_COUNTRY_CODE set to us
01-25 10:49:41.925   691   727 I chatty  : uid=1000(system) ActivityManager expire 25 lines
01-25 10:51:27.927   691  1830 I chatty  : uid=1000(system) Binder_A expire 11 lines
01-25 10:51:52.936  1744  1744 D MccTable: updateMccMncConfiguration mccmnc='31000' fromServiceState=true
01-25 10:51:52.937  1744  1744 D MccTable: updateMccMncConfiguration defaultMccMnc=310120
01-25 10:51:52.937  1744  1744 D MccTable: updateMccMncConfiguration: mcc=310, mnc=0
01-25 10:51:52.937  1744  1744 D MccTable: WIFI_COUNTRY_CODE set to us
01-25 10:51:52.966   691  1040 I chatty  : uid=1000(system) ConnectivitySer expire 13 lines
01-25 10:51:59.359   691  1179 I chatty  : uid=1000(system) Binder_5 expire 10 lines
01-25 10:51:59.430   691  2255 I chatty  : uid=1000(system) Binder_D expire 10 lines
01-25 10:54:43.218   691   743 I chatty  : uid=1000(system) PowerManagerSer expire 12 lines
01-25 10:57:41.043  1744  1744 D MccTable: updateMccMncConfiguration mccmnc='310120' fromServiceState=true
01-25 10:57:41.043  1744  1744 D MccTable: updateMccMncConfiguration defaultMccMnc=310120
01-25 10:57:41.043  1744  1744 D MccTable: updateMccMncConfiguration: mcc=310, mnc=120
01-25 10:57:41.043  1744  1744 D MccTable: WIFI_COUNTRY_CODE set to us
01-25 10:57:41.892   691   727 I chatty  : uid=1000(system) ActivityManager expire 18 lines
01-25 10:57:42.253   691  2398 I chatty  : uid=1000(system) Binder_10 expire 13 lines
01-25 10:57:44.515 32603 32631 W ActivityThread: ClassLoader.loadClass: The class loader returned by Thread.getContextClassLoader() may fail for processes that host multiple applications. You should explicitly s
pecify a context class loader. For example: Thread.setContextClassLoader(getClass().getClassLoader());
01-25 10:58:17.268  1744  1744 D MccTable: updateMccMncConfiguration mccmnc='31000' fromServiceState=true
01-25 10:58:17.269  1744  1744 D MccTable: updateMccMncConfiguration defaultMccMnc=310120
01-25 10:58:17.269  1744  1744 D MccTable: updateMccMncConfiguration: mcc=310, mnc=0
01-25 10:58:17.269  1744  1744 D MccTable: WIFI_COUNTRY_CODE set to us
01-25 10:58:17.589   691  2275 I chatty  : uid=1000(system) Binder_E expire 12 lines
01-25 10:59:59.648   691  1616 I chatty  : uid=1000 system_server expire 4 lines
01-25 11:00:05.408   691   755 I chatty  : uid=1000(system) PackageManager expire 6 lines
01-25 11:00:16.030   691   691 I chatty  : uid=1000 system_server expire 2 lines
01-25 11:00:21.643   691   727 I chatty  : uid=1000(system) ActivityManager expire 10 lines
01-25 11:00:22.051  2096  2096 I chatty  : uid=1000(system) org.cyanogenmod.providers.datausage expire 1 line
01-25 11:00:22.076   691  1120 I chatty  : uid=1000(system) Binder_3 expire 16 lines
01-25 11:00:23.501   691  2182 I chatty  : uid=1000(system) Binder_C expire 10 lines
01-25 11:00:45.259  1744  1744 D MccTable: updateMccMncConfiguration mccmnc='310120' fromServiceState=true
01-25 11:00:45.260  1744  1744 D MccTable: updateMccMncConfiguration defaultMccMnc=310120
01-25 11:00:45.260  1744  1744 D MccTable: updateMccMncConfiguration: mcc=310, mnc=120
01-25 11:00:45.260  1744  1744 D MccTable: WIFI_COUNTRY_CODE set to us
01-25 11:00:45.828   691  1040 I chatty  : uid=1000(system) ConnectivitySer expire 11 lines
01-25 11:00:45.889   691  1830 I chatty  : uid=1000(system) Binder_A expire 18 lines
01-25 11:00:45.963   691  1526 I chatty  : uid=1000(system) Binder_7 expire 13 lines
01-25 11:01:16.909   691  2275 I chatty  : uid=1000(system) Binder_E expire 10 lines
01-25 11:01:20.185  1744  1744 D MccTable: updateMccMncConfiguration mccmnc='31000' fromServiceState=true
01-25 11:01:20.185  1744  1744 D MccTable: updateMccMncConfiguration defaultMccMnc=310120
01-25 11:01:20.185  1744  1744 D MccTable: updateMccMncConfiguration: mcc=310, mnc=0
01-25 11:01:20.185  1744  1744 D MccTable: WIFI_COUNTRY_CODE set to us
01-25 11:01:20.200   691  1040 I chatty  : uid=1000(system) ConnectivitySer expire 12 lines
01-25 11:01:26.297   691  1179 I chatty  : uid=1000(system) Binder_5 expire 10 lines
01-25 11:01:28.398  3149  3149 D ActivityThread: Loading provider com.google.android.gmail.provider;com.android.mail.notifier;com.google.android.gm.email.provider;com.google.android.gm.tasks.provider;com.google.
android.gm.email.notifier: com.android.email.provider.EmailProvider
01-25 11:01:28.741   691   709 I chatty  : uid=1000(system) Binder_2 expire 19 lines
01-25 11:01:32.954   691  2255 I chatty  : uid=1000(system) Binder_D expire 19 lines
01-25 11:01:33.467   691   727 I chatty  : uid=1000(system) ActivityManager expire 14 lines
01-25 11:01:33.877   691  2398 I chatty  : uid=1000(system) Binder_10 expire 20 lines
01-25 11:01:35.142   691  1544 I chatty  : uid=1000(system) Binder_8 expire 21 lines
01-25 11:01:35.653  3605  3605 D ActivityThread: Loading provider com.google.android.gmail.provider;com.android.mail.notifier;com.google.android.gm.email.provider;com.google.android.gm.tasks.provider;com.google.
android.gm.email.notifier: com.android.email.provider.EmailProvider
01-25 11:01:35.877   691  1250 I chatty  : uid=1000(system) Binder_6 expire 16 lines
01-25 11:01:36.813   691  1596 I chatty  : uid=1000(system) Binder_9 expire 10 lines
01-25 11:01:37.694   691  2182 I chatty  : uid=1000(system) Binder_C expire 15 lines
01-25 11:03:21.930   691  2275 I chatty  : uid=1000(system) Binder_E expire 17 lines
01-25 11:04:32.101  1744  1744 D MccTable: updateMccMncConfiguration mccmnc='310120' fromServiceState=true
01-25 11:04:32.101  1744  1744 D MccTable: updateMccMncConfiguration defaultMccMnc=310120
01-25 11:04:32.101  1744  1744 D MccTable: updateMccMncConfiguration: mcc=310, mnc=120
01-25 11:04:32.101  1744  1744 D MccTable: WIFI_COUNTRY_CODE set to us
01-25 11:04:32.199   691   727 I chatty  : uid=1000(system) ActivityManager expire 16 lines
01-25 11:04:32.268   691  2397 I chatty  : uid=1000(system) Binder_F expire 17 lines
01-25 11:04:35.475   691  1179 I chatty  : uid=1000(system) Binder_5 expire 14 lines
01-25 11:04:35.853   691  1526 I chatty  : uid=1000(system) Binder_7 expire 17 lines
01-25 11:05:21.684  1744  1744 D MccTable: updateMccMncConfiguration mccmnc='31000' fromServiceState=true
01-25 11:05:21.685  1744  1744 D MccTable: updateMccMncConfiguration defaultMccMnc=310120
01-25 11:05:21.685  1744  1744 D MccTable: updateMccMncConfiguration: mcc=310, mnc=0
01-25 11:05:21.685  1744  1744 D MccTable: WIFI_COUNTRY_CODE set to us
01-25 11:05:23.761   691  1040 I chatty  : uid=1000(system) ConnectivitySer expire 12 lines
01-25 11:09:12.248  1744  1744 D MccTable: updateMccMncConfiguration mccmnc='310120' fromServiceState=true
01-25 11:09:12.249  1744  1744 D MccTable: updateMccMncConfiguration defaultMccMnc=310120
01-25 11:09:12.249  1744  1744 D MccTable: updateMccMncConfiguration: mcc=310, mnc=120
01-25 11:09:12.249  1744  1744 D MccTable: WIFI_COUNTRY_CODE set to us
01-25 11:09:12.343   691  1121 I chatty  : uid=1000(system) Binder_4 expire 10 lines
01-25 11:10:29.093  1744  1744 D MccTable: updateMccMncConfiguration mccmnc='31000' fromServiceState=true
01-25 11:10:29.094  1744  1744 D MccTable: updateMccMncConfiguration defaultMccMnc=310120
01-25 11:10:29.094  1744  1744 D MccTable: updateMccMncConfiguration: mcc=310, mnc=0
01-25 11:10:29.094  1744  1744 D MccTable: WIFI_COUNTRY_CODE set to us
01-25 11:14:30.378  1744  1744 D MccTable: updateMccMncConfiguration mccmnc='310120' fromServiceState=true
01-25 11:14:30.379  1744  1744 D MccTable: updateMccMncConfiguration defaultMccMnc=310120
01-25 11:14:30.379  1744  1744 D MccTable: updateMccMncConfiguration: mcc=310, mnc=120
01-25 11:14:30.379  1744  1744 D MccTable: WIFI_COUNTRY_CODE set to us
01-25 11:15:17.110  1744  1744 D MccTable: updateMccMncConfiguration mccmnc='31000' fromServiceState=true
01-25 11:15:17.111  1744  1744 D MccTable: updateMccMncConfiguration defaultMccMnc=310120
01-25 11:15:17.111  1744  1744 D MccTable: updateMccMncConfiguration: mcc=310, mnc=0
01-25 11:15:17.111  1744  1744 D MccTable: WIFI_COUNTRY_CODE set to us
01-25 11:15:19.522   691  1040 I chatty  : uid=1000(system) ConnectivitySer expire 32 lines
01-25 11:15:23.289   691   727 I chatty  : uid=1000(system) ActivityManager expire 22 lines
01-25 11:16:55.222   691   708 I chatty  : uid=1000(system) Binder_1 expire 17 lines
01-25 11:17:14.080   691  1596 I chatty  : uid=1000(system) Binder_9 expire 10 lines
01-25 11:18:40.252  1744  1744 D MccTable: updateMccMncConfiguration mccmnc='310120' fromServiceState=true
01-25 11:18:40.252  1744  1744 D MccTable: updateMccMncConfiguration defaultMccMnc=310120
01-25 11:18:40.252  1744  1744 D MccTable: updateMccMncConfiguration: mcc=310, mnc=120
01-25 11:18:40.252  1744  1744 D MccTable: WIFI_COUNTRY_CODE set to us
01-25 11:18:40.561   691  1040 I chatty  : uid=1000(system) ConnectivitySer expire 12 lines
01-25 11:18:41.917  6381  6381 D ActivityThread: Loading provider com.google.android.gmail.provider;com.android.mail.notifier;com.google.android.gm.email.provider;com.google.android.gm.tasks.provider;com.google.
android.gm.email.notifier: com.android.email.provider.EmailProvider
01-25 11:22:27.003  1744  1744 D MccTable: updateMccMncConfiguration mccmnc='31000' fromServiceState=true
01-25 11:22:27.004  1744  1744 D MccTable: updateMccMncConfiguration defaultMccMnc=310120
01-25 11:22:27.004  1744  1744 D MccTable: updateMccMncConfiguration: mcc=310, mnc=0
01-25 11:22:27.004  1744  1744 D MccTable: WIFI_COUNTRY_CODE set to us
01-25 11:22:32.263   691   727 I chatty  : uid=1000(system) ActivityManager expire 12 lines
01-25 11:23:25.738  1744  1744 D MccTable: updateMccMncConfiguration mccmnc='310120' fromServiceState=true
01-25 11:23:25.739  1744  1744 D MccTable: updateMccMncConfiguration defaultMccMnc=310120
01-25 11:23:25.739  1744  1744 D MccTable: updateMccMncConfiguration: mcc=310, mnc=120
01-25 11:23:25.739  1744  1744 D MccTable: WIFI_COUNTRY_CODE set to us
01-25 11:24:00.769  1744  1744 D MccTable: updateMccMncConfiguration mccmnc='31000' fromServiceState=true
01-25 11:24:00.770  1744  1744 D MccTable: updateMccMncConfiguration defaultMccMnc=310120
01-25 11:24:00.770  1744  1744 D MccTable: updateMccMncConfiguration: mcc=310, mnc=0
01-25 11:24:00.770  1744  1744 D MccTable: WIFI_COUNTRY_CODE set to us
01-25 11:24:00.954   691   709 I chatty  : uid=1000(system) Binder_2 expire 15 lines
01-25 11:25:55.158   691  1032 I chatty  : uid=1000(system) NetworkStats expire 1 line
01-25 11:26:01.305   691  1001 I chatty  : uid=1000(system) InputReader expire 10 lines
01-25 11:26:01.401   691   743 I chatty  : uid=1000(system) PowerManagerSer expire 24 lines
01-25 11:26:01.408   691   740 I chatty  : uid=1000(system) android.display expire 10 lines
01-25 11:27:13.414  1744  1744 D MccTable: updateMccMncConfiguration mccmnc='310120' fromServiceState=true
01-25 11:27:13.415  1744  1744 D MccTable: updateMccMncConfiguration defaultMccMnc=310120
01-25 11:27:13.415  1744  1744 D MccTable: updateMccMncConfiguration: mcc=310, mnc=120
01-25 11:27:13.415  1744  1744 D MccTable: WIFI_COUNTRY_CODE set to us
01-25 11:27:14.264   691  1040 I chatty  : uid=1000(system) ConnectivitySer expire 17 lines
01-25 11:27:21.638  1744  1744 D MccTable: updateMccMncConfiguration mccmnc='31000' fromServiceState=true
01-25 11:27:21.638  1744  1744 D MccTable: updateMccMncConfiguration defaultMccMnc=310120
01-25 11:27:21.638  1744  1744 D MccTable: updateMccMncConfiguration: mcc=310, mnc=0
01-25 11:27:21.638  1744  1744 D MccTable: WIFI_COUNTRY_CODE set to us
01-25 11:27:22.958   691   727 I chatty  : uid=1000(system) ActivityManager expire 30 lines
01-25 11:27:43.240   691  2398 I chatty  : uid=1000(system) Binder_10 expire 16 lines
01-25 11:27:43.268  1744  1744 D MccTable: updateMccMncConfiguration mccmnc='310120' fromServiceState=true
01-25 11:27:43.268  1744  1744 D MccTable: updateMccMncConfiguration defaultMccMnc=310120
01-25 11:27:43.268  1744  1744 D MccTable: updateMccMncConfiguration: mcc=310, mnc=120
01-25 11:27:43.269  1744  1744 D MccTable: WIFI_COUNTRY_CODE set to us
01-25 11:27:54.653   691  2275 I chatty  : uid=1000(system) Binder_E expire 6 lines
01-25 11:28:07.895   691  1596 I chatty  : uid=1000(system) Binder_9 expire 10 lines
01-25 11:28:27.110   691  1544 I chatty  : uid=1000(system) Binder_8 expire 11 lines
01-25 11:28:27.323   691  1912 I chatty  : uid=1000(system) Binder_B expire 10 lines
01-25 11:28:27.417   691  1179 I chatty  : uid=1000(system) Binder_5 expire 12 lines
01-25 11:28:28.112   691  1121 I chatty  : uid=1000(system) Binder_4 expire 11 lines
01-25 11:28:30.544   691  1830 I chatty  : uid=1000(system) Binder_A expire 9 lines
01-25 11:28:30.595   691  1120 I chatty  : uid=1000(system) Binder_3 expire 13 lines
01-25 11:28:32.215   691  2182 I chatty  : uid=1000(system) Binder_C expire 14 lines
01-25 11:28:32.263   691  2255 I chatty  : uid=1000(system) Binder_D expire 9 lines
01-25 11:28:32.864   691  1040 I chatty  : uid=1000(system) ConnectivitySer expire 10 lines
01-25 11:28:39.490  1744  1744 D MccTable: updateMccMncConfiguration mccmnc='31000' fromServiceState=true
01-25 11:28:39.490  1744  1744 D MccTable: updateMccMncConfiguration defaultMccMnc=310120
01-25 11:28:39.490  1744  1744 D MccTable: updateMccMncConfiguration: mcc=310, mnc=0
01-25 11:28:39.490  1744  1744 D MccTable: WIFI_COUNTRY_CODE set to us
01-25 11:28:40.419  8208  8208 D ActivityThread: Loading provider com.google.android.gmail.provider;com.android.mail.notifier;com.google.android.gm.email.provider;com.google.android.gm.tasks.provider;com.google.
android.gm.email.notifier: com.android.email.provider.EmailProvider
01-25 11:28:40.818   691  1526 I chatty  : uid=1000(system) Binder_7 expire 9 lines
01-25 11:28:46.133   234  8029 W SocketClient: write error (Broken pipe)
01-25 11:28:46.265   234  8097 W SocketClient: write error (Broken pipe)
01-25 11:28:49.752   691  1040 I chatty  : uid=1000(system) ConnectivitySer expire 15 lines
01-25 11:29:43.975   691  1250 I chatty  : uid=1000(system) Binder_6 expire 7 lines
01-25 11:31:13.040  1744  1744 D MccTable: updateMccMncConfiguration mccmnc='310120' fromServiceState=true
01-25 11:31:13.041  1744  1744 D MccTable: updateMccMncConfiguration defaultMccMnc=310120
01-25 11:31:13.041  1744  1744 D MccTable: updateMccMncConfiguration: mcc=310, mnc=120
01-25 11:31:13.041  1744  1744 D MccTable: WIFI_COUNTRY_CODE set to us
01-25 11:31:13.184   691   727 I chatty  : uid=1000(system) ActivityManager expire 17 lines
01-25 11:31:16.521  1744  1744 D MccTable: updateMccMncConfiguration mccmnc='311870' fromServiceState=true
01-25 11:31:16.523  1744  1744 D MccTable: updateMccMncConfiguration defaultMccMnc=310120
01-25 11:31:16.523  1744  1744 D MccTable: updateMccMncConfiguration: mcc=311, mnc=870
01-25 11:31:16.523  1744  1744 D MccTable: WIFI_COUNTRY_CODE set to us
01-25 11:33:26.151   691   708 I chatty  : uid=1000(system) Binder_1 expire 5 lines
01-25 11:34:00.736   691  1120 I chatty  : uid=1000(system) Binder_3 expire 9 lines
01-25 11:35:06.659   691   743 I chatty  : uid=1000(system) PowerManagerSer expire 10 lines
01-25 11:35:06.800  1744  1744 D MccTable: updateMccMncConfiguration mccmnc='310120' fromServiceState=true
01-25 11:35:06.801  1744  1744 D MccTable: updateMccMncConfiguration defaultMccMnc=310120
01-25 11:35:06.802  1744  1744 D MccTable: updateMccMncConfiguration: mcc=310, mnc=120
01-25 11:35:06.802  1744  1744 D MccTable: WIFI_COUNTRY_CODE set to us
01-25 11:35:06.802   691  2182 I chatty  : uid=1000(system) Binder_C expire 3 lines
01-25 11:35:10.340   691   727 I chatty  : uid=1000(system) ActivityManager expire 30 lines
01-25 11:35:24.124  1744  1744 D MccTable: updateMccMncConfiguration mccmnc='311870' fromServiceState=true
01-25 11:35:24.124  1744  1744 D MccTable: updateMccMncConfiguration defaultMccMnc=310120
01-25 11:35:24.124  1744  1744 D MccTable: updateMccMncConfiguration: mcc=311, mnc=870
01-25 11:35:24.124  1744  1744 D MccTable: WIFI_COUNTRY_CODE set to us
01-25 11:35:24.125   691  2397 I chatty  : uid=1000(system) Binder_F expire 10 lines
01-25 11:35:31.481   691   709 I chatty  : uid=1000(system) Binder_2 expire 4 lines
01-25 11:35:36.948   691  1179 I chatty  : uid=1000(system) Binder_5 expire 1 line
01-25 11:35:37.506   691  1596 I chatty  : uid=1000(system) Binder_9 expire 5 lines
01-25 11:35:50.330   691  1001 I chatty  : uid=1000(system) InputReader expire 9 lines
01-25 11:35:50.386   691   740 I chatty  : uid=1000(system) android.display expire 9 lines
01-25 11:35:55.107   691  1544 I chatty  : uid=1000(system) Binder_8 expire 8 lines
01-25 11:36:00.110 21831 21831 E ActivityThread: Activity org.chromium.chrome.browser.customtabs.CustomTabActivity has leaked ServiceConnection org.chromium.chrome.browser.gsa.GSAServiceClient$GSAServiceConnecti
on@10ad4c5 that was originally bound here
01-25 11:36:00.110 21831 21831 E ActivityThread: android.app.ServiceConnectionLeaked: Activity org.chromium.chrome.browser.customtabs.CustomTabActivity has leaked ServiceConnection org.chromium.chrome.browser.gs
a.GSAServiceClient$GSAServiceConnection@10ad4c5 that was originally bound here
01-25 11:36:00.110 21831 21831 E ActivityThread:        at android.app.LoadedApk$ServiceDispatcher.<init>(LoadedApk.java:1093)
01-25 11:36:00.110 21831 21831 E ActivityThread:        at android.app.LoadedApk.getServiceDispatcher(LoadedApk.java:987)
01-25 11:36:00.110 21831 21831 E ActivityThread:        at android.app.ContextImpl.bindServiceCommon(ContextImpl.java:1313)
01-25 11:36:00.110 21831 21831 E ActivityThread:        at android.app.ContextImpl.bindService(ContextImpl.java:1296)
01-25 11:36:00.110 21831 21831 E ActivityThread:        at android.content.ContextWrapper.bindService(ContextWrapper.java:610)
01-25 11:36:00.110 21831 21831 E ActivityThread:        at org.chromium.chrome.browser.ChromeActivity.onStartWithNative(ChromeActivity.java:36095)
01-25 11:36:00.110 21831 21831 E ActivityThread:        at org.chromium.chrome.browser.customtabs.CustomTabActivity.onStartWithNative(CustomTabActivity.java:509)
01-25 11:36:00.110 21831 21831 E ActivityThread:        at org.chromium.chrome.browser.init.NativeInitializationController.startNowAndProcessPendingItems(NativeInitializationController.java:252)
01-25 11:36:00.110 21831 21831 E ActivityThread:        at org.chromium.chrome.browser.init.AsyncInitializationActivity.onStart(AsyncInitializationActivity.java:6179)
01-25 11:36:00.110 21831 21831 E ActivityThread:        at org.chromium.chrome.browser.ChromeActivity.onStart(ChromeActivity.java:788)
01-25 11:36:00.110 21831 21831 E ActivityThread:        at org.chromium.chrome.browser.customtabs.CustomTabActivity.onStart(CustomTabActivity.java:235)
01-25 11:36:00.110 21831 21831 E ActivityThread:        at android.app.Instrumentation.callActivityOnStart(Instrumentation.java:1238)
01-25 11:36:00.110 21831 21831 E ActivityThread:        at android.app.Activity.performStart(Activity.java:6268)
01-25 11:36:00.110 21831 21831 E ActivityThread:        at android.app.Activity.performRestart(Activity.java:6314)
01-25 11:36:00.110 21831 21831 E ActivityThread:        at android.app.Activity.performResume(Activity.java:6319)
01-25 11:36:00.110 21831 21831 E ActivityThread:        at android.app.ActivityThread.performResumeActivity(ActivityThread.java:3126)
01-25 11:36:00.110 21831 21831 E ActivityThread:        at android.app.ActivityThread.handleResumeActivity(ActivityThread.java:3168)
01-25 11:36:00.110 21831 21831 E ActivityThread:        at android.app.ActivityThread$H.handleMessage(ActivityThread.java:1407)
01-25 11:36:00.110 21831 21831 E ActivityThread:        at android.os.Handler.dispatchMessage(Handler.java:102)
01-25 11:36:00.110 21831 21831 E ActivityThread:        at android.os.Looper.loop(Looper.java:148)
01-25 11:36:00.110 21831 21831 E ActivityThread:        at android.app.ActivityThread.main(ActivityThread.java:5461)
01-25 11:36:00.110 21831 21831 E ActivityThread:        at java.lang.reflect.Method.invoke(Native Method)
01-25 11:36:00.110 21831 21831 E ActivityThread:        at com.android.internal.os.ZygoteInit$MethodAndArgsCaller.run(ZygoteInit.java:726)
01-25 11:36:00.110 21831 21831 E ActivityThread:        at com.android.internal.os.ZygoteInit.main(ZygoteInit.java:616)
01-25 11:36:00.110 21831 21831 E ActivityThread:        at de.robv.android.xposed.XposedBridge.main(XposedBridge.java:102)
01-25 11:36:02.560   691   743 I chatty  : uid=1000(system) PowerManagerSer expire 20 lines
01-25 11:36:04.851  1630  1630 I chatty  : uid=10028 com.google.android.gms.persistent expire 40 lines
01-25 11:36:13.345   691  2398 I chatty  : uid=1000(system) Binder_10 expire 3 lines
01-25 11:37:13.857   691  1121 I chatty  : uid=1000(system) Binder_4 expire 4 lines
01-25 11:43:39.802   691   726 I chatty  : uid=1000(system) android.bg expire 1 line
01-25 11:43:40.363 11406 11406 D ActivityThread: Loading provider com.google.android.gmail.provider;com.android.mail.notifier;com.google.android.gm.email.provider;com.google.android.gm.tasks.provider;com.google.
android.gm.email.notifier: com.android.email.provider.EmailProvider
01-25 11:43:44.611   691   727 I chatty  : uid=1000(system) ActivityManager expire 16 lines
01-25 11:43:53.125   691  1039 I chatty  : uid=1000(system) WifiService expire 1 line
01-25 11:43:53.739   691  1912 I chatty  : uid=1000(system) Binder_B expire 1 line
01-25 11:44:33.260   691   729 I chatty  : uid=1000(system) android.fg expire 1 line
01-25 11:44:52.633  1630  1630 I chatty  : uid=10028 com.google.android.gms.persistent expire 40 lines
01-25 11:44:52.655 11747 11758 I chatty  : uid=10028 com.google.android.gms.unstable expire 40 lines
01-25 11:48:14.147   691   727 I chatty  : uid=1000(system) ActivityManager expire 27 lines
01-25 11:48:30.012   691   743 I chatty  : uid=1000(system) PowerManagerSer expire 30 lines
01-25 11:48:30.043   691   740 I chatty  : uid=1000(system) android.display expire 11 lines
01-25 11:48:35.050   691  1912 I chatty  : uid=1000(system) Binder_B expire 14 lines
01-25 11:48:35.129   691   708 I chatty  : uid=1000(system) Binder_1 expire 15 lines
01-25 11:48:35.822   691  2275 I chatty  : uid=1000(system) Binder_E expire 12 lines
01-25 11:48:37.363   691   709 I chatty  : uid=1000(system) Binder_2 expire 11 lines
01-25 11:48:37.386   691  1250 I chatty  : uid=1000(system) Binder_6 expire 10 lines
01-25 11:48:39.342   691  1544 I chatty  : uid=1000(system) Binder_8 expire 16 lines
01-25 11:48:39.559   691  1179 I chatty  : uid=1000(system) Binder_5 expire 17 lines
01-25 11:48:39.560   691  1040 I chatty  : uid=1000(system) ConnectivitySer expire 10 lines
01-25 11:48:39.673   691  2397 I chatty  : uid=1000(system) Binder_F expire 15 lines
01-25 11:48:44.130   691  1121 I chatty  : uid=1000(system) Binder_4 expire 19 lines
01-25 11:48:52.645   691  1526 I chatty  : uid=1000(system) Binder_7 expire 17 lines
01-25 11:49:12.408   691  2182 I chatty  : uid=1000(system) Binder_C expire 17 lines
01-25 11:49:13.775   691  1039 I chatty  : uid=1000(system) WifiService expire 10 lines
01-25 11:49:13.833   691  1596 I chatty  : uid=1000(system) Binder_9 expire 12 lines
01-25 11:50:35.180   691   728 I chatty  : uid=1000(system) android.ui expire 1 line
01-25 11:50:35.906   691  1001 I chatty  : uid=1000(system) InputReader expire 17 lines
01-25 11:50:36.496   691  1830 I chatty  : uid=1000(system) Binder_A expire 14 lines
01-25 11:50:38.529   691   729 I chatty  : uid=1000(system) android.fg expire 9 lines
01-25 11:51:37.813   691  2255 I chatty  : uid=1000(system) Binder_D expire 19 lines
01-25 11:51:37.910   691   691 I chatty  : uid=1000 system_server expire 8 lines
01-25 11:51:38.948   691  2398 I chatty  : uid=1000(system) Binder_10 expire 14 lines
01-25 11:51:39.694   691  1120 I chatty  : uid=1000(system) Binder_3 expire 15 lines
--------- beginning of crash
01-25 11:56:02.308  2796  2849 F libc    : system/bt/hci/src/buffer_allocator.c:26: buffer_alloc: assertion "size <= GKI_MAX_BUF_SIZE" failed
01-25 11:56:02.311  2796  2849 F libc    : Fatal signal 6 (SIGABRT), code -6 in tid 2849 (bluedroid wake/)
01-25 11:56:02.368   235   235 F DEBUG   : *** *** *** *** *** *** *** *** *** *** *** *** *** *** *** ***
01-25 11:56:02.375   235   235 F DEBUG   : CM Version: '13.0-20170116-UNOFFICIAL-x5'
01-25 11:56:02.375   235   235 F DEBUG   : Build fingerprint: 'lge/cm_x5/x5:6.0.1/MOB31K/c5c996afa9:userdebug/test-keys'
01-25 11:56:02.375   235   235 F DEBUG   : Revision: '0'
01-25 11:56:02.375   235   235 F DEBUG   : ABI: 'arm'
01-25 11:56:02.375   235   235 F DEBUG   : pid: 2796, tid: 2849, name: bluedroid wake/  >>> com.android.bluetooth <<<
01-25 11:56:02.375   235   235 F DEBUG   : signal 6 (SIGABRT), code -6 (SI_TKILL), fault addr --------
01-25 11:56:02.407   235   235 F DEBUG   : Abort message: 'system/bt/hci/src/buffer_allocator.c:26: buffer_alloc: assertion "size <= GKI_MAX_BUF_SIZE" failed'
01-25 11:56:02.407   235   235 F DEBUG   :     r0 00000000  r1 00000b21  r2 00000006  r3 00000000
01-25 11:56:02.407   235   235 F DEBUG   :     r4 a0dad980  r5 00000006  r6 a0dad930  r7 0000010c
01-25 11:56:02.407   235   235 F DEBUG   :     r8 a179ae8c  r9 a179ae84  sl a179ae80  fp a0cf5f54
01-25 11:56:02.408   235   235 F DEBUG   :     ip 00000005  sp a0cf5ef8  lr b6d46189  pc b6d488ec  cpsr 200f0010
01-25 11:56:02.454   235   235 F DEBUG   :
01-25 11:56:02.454   235   235 F DEBUG   : backtrace:
01-25 11:56:02.454   235   235 F DEBUG   :     #00 pc 0004d8ec  /system/lib/libc.so (tgkill+12)
01-25 11:56:02.454   235   235 F DEBUG   :     #01 pc 0004b185  /system/lib/libc.so (pthread_kill+36)
01-25 11:56:02.454   235   235 F DEBUG   :     #02 pc 0001b173  /system/lib/libc.so (raise+10)
01-25 11:56:02.454   235   235 F DEBUG   :     #03 pc 00017a1d  /system/lib/libc.so (__libc_android_abort+36)
01-25 11:56:02.454   235   235 F DEBUG   :     #04 pc 000159ac  /system/lib/libc.so (abort+4)
01-25 11:56:02.454   235   235 F DEBUG   :     #05 pc 00019585  /system/lib/libc.so (__libc_fatal+24)
01-25 11:56:02.454   235   235 F DEBUG   :     #06 pc 00017ac1  /system/lib/libc.so (__assert2+24)
01-25 11:56:02.454   235   235 F DEBUG   :     #07 pc 001145f5  /system/lib/hw/bluetooth.default.so
01-25 11:56:02.455   235   235 F DEBUG   :     #08 pc 00115e63  /system/lib/hw/bluetooth.default.so
01-25 11:56:02.455   235   235 F DEBUG   :     #09 pc 001160bd  /system/lib/hw/bluetooth.default.so
01-25 11:56:02.455   235   235 F DEBUG   :     #10 pc 001160bd  /system/lib/hw/bluetooth.default.so
01-25 11:56:02.455   235   235 F DEBUG   :     #11 pc 001160bd  /system/lib/hw/bluetooth.default.so
01-25 11:56:02.455   235   235 F DEBUG   :     #12 pc 001160bd  /system/lib/hw/bluetooth.default.so
01-25 11:56:02.455   235   235 F DEBUG   :     #13 pc 001160bd  /system/lib/hw/bluetooth.default.so
01-25 11:56:02.455   235   235 F DEBUG   :     #14 pc 001160bd  /system/lib/hw/bluetooth.default.so
01-25 11:56:02.455   235   235 F DEBUG   :     #15 pc 001160bd  /system/lib/hw/bluetooth.default.so
01-25 11:56:02.455   235   235 F DEBUG   :     #16 pc 001160bd  /system/lib/hw/bluetooth.default.so
01-25 11:56:02.455   235   235 F DEBUG   :     #17 pc 001160bd  /system/lib/hw/bluetooth.default.so
01-25 11:56:02.455   235   235 F DEBUG   :     #18 pc 001160bd  /system/lib/hw/bluetooth.default.so
01-25 11:56:02.455   235   235 F DEBUG   :     #19 pc 001160bd  /system/lib/hw/bluetooth.default.so
01-25 11:56:02.455   235   235 F DEBUG   :     #20 pc 001160bd  /system/lib/hw/bluetooth.default.so
01-25 11:56:02.455   235   235 F DEBUG   :     #21 pc 001160bd  /system/lib/hw/bluetooth.default.so
01-25 11:56:02.455   235   235 F DEBUG   :     #22 pc 001160bd  /system/lib/hw/bluetooth.default.so
01-25 11:56:02.455   235   235 F DEBUG   :     #23 pc 001160bd  /system/lib/hw/bluetooth.default.so
01-25 11:56:02.455   235   235 F DEBUG   :     #24 pc 001160bd  /system/lib/hw/bluetooth.default.so
01-25 11:56:02.456   235   235 F DEBUG   :     #25 pc 001160bd  /system/lib/hw/bluetooth.default.so
01-25 11:56:02.456   235   235 F DEBUG   :     #26 pc 001160bd  /system/lib/hw/bluetooth.default.so
01-25 11:56:02.456   235   235 F DEBUG   :     #27 pc 001160bd  /system/lib/hw/bluetooth.default.so
01-25 11:56:02.456   235   235 F DEBUG   :     #28 pc 001160bd  /system/lib/hw/bluetooth.default.so
01-25 11:56:02.456   235   235 F DEBUG   :     #29 pc 001160bd  /system/lib/hw/bluetooth.default.so
01-25 11:56:02.456   235   235 F DEBUG   :     #30 pc 001160bd  /system/lib/hw/bluetooth.default.so
01-25 11:56:02.456   235   235 F DEBUG   :     #31 pc 001160bd  /system/lib/hw/bluetooth.default.so
01-25 11:56:02.456   235   235 F DEBUG   :     #32 pc 001160bd  /system/lib/hw/bluetooth.default.so
01-25 11:56:02.456   235   235 F DEBUG   :     #33 pc 001160bd  /system/lib/hw/bluetooth.default.so
01-25 11:56:02.456   235   235 F DEBUG   :     #34 pc 001160bd  /system/lib/hw/bluetooth.default.so
01-25 11:56:02.457   235   235 F DEBUG   :     #35 pc 001160bd  /system/lib/hw/bluetooth.default.so
01-25 11:56:02.457   235   235 F DEBUG   :     #36 pc 001160bd  /system/lib/hw/bluetooth.default.so
01-25 11:56:02.457   235   235 F DEBUG   :     #37 pc 001160bd  /system/lib/hw/bluetooth.default.so
01-25 11:56:02.457   235   235 F DEBUG   :     #38 pc 001160bd  /system/lib/hw/bluetooth.default.so
01-25 11:56:02.457   235   235 F DEBUG   :     #39 pc 001160bd  /system/lib/hw/bluetooth.default.so
01-25 11:56:02.457   235   235 F DEBUG   :     #40 pc 001160bd  /system/lib/hw/bluetooth.default.so
01-25 11:56:02.457   235   235 F DEBUG   :     #41 pc 001160bd  /system/lib/hw/bluetooth.default.so
01-25 11:56:02.457   235   235 F DEBUG   :     #42 pc 001160bd  /system/lib/hw/bluetooth.default.so
01-25 11:56:02.457   235   235 F DEBUG   :     #43 pc 001160bd  /system/lib/hw/bluetooth.default.so
01-25 11:56:02.457   235   235 F DEBUG   :     #44 pc 001160bd  /system/lib/hw/bluetooth.default.so
01-25 11:56:02.457   235   235 F DEBUG   :     #45 pc 001160bd  /system/lib/hw/bluetooth.default.so
01-25 11:56:02.458   235   235 F DEBUG   :     #46 pc 001160bd  /system/lib/hw/bluetooth.default.so
01-25 11:56:02.458   235   235 F DEBUG   :     #47 pc 001160bd  /system/lib/hw/bluetooth.default.so
01-25 11:56:02.458   235   235 F DEBUG   :     #48 pc 001160bd  /system/lib/hw/bluetooth.default.so
01-25 11:56:02.458   235   235 F DEBUG   :     #49 pc 001160bd  /system/lib/hw/bluetooth.default.so
01-25 11:56:02.458   235   235 F DEBUG   :     #50 pc 001160bd  /system/lib/hw/bluetooth.default.so
01-25 11:56:02.458   235   235 F DEBUG   :     #51 pc 001160bd  /system/lib/hw/bluetooth.default.so
01-25 11:56:02.458   235   235 F DEBUG   :     #52 pc 001160bd  /system/lib/hw/bluetooth.default.so
01-25 11:56:02.458   235   235 F DEBUG   :     #53 pc 001160bd  /system/lib/hw/bluetooth.default.so
01-25 11:56:02.458   235   235 F DEBUG   :     #54 pc 001160bd  /system/lib/hw/bluetooth.default.so
01-25 11:56:02.458   235   235 F DEBUG   :     #55 pc 001160bd  /system/lib/hw/bluetooth.default.so
01-25 11:56:02.458   235   235 F DEBUG   :     #56 pc 001160bd  /system/lib/hw/bluetooth.default.so
01-25 11:56:02.458   235   235 F DEBUG   :     #57 pc 001160bd  /system/lib/hw/bluetooth.default.so
01-25 11:56:02.458   235   235 F DEBUG   :     #58 pc 001160bd  /system/lib/hw/bluetooth.default.so
01-25 11:56:02.458   235   235 F DEBUG   :     #59 pc 001160bd  /system/lib/hw/bluetooth.default.so
01-25 11:56:02.458   235   235 F DEBUG   :     #60 pc 001160bd  /system/lib/hw/bluetooth.default.so
01-25 11:56:02.458   235   235 F DEBUG   :     #61 pc 001160bd  /system/lib/hw/bluetooth.default.so
01-25 11:56:02.458   235   235 F DEBUG   :     #62 pc 001160bd  /system/lib/hw/bluetooth.default.so
01-25 11:56:02.459   235   235 F DEBUG   :     #63 pc 001160bd  /system/lib/hw/bluetooth.default.so
01-25 11:56:03.694   235   235 F DEBUG   :
01-25 11:56:03.694   235   235 F DEBUG   : Tombstone written to: /data/tombstones/tombstone_05
01-25 11:56:03.721   691   738 I chatty  : uid=1000(system) FileObserver expire 1 line
01-25 11:56:03.982   691   739 I chatty  : uid=1000(system) android.io expire 1 line
01-25 11:58:40.274   691   726 I chatty  : uid=1000(system) android.bg expire 8 lines
01-25 11:58:40.938 14175 14175 D ActivityThread: Loading provider com.google.android.gmail.provider;com.android.mail.notifier;com.google.android.gm.email.provider;com.google.android.gm.tasks.provider;com.google.
android.gm.email.notifier: com.android.email.provider.EmailProvider
01-25 11:58:41.306   691   727 I chatty  : uid=1000(system) ActivityManager expire 47 lines
01-25 12:06:46.724   691  1250 I chatty  : uid=1000(system) Binder_6 expire 11 lines
01-25 12:09:41.731   691   743 I chatty  : uid=1000(system) PowerManagerSer expire 12 lines
01-25 12:09:41.744   691   740 I chatty  : uid=1000(system) android.display expire 8 lines
01-25 12:10:28.329   691  1596 I chatty  : uid=1000(system) Binder_9 expire 11 lines
01-25 12:13:41.993 16412 16412 D ActivityThread: Loading provider com.google.android.gmail.provider;com.android.mail.notifier;com.google.android.gm.email.provider;com.google.android.gm.tasks.provider;com.google.
android.gm.email.notifier: com.android.email.provider.EmailProvider
01-25 12:13:44.916   691   727 I chatty  : uid=1000(system) ActivityManager expire 27 lines
01-25 12:17:23.211   691   986 I chatty  : uid=1000(system) AlarmManager expire 1 line
01-25 12:18:50.789   691   743 I chatty  : uid=1000(system) PowerManagerSer expire 12 lines
01-25 12:24:41.293  1744  1744 D MccTable: updateMccMncConfiguration mccmnc='310120' fromServiceState=true
01-25 12:24:41.294  1744  1744 D MccTable: updateMccMncConfiguration defaultMccMnc=310120
01-25 12:24:41.294  1744  1744 D MccTable: updateMccMncConfiguration: mcc=310, mnc=120
01-25 12:24:41.294  1744  1744 D MccTable: WIFI_COUNTRY_CODE set to us
01-25 12:24:41.295   691   709 I chatty  : uid=1000(system) Binder_2 expire 7 lines
01-25 12:24:41.791   691   727 I chatty  : uid=1000(system) ActivityManager expire 21 lines
01-25 12:26:27.153  1744  1744 D MccTable: updateMccMncConfiguration mccmnc='31000' fromServiceState=true
01-25 12:26:27.153  1744  1744 D MccTable: updateMccMncConfiguration defaultMccMnc=310120
01-25 12:26:27.153  1744  1744 D MccTable: updateMccMncConfiguration: mcc=310, mnc=0
01-25 12:26:27.153  1744  1744 D MccTable: WIFI_COUNTRY_CODE set to us
01-25 12:26:27.243   691  1121 I chatty  : uid=1000(system) Binder_4 expire 14 lines
01-25 12:26:27.273   691  2182 I chatty  : uid=1000(system) Binder_C expire 10 lines
01-25 12:26:27.614   691  2397 I chatty  : uid=1000(system) Binder_F expire 19 lines
01-25 12:26:27.792   691  1179 I chatty  : uid=1000(system) Binder_5 expire 11 lines
01-25 12:26:27.823   691  1912 I chatty  : uid=1000(system) Binder_B expire 15 lines
01-25 12:26:29.424   691  1830 I chatty  : uid=1000(system) Binder_A expire 9 lines
01-25 12:26:35.794  1744  1744 D MccTable: updateMccMncConfiguration mccmnc='310120' fromServiceState=true
01-25 12:26:35.795  1744  1744 D MccTable: updateMccMncConfiguration defaultMccMnc=310120
01-25 12:26:35.795  1744  1744 D MccTable: updateMccMncConfiguration: mcc=310, mnc=120
01-25 12:26:35.795  1744  1744 D MccTable: WIFI_COUNTRY_CODE set to us
01-25 12:26:35.795   691  2275 I chatty  : uid=1000(system) Binder_E expire 11 lines
01-25 12:26:44.820   691   708 I chatty  : uid=1000(system) Binder_1 expire 8 lines
01-25 12:26:50.258   691  2398 I chatty  : uid=1000(system) Binder_10 expire 13 lines
01-25 12:26:51.726   691  1040 I chatty  : uid=1000(system) ConnectivitySer expire 10 lines
01-25 12:27:16.245  1744  1744 D MccTable: updateMccMncConfiguration mccmnc='31000' fromServiceState=true
01-25 12:27:16.246  1744  1744 D MccTable: updateMccMncConfiguration defaultMccMnc=310120
01-25 12:27:16.246  1744  1744 D MccTable: updateMccMncConfiguration: mcc=310, mnc=0
01-25 12:27:16.247  1744  1744 D MccTable: WIFI_COUNTRY_CODE set to us
01-25 12:27:16.611   691  1544 I chatty  : uid=1000(system) Binder_8 expire 6 lines
01-25 12:27:49.184   691  2255 I chatty  : uid=1000(system) Binder_D expire 5 lines
01-25 12:28:14.587  1744  1744 D MccTable: updateMccMncConfiguration mccmnc='310120' fromServiceState=true
01-25 12:28:14.588  1744  1744 D MccTable: updateMccMncConfiguration defaultMccMnc=310120
01-25 12:28:14.588  1744  1744 D MccTable: updateMccMncConfiguration: mcc=310, mnc=120
01-25 12:28:14.588  1744  1744 D MccTable: WIFI_COUNTRY_CODE set to us
01-25 12:28:14.978   691   727 I chatty  : uid=1000(system) ActivityManager expire 55 lines
01-25 12:28:38.935  1744  1744 D MccTable: updateMccMncConfiguration mccmnc='31000' fromServiceState=true
01-25 12:28:38.936  1744  1744 D MccTable: updateMccMncConfiguration defaultMccMnc=310120
01-25 12:28:38.936  1744  1744 D MccTable: updateMccMncConfiguration: mcc=310, mnc=0
01-25 12:28:38.936  1744  1744 D MccTable: WIFI_COUNTRY_CODE set to us
01-25 12:28:41.621 19059 19059 D ActivityThread: Loading provider com.google.android.gmail.provider;com.android.mail.notifier;com.google.android.gm.email.provider;com.google.android.gm.tasks.provider;com.google.
android.gm.email.notifier: com.android.email.provider.EmailProvider
01-25 12:28:42.062   691  1526 I chatty  : uid=1000(system) Binder_7 expire 6 lines
01-25 12:29:00.037   691  1040 I chatty  : uid=1000(system) ConnectivitySer expire 20 lines
01-25 12:39:31.870   691  1121 I chatty  : uid=1000(system) Binder_4 expire 1 line
01-25 12:43:11.033  1744  1744 D MccTable: updateMccMncConfiguration mccmnc='310120' fromServiceState=true
01-25 12:43:11.033  1744  1744 D MccTable: updateMccMncConfiguration defaultMccMnc=310120
01-25 12:43:11.033  1744  1744 D MccTable: updateMccMncConfiguration: mcc=310, mnc=120
01-25 12:43:11.034  1744  1744 D MccTable: WIFI_COUNTRY_CODE set to us
01-25 12:43:11.080   691   727 I chatty  : uid=1000(system) ActivityManager expire 6 lines
01-25 12:44:54.866  1744  1744 D MccTable: updateMccMncConfiguration mccmnc='31000' fromServiceState=true
01-25 12:44:54.866  1744  1744 D MccTable: updateMccMncConfiguration defaultMccMnc=310120
01-25 12:44:54.866  1744  1744 D MccTable: updateMccMncConfiguration: mcc=310, mnc=0
01-25 12:44:54.866  1744  1744 D MccTable: WIFI_COUNTRY_CODE set to us
01-25 12:44:54.866   691  2275 I chatty  : uid=1000(system) Binder_E expire 10 lines
01-25 12:44:57.411   691  1039 I chatty  : uid=1000(system) WifiService expire 2 lines
01-25 12:44:57.457  1630  1630 I chatty  : uid=10028 com.google.android.gms.persistent expire 40 lines
01-25 12:44:57.484 20884 20896 I chatty  : uid=10028 com.google.android.gms.unstable expire 4 lines
01-25 12:44:57.484 20884 20896 D Error   : ERR: method=onReadFromDisk line=1263
01-25 12:44:57.485 20884 20896 D Error   : ERR: stack=android.os.StrictMode$StrictModeDiskReadViolation: policy=6815751 violation=2
01-25 12:44:57.485 20884 20896 D Error   :      at android.os.StrictMode$AndroidBlockGuardPolicy.onReadFromDisk(StrictMode.java:1263)
01-25 12:44:57.485 20884 20896 D Error   :      at android.app.SharedPreferencesImpl.awaitLoadedLocked(SharedPreferencesImpl.java:203)
01-25 12:44:57.485 20884 20896 D Error   :      at android.app.SharedPreferencesImpl.getAll(SharedPreferencesImpl.java:215)
01-25 12:44:57.485 20884 20896 D Error   :      at alya.<init>(:com.google.android.gms:2176)
01-25 12:44:57.485 20884 20896 D Error   :      at alya.a(:com.google.android.gms:139)
01-25 12:44:57.485 20884 20896 D Error   :      at com.google.android.location.reporting.service.ReportingAndroidChimeraService.onCreate(:com.google.android.gms:56)
01-25 12:44:57.485 20884 20896 D Error   :      at bzc.onCreate(:com.google.android.gms:148)
01-25 12:44:57.485 20884 20896 D Error   :      at jix.onCreate(:com.google.android.gms:63)
01-25 12:44:57.485 20884 20896 D Error   :      at android.app.ActivityThread.handleCreateService(ActivityThread.java:2911)
01-25 12:44:57.485 20884 20896 D Error   :      at android.app.ActivityThread.-wrap4(ActivityThread.java)
01-25 12:44:57.485 20884 20896 D Error   :      at android.app.ActivityThread$H.handleMessage(ActivityThread.java:1446)
01-25 12:44:57.485 20884 20896 D Error   :      at android.os.Handler.dispatchMessage(Handler.java:102)
01-25 12:44:57.485 20884 20896 D Error   :      at android.os.Looper.loop(Looper.java:148)
01-25 12:44:57.485 20884 20896 D Error   :      at android.app.ActivityThread.main(ActivityThread.java:5461)
01-25 12:44:57.485 20884 20896 D Error   :      at java.lang.reflect.Method.invoke(Native Method)
01-25 12:44:57.485 20884 20896 D Error   :      at com.android.internal.os.ZygoteInit$MethodAndArgsCaller.run(ZygoteInit.java:726)
01-25 12:44:57.485 20884 20896 D Error   :      at com.android.internal.os.ZygoteInit.main(ZygoteInit.java:616)
01-25 12:44:57.485 20884 20896 D Error   :      at de.robv.android.xposed.XposedBridge.main(XposedBridge.java:102)
01-25 12:44:57.485 20884 20896 D Error   : # via Binder call with stack:
01-25 12:44:57.485 20884 20896 D Error   : android.os.StrictMode$LogStackTrace
01-25 12:44:57.485 20884 20896 D Error   :      at android.os.StrictMode.readAndHandleBinderCallViolations(StrictMode.java:1911)
01-25 12:44:57.485 20884 20896 D Error   :      at android.os.Parcel.readExceptionCode(Parcel.java:1601)
01-25 12:44:57.485 20884 20896 D Error   :      at android.os.Parcel.readException(Parcel.java:1570)
01-25 12:44:57.485 20884 20896 D Error   :      at lbg.a(:com.google.android.gms:119)
01-25 12:44:57.485 20884 20896 D Error   :      at laj.a(:com.google.android.gms:66)
01-25 12:44:57.485 20884 20896 D Error   :      at oji.a(:com.google.android.gms:187)
01-25 12:44:57.485 20884 20896 D Error   :      at kyy.a(:com.google.android.gms:161)
01-25 12:44:57.485 20884 20896 D Error   :      at lbi.onTransact(:com.google.android.gms:85)
01-25 12:44:57.485 20884 20896 D Error   :      at android.os.Binder.transact(Binder.java:387)
01-25 12:44:57.485 20884 20896 D Error   :      at bxp.onTransact(:com.google.android.gms:35)
01-25 12:44:57.485 20884 20896 D Error   :      at android.os.Binder.execTransact(Binder.java:453)
01-25 12:44:57.485 20884 20896 D Error   : # via Binder call with stack:
01-25 12:44:57.485 20884 20896 D Error   : android.os.StrictMode$LogStackTrace
01-25 12:44:57.485 20884 20896 D Error   :      at android.os.StrictMode.readAndHandleBinderCallViolations(StrictMode.java:1911)
01-25 12:44:57.485 20884 20896 D Error   :      at android.os.Parcel.readExceptionCode(Parcel.java:1601)
01-25 12:44:57.485 20884 20896 D Error   :      at android.os.Parcel.readException(Parcel.java:1570)
01-25 12:44:57.485 20884 20896 D Error   :      at lbj.a(:com.google.android.gms:270)
01-25 12:44:57.485 20884 20896 D Error   :      at kzf.a(:com.google.android.gms:1311)
01-25 12:44:57.485 20884 20896 D Error   :      at kzo.a(:com.google.android.gms:408)
01-25 12:44:57.485 20884 20896 D Error   :      at kzq.a(:com.google.android.gms:733)
01-25 12:44:57.485 20884 20896 D Error   :      at kzg.a(:com.google.android.gms:1837)
01-25 12:44:57.485 20884 20896 D Error   :      at kzj.handleMessage(:com.google.android.gms:4345)
01-25 12:44:57.485 20884 20896 D Error   :      at android.os.Handler.dispatchMessage(Handler.java:102)
01-25 12:44:57.485 20884 20896 D Error   :      at android.os.Looper.loop(Looper.java:148)
01-25 12:44:57.485 20884 20896 D Error   :      at android.app.ActivityThread.main(ActivityThread.java:5461)
01-25 12:44:57.485 20884 20896 D Error   :      at java.lang.reflect.Method.invoke(Native Method)
01-25 12:44:57.485 20884 20896 D Error   :      at com.android.internal.os.ZygoteInit$MethodAndArgsCaller.run(ZygoteInit.java:726)
01-25 12:44:57.485 20884 20896 D Error   :      at com.android.internal.os.ZygoteInit.main(ZygoteInit.java:616)
01-25 12:44:57.485 20884 20896 D Error   :      at de.robv.android.xposed.XposedBridge.main(XposedBridge.java:102)
01-25 12:44:57.485 20884 20896 D Error   : # via Binder call with stack:
01-25 12:44:57.485 20884 20896 D Error   : android.os.StrictMode$LogStackTrace
01-25 12:44:57.485 20884 20896 D Error   :      at android.os.StrictMode.readAndHandleBinderCallViolations(StrictMode.java:1911)
01-25 12:44:57.485 20884 20896 D Error   :      at android.os.Parcel.readExceptionCode(Parcel.java:1601)
01-25 12:44:57.485 20884 20896 D Error   :      at android.os.Parcel.readException(Parcel.java:1570)
01-25 12:44:57.485 20884 20896 D Error   :      at lbg.a(:com.google.android.gms:119)
01-25 12:44:57.485 20884 20896 D Error   :      at laj.a(:com.google.android.gms:66)
01-25 12:44:57.485 20884 20896 D Error   :      at oji.a(:com.google.android.gms:187)
01-25 12:44:57.485 20884 20896 D Error   :      at kyy.a(:com.google.android.gms:161)
01-25 12:44:57.485 20884 20896 D Error   :      at lbi.onTransact(:com.google.android.gms:85)
01-25 12:44:57.485 20884 20896 D Error   :      at android.os.Binder.transact(Binder.java:387)
01-25 12:44:57.485 20884 20896 D Error   :      at bxp.onTransact(:com.google.android.gms:35)
01-25 12:44:57.485 20884 20896 D Error   :      at android.os.Binder.execTransact(Binder.java:453)
01-25 12:44:57.485 20884 20896 D Error   : # via Binder call with stack:
01-25 12:44:57.485 20884 20896 D Error   : android.os.StrictMode$LogStackTrace
01-25 12:44:57.485 20884 20896 D Error   :      at android.os.StrictMode.readAndHandleBinderCallViolations(StrictMode.java:1911)
01-25 12:44:57.485 20884 20896 D Error   :      at android.os.Parcel.readExceptionCode(Parcel.java:1601)
01-25 12:44:57.485 20884 20896 D Error   :      at android.os.Parcel.readException(Parcel.java:1570)
01-25 12:44:57.485 20884 20896 D Error   :      at lbj.a(:com.google.android.gms:270)
01-25 12:44:57.485 20884 20896 D Error   :      at kzf.a(:com.google.android.gms:1311)
01-25 12:44:57.485 20884 20896 D Error   :      at kzo.a(:com.google.android.gms:408)
01-25 12:44:57.485 20884 20896 D Error   :      at kzq.a(:com.google.android.gms:733)
01-25 12:44:57.485 20884 20896 D Error   :      at kzg.a(:com.google.android.gms:1837)
01-25 12:44:57.485 20884 20896 D Error   :      at kzj.handleMessage(:com.google.android.gms:4345)
