01-25 13:42:57.413   691   727 I ActivityManager: Start proc 5181:com.grarak.kerneladiutor:monitoring/u0a112 for service com.grarak.kerneladiutor/.services.monitor.Monitor
01-25 13:42:57.618   691  1596 W ActivityManager: Unable to start service Intent { cmp=com.google.android.gm.exchange/com.android.exchange.service.EasService } U=0: not found
01-25 13:42:57.721   691  1544 W ActivityManager: Unable to start service Intent { cmp=com.google.android.gm.exchange/com.android.exchange.service.EasService } U=0: not found
01-25 13:42:58.532   691  2397 I ActivityManager: Start proc 5208:com.google.android.partnersetup/u0a32 for content provider com.google.android.partnersetup/.RlzAppProvider
--------- beginning of main
01-25 13:42:58.796  5108  5204 I NotifUtils: Validating Notification, mapSize: 1 getAttention: true ignoreUnobtrusive: false
01-25 13:42:59.026  5079  5079 I Choreographer: Skipped 119 frames!  The application may be doing too much work on its main thread.
01-25 13:42:59.081  5108  5204 I NotifUtils: validateNotifications - cancelling 308218362 for 1821656761 / -1103699138
01-25 13:42:59.087  4250  4250 I TWILIGHT: [13:42:59.086, main]: Accessibility CHANGED com.android.systemui android.widget.FrameLayout
01-25 13:42:59.089  5108  5204 I NotifUtils: Validating Notification, mapSize: 1 getAttention: true ignoreUnobtrusive: false
01-25 13:42:59.131  5108  5204 I NotifUtils: validateNotifications - cancelling 308218337 for 1821656761 / -1812635783
01-25 13:42:59.213  4250  4250 I TWILIGHT: [13:42:59.213, main]: Accessibility CHANGED com.android.systemui android.widget.Button
01-25 13:42:59.252  5108  5171 I UnifiedEmail: getAccountsCursor
01-25 13:42:59.284  5079  5079 I AttachedClient: Adding client event 2 to pending list.
01-25 13:42:59.284  5079  5079 I AttachedClient: Adding client event 2 to pending list.
01-25 13:42:59.310  5079  5079 I OptInState: There is a new client and it does not support opt-in. Dropping request.
01-25 13:42:59.623  5079  5079 I MicroDetectionWorker: Micro detection mode: [mDetectionMode: [1]].
01-25 13:42:59.799  5079  5079 I Choreographer: Skipped 33 frames!  The application may be doing too much work on its main thread.
01-25 13:42:59.844  2736  5094 V RenderScript: 0xb7d57468 Launching thread(s), CPUs 4
01-25 13:42:59.858  5079  5228 I GsaNativeCrashHandler: Loaded shared library: nativecrashreporter
01-25 13:42:59.915  5079  5140 W LocationOracle: Starting background requests
01-25 13:42:59.935  5079  5228 I MicroDataManager: Created a new hotword model for:
01-25 13:42:59.935  5079  5228 I MicroDataManager: # com.google.android.apps.gsa.speech.microdetection.e@36410d17
01-25 13:42:59.978  5079  5237 I MicroRecognitionRunner: Starting detection.
01-25 13:43:00.020   691  1830 W InputMethodManagerService: Window already focused, ignoring focus gain of: com.android.internal.view.IInputMethodClient$Stub$Proxy@3699fba attribute=null, token = android.os.Bind
erProxy@f31fb35
01-25 13:43:00.042  5079  5136 I MicrophoneInputStream: mic_starting com.google.android.apps.gsa.speech.audio.af@d23c9c3
01-25 13:43:00.069   238   238 D audio_hw_primary: adev_open_input_stream: enter: sample_rate(16000) channel_mask(0x10) devices(0x80000004)        stream_handle(0xb71c6270) io_handle(68) source(6)
01-25 13:43:00.082   691   708 I ActivityManager: Process com.google.android.gm (pid 4608) has died
01-25 13:43:00.082   691   708 D ActivityManager: cleanUpApplicationRecord -- 4608
01-25 13:43:00.109   238  5247 I AudioFlinger: AudioFlinger's thread 0xb2473008 ready to run
01-25 13:43:00.109   238  5247 D audio_hw_primary: in_standby: enter: stream (0xb71c6270) usecase(9: audio-record)
01-25 13:43:00.110   238  5247 D audio_hw_primary: in_standby: enter: stream (0xb71c6270) usecase(9: audio-record)
01-25 13:43:00.114  1131  1131 D PhoneStatusBar: disable: < expand icons* alerts system_info* back home recent clock search quick_settings >
01-25 13:43:00.133   238  5247 D audio_hw_primary: in_set_parameters: enter: kvpairs=input_source=6;routing=-2147483644
01-25 13:43:00.144   238  5247 D audio_hw_primary: start_input_stream: enter: stream(0xb71c6270)usecase(9: audio-record)
01-25 13:43:00.144   238  5247 D audio_hw_primary: select_devices: out_snd_device(0: ) in_snd_device(65: voice-rec-mic)
01-25 13:43:00.144   238  5247 D hardware_info: hw_info_append_hw_type : device_name = voice-rec-mic
01-25 13:43:00.144   238  5247 I msm8974_platform: platform_send_audio_calibration: sending audio calibration for snd_device(65) acdb_id(4)
01-25 13:43:00.147   238  5247 D ACDB-LOADER: ACDB -> send_audio_cal, acdb_id = 4, path =  1
01-25 13:43:00.147   238  5247 D ACDB-LOADER: ACDB -> send_adm_topology
01-25 13:43:00.147   238  5247 D ACDB-LOADER: ACDB -> ACDB_CMD_GET_AUDPROC_COMMON_TOPOLOGY_ID
01-25 13:43:00.149   238  5247 D ACDB-LOADER: ACDB -> send_asm_topology
01-25 13:43:00.149   238  5247 D ACDB-LOADER: ACDB -> ACDB_CMD_GET_AUDPROC_STREAM_TOPOLOGY_ID
01-25 13:43:00.150   238  5247 D ACDB-LOADER: ACDB -> send_audtable
01-25 13:43:00.150   238  5247 D ACDB-LOADER: ACDB -> ACDB_CMD_GET_AUDPROC_COMMON_TABLE
01-25 13:43:00.150   238  5247 D ACDB-LOADER: ACDB -> AUDIO_SET_AUDPROC_CAL
01-25 13:43:00.150   238  5247 D ACDB-LOADER: ACDB -> send_audvoltable
01-25 13:43:00.150   238  5247 D ACDB-LOADER: ACDB -> ACDB_CMD_GET_AUDPROC_GAIN_DEP_STEP_TABLE
01-25 13:43:00.150   238  5247 D         : Failed to fetch the lookup information of the device 00000004
01-25 13:43:00.150   238  5247 E ACDB-LOADER: Error: ACDB AudProc vol returned = -19
01-25 13:43:00.150   238  5247 D ACDB-LOADER: ACDB -> AUDIO_SET_AUDPROC_VOL_CAL
01-25 13:43:00.150   238  5247 D ACDB-LOADER: ACDB -> AUDIO_SET_AFE_CAL
01-25 13:43:00.164   238  5247 D audio_hw_primary: select_devices: done
01-25 13:43:00.175   691  2275 I ActivityManager: Process com.google.android.gm (pid 4581) has died
01-25 13:43:00.175   691  2275 D ActivityManager: cleanUpApplicationRecord -- 4581
01-25 13:43:00.212  5079  5136 I MicrophoneInputStream: mic_started com.google.android.apps.gsa.speech.audio.af@d23c9c3
01-25 13:43:00.238  4250  4250 I TWILIGHT: [13:43:00.238, main]: Accessibility CHANGED com.android.systemui android.widget.FrameLayout
01-25 13:43:00.293  4250  4250 I TWILIGHT: [13:43:00.292, main]: Accessibility CHANGED com.google.android.apps.nexuslauncher com.google.android.apps.nexuslauncher.NexusLauncherActivity
01-25 13:43:00.575  1630  1630 I WearableService: Wear is not allowed to run on this device. Not starting Wear service.
01-25 13:43:00.576  1630  1630 D WearableService: callingUid 10028, callindPid: 1630
01-25 13:43:00.577  5079  5090 I art     : Background sticky concurrent mark sweep GC freed 13984(1100KB) AllocSpace objects, 16(820KB) LOS objects, 13% free, 12MB/14MB, paused 4.778ms total 185.114ms
01-25 13:43:00.649  5079  5139 E NowRemoteClient: skipping getNewCardsInfo, service is null
01-25 13:43:00.691  5079  5079 I MicroDetectionWorker: onReady
01-25 13:43:00.775   691  1912 I ActivityManager: Start proc 5263:com.android.providers.calendar/u0a2 for content provider com.android.providers.calendar/.CalendarProvider2
01-25 13:43:00.903  5263  5263 W System  : ClassLoader referenced unknown path: /system/priv-app/CalendarProvider/lib/arm
01-25 13:43:01.102  5263  5263 I CalendarProvider2: Created com.android.providers.calendar.CalendarAlarmManager@af8d600(com.android.providers.calendar.CalendarProvider2@1274e39)
01-25 13:43:01.114   691   728 I ActivityManager: START u0 {act=android.intent.action.MAIN cat=[android.intent.category.HOME] flg=0x10200000 cmp=com.google.android.apps.nexuslauncher/.NexusLauncherActivity (has
extras)} from uid 1000 on display 0
01-25 13:43:01.140  5079  5243 W Search.SearchUrlHelper: URL param or header with a key: "X-Google-Use-Geolocation-For-Country-Code" has an empty value.
01-25 13:43:01.143  1630 29631 W ctxmgr  : [AclManager]No 3 for (accnt=account#-517948760#, com.google.android.googlequicksearchbox(10038):com.google.android.googlequicksearchbox, vrsn=9683000, 1, 3pPkg = null ,
  3pMdlId = null). Was: 3 for 6, account#-517948760#
01-25 13:43:01.154  5079  5258 E PlaceStateUpdater: Received no places
01-25 13:43:01.186  5079  5260 W art     : Long monitor contention event with owner method=void java.lang.ref.Reference.<init>(java.lang.Object, java.lang.ref.ReferenceQueue) from Reference.java:155 waiters=0 fo
r 765ms
01-25 13:43:01.217  5079  5243 I WebViewFactory: Loading com.android.webview version 51.0.2704.106 (code 1)
01-25 13:43:01.251  5079  5259 W art     : Long monitor contention event with owner method=void java.lang.ref.Reference.<init>(java.lang.Object, java.lang.ref.ReferenceQueue) from Reference.java:155 waiters=1 fo
r 776ms
01-25 13:43:01.252  5079  5253 E PlaceStateUpdater: Received no places
01-25 13:43:01.292  5108  5144 I GAV2    : Thread[GAThread,5,main]: No campaign data found.
01-25 13:43:01.362  1630 29631 W ctxmgr  : [PlacesProducer]Not handling added production policy type=3
01-25 13:43:01.456  5079  5090 I art     : Background sticky concurrent mark sweep GC freed 10539(720KB) AllocSpace objects, 6(212KB) LOS objects, 8% free, 13MB/14MB, paused 3.196ms total 164.073ms
01-25 13:43:01.462  1630 29631 E ctxmgr  : [ProducerActiveIntervalImpl]addNewAppInterval: already contained:appKey=cdv@68c04681,appInterval=cdt@99a7320,record=cjv{key=cjx{com.google.android.googlequicksearchbox,
 10038, account#-517948760#, com.google.android.googlequicksearchbox, AgsaForegroundInterestKey}, t=1485373381248, name=18, lifetime=1 durn=3600000, production=3 intvl=360000 pri=102, retention=2 cnt=1, dispatch
=null, consumer=null}
01-25 13:43:01.483  1131  1131 D PhoneStatusBar: disable: < expand ICONS* alerts SYSTEM_INFO* back home recent clock search quick_settings >
01-25 13:43:01.560  4250  4250 I TWILIGHT: [13:43:01.559, main]: Accessibility CHANGED com.google.android.apps.nexuslauncher com.google.android.apps.nexuslauncher.NexusLauncherActivity
01-25 13:43:01.806   691  1039 D WifiService: Client connection lost with reason: 4
01-25 13:43:01.806   691  1830 I chatty  : uid=1000(system) Binder_A expire 1 line
01-25 13:43:01.808   691  1179 D ConnectivityService: ConnectivityService NetworkRequestInfo binderDied(NetworkRequest [ id=48, legacyType=-1, [ Capabilities: INTERNET&NOT_RESTRICTED&TRUSTED&NOT_VPN] ], android.
os.BinderProxy@1177a3)
01-25 13:43:01.809   691  1040 D ConnectivityService: releasing NetworkRequest NetworkRequest [ id=48, legacyType=-1, [ Capabilities: INTERNET&NOT_RESTRICTED&TRUSTED&NOT_VPN] ]
01-25 13:43:01.820   691  1040 E ConnectivityService: RemoteException caught trying to send a callback msg for NetworkRequest [ id=48, legacyType=-1, [ Capabilities: INTERNET&NOT_RESTRICTED&TRUSTED&NOT_VPN] ]
01-25 13:43:01.822  1630  2778 I Places  : ?: PlacesBleScanner start() with priority 2
01-25 13:43:01.827  1630  2778 I PlaceInferenceEngine: [anon] Setup for configuration 102:[BeaconScoring, CategoryScoring, DistanceScoring, GeoJournalScoring, HomeWorkScoring, HulkPersonaScoring, PopularityScori
ng, SpotterScoring, TimeBasedScoring, WifiScoring]
01-25 13:43:01.827  1630  2778 I PlaceInferenceEngine: [anon] Active modules after start(): 10
01-25 13:43:01.855   691  2398 I ActivityManager: Process com.facebook.katana:browser (pid 31397) has died
01-25 13:43:01.855   691  2398 D ActivityManager: cleanUpApplicationRecord -- 31397
01-25 13:43:02.058  5079  5243 W System  : ClassLoader referenced unknown path: /system/app/webview/lib/arm
01-25 13:43:02.066  4250  4250 I TWILIGHT: [13:43:02.066, main]: Accessibility CHANGED com.android.systemui android.widget.FrameLayout
01-25 13:43:02.093  1630  2778 I PlaceInferenceEngine: Too few candidate results: percentageOfMissingArea 95
01-25 13:43:02.106  1630  1630 E ctxmgr  : [PlaceFenceHelper]NearbyBuffer is null!
01-25 13:43:02.162  5079  5090 I art     : Background partial concurrent mark sweep GC freed 14947(960KB) AllocSpace objects, 0(0B) LOS objects, 22% free, 13MB/17MB, paused 5.105ms total 84.626ms
01-25 13:43:02.166  5263  5263 I CalendarProvider2: Sending notification intent: Intent { act=android.intent.action.PROVIDER_CHANGED dat=content://com.android.calendar flg=0x20000000 }
01-25 13:43:02.170  5263  5263 W ContentResolver: Failed to get type for: content://com.android.calendar (Unknown URL content://com.android.calendar)
01-25 13:43:02.184   691   727 I ActivityManager: Start proc 5293:com.facebook.orca/u0a125 for broadcast com.facebook.orca/com.facebook.messaging.business.calendar.CalendarSyncReceiver
01-25 13:43:02.231  1630 29631 W ctxmgr  : [AclManager]No 2 for (accnt=account#-517948760#, com.google.android.gms(10028):PlacesProducer, vrsn=10291000, 0, 3pPkg = null ,  3pMdlId = null). Was: 3 for 18, account
#-517948760#
01-25 13:43:02.271  4250  4250 I TWILIGHT: [13:43:02.270, main]: Accessibility CHANGED com.android.systemui android.widget.FrameLayout
01-25 13:43:02.275  5079  5243 I cr_LibraryLoader: Time to load native libraries: 29 ms (timestamps 2866-2895)
01-25 13:43:02.279  5079  5243 I cr_LibraryLoader: Expected native library version number "51.0.2704.106", actual native library version number "51.0.2704.106"
01-25 13:43:02.353  1630 29631 W ctxmgr  : [ContextListenerConsumer]Could not deliver context data because app is not reachable.
01-25 13:43:02.353  1630 29631 W ctxmgr  : android.os.DeadObjectException
01-25 13:43:02.353  1630 29631 W ctxmgr  :      at android.os.BinderProxy.transactNative(Native Method)
01-25 13:43:02.353  1630 29631 W ctxmgr  :      at android.os.BinderProxy.transact(Binder.java:503)
01-25 13:43:02.353  1630 29631 W ctxmgr  :      at lze.a(:com.google.android.gms:100)
01-25 13:43:02.353  1630 29631 W ctxmgr  :      at cfk.a(:com.google.android.gms:69)
01-25 13:43:02.353  1630 29631 W ctxmgr  :      at cgx.a(:com.google.android.gms:206)
01-25 13:43:02.353  1630 29631 W ctxmgr  :      at cgc.run(:com.google.android.gms:55)
01-25 13:43:02.353  1630 29631 W ctxmgr  :      at cga.a(:com.google.android.gms:248)
01-25 13:43:02.353  1630 29631 W ctxmgr  :      at cga.handleMessage(:com.google.android.gms:241)
01-25 13:43:02.353  1630 29631 W ctxmgr  :      at lll.run(:com.google.android.gms:142)
01-25 13:43:02.353  1630 29631 W ctxmgr  :      at llt.run(:com.google.android.gms:450)
01-25 13:43:02.353  1630 29631 W ctxmgr  :      at java.util.concurrent.ThreadPoolExecutor.runWorker(ThreadPoolExecutor.java:1113)
01-25 13:43:02.353  1630 29631 W ctxmgr  :      at java.util.concurrent.ThreadPoolExecutor$Worker.run(ThreadPoolExecutor.java:588)
01-25 13:43:02.353  1630 29631 W ctxmgr  :      at lqc.run(:com.google.android.gms:17)
01-25 13:43:02.353  1630 29631 W ctxmgr  :      at java.lang.Thread.run(Thread.java:818)
01-25 13:43:02.359  5079  5242 E PlaceStateUpdater: Received no places
01-25 13:43:02.461  1131  1131 D StatusBar: Clicked on content of 0|com.facebook.orca|10000|ONE_TO_ONE:735288782:635469641|10125
01-25 13:43:02.466   691  1047 I chatty  : uid=1000(system) AudioService expire 6 lines
01-25 13:43:02.474   691  1912 I ActivityManager: START u0 {act=com.facebook.orca.notify.SECURE_VIEW dat=fb-messenger://user/735288782 flg=0x4000000 pkg=com.facebook.orca cmp=com.facebook.orca/com.facebook.messe
nger.intents.SecureIntentHandlerActivity (has extras)} from uid 10125 on display 0
01-25 13:43:02.475   691  1912 W ActivityManager: startActivity called from non-Activity context; forcing Intent.FLAG_ACTIVITY_NEW_TASK for: Intent { act=com.facebook.orca.notify.SECURE_VIEW dat=fb-messenger://u
ser/735288782 flg=0x4800000 pkg=com.facebook.orca cmp=com.facebook.orca/com.facebook.messenger.intents.SecureIntentHandlerActivity (has extras) }
01-25 13:43:02.518   691  1596 W InputMethodManagerService: Window already focused, ignoring focus gain of: com.android.internal.view.IInputMethodClient$Stub$Proxy@818c52c attribute=android.view.inputmethod.Edit
orInfo@aa78bf5, token = android.os.BinderProxy@f31fb35
01-25 13:43:02.677  5079  5168 I PBSessionCacheImpl: Deleted sessionId[22339163603273428] from persistence.
01-25 13:43:02.689  5079  5079 I MicroDetector: Keeping mic open: false
01-25 13:43:02.690  5079  5287 I AudioController: internalShutdown
01-25 13:43:02.690  5079  5287 I MicrophoneInputStream: mic_close com.google.android.apps.gsa.speech.audio.af@d23c9c3
01-25 13:43:02.690  5079  5228 I MicroRecognitionRunner: Stopping hotword detection.
01-25 13:43:02.694  5079  5133 I DeviceStateChecker: DeviceStateChecker cancelled
01-25 13:43:02.695  5079  5136 E AudioRecord-JNI: Error -4 during AudioRecord native read
01-25 13:43:02.697  5079  5079 W SearchService: Abort, client detached.
01-25 13:43:02.698  5079  5288 W System  : ClassLoader referenced unknown path: /data/user/0/com.google.android.googlequicksearchbox/files/velour/jar_data/JdS3LZrl1b3G89FLwRfPamQ_2.jar/lib
01-25 13:43:02.704   238  5247 D audio_hw_primary: in_set_parameters: enter: kvpairs=routing=0
01-25 13:43:02.704   238  5247 D audio_hw_primary: in_standby: enter: stream (0xb71c6270) usecase(9: audio-record)
01-25 13:43:02.746   238  5247 D hardware_info: hw_info_append_hw_type : device_name = voice-rec-mic
01-25 13:43:02.755   238   925 D audio_hw_primary: adev_close_input_stream: enter:stream_handle(0xb71c6270)
01-25 13:43:02.755   238   925 D audio_hw_primary: in_standby: enter: stream (0xb71c6270) usecase(9: audio-record)
01-25 13:43:02.769  5079  5079 E NowRemoteClient: skipping startEvent, service is null
01-25 13:43:02.789  4250  4250 I TWILIGHT: [13:43:02.784, main]: Accessibility CHANGED com.google.android.apps.nexuslauncher com.google.android.apps.nexuslauncher.NexusLauncherActivity
01-25 13:43:02.820  5079  5237 I MicroRecognitionRunner: Detection finished
01-25 13:43:02.949  5079  5090 I art     : Background sticky concurrent mark sweep GC freed 23386(3MB) AllocSpace objects, 16(320KB) LOS objects, 13% free, 15MB/17MB, paused 21.075ms total 138.686ms
01-25 13:43:03.048  1131  1131 D PhoneStatusBar: disable: < expand icons* alerts system_info* back home recent clock search quick_settings >
01-25 13:43:03.198  5079  5090 I art     : Background sticky concurrent mark sweep GC freed 3807(281KB) AllocSpace objects, 20(400KB) LOS objects, 4% free, 16MB/17MB, paused 9.030ms total 88.404ms
01-25 13:43:03.207  5079  5237 W CardSyncManagerImpl: Too many retries to wait for connected Wear devices.
01-25 13:43:03.212  1630 29631 E ctxmgr  : [AppIntervalImpl]closeInterval: ongoing
01-25 13:43:03.249  1630 29631 E ctxmgr  : [ProducerActiveIntervalImpl]closeActiveInterval: Error: ongoing, trying to close
01-25 13:43:03.408  4250  4250 I TWILIGHT: [13:43:03.407, main]: Accessibility CHANGED com.android.systemui android.widget.FrameLayout
01-25 13:43:03.435  5079  5243 I cr_CronetLibraryLoader: Cronet version: 57.0.2950.3, arch: armv7l
01-25 13:43:03.444  1630  2778 I PlaceInferenceEngine: [anon] Setup for configuration 105:[]
01-25 13:43:03.444  1630  2778 I PlaceInferenceEngine: [anon] Active modules after start(): 0
01-25 13:43:03.454  1630  5322 E PlaceInferenceEngine: [anon] No modules available - no new result: PlaceInferenceResult { millisSinceBoot=44282837 placeInferences=[] accountName=null statusCode=19 insideProbabi
lity=0.82776344}
01-25 13:43:03.462  5079  5243 I CronetEngineBuilder: dalvik.system.PathClassLoader[DexPathList[[zip file "/data/app/com.google.android.googlequicksearchbox-1/base.apk"],nativeLibraryDirectories=[/data/app/com.g
oogle.android.googlequicksearchbox-1/lib/arm, /data/app/com.google.android.googlequicksearchbox-1/base.apk!/lib/armeabi-v7a, /vendor/lib, /system/lib]]] found Cronet engine implementation class org.chromium.net.
impl.CronetUrlRequestContext. Network stack version Cronet/57.0.2950.3@e67f9b33
01-25 13:43:03.494  1630  1640 W art     : Suspending all threads took: 8.678ms
01-25 13:43:03.498   691  1120 D ConnectivityService: listenForNetwork for Listen from uid/pid:10038/5079 for NetworkRequest [ id=50, legacyType=-1, [ Capabilities: INTERNET&NOT_RESTRICTED&TRUSTED] ]
01-25 13:43:03.538  1630  1640 I art     : Background partial concurrent mark sweep GC freed 54302(3MB) AllocSpace objects, 27(568KB) LOS objects, 18% free, 17MB/21MB, paused 14.746ms total 336.302ms
01-25 13:43:03.666  5079  5242 W art     : Long monitor contention event with owner method=java.lang.BootClassLoader java.lang.BootClassLoader.getInstance() from ClassLoader.java:772 waiters=0 for 674ms
01-25 13:43:04.065  5079  5079 E NowRemoteClient: skipping logEndstate, service is null
01-25 13:43:04.602 30279 30446 W art     : Long monitor contention event with owner method=void X.0o3.a(X.2Ya) from :138313 waiters=0 for 1.379s
01-25 13:43:05.070  4250  4250 I TWILIGHT: [13:43:05.070, main]: Accessibility CHANGED com.android.systemui android.widget.LinearLayout
01-25 13:43:05.180  4250  4264 I art     : Background partial concurrent mark sweep GC freed 50974(2MB) AllocSpace objects, 0(0B) LOS objects, 39% free, 5MB/9MB, paused 730us total 125.099ms
01-25 13:43:05.384   691  1038 I chatty  : uid=1000(system) WifiStateMachin expire 10 lines
01-25 13:43:05.480  5293  5293 I LoadedApk: No resource references to update in package cyanogenmod.platform
01-25 13:43:05.490  5293  5293 W SplashScreenApplication: stopping early-init message pump: LAUNCH_ACTIVITY for LAUNCH_SINGLE_INSTANCE: { when=-2s990ms what=100 obj=ActivityRecord{f1d3b3d token=android.os.Binder
Proxy@5acff32 {com.facebook.orca/com.facebook.messenger.intents.SecureIntentHandlerActivity}} target=android.app.ActivityThread$H }
01-25 13:43:06.319  5293  5360 I art     : Thread[10,tid=5360,Native,Thread*=0xb79aea98,peer=0x12d25ee0,"EnsureDelegate"] recursive attempt to load library "/mnt/expand/374aeeba-e221-47d3-bd4e-ba641468c683/user/
0/com.facebook.orca/lib-xzs/libfb.so"
01-25 13:43:07.222  5293  5360 V appstatelogger: Registered App State Logger stream with Breakpad
01-25 13:43:07.242  5293  5360 V dalvik-internals: Hooking function _ZN3art12FaultManager35EnsureArtActionInFrontOfSignalChainEv
01-25 13:43:07.242  5293  5360 V dalvik-internals: hooked _ZN3art12FaultManager35EnsureArtActionInFrontOfSignalChainEv using trap ()
01-25 13:43:07.242  5293  5360 V dalvik-internals: hooked signal using trap ()
01-25 13:43:07.242  5293  5360 V dalvik-internals: hooked sysv_signal using trap ()
01-25 13:43:07.242  5293  5360 V dalvik-internals: hooked bsd_signal using trap ()
01-25 13:43:07.250  5293  5360 E linker  : "/system/bin/app_process32_xposed": ignoring 2-entry DT_PREINIT_ARRAY in shared library!
01-25 13:43:07.251  5293  5360 V dalvik-internals: hooked sigaction using trap ()
01-25 13:43:07.686  5293  5360 W MemoryReductionHack: Couldn't update the Loader
01-25 13:43:08.323  5293  5370 W 0Nz     : Verify
01-25 13:43:08.863  5293  5379 W msgr.0WV: The sessioned store is not available. Are you fetching sessioned quick experiment data while the user is logged out?
01-25 13:43:08.885  5293  5304 W art     : Suspending all threads took: 12.185ms
01-25 13:43:08.904  5293  5304 I art     : Background partial concurrent mark sweep GC freed 8673(682KB) AllocSpace objects, 1(20KB) LOS objects, 26% free, 10MB/14MB, paused 19.476ms total 179.697ms
01-25 13:43:09.086   691  1179 I ActivityManager: Start proc 5395:com.cyanogenmod.lockclock/u0a56 for broadcast com.cyanogenmod.lockclock/.ClockWidgetProvider
01-25 13:43:09.149  5395  5395 W System  : ClassLoader referenced unknown path: /system/app/LockClock/lib/arm
01-25 13:43:09.380   691  2182 I ActivityManager: Start proc 5426:com.google.android.calendar/u0a85 for broadcast com.google.android.calendar/.alerts.AlertReceiver
01-25 13:43:09.506  5426  5426 W System  : ClassLoader referenced unknown path: /system/app/CalendarGooglePrebuilt/lib/arm
01-25 13:43:09.799  5293  5304 W art     : Suspending all threads took: 21.056ms
01-25 13:43:09.814  5293  5304 I art     : Background sticky concurrent mark sweep GC freed 16744(1330KB) AllocSpace objects, 13(264KB) LOS objects, 10% free, 13MB/14MB, paused 23.446ms total 94.174ms
01-25 13:43:09.941   691  2398 I ActivityManager: START u0 {flg=0x4000000 cmp=com.facebook.orca/com.facebook.messenger.neue.MainActivity (has extras)} from uid 10125 on display 0
01-25 13:43:09.951  5293  5293 W msgr.0ht: stopTrackingActivityLaunch called for class com.facebook.messenger.intents.SecureIntentHandlerActivity while tracking class com.facebook.messenger.neue.MainActivity.
01-25 13:43:10.114  5293  5466 D OpenGLRenderer: Use EGL_SWAP_BEHAVIOR_PRESERVED: true
01-25 13:43:10.215  5293  5304 I art     : Background sticky concurrent mark sweep GC freed 10511(936KB) AllocSpace objects, 7(140KB) LOS objects, 7% free, 13MB/14MB, paused 6.121ms total 59.127ms
01-25 13:43:10.233  5293  5466 I Adreno-EGL: <qeglDrvAPI_eglInitialize:379>: EGL 1.4 QUALCOMM build: Nondeterministic_AU_msm8974_LA.BF.1.1.3_RB1__release_AU (I389a668de0)
01-25 13:43:10.233  5293  5466 I Adreno-EGL: OpenGL ES Shader Compiler Version: E031.28.00.04
01-25 13:43:10.233  5293  5466 I Adreno-EGL: Build Date: 10/24/15 Sat
01-25 13:43:10.233  5293  5466 I Adreno-EGL: Local Branch: mybranch15621148
01-25 13:43:10.233  5293  5466 I Adreno-EGL: Remote Branch: quic/LA.BF.1.1.3_rb1.3
01-25 13:43:10.233  5293  5466 I Adreno-EGL: Local Patches: NONE
01-25 13:43:10.233  5293  5466 I Adreno-EGL: Reconstruct Branch: NOTHING
01-25 13:43:10.236  5293  5466 I OpenGLRenderer: Initialized EGL, version 1.4
01-25 13:43:10.441   691  1250 I chatty  : uid=1000(system) Binder_6 expire 1 line
01-25 13:43:10.494  5293  5304 W art     : Suspending all threads took: 10.411ms
01-25 13:43:10.515  5293  5304 I art     : Background sticky concurrent mark sweep GC freed 7985(535KB) AllocSpace objects, 2(40KB) LOS objects, 4% free, 14MB/14MB, paused 26.826ms total 58.242ms
01-25 13:43:10.541  4250  4250 I TWILIGHT: [13:43:10.541, main]: Accessibility CHANGED com.facebook.orca android.widget.FrameLayout
01-25 13:43:10.645  5293  5304 I art     : Background sticky concurrent mark sweep GC freed 1844(149KB) AllocSpace objects, 0(0B) LOS objects, 1% free, 14MB/14MB, paused 6.830ms total 36.054ms
01-25 13:43:10.653   231   231 I chatty  : uid=1000(system) /system/bin/surfaceflinger expire 3 lines
01-25 13:43:12.481   691   727 W ActivityManager: Launch timeout has expired, giving up wake lock!
01-25 13:43:12.638   691   727 I ActivityManager: Start proc 5500:com.google.android.gm/u0a86 for broadcast com.google.android.gm/com.android.email.service.EmailBroadcastReceiver
01-25 13:43:12.714  5293  5304 I art     : Background sticky concurrent mark sweep GC freed 16351(1505KB) AllocSpace objects, 2(40KB) LOS objects, 9% free, 16MB/18MB, paused 2.942ms total 111.042ms
01-25 13:43:12.778  5500  5500 W System  : ClassLoader referenced unknown path: /system/app/PrebuiltGmail/lib/arm
01-25 13:43:12.870  5500  5500 D XNotifications-GmailInboxMarkAsReadHook: com.google.android.gm loaded
01-25 13:43:12.873  5500  5500 I Xposed  : [Taptigo-XNotifications_GmailInboxMarkAsReadHook] com.google.android.gm loaded
01-25 13:43:13.151  5500  5500 W EasBundling: in EasBundling.init, isBundlingEnabled=true
01-25 13:43:13.167  5500  5500 D ActivityThread: Loading provider com.google.android.gmail.provider;com.android.mail.notifier;com.google.android.gm.email.provider;com.google.android.gm.tasks.provider;com.google.
android.gm.email.notifier: com.android.email.provider.EmailProvider
01-25 13:43:13.307  5500  5538 I UnifiedEmail: getAccountsCursor
01-25 13:43:13.340  5293  5293 I Choreographer: Skipped 186 frames!  The application may be doing too much work on its main thread.
01-25 13:43:13.387   691  1830 I ActivityManager: Start proc 5543:com.android.inputmethod.latin/u0a77 for service com.android.inputmethod.latin/.spellcheck.AndroidSpellCheckerService
01-25 13:43:13.438  5500  5500 W GAV2    : Thread[main,5,main]: Need to call initialize() and be in fallback mode to start dispatch.
01-25 13:43:13.440  5500  5539 W Gmail   : restoreIfNeeded: Account exists.
01-25 13:43:13.571  5500  5567 I UnifiedEmail: Initiated Service map for: [gPop3, gLegacyImap, gEas, gmail]
01-25 13:43:13.586  5108  5137 I UnifiedEmail: getAccountsCursor
01-25 13:43:13.587  5500  5500 I Gmail   : Recorded initial entry point: OTHER_NON_UI.
01-25 13:43:13.594  5500  5570 I UnifiedEmail: getAccountsCursor
01-25 13:43:13.619  5500  5500 I Exchange: EasService.onCreate
01-25 13:43:13.626   691  1120 W ActivityManager: Unable to start service Intent { cmp=com.google.android.gm.exchange/com.android.exchange.service.EasService } U=0: not found
01-25 13:43:13.627  5500  5500 I Exchange: EasService.onCreate stoppedOldService=false
01-25 13:43:13.637  5500  5500 I Exchange: needResyncCalendar: false, hasCalendarPermission: false, needResyncContacts: false, hasContactsPermission: false
01-25 13:43:13.642  5500  5575 I Exchange: RestartPingTask
01-25 13:43:13.768  5500  5580 I Gmail   : Registering for notifications for account 1
01-25 13:43:13.823  5500  5500 I Exchange: RestartPingsTask did not start any pings.
01-25 13:43:13.844  5500  5500 I Exchange: onDestroy
01-25 13:43:13.859  5500  5580 I Gmail   : Registering for notifications for account 2
01-25 13:43:13.866  5293  5304 I art     : Background sticky concurrent mark sweep GC freed 3573(383KB) AllocSpace objects, 1(16KB) LOS objects, 2% free, 17MB/18MB, paused 6.738ms total 56.910ms
01-25 13:43:13.873  5500  5580 I Gmail   : Observing account changes for notifications
01-25 13:43:13.936  5079  5079 I MemoryTrimmer: Trimming objects from memory, since app is in the background.
01-25 13:43:13.972   691   709 I chatty  : uid=1000(system) Binder_2 expire 3 lines
01-25 13:43:13.988  4250  4250 I TWILIGHT: [13:43:13.988, main]: Accessibility CHANGED com.facebook.orca com.facebook.messenger.neue.MainActivity
01-25 13:43:13.998  5500  5500 I Exchange: EasService.onCreate
01-25 13:43:14.001   691  2275 W ActivityManager: Unable to start service Intent { cmp=com.google.android.gm.exchange/com.android.exchange.service.EasService } U=0: not found
01-25 13:43:14.002  5500  5500 I Exchange: EasService.onCreate stoppedOldService=false
01-25 13:43:14.004  5293  5304 W art     : Suspending all threads took: 16.267ms
01-25 13:43:14.005  5500  5500 I Exchange: needResyncCalendar: false, hasCalendarPermission: false, needResyncContacts: false, hasContactsPermission: false
01-25 13:43:14.009  5500  5538 I Exchange: RestartPingTask
01-25 13:43:14.016  5293  5304 I art     : Background partial concurrent mark sweep GC freed 9248(566KB) AllocSpace objects, 2(40KB) LOS objects, 18% free, 17MB/21MB, paused 21.542ms total 115.921ms
01-25 13:43:14.040  5500  5500 I Exchange: RestartPingsTask did not start any pings.
01-25 13:43:14.042  5500  5500 I Exchange: onDestroy
01-25 13:43:14.053  5293  5592 V tigonliger: tigonapi/JNI_OnLoad called
01-25 13:43:14.077  5500  5571 I NotifUtils: sendSetNewEmailIndicator account: 1437462523, folder: 70791782
01-25 13:43:14.173  5500  5571 I NotifUtils: sendSetNewEmailIndicator account: 1437462523, folder: 2573240
01-25 13:43:14.185  5500  5585 I UnifiedEmail: notifyAccountChanged
01-25 13:43:14.188  5500  5567 I UnifiedEmail: getAccountsCursor
01-25 13:43:14.189  5108  5163 I UnifiedEmail: getAccountsCursor
01-25 13:43:14.216  5500  5585 I Gmail   : calculateUnknownSyncRationalesAndPurgeInBackground: queueing
01-25 13:43:14.221  5108  5138 I UnifiedEmail: getAccountsCursor
01-25 13:43:14.229  5500  5593 I NotifUtils: Validating Notification, mapSize: 1 getAttention: true ignoreUnobtrusive: false
01-25 13:43:14.276  5500  5585 I Gmail   : calculateUnknownSyncRationalesAndPurgeInBackground: queueing
01-25 13:43:14.275  5108  5166 I UnifiedEmail: getAccountsCursor
01-25 13:43:14.319  5500  5593 I NotifUtils: validateNotifications - cancelling 742033636 for 1437462523 / -1103699138
01-25 13:43:14.330  5500  5593 I NotifUtils: Validating Notification, mapSize: 1 getAttention: true ignoreUnobtrusive: false
01-25 13:43:14.336  5500  5585 I Gmail   : calculateUnknownSyncRationalesAndPurgeInBackground: running
01-25 13:43:14.340  5500  5571 I NotifUtils: sendSetNewEmailIndicator account: 1437462523, folder: 81068824
01-25 13:43:14.349  5500  5585 I Gmail   : calculateUnknownSyncRationalesAndPurgeInBackground: running
01-25 13:43:14.369  5500  5593 I NotifUtils: validateNotifications - cancelling 817018137 for 1437462523 / -757656686
01-25 13:43:14.374  5500  5593 I NotifUtils: Validating Notification, mapSize: 1 getAttention: true ignoreUnobtrusive: false
01-25 13:43:14.413  5500  5570 I UnifiedEmail: getAccountsCursor
01-25 13:43:14.426  5500  5571 I NotifUtils: sendSetNewEmailIndicator account: 1821656761, folder: 70791782
01-25 13:43:14.439  5500  5593 I NotifUtils: Notifications are disabled for this folder; not notifying
01-25 13:43:14.442  5500  5593 I NotifUtils: Validating Notification, mapSize: 1 getAttention: true ignoreUnobtrusive: false
01-25 13:43:14.486  5500  5593 I NotifUtils: validateNotifications - cancelling 308218362 for 1821656761 / -1103699138
01-25 13:43:14.504  5500  5571 I NotifUtils: sendSetNewEmailIndicator account: 1821656761, folder: 2573240
01-25 13:43:14.504  5293  5293 I WebViewFactory: Loading com.android.webview version 51.0.2704.106 (code 1)
01-25 13:43:14.517  4250  4250 I TWILIGHT: [13:43:14.517, main]: Accessibility CHANGED com.facebook.orca android.widget.ListView
01-25 13:43:14.536  5500  5605 I NotifUtils: Validating Notification, mapSize: 1 getAttention: true ignoreUnobtrusive: false
01-25 13:43:14.560  5500  5605 I NotifUtils: validateNotifications - cancelling 308218337 for 1821656761 / -1812635783
01-25 13:43:14.580  5293  5293 W System  : ClassLoader referenced unknown path: /system/app/webview/lib/arm
01-25 13:43:14.607  5293  5293 I cr_LibraryLoader: Time to load native libraries: 4 ms (timestamps 5228-5232)
01-25 13:43:14.608  5293  5293 I cr_LibraryLoader: Expected native library version number "51.0.2704.106", actual native library version number "51.0.2704.106"
01-25 13:43:14.625  5293  5293 V WebViewChromiumFactoryProvider: Binding Chromium to main looper Looper (main, tid 1) {7af500e}
01-25 13:43:14.626  5293  5293 I cr_LibraryLoader: Expected native library version number "51.0.2704.106", actual native library version number "51.0.2704.106"
01-25 13:43:14.643  5293  5293 I chromium: [INFO:library_loader_hooks.cc(143)] Chromium logging enabled: level = 0, default verbosity = 0
01-25 13:43:14.693  5293  5293 I cr_BrowserStartup: Initializing chromium process, singleProcess=true
01-25 13:43:14.726  5293  5293 E ApkAssets: Error while loading asset assets/natives_blob_64.bin: java.io.FileNotFoundException: assets/natives_blob_64.bin
01-25 13:43:14.726  5293  5293 E ApkAssets: Error while loading asset assets/snapshot_blob_64.bin: java.io.FileNotFoundException: assets/snapshot_blob_64.bin
01-25 13:43:14.888   691   739 I chatty  : uid=1000(system) android.io expire 2 lines
01-25 13:43:14.934  5293  5293 I cr_DRP  : No DRP key due to exception:java.lang.ClassNotFoundException: com.android.webview.chromium.Drp
01-25 13:43:15.113  5426  5455 I GAV2    : Thread[GAThread,5,main]: No campaign data found.
01-25 13:43:15.175  5293  5293 I Choreographer: Skipped 50 frames!  The application may be doing too much work on its main thread.
01-25 13:43:15.256   691  1250 D ConnectivityService: listenForNetwork for Listen from uid/pid:10125/5293 for NetworkRequest [ id=51, legacyType=-1, [ Capabilities: INTERNET&NOT_RESTRICTED&TRUSTED&NOT_VPN] ]
01-25 13:43:15.449  4250  4250 I TWILIGHT: [13:43:15.448, main]: Accessibility CHANGED com.facebook.orca android.widget.TextView
01-25 13:43:15.462  5293  5304 W art     : Suspending all threads took: 7.908ms
01-25 13:43:15.509  5293  5304 I art     : Background sticky concurrent mark sweep GC freed 24802(1716KB) AllocSpace objects, 10(200KB) LOS objects, 8% free, 20MB/21MB, paused 27.834ms total 110.751ms
01-25 13:43:15.840  5293  5662 D omnistore: AlarmManager::mainLoop calling alarm callbacks
01-25 13:43:16.066  1630 31204 W GCM     : Register request missing messenger
01-25 13:43:16.303  5293  5304 W art     : Suspending all threads took: 27.285ms
01-25 13:43:16.332  5293  5304 I art     : Background sticky concurrent mark sweep GC freed 12063(1061KB) AllocSpace objects, 12(516KB) LOS objects, 3% free, 21MB/21MB, paused 34.594ms total 162.699ms
01-25 13:43:16.369  1630 31204 W Conscrypt: Could not set socket write timeout: null
01-25 13:43:16.460  5293  5658 I mobileconfig: Initialized MobileConfig - directory: /mnt/expand/374aeeba-e221-47d3-bd4e-ba641468c683/user/0/com.facebook.orca/files, deviceId: d80dd1c5-1fb4-434d-96df-3b212160019
5, appVersion: 101.0.0.18.337 session: 635469641, paramHash: f6e703ce4e95ec24ce8ba81c35c51399, urlParams: [locale=en_US,client_country_code=US]
01-25 13:43:16.630  5293  5304 W art     : Suspending all threads took: 18.550ms
01-25 13:43:16.644  5293  5304 I art     : Background partial concurrent mark sweep GC freed 9517(791KB) AllocSpace objects, 16(1048KB) LOS objects, 16% free, 19MB/23MB, paused 23.954ms total 126.917ms
01-25 13:43:16.660  1630 31204 W Conscrypt: Could not set socket write timeout: null
01-25 13:43:16.671  5293  5658 I mobileconfig: Initialized MobileConfigOmnistore - sessionId: 635469641, persistConfigs: true
01-25 13:43:16.996  5293  5680 W msgr.ServiceInfoParser: X.3LH: Service com.facebook.analytics2.logger.LollipopUploadService is missing meta key com.facebook.common.jobscheduler.compat.jobIds
01-25 13:43:16.996  5293  5680 W msgr.ServiceInfoParser: X.3LH: Service com.facebook.bugreporter.scheduler.LollipopBugReportService is missing meta key com.facebook.common.jobscheduler.compat.jobIds
01-25 13:43:17.071  5293  5453 W InstanceID/Rpc: Found 10028
01-25 13:43:17.112  4250  4250 I TWILIGHT: [13:43:17.111, main]: Accessibility CHANGED com.facebook.orca android.widget.TextView
01-25 13:43:17.152   691   727 W BroadcastQueue: Permission Denial: broadcasting Intent { act=android.net.conn.CONNECTIVITY_CHANGE flg=0x4000010 (has extras) } from null (pid=-1, uid=-1) requires com.facebook.pe
rmission.prod.FB_APP_COMMUNICATION due to registered receiver BroadcastFilter{6188578 u0 ReceiverList{a6176db 5293 com.facebook.orca/10125/u0 remote:b4993ea}}
01-25 13:43:17.152   691   727 W BroadcastQueue: Permission Denial: broadcasting Intent { act=android.net.conn.INET_CONDITION_ACTION flg=0x4000010 (has extras) } from null (pid=-1, uid=-1) requires com.facebook.
permission.prod.FB_APP_COMMUNICATION due to registered receiver BroadcastFilter{6188578 u0 ReceiverList{a6176db 5293 com.facebook.orca/10125/u0 remote:b4993ea}}
01-25 13:43:17.174   691   727 W BroadcastQueue: Permission Denial: broadcasting Intent { act=android.net.conn.CONNECTIVITY_CHANGE flg=0x4000010 (has extras) } from null (pid=-1, uid=-1) requires com.facebook.pe
rmission.prod.FB_APP_COMMUNICATION due to registered receiver BroadcastFilter{74b642 u0 ReceiverList{f84248d 5293 com.facebook.orca/10125/u0 remote:90c8124}}
01-25 13:43:17.756  5293  5682 W MessageQueue: Handler (android.os.Handler) {ca8b506} sending message to a Handler on a dead thread
01-25 13:43:17.756  5293  5682 W MessageQueue: java.lang.IllegalStateException: Handler (android.os.Handler) {ca8b506} sending message to a Handler on a dead thread
01-25 13:43:17.756  5293  5682 W MessageQueue:  at android.os.MessageQueue.enqueueMessage(MessageQueue.java:543)
01-25 13:43:17.756  5293  5682 W MessageQueue:  at android.os.Handler.enqueueMessage(Handler.java:631)
01-25 13:43:17.756  5293  5682 W MessageQueue:  at android.os.Handler.sendMessageAtTime(Handler.java:600)
01-25 13:43:17.756  5293  5682 W MessageQueue:  at android.os.Handler.sendMessageDelayed(Handler.java:570)
01-25 13:43:17.756  5293  5682 W MessageQueue:  at android.os.Handler.post(Handler.java:326)
01-25 13:43:17.756  5293  5682 W MessageQueue:  at X.02H.a(:9522)
01-25 13:43:17.756  5293  5682 W MessageQueue:  at com.facebook.fbservice.ops.DefaultBlueServiceOperation.postToCallbackThread(:78154)
01-25 13:43:17.756  5293  5682 W MessageQueue:  at com.facebook.fbservice.ops.DefaultBlueServiceOperation.onOperationCompleted(:77988)
01-25 13:43:17.756  5293  5682 W MessageQueue:  at com.facebook.fbservice.ops.DefaultBlueServiceOperation$3.onOperationCompleted(:79277)
01-25 13:43:17.756  5293  5682 W MessageQueue:  at com.facebook.fbservice.service.BlueServiceQueue.operationDone(:79607)
01-25 13:43:17.756  5293  5682 W MessageQueue:  at com.facebook.fbservice.service.BlueServiceQueue.processQueue(:79425)
01-25 13:43:17.756  5293  5682 W MessageQueue:  at com.facebook.fbservice.service.BlueServiceQueue$3.run(:84315)
01-25 13:43:17.756  5293  5682 W MessageQueue:  at java.util.concurrent.Executors$RunnableAdapter.call(Executors.java:423)
01-25 13:43:17.756  5293  5682 W MessageQueue:  at java.util.concurrent.FutureTask.run(FutureTask.java:237)
01-25 13:43:17.756  5293  5682 W MessageQueue:  at com.facebook.common.executors.ListenableScheduledFutureImpl.run(:84319)
01-25 13:43:17.756  5293  5682 W MessageQueue:  at android.os.Handler.handleCallback(Handler.java:739)
01-25 13:43:17.756  5293  5682 W MessageQueue:  at android.os.Handler.dispatchMessage(Handler.java:95)
01-25 13:43:17.756  5293  5682 W MessageQueue:  at android.os.Looper.loop(Looper.java:148)
01-25 13:43:17.756  5293  5682 W MessageQueue:  at android.os.HandlerThread.run(HandlerThread.java:61)
01-25 13:43:18.182  5293  5304 W art     : Suspending all threads took: 10.237ms
01-25 13:43:18.209  5293  5304 I art     : Background sticky concurrent mark sweep GC freed 37245(2MB) AllocSpace objects, 11(216KB) LOS objects, 12% free, 20MB/23MB, paused 18.196ms total 72.821ms
01-25 13:43:18.469  5500  5558 I GAV2    : Thread[GAThread,5,main]: No campaign data found.
01-25 13:43:19.054   691  1526 I chatty  : uid=1000(system) Binder_7 expire 1 line
01-25 13:43:20.413  5293  5493 D omnistore: DebouncingRateLimiter attempting event SyncProtocol::onConnectionEstablished
01-25 13:43:20.413  5293  5493 D omnistore: Event not rate limited: SyncProtocol::onConnectionEstablished
01-25 13:43:20.413  5293  5493 D omnistore: SyncProtocol calling onConnectionEstablished callbacks
01-25 13:43:20.414  5293  5493 D omnistore: SendQueue::onConnectionEstablished: sending 0 transaction(s)
01-25 13:43:20.414  5293  5493 D omnistore: Start integrity check process
01-25 13:43:20.414  5293  5493 D omnistore: SharedQueueSubscriptionManager::onConnectionEstablished is called back
01-25 13:43:20.442  5293  5493 I omnistore: Connect message: queueName: messenger_contacts_android:635469641_amEhsTyygklBg, gvid: 2
01-25 13:43:20.442  5293  5493 I omnistore: Connect message: queueName: messenger_user_prefs:635469641, gvid: 0
01-25 13:43:20.445  5293  5493 I omnistore: Connect message: queueName: mobile_config:635469641_amEhsTyygklBg, gvid: 9
01-25 13:43:20.446  5293  5493 I omnistore: Connect message: queueName: tincan_msg:635469641_AXPWHL3PHHGASH7SZUELIRUG27FPVXDIIJBT2BSH6WT3JEMNX5OEC, gvid: 0
01-25 13:43:20.448  5293  5493 I omnistore: Client sent connect message
01-25 13:43:20.566  5293  5476 D omnistore: Publish acked for callback 0x96b113b0
01-25 13:43:21.663   691   727 E KernelUidCpuTimeReader: Failed to read uid_cputime: /proc/uid_cputime/show_uid_stat: open failed: ENOENT (No such file or directory)
01-25 13:43:21.665   691   729 E KernelUidCpuTimeReader: Failed to read uid_cputime: /proc/uid_cputime/show_uid_stat: open failed: ENOENT (No such file or directory)
01-25 13:43:23.145  4250  4250 I TWILIGHT: [13:43:23.144, main]: Accessibility CHANGED com.facebook.orca android.view.View
01-25 13:43:23.156  4250  4250 I TWILIGHT: [13:43:23.156, main]: Accessibility CHANGED com.facebook.orca android.widget.EditText
01-25 13:43:23.361  4993  4993 W InputConnectionWrapper: Fixing selection indices to 0, 0
01-25 13:43:23.432  4993  5003 I art     : Background sticky concurrent mark sweep GC freed 9583(684KB) AllocSpace objects, 10(232KB) LOS objects, 17% free, 6MB/7MB, paused 5.032ms total 43.568ms
01-25 13:43:23.531  4993  5784 D OpenGLRenderer: Use EGL_SWAP_BEHAVIOR_PRESERVED: true
01-25 13:43:23.808  4993  5764 I native  : adaptation-learner.cc:14 AdaptationLearner::Load: 'en_US'
01-25 13:43:23.811  4993  5764 I native  : state-store.cc:43 No adaptation data for: 'en_US' locale
01-25 13:43:23.811  4993  5764 I native  : (This is OK if the language is loaded for the first time.) /data/user/0/com.google.android.inputmethod.latin/files/personal/adapt_state.en_US.dat
01-25 13:43:23.975  4993  5763 W System  : ClassLoader referenced unknown path: /system/framework/tcmclient.jar
01-25 13:43:24.228  4993  5784 I Adreno-EGL: <qeglDrvAPI_eglInitialize:379>: EGL 1.4 QUALCOMM build: Nondeterministic_AU_msm8974_LA.BF.1.1.3_RB1__release_AU (I389a668de0)
01-25 13:43:24.228  4993  5784 I Adreno-EGL: OpenGL ES Shader Compiler Version: E031.28.00.04
01-25 13:43:24.228  4993  5784 I Adreno-EGL: Build Date: 10/24/15 Sat
01-25 13:43:24.228  4993  5784 I Adreno-EGL: Local Branch: mybranch15621148
01-25 13:43:24.228  4993  5784 I Adreno-EGL: Remote Branch: quic/LA.BF.1.1.3_rb1.3
01-25 13:43:24.228  4993  5784 I Adreno-EGL: Local Patches: NONE
01-25 13:43:24.228  4993  5784 I Adreno-EGL: Reconstruct Branch: NOTHING
01-25 13:43:24.279  4993  5784 I OpenGLRenderer: Initialized EGL, version 1.4
01-25 13:43:24.649  4250  4250 I TWILIGHT: [13:43:24.648, main]: Accessibility CHANGED com.facebook.orca android.widget.ListView
01-25 13:43:25.366  4993  5048 W LocalSlicesUpdateTask: doInBackground() : Unacceptable location accuracy: 520585.000000
01-25 13:43:25.515  4250  4250 I TWILIGHT: [13:43:25.515, main]: Accessibility CHANGED com.facebook.orca android.widget.ImageView
01-25 13:43:25.604  5293  5293 E SpannableStringBuilder: SPAN_EXCLUSIVE_EXCLUSIVE spans cannot have a zero length
01-25 13:43:25.604  5293  5293 E SpannableStringBuilder: SPAN_EXCLUSIVE_EXCLUSIVE spans cannot have a zero length
01-25 13:43:25.700  5543  5877 I LatinIME:LogUtils: Dictionary info: dictionary = spellcheck_contacts.en_US ; version = 1485368353 ; date = 1485368353
01-25 13:43:25.703  5543  5877 I LatinIME:LogUtils: Dictionary info: dictionary = spellcheck_userunigram.en_US ; version = 1485373405 ; date = ?
01-25 13:43:25.778  5543  5877 I LatinIME:LogUtils: Dictionary info: dictionary = main:en ; version = 54 ; date = 1414726273
01-25 13:43:27.428   691   727 I ActivityManager: Start proc 5885:com.android.vending/u0a37 for service com.android.vending/com.google.android.finsky.services.LocationUpdaterService
01-25 13:43:27.502  5885  5885 W System  : ClassLoader referenced unknown path: /system/priv-app/Phonesky/lib/arm
01-25 13:43:27.613   691  2182 I chatty  : uid=1000(system) Binder_C expire 1 line
01-25 13:43:27.635  4993  5764 I native  : input-context-store.cc:136 Ignoring stale client request for FetchSuggestions
01-25 13:43:27.639  4993  4993 W InputContext: Ignore stale [FetchSuggestions] diff id:20 with requestId:20<21
01-25 13:43:28.179  5885  5885 W System  : ClassLoader referenced unknown path: /system/framework/tcmclient.jar
01-25 13:43:28.548  5885  5885 I Finsky  : [1] com.google.android.finsky.dailyhygiene.DailyHygiene.a(316): No need to run daily hygiene.
01-25 13:43:28.586  5885  5885 W Settings: Setting download_manager_max_bytes_over_mobile has moved from android.provider.Settings.Secure to android.provider.Settings.Global.
01-25 13:43:28.587  5885  5885 W Settings: Setting download_manager_recommended_max_bytes_over_mobile has moved from android.provider.Settings.Secure to android.provider.Settings.Global.
01-25 13:43:28.640  5885  5885 I Finsky  : [1] com.google.android.finsky.w.a.a(188): Enabling bucket experiment: factor=1.000, zeroDelta=0ms, forceNetwork=true
01-25 13:43:28.682  5885  5885 I Finsky  : [1] com.google.android.finsky.utils.cx.onTrimMemory(17): Memory trim requested to level 5
01-25 13:43:28.686   691  2275 I ActivityManager: Start proc 5931:android.process.media/u0a10 for content provider com.android.providers.downloads/.DownloadProvider
01-25 13:43:28.760  5931  5931 W System  : ClassLoader referenced unknown path: /system/priv-app/DownloadProvider/lib/arm
01-25 13:43:28.762  5885  5885 E Finsky  : [1] com.google.android.finsky.u.a.a(81): No permission to get location. java.lang.SecurityException: "gps" location provider requires ACCESS_FINE_LOCATION permission.
01-25 13:43:28.814  5885  5885 I Finsky  : [1] com.google.android.finsky.s.i.run(207): Loaded library for account: [qybsiRXmcqBLYRhOp1m7EX5kzGA]
01-25 13:43:28.815  5885  5885 I Finsky  : [1] com.google.android.finsky.s.i.run(213): Finished loading 1 libraries.
01-25 13:43:28.846  2325  5945 W IcingInternalCorpora: getNumBytesRead when not calculated.
01-25 13:43:28.848  1630  1630 I WearableService: Wear is not allowed to run on this device. Not starting Wear service.
01-25 13:43:28.849  1630  1630 D WearableService: callingUid 10028, callindPid: 1630
01-25 13:43:28.870  5885  5885 W Finsky  : [1] com.google.android.finsky.u.a.a(226): No permission to get location. java.lang.SecurityException: Client must have ACCESS_COARSE_LOCATION or ACCESS_FINE_LOCATION pe
rmission to perform any location operations.
01-25 13:43:28.884  5885  5885 E Finsky  : [1] com.google.android.finsky.wear.bl.a(847): onConnectionFailed: ConnectionResult{statusCode=API_UNAVAILABLE, resolution=null, message=null}
01-25 13:43:28.887  5885  5885 I Finsky  : [1] com.google.android.finsky.wear.aj.run(2402): Dropping command=send_installed_apps due to Gms not connected
01-25 13:43:28.913  5931  5931 W System  : ClassLoader referenced unknown path: /system/priv-app/MediaProvider/lib/arm
01-25 13:43:28.946  5500  5954 I NotifUtils: sendSetNewEmailIndicator account: 1437462523, folder: 70791782
01-25 13:43:28.963  5500  5956 I NotifUtils: Validating Notification, mapSize: 1 getAttention: true ignoreUnobtrusive: false
01-25 13:43:29.001  5500  5956 I NotifUtils: validateNotifications - cancelling 742033636 for 1437462523 / -1103699138
01-25 13:43:29.018  5500  5954 I NotifUtils: sendSetNewEmailIndicator account: 1437462523, folder: 2573240
