01-25 13:58:13.944  8509  8509 D CellBroadcastReceiver: onReceive Intent { act=android.intent.action.SERVICE_STATE flg=0x10 cmp=com.android.cellbroadcastreceiver/.CellBroadcastReceiver (has extras) }
01-25 13:58:13.944  8509  8509 D CellBroadcastReceiver: Intent ACTION_SERVICE_STATE_CHANGED
01-25 13:58:13.944  8509  8509 D CellBroadcastReceiver: subscriptionId = 1
01-25 13:58:13.970   691  1040 D ConnectivityService: notifyType IP_CHANGED for NetworkAgentInfo [MOBILE (CDMA - eHRPD) - 115]
01-25 13:58:13.983  8509  8509 D CellBroadcastReceiver: Service state changed! 0 Full: 0 0 voice home data home Sprint  31000 Sprint  31000  1xRTT eHRPD CSS not supported 308 4139 RoamInd=1 DefRoamInd=0 EmergOnl
y=false IsDataRoamingFromRegistration=false Current state=1
01-25 13:58:14.028  8509  9242 D CellBroadcastConfigService: enabling emergency cell broadcast channels
01-25 13:58:14.037  1744 21084 D IccSmsInterfaceManager: [IccSmsInterfaceManager] enableGsmBroadcastRange
01-25 13:58:14.038  1744 21084 D IccSmsInterfaceManager: [IccSmsInterfaceManager] Added GSM cell broadcast subscription for MID range 4352 to 4354 from client com.android.cellbroadcastreceiver
01-25 13:58:14.038  1744 21084 D IccSmsInterfaceManager: [IccSmsInterfaceManager] Calling setCellBroadcastActivation(true)
01-25 13:58:14.046   691  1120 D WifiService: acquireWifiLockLocked: WifiLock{NlpWifiLock type=2 binder=android.os.BinderProxy@e0bff17}
01-25 13:58:14.047   691  1038 E native  : do suspend true
01-25 13:58:14.047   691  1038 D WifiConfigStore: Retrieve network priorities after PNO.
01-25 13:58:14.056  1744 29331 D IccSmsInterfaceManager: [IccSmsInterfaceManager] enableGsmBroadcastRange
01-25 13:58:14.057  1744 29331 D IccSmsInterfaceManager: [IccSmsInterfaceManager] Added GSM cell broadcast subscription for MID range 4356 to 4356 from client com.android.cellbroadcastreceiver
01-25 13:58:14.057  1744 29331 D IccSmsInterfaceManager: [IccSmsInterfaceManager] Calling setCellBroadcastActivation(true)
01-25 13:58:14.069  1744 26635 D IccSmsInterfaceManager: [IccSmsInterfaceManager] enableGsmBroadcastRange
01-25 13:58:14.070  1744 26635 D IccSmsInterfaceManager: [IccSmsInterfaceManager] Added GSM cell broadcast subscription for MID range 4371 to 4372 from client com.android.cellbroadcastreceiver
01-25 13:58:14.070  1744 26635 D IccSmsInterfaceManager: [IccSmsInterfaceManager] Calling setCellBroadcastActivation(true)
01-25 13:58:14.081  1744 32119 D IccSmsInterfaceManager: [IccSmsInterfaceManager] enableCdmaBroadcastRange
01-25 13:58:14.081  1744 32119 D IccSmsInterfaceManager: [IccSmsInterfaceManager] Added cdma broadcast subscription for MID range 4097 to 4097 from client com.android.cellbroadcastreceiver
01-25 13:58:14.082  1744 32119 D IccSmsInterfaceManager: [IccSmsInterfaceManager] Calling setCdmaBroadcastActivation(true)
01-25 13:58:14.092  1744 29331 D IccSmsInterfaceManager: [IccSmsInterfaceManager] enableGsmBroadcastRange
01-25 13:58:14.093  1744 29331 D IccSmsInterfaceManager: [IccSmsInterfaceManager] Added GSM cell broadcast subscription for MID range 4373 to 4378 from client com.android.cellbroadcastreceiver
01-25 13:58:14.093  1744 29331 D IccSmsInterfaceManager: [IccSmsInterfaceManager] Calling setCellBroadcastActivation(true)
01-25 13:58:14.104  1744  1778 D IccSmsInterfaceManager: [IccSmsInterfaceManager] enableCdmaBroadcastRange
01-25 13:58:14.104  1744  1778 D IccSmsInterfaceManager: [IccSmsInterfaceManager] Added cdma broadcast subscription for MID range 4098 to 4098 from client com.android.cellbroadcastreceiver
01-25 13:58:14.104  1744  1778 D IccSmsInterfaceManager: [IccSmsInterfaceManager] Calling setCdmaBroadcastActivation(true)
01-25 13:58:14.117  1744  2208 D IccSmsInterfaceManager: [IccSmsInterfaceManager] enableGsmBroadcastRange
01-25 13:58:14.119  1744  2208 D IccSmsInterfaceManager: [IccSmsInterfaceManager] Added GSM cell broadcast subscription for MID range 4379 to 4379 from client com.android.cellbroadcastreceiver
01-25 13:58:14.119  1744  2208 D IccSmsInterfaceManager: [IccSmsInterfaceManager] Calling setCellBroadcastActivation(true)
01-25 13:58:14.137  1744 32154 D IccSmsInterfaceManager: [IccSmsInterfaceManager] enableCdmaBroadcastRange
01-25 13:58:14.138  1744 32154 D IccSmsInterfaceManager: [IccSmsInterfaceManager] Added cdma broadcast subscription for MID range 4099 to 4099 from client com.android.cellbroadcastreceiver
01-25 13:58:14.138  1744 32154 D IccSmsInterfaceManager: [IccSmsInterfaceManager] Calling setCdmaBroadcastActivation(true)
01-25 13:58:14.155  1744 26653 D IccSmsInterfaceManager: [IccSmsInterfaceManager] enableGsmBroadcastRange
01-25 13:58:14.157  1744 26653 D IccSmsInterfaceManager: [IccSmsInterfaceManager] Added GSM cell broadcast subscription for MID range 4380 to 4382 from client com.android.cellbroadcastreceiver
01-25 13:58:14.157  1744 26653 D IccSmsInterfaceManager: [IccSmsInterfaceManager] Calling setCellBroadcastActivation(true)
01-25 13:58:14.161   691   727 E KernelUidCpuTimeReader: Failed to read uid_cputime: /proc/uid_cputime/show_uid_stat: open failed: ENOENT (No such file or directory)
01-25 13:58:14.179  1744  6253 D IccSmsInterfaceManager: [IccSmsInterfaceManager] enableCdmaBroadcastRange
01-25 13:58:14.180  1744  6253 D IccSmsInterfaceManager: [IccSmsInterfaceManager] Added cdma broadcast subscription for MID range 4100 to 4100 from client com.android.cellbroadcastreceiver
01-25 13:58:14.180  1744  6253 D IccSmsInterfaceManager: [IccSmsInterfaceManager] Calling setCdmaBroadcastActivation(true)
01-25 13:58:14.203  1744 26635 D IccSmsInterfaceManager: [IccSmsInterfaceManager] enableGsmBroadcastRange
01-25 13:58:14.205  1744 26635 D IccSmsInterfaceManager: [IccSmsInterfaceManager] Added GSM cell broadcast subscription for MID range 4393 to 4395 from client com.android.cellbroadcastreceiver
01-25 13:58:14.205  1744 26635 D IccSmsInterfaceManager: [IccSmsInterfaceManager] Calling setCellBroadcastActivation(true)
01-25 13:58:14.216  8509  9242 D CellBroadcastConfigService: enabled emergency cell broadcast channels
01-25 13:58:14.230  1744 32119 D IccSmsInterfaceManager: [IccSmsInterfaceManager] enableGsmBroadcastRange
01-25 13:58:14.231  1744 32119 D IccSmsInterfaceManager: [IccSmsInterfaceManager] Added GSM cell broadcast subscription for MID range 4370 to 4370 from client com.android.cellbroadcastreceiver
01-25 13:58:14.231  1744 32119 D IccSmsInterfaceManager: [IccSmsInterfaceManager] Calling setCellBroadcastActivation(true)
01-25 13:58:14.255  4250  4250 I TWILIGHT: [13:58:14.255, main]: Accessibility CHANGED com.android.systemui android.widget.LinearLayout
01-25 13:58:14.256  1744 29331 D IccSmsInterfaceManager: [IccSmsInterfaceManager] enableCdmaBroadcastRange
01-25 13:58:14.257  1744 29331 D IccSmsInterfaceManager: [IccSmsInterfaceManager] Added cdma broadcast subscription for MID range 4096 to 4096 from client com.android.cellbroadcastreceiver
01-25 13:58:14.257  1744 29331 D IccSmsInterfaceManager: [IccSmsInterfaceManager] Calling setCdmaBroadcastActivation(true)
01-25 13:58:14.278  1744  1778 D IccSmsInterfaceManager: [IccSmsInterfaceManager] enableGsmBroadcastRange
01-25 13:58:14.279  1744  1778 D IccSmsInterfaceManager: [IccSmsInterfaceManager] Added GSM cell broadcast subscription for MID range 4383 to 4383 from client com.android.cellbroadcastreceiver
01-25 13:58:14.279  1744  1778 D IccSmsInterfaceManager: [IccSmsInterfaceManager] Calling setCellBroadcastActivation(true)
01-25 13:58:14.286  8509  9242 D CellBroadcastConfigService: disabling cell broadcast channel 50
01-25 13:58:14.304  1744  2208 D IccSmsInterfaceManager: [IccSmsInterfaceManager] disableGsmBroadcastRange
01-25 13:58:14.305  1744  2208 D IccSmsInterfaceManager: [IccSmsInterfaceManager] Failed to remove GSM cell broadcast subscription for MID range 50 to 50 from client com.android.cellbroadcastreceiver
01-25 13:58:14.306  8509  9242 D CellBroadcastConfigService: channel 60 is not applicable for cdma
01-25 13:58:14.310  8509  9242 D CellBroadcastConfigService: disabling channels 919-928
01-25 13:58:14.330  1744  6253 D IccSmsInterfaceManager: [IccSmsInterfaceManager] disableGsmBroadcastRange
01-25 13:58:14.332  1744  6253 D IccSmsInterfaceManager: [IccSmsInterfaceManager] Failed to remove GSM cell broadcast subscription for MID range 919 to 928 from client com.android.cellbroadcastreceiver
01-25 13:58:14.337  8509  9242 D CellBroadcastConfigService: disabling cell broadcast ETWS test messages
01-25 13:58:14.357  1744 29331 D IccSmsInterfaceManager: [IccSmsInterfaceManager] disableGsmBroadcastRange
01-25 13:58:14.359  1744 29331 D IccSmsInterfaceManager: [IccSmsInterfaceManager] Failed to remove GSM cell broadcast subscription for MID range 4355 to 4355 from client com.android.cellbroadcastreceiver
01-25 13:58:15.137   232   232 I rmt_storage: rmt_storage_connect_cb: clnt_h=0x8a conn_h=0xb782df20
01-25 13:58:15.137   232   232 I rmt_storage: rmt_storage_rw_iovec_cb: /boot/modem_fs1: clnt_h=0x1: req_h=0x8e msg_id=3: R/W request received
01-25 13:58:15.138   232   232 I rmt_storage: wakelock acquired: 1, error no: 42
01-25 13:58:15.138   232   448 I rmt_storage: rmt_storage_client_thread: /boot/modem_fs1: clnt_h=0x1 Unblock worker thread (th_id: -1227871952)
01-25 13:58:15.279   232   448 I rmt_storage: rmt_storage_client_thread: /boot/modem_fs1: clnt_h=0x1: req_h=0x8e msg_id=3: Bytes written = 1572864
01-25 13:58:15.279   232   448 I rmt_storage: rmt_storage_client_thread: /boot/modem_fs1: clnt_h=0x1: req_h=0x8e msg_id=3: Send response: res=0 err=0
01-25 13:58:15.281   232   232 I rmt_storage: rmt_storage_disconnect_cb: clnt_h=0x0x8a conn_h=0x0xb782df20
01-25 13:58:15.279   232   448 I rmt_storage: rmt_storage_client_thread: /boot/modem_fs1: clnt_h=0x1 About to block rmt_storage client thread (th_id: -1227871952) wakelock released: 1, error no: 22
01-25 13:58:15.279   232   448 I rmt_storage:
01-25 13:58:19.198   691  2255 D WifiService: releaseWifiLockLocked: WifiLock{NlpWifiLock type=2 binder=android.os.BinderProxy@e0bff17}
01-25 13:58:19.200   691  1038 E native  : do suspend true
01-25 13:58:19.217  1630  8320 I GCoreUlr: Successfully inserted 1 locations
01-25 13:58:19.220   691   727 E KernelUidCpuTimeReader: Failed to read uid_cputime: /proc/uid_cputime/show_uid_stat: open failed: ENOENT (No such file or directory)
01-25 13:58:19.252  5079  5079 I MemoryTrimmer: Trimming objects from memory, since app is in the background.
01-25 13:58:19.319  5079  5079 I MemoryTrimmer: Trimming objects from memory, since app is in the background.
01-25 13:58:22.900   231   472 I qdhwcomposer: handle_blank_event: dpy:0 panel power state: 0
01-25 13:58:22.956  4250  4250 I TWILIGHT: [13:58:22.956, main]: Accessibility CHANGED com.android.vending android.widget.TextView
01-25 13:58:30.807   231   472 I qdhwcomposer: handle_blank_event: dpy:0 panel power state: 0
01-25 13:58:31.723  7833  9306 W System  : ClassLoader referenced unknown path: /system/priv-app/PrebuiltGmsCore/lib/arm
01-25 13:58:31.862  7833  9306 W System  : ClassLoader referenced unknown path: /system/priv-app/PrebuiltGmsCore/lib/arm
01-25 13:58:31.864  7833  9306 W System  : ClassLoader referenced unknown path: /system/priv-app/PrebuiltGmsCore/lib/arm
01-25 13:58:31.869  7833  9306 W linker  : /data/data/com.google.android.gms/app_extracted_libs/armeabi-v7a/libgmscore.so: unused DT entry: type 0x7ffffffd arg 0x795
01-25 13:58:31.913  7833  9306 W System  : ClassLoader referenced unknown path: /system/priv-app/PrebuiltGmsCore/lib/arm
01-25 13:58:31.914  7833  9306 W System  : ClassLoader referenced unknown path: /system/priv-app/PrebuiltGmsCore/lib/arm
01-25 13:58:32.001  7833  9306 W linker  : /system/priv-app/PrebuiltGmsCore/PrebuiltGmsCore.apk: unused DT entry: type 0x1d arg 0xe0
01-25 13:58:32.001  7833  9306 W linker  : /system/priv-app/PrebuiltGmsCore/PrebuiltGmsCore.apk: unused DT entry: type 0x7ffffffd arg 0x1cb
01-25 13:58:32.011  7833  9306 V JNIHelp : Registering com/google/android/gms/org/conscrypt/NativeCrypto's 242 native methods...
01-25 13:58:32.048  7833  9306 I art     : Rejecting re-init on previously-failed class java.lang.Class<com.google.android.gms.org.conscrypt.OpenSSLExtendedSessionImpl>
01-25 13:58:32.048  7833  9306 I art     : Rejecting re-init on previously-failed class java.lang.Class<com.google.android.gms.org.conscrypt.OpenSSLExtendedSessionImpl>
01-25 13:58:32.086  7833  9306 I ProviderInstaller: Installed default security provider GmsCore_OpenSSL
01-25 13:58:34.538   691   727 E KernelUidCpuTimeReader: Failed to read uid_cputime: /proc/uid_cputime/show_uid_stat: open failed: ENOENT (No such file or directory)
01-25 13:58:36.220  1589  1604 I art     : Background partial concurrent mark sweep GC freed 18308(1159KB) AllocSpace objects, 0(0B) LOS objects, 39% free, 4MB/8MB, paused 389us total 170.421ms
01-25 13:58:36.404  7833  9306 I Gmail   : syncStatus: lastSyncResult=0
01-25 13:58:40.301  7833  9306 I Gmail   : syncStatus: lastSyncResult=0
01-25 13:58:40.413  7833  9306 I Gmail   : syncStatus: lastSyncResult=0
01-25 13:58:44.940  7833  9306 I Gmail   : syncStatus: lastSyncResult=0
01-25 13:58:45.283  2325  9334 W IcingInternalCorpora: getNumBytesRead when not calculated.
01-25 13:58:45.333  7833  9306 I Gmail   : AppDataSearch: minSeqNo=0, maxSeqNo=0, lastCommittedSequence=1106
01-25 13:58:45.358  7833  9306 I Gmail   : sync completed, spent 14417ms, interrupted: false
01-25 13:58:45.359  2325  6178 I Icing   : Usage reports 0 indexed 0 rejected 0 imm upload false
01-25 13:58:45.367  2325  6178 I Icing   : Usage reports 0 indexed 0 rejected 0 imm upload false
01-25 13:58:45.396   691  1544 I ActivityManager: Process com.google.android.gms.unstable (pid 8344) has died
01-25 13:58:45.396   691  1544 D ActivityManager: cleanUpApplicationRecord -- 8344
01-25 13:58:45.401  5885  5885 I Finsky  : [1] com.google.android.finsky.utils.cx.onTrimMemory(17): Memory trim requested to level 10
01-25 13:58:46.387  2325  6178 I Icing   : Indexing BBE179F681F0D9CA494FAC68529AF42366B4AF4B from com.google.android.gm
01-25 13:58:46.433  2325  6178 I Icing   : Not enough disk space for indexing trimmable
01-25 13:58:46.433  2325  6178 I Icing   : Cannot sync trimmable corpus: no trimmable
01-25 13:58:46.433  2325  6178 I Icing   : Indexing done BBE179F681F0D9CA494FAC68529AF42366B4AF4B
01-25 13:58:46.433  2325  6178 E Icing   : Aborting indexing of corpus messages/com.google.android.gm.legacyimap/eric.gach%40live.com
01-25 13:58:47.070  7833  9345 I Gmail   : syncStatus: lastSyncResult=0
01-25 13:58:48.442  7833  9345 I Gmail   : syncStatus: lastSyncResult=0
01-25 13:58:48.611  7833  9345 I Gmail   : syncStatus: lastSyncResult=0
01-25 13:58:50.178   691   727 E KernelUidCpuTimeReader: Failed to read uid_cputime: /proc/uid_cputime/show_uid_stat: open failed: ENOENT (No such file or directory)
01-25 13:58:50.268  7833  9345 I Gmail   : syncStatus: lastSyncResult=0
01-25 13:58:50.402  2325  3551 I Icing   : Usage reports 0 indexed 0 rejected 0 imm upload false
01-25 13:58:50.435  2325  3551 I Icing   : Usage reports 0 indexed 0 rejected 0 imm upload false
01-25 13:58:50.436  7833  9345 I Gmail   : AppDataSearch: minSeqNo=2260, maxSeqNo=2266, lastCommittedSequence=2260
01-25 13:58:50.440  7833  9345 I Gmail   : sync completed, spent 4955ms, interrupted: false
01-25 13:58:51.470  2325  3551 I Icing   : Indexing 24AF6C29C92015DAC7596E9A1E7BFECFE8A41D25 from com.google.android.gm
01-25 13:58:51.470  2325  3551 I Icing   : Not enough disk space for indexing trimmable
01-25 13:58:51.470  2325  3551 I Icing   : Cannot sync trimmable corpus: no trimmable
01-25 13:58:51.470  2325  3551 I Icing   : Indexing done 24AF6C29C92015DAC7596E9A1E7BFECFE8A41D25
01-25 13:58:51.471  2325  3551 E Icing   : Aborting indexing of corpus messages/com.google.android.gm.legacyimap/eric.gach%40noaa.gov
01-25 13:58:55.351   691   727 E KernelUidCpuTimeReader: Failed to read uid_cputime: /proc/uid_cputime/show_uid_stat: open failed: ENOENT (No such file or directory)
01-25 13:58:59.907   231   472 I qdhwcomposer: handle_blank_event: dpy:0 panel power state: 0
01-25 13:59:09.907   231   472 I qdhwcomposer: handle_blank_event: dpy:0 panel power state: 0
01-25 13:59:10.074   691   701 I art     : Background sticky concurrent mark sweep GC freed 35663(2MB) AllocSpace objects, 9(180KB) LOS objects, 13% free, 21MB/24MB, paused 19.286ms total 92.620ms
01-25 13:59:10.670   231   472 I qdhwcomposer: handle_blank_event: dpy:0 panel power state: 0
01-25 13:59:10.763   236   321 D QC-time-services: Lib:time_genoff_operation: pargs->base = 13
01-25 13:59:10.763   236   321 D QC-time-services: Lib:time_genoff_operation: pargs->operation = 0
01-25 13:59:10.763   236   321 D QC-time-services: Lib:time_genoff_operation: pargs->ts_val = 1485374351000
01-25 13:59:10.763   254   519 D QC-time-services: Daemon: Connection accepted:time_genoff
01-25 13:59:10.763   236   321 D QC-time-services: Lib:time_genoff_operation: Send to server  passed!!
01-25 13:59:10.763   254  9416 D QC-time-services: Daemon:Received base = 13, unit = 1, operation = 0,value = 1485374351000
01-25 13:59:10.763   254  9416 D QC-time-services: Daemon:genoff_opr: Base = 13, val = 1485374351000, operation = 0
01-25 13:59:10.764   254  9416 D QC-time-services: Daemon:rtc_get: Time read from RTC -- MM/DD/YY HH:MM:SS0/3/70 22:21:39
01-25 13:59:10.764   254  9416 D QC-time-services: Daemon:Value read from RTC seconds = 253299000
01-25 13:59:10.764   254  9416 D QC-time-services: Daemon:new time 1485374351000
01-25 13:59:10.764   254  9416 D QC-time-services: Daemon: delta 1485121052000 genoff 1485121052000
01-25 13:59:10.764   254  9416 D QC-time-services: Daemon:genoff_persistent_update: Writing genoff = 1485121052000 to memory
01-25 13:59:10.764   254  9416 D QC-time-services: Daemon:Opening File: /data/time/ats_13
01-25 13:59:10.764   254  9416 D QC-time-services: Daemon:time_persistent_memory_opr:Genoff write operation
01-25 13:59:10.765   236   321 E QC-time-services: Receive Passed == base = 13, unit = 1, operation = 0, result = 0
01-25 13:59:10.767   254   519 E QC-time-services: Daemon: Time-services: Waiting to acceptconnection
01-25 13:59:10.767   691  1912 D AlarmManagerService: Kernel timezone updated to 360 minutes west of GMT
01-25 13:59:10.796  1744  1744 D MccTable: updateMccMncConfiguration mccmnc='310120' fromServiceState=true
01-25 13:59:10.797  1744  1744 D MccTable: updateMccMncConfiguration defaultMccMnc=310120
01-25 13:59:10.797  1744  1744 D MccTable: updateMccMncConfiguration: mcc=310, mnc=120
01-25 13:59:10.797  1744  1744 D MccTable: WIFI_COUNTRY_CODE set to us
01-25 13:59:10.798   691  1544 I WifiService: WifiService trying to set country code to us with persist set to true
01-25 13:59:10.813   691  1040 D ConnectivityService: notifyType CAP_CHANGED for NetworkAgentInfo [MOBILE (CDMA - eHRPD) - 115]
01-25 13:59:10.818  8509  8509 D CellBroadcastReceiver: onReceive Intent { act=android.intent.action.SERVICE_STATE flg=0x10 cmp=com.android.cellbroadcastreceiver/.CellBroadcastReceiver (has extras) }
01-25 13:59:10.818  8509  8509 D CellBroadcastReceiver: Intent ACTION_SERVICE_STATE_CHANGED
01-25 13:59:10.818  8509  8509 D CellBroadcastReceiver: subscriptionId = 1
01-25 13:59:10.819   691  1040 D ConnectivityService: Setting tx/rx TCP buffers to 2097152,4194304,8388608,262144,524288,1048576
01-25 13:59:10.842   691  1040 D ConnectivityService: notifyType IP_CHANGED for NetworkAgentInfo [MOBILE (LTE) - 115]
01-25 13:59:10.851  6007  6030 I com.newrelic.agent.android: Harvester: connected
01-25 13:59:10.851  6007  6030 I com.newrelic.agent.android: Harvester: Sending 0 HTTP transactions.
01-25 13:59:10.851  6007  6030 I com.newrelic.agent.android: Harvester: Sending 0 HTTP errors.
01-25 13:59:10.851  6007  6030 I com.newrelic.agent.android: Harvester: Sending 0 activity traces.
01-25 13:59:10.851  6007  6030 I com.newrelic.agent.android: Harvester: Sending 0 analytics events.
01-25 13:59:10.860  8509  8509 D CellBroadcastReceiver: Service state changed! 0 Full: 0 0 voice home data home Sprint  310120 Sprint  310120  LTE LTE CSS not supported 0 0 RoamInd=1 DefRoamInd=0 EmergOnly=false
 IsDataRoamingFromRegistration=false Current state=1
01-25 13:59:10.908  8509  9426 D CellBroadcastConfigService: enabling emergency cell broadcast channels
01-25 13:59:10.916  1744 26653 D IccSmsInterfaceManager: [IccSmsInterfaceManager] enableGsmBroadcastRange
01-25 13:59:10.916  1744 26653 D IccSmsInterfaceManager: [IccSmsInterfaceManager] Added GSM cell broadcast subscription for MID range 4352 to 4354 from client com.android.cellbroadcastreceiver
01-25 13:59:10.916  1744 26653 D IccSmsInterfaceManager: [IccSmsInterfaceManager] Calling setCellBroadcastActivation(true)
01-25 13:59:10.928  1744  1964 D IccSmsInterfaceManager: [IccSmsInterfaceManager] enableGsmBroadcastRange
01-25 13:59:10.928  1744  1964 D IccSmsInterfaceManager: [IccSmsInterfaceManager] Added GSM cell broadcast subscription for MID range 4356 to 4356 from client com.android.cellbroadcastreceiver
01-25 13:59:10.928  1744  1964 D IccSmsInterfaceManager: [IccSmsInterfaceManager] Calling setCellBroadcastActivation(true)
01-25 13:59:10.939  1744  6253 D IccSmsInterfaceManager: [IccSmsInterfaceManager] enableGsmBroadcastRange
01-25 13:59:10.940  1744  6253 D IccSmsInterfaceManager: [IccSmsInterfaceManager] Added GSM cell broadcast subscription for MID range 4371 to 4372 from client com.android.cellbroadcastreceiver
01-25 13:59:10.940  1744  6253 D IccSmsInterfaceManager: [IccSmsInterfaceManager] Calling setCellBroadcastActivation(true)
01-25 13:59:10.951  1744 21084 D IccSmsInterfaceManager: [IccSmsInterfaceManager] enableCdmaBroadcastRange
01-25 13:59:10.952  1744 21084 D IccSmsInterfaceManager: [IccSmsInterfaceManager] Added cdma broadcast subscription for MID range 4097 to 4097 from client com.android.cellbroadcastreceiver
01-25 13:59:10.952  1744 21084 D IccSmsInterfaceManager: [IccSmsInterfaceManager] Calling setCdmaBroadcastActivation(true)
01-25 13:59:10.963  1744  1779 D IccSmsInterfaceManager: [IccSmsInterfaceManager] enableGsmBroadcastRange
01-25 13:59:10.964  1744  1779 D IccSmsInterfaceManager: [IccSmsInterfaceManager] Added GSM cell broadcast subscription for MID range 4373 to 4378 from client com.android.cellbroadcastreceiver
01-25 13:59:10.964  1744  1779 D IccSmsInterfaceManager: [IccSmsInterfaceManager] Calling setCellBroadcastActivation(true)
01-25 13:59:10.974  1744 26653 D IccSmsInterfaceManager: [IccSmsInterfaceManager] enableCdmaBroadcastRange
01-25 13:59:10.975  1744 26653 D IccSmsInterfaceManager: [IccSmsInterfaceManager] Added cdma broadcast subscription for MID range 4098 to 4098 from client com.android.cellbroadcastreceiver
01-25 13:59:10.975  1744 26653 D IccSmsInterfaceManager: [IccSmsInterfaceManager] Calling setCdmaBroadcastActivation(true)
01-25 13:59:10.986  1744  2208 D IccSmsInterfaceManager: [IccSmsInterfaceManager] enableGsmBroadcastRange
01-25 13:59:10.987  1744  2208 D IccSmsInterfaceManager: [IccSmsInterfaceManager] Added GSM cell broadcast subscription for MID range 4379 to 4379 from client com.android.cellbroadcastreceiver
01-25 13:59:10.987  1744  2208 D IccSmsInterfaceManager: [IccSmsInterfaceManager] Calling setCellBroadcastActivation(true)
01-25 13:59:10.999  1744 32154 D IccSmsInterfaceManager: [IccSmsInterfaceManager] enableCdmaBroadcastRange
01-25 13:59:10.999  1744 32154 D IccSmsInterfaceManager: [IccSmsInterfaceManager] Added cdma broadcast subscription for MID range 4099 to 4099 from client com.android.cellbroadcastreceiver
01-25 13:59:10.999  1744 32154 D IccSmsInterfaceManager: [IccSmsInterfaceManager] Calling setCdmaBroadcastActivation(true)
01-25 13:59:11.012  1744 10996 D IccSmsInterfaceManager: [IccSmsInterfaceManager] enableGsmBroadcastRange
01-25 13:59:11.014  1744 10996 D IccSmsInterfaceManager: [IccSmsInterfaceManager] Added GSM cell broadcast subscription for MID range 4380 to 4382 from client com.android.cellbroadcastreceiver
01-25 13:59:11.014  1744 10996 D IccSmsInterfaceManager: [IccSmsInterfaceManager] Calling setCellBroadcastActivation(true)
01-25 13:59:11.033  1744  1964 D IccSmsInterfaceManager: [IccSmsInterfaceManager] enableCdmaBroadcastRange
01-25 13:59:11.034  1744  1964 D IccSmsInterfaceManager: [IccSmsInterfaceManager] Added cdma broadcast subscription for MID range 4100 to 4100 from client com.android.cellbroadcastreceiver
01-25 13:59:11.034  1744  1964 D IccSmsInterfaceManager: [IccSmsInterfaceManager] Calling setCdmaBroadcastActivation(true)
01-25 13:59:11.054  1744  6253 D IccSmsInterfaceManager: [IccSmsInterfaceManager] enableGsmBroadcastRange
01-25 13:59:11.055  1744  6253 D IccSmsInterfaceManager: [IccSmsInterfaceManager] Added GSM cell broadcast subscription for MID range 4393 to 4395 from client com.android.cellbroadcastreceiver
01-25 13:59:11.055  1744  6253 D IccSmsInterfaceManager: [IccSmsInterfaceManager] Calling setCellBroadcastActivation(true)
01-25 13:59:11.062  8509  9426 D CellBroadcastConfigService: enabled emergency cell broadcast channels
01-25 13:59:11.075  1744 21084 D IccSmsInterfaceManager: [IccSmsInterfaceManager] enableGsmBroadcastRange
01-25 13:59:11.076  1744 21084 D IccSmsInterfaceManager: [IccSmsInterfaceManager] Added GSM cell broadcast subscription for MID range 4370 to 4370 from client com.android.cellbroadcastreceiver
01-25 13:59:11.076  1744 21084 D IccSmsInterfaceManager: [IccSmsInterfaceManager] Calling setCellBroadcastActivation(true)
01-25 13:59:11.096  1744  1779 D IccSmsInterfaceManager: [IccSmsInterfaceManager] enableCdmaBroadcastRange
01-25 13:59:11.104  1744  1779 D IccSmsInterfaceManager: [IccSmsInterfaceManager] Added cdma broadcast subscription for MID range 4096 to 4096 from client com.android.cellbroadcastreceiver
01-25 13:59:11.104  1744  1779 D IccSmsInterfaceManager: [IccSmsInterfaceManager] Calling setCdmaBroadcastActivation(true)
01-25 13:59:11.130  4250  4250 I TWILIGHT: [13:59:11.129, main]: Accessibility CHANGED com.android.systemui android.widget.TextView
01-25 13:59:11.136  1744 26653 D IccSmsInterfaceManager: [IccSmsInterfaceManager] enableGsmBroadcastRange
01-25 13:59:11.138  1744 26653 D IccSmsInterfaceManager: [IccSmsInterfaceManager] Added GSM cell broadcast subscription for MID range 4383 to 4383 from client com.android.cellbroadcastreceiver
01-25 13:59:11.138  1744 26653 D IccSmsInterfaceManager: [IccSmsInterfaceManager] Calling setCellBroadcastActivation(true)
01-25 13:59:11.149  8509  9426 D CellBroadcastConfigService: disabling cell broadcast channel 50
01-25 13:59:11.167  1744  2208 D IccSmsInterfaceManager: [IccSmsInterfaceManager] disableGsmBroadcastRange
01-25 13:59:11.169  1744  2208 D IccSmsInterfaceManager: [IccSmsInterfaceManager] Failed to remove GSM cell broadcast subscription for MID range 50 to 50 from client com.android.cellbroadcastreceiver
01-25 13:59:11.169  8509  9426 D CellBroadcastConfigService: channel 60 is not applicable for cdma
01-25 13:59:11.175  8509  9426 D CellBroadcastConfigService: disabling channels 919-928
01-25 13:59:11.197  1744  1964 D IccSmsInterfaceManager: [IccSmsInterfaceManager] disableGsmBroadcastRange
01-25 13:59:11.198  1744  1964 D IccSmsInterfaceManager: [IccSmsInterfaceManager] Failed to remove GSM cell broadcast subscription for MID range 919 to 928 from client com.android.cellbroadcastreceiver
01-25 13:59:11.204  8509  9426 D CellBroadcastConfigService: disabling cell broadcast ETWS test messages
01-25 13:59:11.222  1744  1779 D IccSmsInterfaceManager: [IccSmsInterfaceManager] disableGsmBroadcastRange
01-25 13:59:11.223  1744  1779 D IccSmsInterfaceManager: [IccSmsInterfaceManager] Failed to remove GSM cell broadcast subscription for MID range 4355 to 4355 from client com.android.cellbroadcastreceiver
01-25 13:59:36.293   231   472 I qdhwcomposer: handle_blank_event: dpy:0 panel power state: 0
01-25 13:59:37.872   691   727 E KernelUidCpuTimeReader: Failed to read uid_cputime: /proc/uid_cputime/show_uid_stat: open failed: ENOENT (No such file or directory)
01-25 13:59:41.769   231   472 I qdhwcomposer: handle_blank_event: dpy:0 panel power state: 0
01-25 13:59:41.826  4250  4250 I TWILIGHT: [13:59:41.825, main]: Service start foreground
01-25 13:59:41.826  4250  4250 I TWILIGHT: [13:59:41.826, main]: Extra android.intent.extra.ALARM_COUNT
01-25 13:59:41.890  4250  4250 I TWILIGHT: [13:59:41.889, main]: Needs foreground -1
01-25 13:59:41.890  4250  4250 I TWILIGHT: [13:59:41.890, main]: VIEW: Finally Update current 100 1500
01-25 13:59:41.987  5079  5079 I MemoryTrimmer: Trimming objects from memory, since app is in the background.
01-25 13:59:41.992   691   708 I bsthal  : <BST> set delay of <BOSCH Acceleration Sensor> to 20ms
01-25 13:59:42.262  4250  4250 I TWILIGHT: [13:59:42.261, main]: Accessibility CHANGED com.android.vending android.widget.TextView
01-25 13:59:45.628   691  1120 I bsthal  : <BST> set delay of <BOSCH Acceleration Sensor> to 200ms
01-25 13:59:45.671  1630  1630 I GCoreUlr: Starting service, intent=Intent { act=com.google.android.location.reporting.ACTION_UPDATE_ACTIVE_STATE cmp=com.google.android.gms/com.google.android.location.reporting.
service.DispatchingService (has extras) }, extras=Bundle[{source=PowerModeReceiver}]
01-25 13:59:45.775  1630  9447 I GCoreUlr: DispatchingService.updateActiveState+PowerModeReceiver: Ensuring that reporting is active for [account#-1#]
01-25 13:59:45.788   691  2255 E SensorService: Error activating sensor 1598182245 (I/O error)
01-25 13:59:45.796  5079  5079 I MemoryTrimmer: Trimming objects from memory, since app is in the background.
01-25 13:59:45.816  1630  9447 I GCoreUlr: GMS FLP location and AR updates requested: {"description":"stationary","newRequest":true,"samplePeriodMs":2160000,"sampleReason":"stationary","sampleSource":"internal",
"timestampMs":1485374385710}
01-25 13:59:45.829  1630  9447 I GCoreUlr: Place inference reporting - stop
01-25 13:59:45.831   691  1179 I bsthal  : <BST> set delay of <BOSCH Acceleration Sensor> to 20ms
01-25 13:59:45.847  1630  9447 I GCoreUlr: Successfully inserted 1 locations
01-25 13:59:46.614   691  2182 I bsthal  : <BST> set delay of <BOSCH Acceleration Sensor> to 200ms
01-25 13:59:46.710  5079  5079 I MemoryTrimmer: Trimming objects from memory, since app is in the background.
01-25 13:59:46.799   691   727 E KernelUidCpuTimeReader: Failed to read uid_cputime: /proc/uid_cputime/show_uid_stat: open failed: ENOENT (No such file or directory)
01-25 14:00:12.775   231   472 I qdhwcomposer: handle_blank_event: dpy:0 panel power state: 0
01-25 14:00:12.890   691   986 I ActivityManager: Start proc 9476:com.Taptigo.Xposed.XNotifications/u0a92 for service com.Taptigo.Xposed.XNotifications/com.Taptigo.Shared.Schedule.ScheduledTaskIntentHandler
01-25 14:00:13.014  9476  9476 W System  : ClassLoader referenced unknown path: /data/app/com.Taptigo.Xposed.XNotifications-1/lib/arm
01-25 14:00:13.031  1630  9447 I GCoreUlr: Successfully inserted 1 locations
01-25 14:00:13.109  5079  5079 I MemoryTrimmer: Trimming objects from memory, since app is in the background.
01-25 14:00:13.226  9476  9476 I FirebaseInitProvider: FirebaseApp initialization unsuccessful
01-25 14:00:13.380  4250  4250 I TWILIGHT: [14:00:13.380, main]: Accessibility CHANGED com.android.vending android.widget.TextView
01-25 14:00:14.211  1630  1640 I art     : Background sticky concurrent mark sweep GC freed 57232(3MB) AllocSpace objects, 19(380KB) LOS objects, 17% free, 17MB/20MB, paused 3.974ms total 135.121ms
01-25 14:00:27.464   231   472 I qdhwcomposer: handle_blank_event: dpy:0 panel power state: 0
01-25 14:00:28.551   691   727 E KernelUidCpuTimeReader: Failed to read uid_cputime: /proc/uid_cputime/show_uid_stat: open failed: ENOENT (No such file or directory)
01-25 14:00:28.748  5293  5448 W Settings: Setting wifi_sleep_policy has moved from android.provider.Settings.System to android.provider.Settings.Global, returning read-only value.
01-25 14:00:29.705   232   232 I rmt_storage: rmt_storage_connect_cb: clnt_h=0x8b conn_h=0xb782df20
01-25 14:00:29.705   232   232 I rmt_storage: rmt_storage_rw_iovec_cb: /boot/modem_fs2: clnt_h=0x2: req_h=0x8f msg_id=3: R/W request received
01-25 14:00:29.705   232   232 I rmt_storage: wakelock acquired: 1, error no: 42
01-25 14:00:29.705   232   449 I rmt_storage: rmt_storage_client_thread: /boot/modem_fs2: clnt_h=0x2 Unblock worker thread (th_id: -1228916432)
01-25 14:00:29.815   232   449 I rmt_storage: rmt_storage_client_thread: /boot/modem_fs2: clnt_h=0x2: req_h=0x8f msg_id=3: Bytes written = 1572864
01-25 14:00:29.815   232   449 I rmt_storage: rmt_storage_client_thread: /boot/modem_fs2: clnt_h=0x2: req_h=0x8f msg_id=3: Send response: res=0 err=0
01-25 14:00:29.816   232   449 I rmt_storage: rmt_storage_client_thread: /boot/modem_fs2: clnt_h=0x2 About to block rmt_storage client thread (th_id: -1228916432) wakelock released: 1, error no: 0
01-25 14:00:29.816   232   449 I rmt_storage:
01-25 14:00:29.817   232   232 I rmt_storage: rmt_storage_disconnect_cb: clnt_h=0x0x8b conn_h=0x0xb782df20
01-25 14:02:17.566   231   472 I qdhwcomposer: handle_blank_event: dpy:0 panel power state: 0
01-25 14:03:17.929   231   472 I qdhwcomposer: handle_blank_event: dpy:0 panel power state: 0
01-25 14:03:25.558   231   472 I qdhwcomposer: handle_blank_event: dpy:0 panel power state: 0
01-25 14:03:43.290   231   472 I qdhwcomposer: handle_blank_event: dpy:0 panel power state: 0
01-25 14:03:43.421   691   727 E KernelUidCpuTimeReader: Failed to read uid_cputime: /proc/uid_cputime/show_uid_stat: open failed: ENOENT (No such file or directory)
01-25 14:03:43.434   691   729 E KernelUidCpuTimeReader: Failed to read uid_cputime: /proc/uid_cputime/show_uid_stat: open failed: ENOENT (No such file or directory)
01-25 14:03:43.629  4250  4250 I TWILIGHT: [14:03:43.628, main]: Accessibility CHANGED com.android.systemui android.view.View
01-25 14:03:43.887  1630  9590 I GoogleURLConnFactory: Using platform SSLCertificateSocketFactory
01-25 14:03:44.176  5293  5304 W art     : Suspending all threads took: 11.174ms
01-25 14:03:44.580  5293  5304 W art     : Suspending all threads took: 12.191ms
01-25 14:03:45.096  5293  5304 W art     : Suspending all threads took: 5.492ms
01-25 14:03:45.117  1630  2442 V NativeCrypto: SSL shutdown failed: ssl=0xb7c16f50: I/O error during system call, Broken pipe
01-25 14:03:45.123  5293  9613 D XNotifications-Wearable: com.android.webview, tag = ONE_TO_ONE:735288782:635469641, id = 10000\r\nLike, remote inputs: 0\r\nReply, remote inputs: 1
01-25 14:03:45.123  5293  9617 D XNotifications-Wearable: com.android.webview, tag = ONE_TO_ONE:735288782:635469641, id = 10000\r\nLike, remote inputs: 0\r\nReply, remote inputs: 1
01-25 14:03:45.124  5293  9617 I Xposed  : [Taptigo-XNotifications_Wearable] com.android.webview, tag = ONE_TO_ONE:735288782:635469641, id = 10000
01-25 14:03:45.124  5293  9617 I Xposed  : Like, remote inputs: 0
01-25 14:03:45.124  5293  9617 I Xposed  : Reply, remote inputs: 1
01-25 14:03:45.124  5293  9613 I Xposed  : [Taptigo-XNotifications_Wearable] com.android.webview, tag = ONE_TO_ONE:735288782:635469641, id = 10000
01-25 14:03:45.124  5293  9613 I Xposed  : Like, remote inputs: 0
01-25 14:03:45.124  5293  9613 I Xposed  : Reply, remote inputs: 1
01-25 14:03:45.133  1630  9590 I GoogleURLConnFactory: Using platform SSLCertificateSocketFactory
01-25 14:03:45.263   691  1045 D NotificationSQLiteLog: Pruned event entries: 0
01-25 14:03:45.280   691   701 I art     : Background sticky concurrent mark sweep GC freed 36589(2MB) AllocSpace objects, 6(136KB) LOS objects, 11% free, 21MB/24MB, paused 6.297ms total 86.319ms
01-25 14:03:45.514  1131  1159 I art     : Background partial concurrent mark sweep GC freed 61167(3MB) AllocSpace objects, 17(344KB) LOS objects, 23% free, 12MB/16MB, paused 1.271ms total 134.765ms
01-25 14:03:45.576  1630  9590 W Conscrypt: Could not set socket write timeout: null
01-25 14:03:46.238  4250  4250 I TWILIGHT: [14:03:46.237, main]: Accessibility CHANGED com.facebook.orca android.widget.TextView
01-25 14:03:46.410  1630  9590 W Conscrypt: Could not set socket write timeout: null
01-25 14:03:47.550  1630  9447 I GCoreUlr: Starting BLE scan: mode: 2
01-25 14:03:47.553  1630  1630 I BeaconBle: Client requested scan, settings=BleSettings [scanMode=LOW_LATENCY, callbackType=ALL_MATCHES, reportDelayMillis=0, 2 filters, 0 clients, callingClientName=ULR], listene
r=hjz@a67b8d9
01-25 14:03:47.570   691  1596 E SensorService: Error activating sensor 1598182245 (I/O error)
01-25 14:03:47.571  1630  1630 I BeaconBle: 'L' hardware scan: 2 filters, scanMode=2, reportdelay=0, callback type=1, #clients=1
01-25 14:03:47.577  1630  1630 I BeaconBle: Starting scan on delegate scanner - BT state: 15
01-25 14:03:47.603   691   709 I bsthal  : <BST> set delay of <BOSCH Acceleration Sensor> to 20ms
01-25 14:03:47.625 14007 14018 D BtGatt.GattService: registerClient() - UUID=dd768a83-5e0a-4adb-b5d9-68220dd04a40
01-25 14:03:47.625 14007 14033 D BtGatt.GattService: onClientRegistered() - UUID=dd768a83-5e0a-4adb-b5d9-68220dd04a40, clientIf=4
01-25 14:03:47.640  1630  6910 D BluetoothLeScanner: onClientRegistered() - status=0 clientIf=4
01-25 14:03:47.642 14007 14019 D BtGatt.GattService: start scan with filters
01-25 14:03:47.642   691  1830 D WifiService: acquireWifiLockLocked: WifiLock{NlpWifiLock type=2 binder=android.os.BinderProxy@853ed11}
01-25 14:03:47.643   691  1038 E native  : do suspend true
01-25 14:03:47.644   691  1038 D WifiConfigStore: Retrieve network priorities after PNO.
01-25 14:03:47.646 14007 14036 D BtGatt.ScanManager: handling starting scan
01-25 14:03:47.650 14007 14036 D BtGatt.ScanManager: configureRegularScanParams() - queue=1
01-25 14:03:47.651 14007 14036 D BtGatt.ScanManager: configureRegularScanParams() - ScanSetting Scan mode=2 mLastConfiguredScanSetting=-2147483648
01-25 14:03:47.651 14007 14036 D BtGatt.ScanManager: configureRegularScanParams - scanInterval = 8000configureRegularScanParams - scanWindow = 8000
01-25 14:03:47.652 14007 14033 D BtGatt.GattService: onScanParamSetupCompleted : 0
01-25 14:03:47.664  1630  8711 I GCoreUlr: Successfully inserted 1 locations
01-25 14:03:47.670  1630  1640 I art     : Background partial concurrent mark sweep GC freed 62468(3MB) AllocSpace objects, 16(320KB) LOS objects, 19% free, 16MB/20MB, paused 14.811ms total 215.393ms
01-25 14:03:47.710  5079  5079 I MemoryTrimmer: Trimming objects from memory, since app is in the background.
01-25 14:03:47.737  5079  5079 I MemoryTrimmer: Trimming objects from memory, since app is in the background.
01-25 14:03:47.982  4250  4250 I TWILIGHT: [14:03:47.981, main]: Accessibility CHANGED com.facebook.orca android.widget.TextView
01-25 14:03:48.245   691  1179 I bsthal  : <BST> set delay of <BOSCH Acceleration Sensor> to 200ms
01-25 14:03:48.364  5079  5079 I MemoryTrimmer: Trimming objects from memory, since app is in the background.
01-25 14:03:48.515   691   727 E KernelUidCpuTimeReader: Failed to read uid_cputime: /proc/uid_cputime/show_uid_stat: open failed: ENOENT (No such file or directory)
01-25 14:03:49.004 14007 14033 D bt_btif_gattc: btif_gattc_update_properties BLE device name=Flex len=4 dev_type=2
01-25 14:03:49.029 14007 14033 D BluetoothRemoteDevices: Remote Device name is: Flex
01-25 14:03:49.030 14007 14033 D BluetoothRemoteDevices: Remote class is:7936
01-25 14:03:49.595  1630  9447 I GCoreUlr: Starting BLE scan: mode: 3
01-25 14:03:49.598  1630  1630 I BeaconBle: Client requested scan, settings=BleSettings [scanMode=ZERO_POWER, callbackType=ALL_MATCHES, reportDelayMillis=0, 2 filters, 0 clients, callingClientName=ULR], listener
=hjz@a67b8d9
01-25 14:03:49.628  1630  9447 I GCoreUlr: BLE: collected 0 results
01-25 14:03:49.663  1630  1630 I BeaconBle: Stopping scan on delegate scanner - BT state: 15
01-25 14:03:49.664 14007 14018 D BtGatt.GattService: stopScan() - queue size =1
01-25 14:03:49.664 14007 14036 D BtGatt.ScanManager: stop scan
01-25 14:03:49.664 14007 14036 D BtGatt.ScanManager: configureRegularScanParams() - queue=0
01-25 14:03:49.665 14007 14036 D BtGatt.ScanManager: configureRegularScanParams() - ScanSetting Scan mode=-2147483648 mLastConfiguredScanSetting=2
01-25 14:03:49.665 14007 14036 D BtGatt.ScanManager: configureRegularScanParams() - queue emtpy, scan stopped
01-25 14:03:49.669 14007 14019 D BtGatt.GattService: unregisterClient() - clientIf=4
01-25 14:03:49.670  1630  1630 I BeaconBle: Resetting - new scanner available: true
01-25 14:03:49.670  1630  1630 I BeaconBle: ZERO_POWER is disabled.
01-25 14:03:49.670  1630  1630 I BeaconBle: 'L' hardware scan: scan stopped, no powered clients
01-25 14:03:52.707   691   709 D WifiService: releaseWifiLockLocked: WifiLock{NlpWifiLock type=2 binder=android.os.BinderProxy@853ed11}
01-25 14:03:52.708   691  1038 E native  : do suspend true
01-25 14:03:53.875   691   727 E KernelUidCpuTimeReader: Failed to read uid_cputime: /proc/uid_cputime/show_uid_stat: open failed: ENOENT (No such file or directory)
01-25 14:04:14.356   231   472 I qdhwcomposer: handle_blank_event: dpy:0 panel power state: 0
01-25 14:04:14.417   691  1001 I PowerManagerService: Waking up from sleep (uid 1000)...
01-25 14:04:14.417   244   268 I MP-Decision: Error locking minimum cores
01-25 14:04:14.418   691  1001 I QCOM PowerHAL: Got set_interactive hint
01-25 14:04:14.448   691   743 E KernelUidCpuTimeReader: Failed to read uid_cputime: /proc/uid_cputime/show_uid_stat: open failed: ENOENT (No such file or directory)
01-25 14:04:14.448   691   743 I DisplayPowerController: Blocking screen on until initial contents have been drawn.
01-25 14:04:14.455   691   743 V KeyguardServiceDelegate: onScreenTurnedOn(showListener = com.android.server.policy.PhoneWindowManager$2@4aeaea5)
01-25 14:04:14.461   691   691 V KeyguardServiceDelegate: onStartedWakingUp()
01-25 14:04:14.467   691   740 I DisplayManagerService: Display device changed state: "Built-in Screen", ON
01-25 14:04:14.468   231   231 D SurfaceFlinger: Set power mode=2, type=0 flinger=0xb74afe80
01-25 14:04:14.468   231   231 D qdhwcomposer: hwc_setPowerMode: Setting mode 2 on display: 0
01-25 14:04:14.475   691  1121 V KeyguardServiceDelegate: **** SHOWN CALLED ****
01-25 14:04:14.590   691  1038 D WifiConfigStore: Retrieve network priorities after PNO.
01-25 14:04:14.594   238   238 D audio_hw_primary: adev_set_parameters: enter: screen_state=on
01-25 14:04:14.594   238   238 E bt_a2dp_hw: adev_set_parameters: ERROR: set param called even when stream out is null
01-25 14:04:14.594   691  1038 E native  : do suspend false
01-25 14:04:14.603   691  1038 D WifiConfigStore: No blacklist allowed without epno enabled
01-25 14:04:14.660   691   728 I bsthal  : <BST> set delay of <BOSCH Acceleration Sensor> to 66ms
01-25 14:04:14.661   691   743 I DisplayPowerController: Unblocked screen on after 213 ms
01-25 14:04:14.662   691   743 V KeyguardServiceDelegate: onScreenTurnedOn()
01-25 14:04:14.693  4250  4250 I TWILIGHT: [14:04:14.693, main]: SCREEN_ON
01-25 14:04:14.714  4250  4250 I TWILIGHT: [14:04:14.714, main]: Needs foreground -1
01-25 14:04:14.714  4250  4250 I TWILIGHT: [14:04:14.714, main]: VIEW: Finally Update current 100 1500
01-25 14:04:14.763  4250  4250 I TWILIGHT: [14:04:14.763, main]: VIEW: Refreshing view
01-25 14:04:14.773  2325  2325 I DeviceScanner: [MDNS] Screen is ON
01-25 14:04:14.774  2325  2325 I DeviceScanner: [CastNearby] Screen is ON
01-25 14:04:14.813   231   472 I qdhwcomposer: handle_blank_event: dpy:0 panel power state: 1
01-25 14:04:14.815   231   231 D qdhwcomposer: hwc_setPowerMode: Done setting mode 2 on display 0
01-25 14:04:14.816   691  1074 D SurfaceControl: Excessive delay in setPowerMode(): 349ms
01-25 14:04:15.040   691  1179 E SensorService: Error activating sensor 1598182245 (I/O error)
01-25 14:04:15.054   691  1179 I bsthal  : <BST> set delay of <BOSCH Acceleration Sensor> to 20ms
01-25 14:04:15.093   691  1038 D WifiConfigStore: Retrieve network priorities after PNO.
01-25 14:04:15.195  4250  4250 I TWILIGHT: [14:04:15.194, main]: Accessibility CHANGED com.facebook.orca android.widget.TextView
01-25 14:04:15.201  5079  5079 I MemoryTrimmer: Trimming objects from memory, since app is in the background.
01-25 14:04:15.656   691  1179 I bsthal  : <BST> set delay of <BOSCH Acceleration Sensor> to 66ms
01-25 14:04:15.670  1630  1630 I GCoreUlr: Starting service, intent=Intent { act=com.google.android.location.reporting.ACTION_UPDATE_ACTIVE_STATE cmp=com.google.android.gms/com.google.android.location.reporting.
service.DispatchingService (has extras) }, extras=Bundle[{source=PowerModeReceiver}]
01-25 14:04:15.685  1630  9447 I GCoreUlr: DispatchingService.updateActiveState+PowerModeReceiver: Ensuring that reporting is active for [account#-1#]
01-25 14:04:15.711  1630  1630 I GCoreUlr: Starting service, intent=Intent { act=com.google.android.location.reporting.ACTION_UPDATE_ACTIVE_STATE cmp=com.google.android.gms/com.google.android.location.reporting.
service.DispatchingService (has extras) }, extras=Bundle[{source=PowerModeReceiver}]
01-25 14:04:15.713  5079  5079 I MemoryTrimmer: Trimming objects from memory, since app is in the background.
01-25 14:04:15.809  1630  9447 I GCoreUlr: GMS FLP location and AR updates requested: {"description":"default","newRequest":true,"samplePeriodMs":120000,"sampleReason":"default","sampleSource":"internal","timest
ampMs":1485374655675}
01-25 14:04:15.820  1630  1640 I art     : Background sticky concurrent mark sweep GC freed 32173(2MB) AllocSpace objects, 54(1220KB) LOS objects, 19% free, 16MB/20MB, paused 5.265ms total 80.745ms
01-25 14:04:15.824   691  1830 I bsthal  : <BST> set delay of <BOSCH Acceleration Sensor> to 20ms
01-25 14:04:15.826  1630  9447 I GCoreUlr: Place inference reporting - stop
01-25 14:04:15.845  1630  9447 I GCoreUlr: DispatchingService.updateActiveState+PowerModeReceiver: Ensuring that reporting is active for [account#-1#]
01-25 14:04:15.847  1630  9447 I GCoreUlr: Place inference reporting - stop
01-25 14:04:15.858  1630  9447 I GCoreUlr: Successfully inserted 1 locations
01-25 14:04:15.859  1630  9447 I GCoreUlr: Starting service, intent=Intent { act=com.google.android.location.reporting.UPLOAD cmp=com.google.android.gms/com.google.android.location.reporting.service.DispatchingS
ervice }, extras=null
01-25 14:04:15.887  1630  9792 I GCoreUlr: LocationReporter sending 8 locations, 5 activities, and 12 metadata for account account#-1# request #0; requests: []
01-25 14:04:16.375   691  1047 D AudioService: Stream muted, skip playback
01-25 14:04:16.476  1131  1131 W StatusBar: removeNotification for unknown key: 0|com.facebook.orca|10000|ONE_TO_ONE:735288782:635469641|10125
01-25 14:04:16.722   691  1001 I PowerManagerService: Going to sleep due to power button (uid 1000)...
01-25 14:04:16.846  4250  4250 I TWILIGHT: [14:04:16.845, main]: Accessibility CHANGED com.android.systemui android.widget.FrameLayout
01-25 14:04:17.253  4250  4250 I TWILIGHT: [14:04:17.252, main]: Accessibility CHANGED com.android.systemui android.widget.FrameLayout
01-25 14:04:17.275   691   743 E KernelUidCpuTimeReader: Failed to read uid_cputime: /proc/uid_cputime/show_uid_stat: open failed: ENOENT (No such file or directory)
01-25 14:04:17.276   691   743 I bsthal  : <BST> set delay of <BOSCH Acceleration Sensor> to 20ms
01-25 14:04:17.276   691   743 V KeyguardServiceDelegate: onScreenTurnedOff()
01-25 14:04:17.293   691   740 I DisplayManagerService: Display device changed state: "Built-in Screen", OFF
01-25 14:04:17.298   231   231 D SurfaceFlinger: Set power mode=0, type=0 flinger=0xb74afe80
01-25 14:04:17.298   231   231 D qdhwcomposer: hwc_setPowerMode: Setting mode 0 on display: 0
01-25 14:04:17.431   231   472 I qdhwcomposer: handle_blank_event: dpy:0 panel power state: 0
01-25 14:04:17.432   231   231 D qdhwcomposer: hwc_setPowerMode: Done setting mode 0 on display 0
01-25 14:04:17.433   691  1074 D SurfaceControl: Excessive delay in setPowerMode(): 139ms
01-25 14:04:17.433   691   743 I QCOM PowerHAL: Got set_interactive hint
01-25 14:04:17.434   691   743 I PowerManagerService: Sleeping (uid 1000)...
01-25 14:04:17.446   238   925 D audio_hw_primary: adev_set_parameters: enter: screen_state=off
01-25 14:04:17.446   691  1038 E native  : do suspend true
01-25 14:04:17.446   238   925 E bt_a2dp_hw: adev_set_parameters: ERROR: set param called even when stream out is null
01-25 14:04:17.470  1131  1131 D PhoneStatusBar: disable: < expand ICONS alerts SYSTEM_INFO back HOME RECENT clock SEARCH quick_settings >
01-25 14:04:17.486  1630  9792 I GCoreUlr: Batch Location Update succeeded for account account#-1#
01-25 14:04:17.511  4250  4250 I TWILIGHT: [14:04:17.510, main]: SCREEN_OFF
01-25 14:04:17.522  2325  2325 I DeviceScanner: [MDNS] Screen is OFF
01-25 14:04:17.525  2325  2325 I DeviceScanner: [CastNearby] Screen is OFF
01-25 14:04:17.547  5079  5079 I MemoryTrimmer: Trimming objects from memory, since app is in the background.
01-25 14:04:17.737  4250  4250 I TWILIGHT: [14:04:17.736, main]: Accessibility CHANGED com.android.systemui android.widget.TextView
01-25 14:04:17.740  5079  5079 I MemoryTrimmer: Trimming objects from memory, since app is in the background.
01-25 14:04:19.311   691  2397 I bsthal  : <BST> set delay of <BOSCH Acceleration Sensor> to 200ms
01-25 14:04:19.404   691   727 E KernelUidCpuTimeReader: Failed to read uid_cputime: /proc/uid_cputime/show_uid_stat: open failed: ENOENT (No such file or directory)
01-25 14:04:19.434   691   743 W PowerManagerService: Sandman unresponsive, releasing suspend blocker
01-25 14:04:23.766   231   472 I qdhwcomposer: handle_blank_event: dpy:0 panel power state: 0
01-25 14:04:24.362   691  2398 I bsthal  : <BST> set delay of <BOSCH Acceleration Sensor> to 20ms
01-25 14:04:28.037   691  1179 I bsthal  : <BST> set delay of <BOSCH Acceleration Sensor> to 200ms
