01-25 13:49:28.541  7756  7756 D StrictMode:    at android.app.ActivityThread$H.handleMessage(ActivityThread.java:1424)
01-25 13:49:28.541  7756  7756 D StrictMode:    at android.os.Handler.dispatchMessage(Handler.java:102)
01-25 13:49:28.541  7756  7756 D StrictMode:    at android.os.Looper.loop(Looper.java:148)
01-25 13:49:28.541  7756  7756 D StrictMode:    at android.app.ActivityThread.main(ActivityThread.java:5461)
01-25 13:49:28.541  7756  7756 D StrictMode:    at java.lang.reflect.Method.invoke(Native Method)
01-25 13:49:28.541  7756  7756 D StrictMode:    at com.android.internal.os.ZygoteInit$MethodAndArgsCaller.run(ZygoteInit.java:726)
01-25 13:49:28.541  7756  7756 D StrictMode:    at com.android.internal.os.ZygoteInit.main(ZygoteInit.java:616)
01-25 13:49:28.541  7756  7756 D StrictMode:    at de.robv.android.xposed.XposedBridge.main(XposedBridge.java:102)
01-25 13:49:28.541  7756  7756 D StrictMode: StrictMode policy violation; ~duration=15 ms: android.os.StrictMode$StrictModeDiskReadViolation: policy=65567 violation=2
01-25 13:49:28.541  7756  7756 D StrictMode:    at android.os.StrictMode$AndroidBlockGuardPolicy.onReadFromDisk(StrictMode.java:1263)
01-25 13:49:28.541  7756  7756 D StrictMode:    at libcore.io.BlockGuardOs.stat(BlockGuardOs.java:292)
01-25 13:49:28.541  7756  7756 D StrictMode:    at java.io.File.lastModified(File.java:569)
01-25 13:49:28.541  7756  7756 D StrictMode:    at android.content.res.XResources.isFirstLoad(XResources.java:114)
01-25 13:49:28.541  7756  7756 D StrictMode:    at de.robv.android.xposed.XposedInit$8.afterHookedMethod(XposedInit.java:292)
01-25 13:49:28.541  7756  7756 D StrictMode:    at de.robv.android.xposed.XposedBridge.handleHookedMethod(XposedBridge.java:348)
01-25 13:49:28.541  7756  7756 D StrictMode:    at android.app.ResourcesManager.getTopLevelResources(<Xposed>)
01-25 13:49:28.541  7756  7756 D StrictMode:    at android.app.ActivityThread.getTopLevelResources(ActivityThread.java:1720)
01-25 13:49:28.541  7756  7756 D StrictMode:    at android.app.LoadedApk.getResources(LoadedApk.java:548)
01-25 13:49:28.541  7756  7756 D StrictMode:    at android.app.ContextImpl.<init>(ContextImpl.java:1867)
01-25 13:49:28.541  7756  7756 D StrictMode:    at android.app.ContextImpl.createPackageContextAsUser(ContextImpl.java:1717)
01-25 13:49:28.541  7756  7756 D StrictMode:    at android.app.ContextImpl.createPackageContext(ContextImpl.java:1695)
01-25 13:49:28.541  7756  7756 D StrictMode:    at android.content.ContextWrapper.createPackageContext(ContextWrapper.java:752)
01-25 13:49:28.541  7756  7756 D StrictMode:    at android.app.ActivityThread.installProvider(ActivityThread.java:5170)
01-25 13:49:28.541  7756  7756 D StrictMode:    at android.app.ActivityThread.installContentProviders(ActivityThread.java:4792)
01-25 13:49:28.541  7756  7756 D StrictMode:    at android.app.ActivityThread.handleBindApplication(ActivityThread.java:4732)
01-25 13:49:28.541  7756  7756 D StrictMode:    at de.robv.android.xposed.XposedBridge.invokeOriginalMethodNative(Native Method)
01-25 13:49:28.541  7756  7756 D StrictMode:    at de.robv.android.xposed.XposedBridge.handleHookedMethod(XposedBridge.java:334)
01-25 13:49:28.541  7756  7756 D StrictMode:    at android.app.ActivityThread.handleBindApplication(<Xposed>)
01-25 13:49:28.541  7756  7756 D StrictMode:    at android.app.ActivityThread.-wrap1(ActivityThread.java)
01-25 13:49:28.541  7756  7756 D StrictMode:    at android.app.ActivityThread$H.handleMessage(ActivityThread.java:1424)
01-25 13:49:28.541  7756  7756 D StrictMode:    at android.os.Handler.dispatchMessage(Handler.java:102)
01-25 13:49:28.541  7756  7756 D StrictMode:    at android.os.Looper.loop(Looper.java:148)
01-25 13:49:28.541  7756  7756 D StrictMode:    at android.app.ActivityThread.main(ActivityThread.java:5461)
01-25 13:49:28.541  7756  7756 D StrictMode:    at java.lang.reflect.Method.invoke(Native Method)
01-25 13:49:28.541  7756  7756 D StrictMode:    at com.android.internal.os.ZygoteInit$MethodAndArgsCaller.run(ZygoteInit.java:726)
01-25 13:49:28.541  7756  7756 D StrictMode:    at com.android.internal.os.ZygoteInit.main(ZygoteInit.java:616)
01-25 13:49:28.541  7756  7756 D StrictMode:    at de.robv.android.xposed.XposedBridge.main(XposedBridge.java:102)
01-25 13:49:28.553  7730  7730 D CellBroadcastReceiver: onReceive Intent { act=android.intent.action.SERVICE_STATE flg=0x10 cmp=com.android.cellbroadcastreceiver/.CellBroadcastReceiver (has extras) }
01-25 13:49:28.553  7730  7730 D CellBroadcastReceiver: Intent ACTION_SERVICE_STATE_CHANGED
01-25 13:49:28.553  7730  7730 D CellBroadcastReceiver: subscriptionId = 1
01-25 13:49:28.564  7730  7730 D CellBroadcastReceiver: Service state changed! 0 Full: 0 0 voice home data home Sprint  310120 Sprint  310120  LTE LTE CSS not supported 0 0 RoamInd=1 DefRoamInd=0 EmergOnly=false
 IsDataRoamingFromRegistration=false Current state=1
01-25 13:49:28.599   691  2182 I ActivityManager: Start proc 7792:com.cyanogenmod.updater/u0a4 for broadcast com.cyanogenmod.updater/.receiver.UpdateCheckReceiver
01-25 13:49:28.640  7730  7789 D CellBroadcastConfigService: enabling emergency cell broadcast channels
01-25 13:49:28.648  7792  7792 W System  : ClassLoader referenced unknown path: /system/priv-app/CMUpdater/lib/arm
01-25 13:49:28.660  7756  7787 I ContactLocale: AddressBook Labels [en-US]: [, A, B, C, D, E, F, G, H, I, J, K, L, M, N, O, P, Q, R, S, T, U, V, W, X, Y, Z, Α, Β, Γ, Δ, Ε, Ζ, Η, Θ, Ι, Κ, Λ, Μ, Ν, Ξ, Ο, Π, Ρ, Σ,
Τ, Υ, Φ, Χ, Ψ, Ω, , А, Б, В, Г, Д, Ђ, Е, Є, Ж, З, И, І, Й, Ј, К, Л, Љ, М, Н, Њ, О, П, Р, С, Т, Ћ, У, Ф, Х, Ц, Ч, Џ, Ш, Щ, Ю, Я, , א, ב, ג, ד, ה, ו, ז, ח, ט, י, כ, ל, מ, נ, ס, ע, פ, צ, ק, ר, ש, ת, , ا, ب, ت, ث, ج
, ح, خ, د, ذ, ر, ز, س, ش, ص, ض, ط, ظ, ع, غ, ف, ق, ك, ل, م, ن, ه, و, ي, , ก, ข, ฃ, ค, ฅ, ฆ, ง, จ, ฉ, ช, ซ, ฌ, ญ, ฎ, ฏ, ฐ, ฑ, ฒ, ณ, ด, ต, ถ, ท, ธ, น, บ, ป, ผ, ฝ, พ, ฟ, ภ, ม, ย, ร, ฤ, ล, ฦ, ว, ศ, ษ, ส, ห, ฬ, อ, ฮ,
, ㄱ, ㄴ, ㄷ, ㄹ, ㅁ, ㅂ, ㅅ, ㅇ, ㅈ, ㅊ, ㅋ, ㅌ, ㅍ, ㅎ, , あ, か, さ, た, な, は, ま, や, ら, わ, #, ]
01-25 13:49:28.665  7805  7805 W XSharedPreferen: type=1400 audit(0.0:638): avc: denied { search } for name="tk.wasdennnoch.androidn_ify" dev="mmcblk0p34" ino=5500 scontext=u:r:system_app:s0 tcontext=u:object_r:
app_data_file:s0:c512,c768 tclass=dir permissive=0
01-25 13:49:28.675  7805  7805 W XSharedPreferen: type=1400 audit(0.0:639): avc: denied { search } for name="tk.wasdennnoch.androidn_ify" dev="mmcblk0p34" ino=5500 scontext=u:r:system_app:s0 tcontext=u:object_r:
app_data_file:s0:c512,c768 tclass=dir permissive=0
01-25 13:49:28.695  7792  7792 W re-initialized>: type=1400 audit(0.0:640): avc: denied { search } for name="com.pyler.xinternalsd" dev="mmcblk0p34" ino=5309 scontext=u:r:system_app:s0 tcontext=u:object_r:app_da
ta_file:s0:c512,c768 tclass=dir permissive=0
01-25 13:49:28.695  7792  7792 W re-initialized>: type=1400 audit(0.0:641): avc: denied { search } for name="com.pyler.xinternalsd" dev="mmcblk0p34" ino=5309 scontext=u:r:system_app:s0 tcontext=u:object_r:app_da
ta_file:s0:c512,c768 tclass=dir permissive=0
01-25 13:49:28.705  7809  7809 W XSharedPreferen: type=1400 audit(0.0:642): avc: denied { search } for name="com.pyler.xinternalsd" dev="mmcblk0p34" ino=5309 scontext=u:r:system_app:s0 tcontext=u:object_r:app_da
ta_file:s0:c512,c768 tclass=dir permissive=0
01-25 13:49:28.715  7809  7809 W XSharedPreferen: type=1400 audit(0.0:643): avc: denied { search } for name="com.pyler.xinternalsd" dev="mmcblk0p34" ino=5309 scontext=u:r:system_app:s0 tcontext=u:object_r:app_da
ta_file:s0:c512,c768 tclass=dir permissive=0
01-25 13:49:28.715  7809  7809 W XSharedPreferen: type=1400 audit(0.0:644): avc: denied { search } for name="com.pyler.xinternalsd" dev="mmcblk0p34" ino=5309 scontext=u:r:system_app:s0 tcontext=u:object_r:app_da
ta_file:s0:c512,c768 tclass=dir permissive=0
01-25 13:49:28.715  7792  7792 W re-initialized>: type=1400 audit(0.0:645): avc: denied { search } for name="com.pyler.xinternalsd" dev="mmcblk0p34" ino=5309 scontext=u:r:system_app:s0 tcontext=u:object_r:app_da
ta_file:s0:c512,c768 tclass=dir permissive=0
01-25 13:49:28.715  7792  7792 W re-initialized>: type=1400 audit(0.0:646): avc: denied { search } for name="com.pyler.xinternalsd" dev="mmcblk0p34" ino=5309 scontext=u:r:system_app:s0 tcontext=u:object_r:app_da
ta_file:s0:c512,c768 tclass=dir permissive=0
01-25 13:49:28.715  7810  7810 W XSharedPreferen: type=1400 audit(0.0:647): avc: denied { search } for name="com.pyler.xinternalsd" dev="mmcblk0p34" ino=5309 scontext=u:r:system_app:s0 tcontext=u:object_r:app_da
ta_file:s0:c512,c768 tclass=dir permissive=0
01-25 13:49:28.715  7810  7810 W XSharedPreferen: type=1400 audit(0.0:648): avc: denied { search } for name="com.pyler.xinternalsd" dev="mmcblk0p34" ino=5309 scontext=u:r:system_app:s0 tcontext=u:object_r:app_da
ta_file:s0:c512,c768 tclass=dir permissive=0
01-25 13:49:28.715  7810  7810 W XSharedPreferen: type=1400 audit(0.0:649): avc: denied { search } for name="com.pyler.xinternalsd" dev="mmcblk0p34" ino=5309 scontext=u:r:system_app:s0 tcontext=u:object_r:app_da
ta_file:s0:c512,c768 tclass=dir permissive=0
01-25 13:49:28.761  1744  1779 I chatty  : uid=1001(radio) Binder_2 expire 6 lines
01-25 13:49:28.810  7792  7792 I UpdateCheckReceiver: Got connectivity change, has connection: true
01-25 13:49:28.810  7792  7792 I UpdateCheckReceiver: Scheduling future, repeating update checks.
01-25 13:49:28.834   691  1596 I ActivityManager: Start proc 7817:android.process.media/u0a10 for broadcast com.android.providers.downloads/.DownloadReceiver
01-25 13:49:28.928  7817  7817 W System  : ClassLoader referenced unknown path: /system/priv-app/DownloadProvider/lib/arm
01-25 13:49:28.934  7730  7789 D CellBroadcastConfigService: enabled emergency cell broadcast channels
01-25 13:49:28.958  1744  6253 I chatty  : uid=1001(radio) Binder_7 expire 11 lines
01-25 13:49:28.970  1744 32154 I chatty  : uid=1001(radio) Binder_B expire 3 lines
01-25 13:49:28.978  7730  7789 D CellBroadcastConfigService: disabling cell broadcast channel 50
01-25 13:49:28.987  1744  1964 I chatty  : uid=1001(radio) Binder_3 expire 8 lines
01-25 13:49:28.988  7730  7789 D CellBroadcastConfigService: channel 60 is not applicable for cdma
01-25 13:49:28.990  7730  7789 D CellBroadcastConfigService: disabling channels 919-928
01-25 13:49:29.002  7730  7789 D CellBroadcastConfigService: disabling cell broadcast ETWS test messages
01-25 13:49:29.018  7756  7787 D ContactDirectoryManager: Found com.google.android.gm.exchange.bundled.directory.provider
01-25 13:49:29.018  7756  7787 D ContactDirectoryManager: Found com.google.contacts.gal.provider
01-25 13:49:29.074   691  2182 I ActivityManager: Start proc 7833:com.google.android.gm/u0a86 for content provider com.google.android.gm/com.android.exchange.provider.ExchangeDirectoryProvider
01-25 13:49:29.081  7817  7817 W System  : ClassLoader referenced unknown path: /system/priv-app/MediaProvider/lib/arm
01-25 13:49:29.095   691  2255 I ActivityManager: Process com.google.android.apps.photos (pid 7449) has died
01-25 13:49:29.095   691  2255 D ActivityManager: cleanUpApplicationRecord -- 7449
01-25 13:49:29.142  7833  7833 W System  : ClassLoader referenced unknown path: /system/app/PrebuiltGmail/lib/arm
01-25 13:49:29.215   691   708 I ActivityManager: Process com.usbank.mobilebanking (pid 7473) has died
01-25 13:49:29.215   691   708 D ActivityManager: cleanUpApplicationRecord -- 7473
01-25 13:49:29.265  7833  7833 D XNotifications-GmailInboxMarkAsReadHook: com.google.android.gm loaded
01-25 13:49:29.287  7833  7833 I Xposed  : [Taptigo-XNotifications_GmailInboxMarkAsReadHook] com.google.android.gm loaded
01-25 13:49:29.310  7434  7434 D WeatherUpdateService: onCreate
01-25 13:49:29.317  7434  7434 D WeatherUpdateService: Service started, but shouldn't update ... stopping
01-25 13:49:29.323   691  1596 I ActivityManager: Start proc 7857:com.google.android.apps.photos/u0a82 for broadcast com.google.android.apps.photos/.actionqueue.SystemReceiver
01-25 13:49:29.325  7434  7434 D WeatherUpdateService: onDestroy
01-25 13:49:29.376  7857  7857 W System  : ClassLoader referenced unknown path: /system/app/Photos/lib/arm
01-25 13:49:29.636  7833  7833 W EasBundling: in EasBundling.init, isBundlingEnabled=true
01-25 13:49:29.651  7833  7833 D ActivityThread: Loading provider com.google.android.gmail.provider;com.android.mail.notifier;com.google.android.gm.email.provider;com.google.android.gm.tasks.provider;com.google.
android.gm.email.notifier: com.android.email.provider.EmailProvider
01-25 13:49:29.780  7833  7875 I UnifiedEmail: getAccountsCursor
01-25 13:49:29.881   691  1596 I ActivityManager: Start proc 7879:com.google.process.gapps/u0a28 for content provider com.google.android.gsf/.gservices.GservicesProvider
01-25 13:49:29.930  7833  7876 W Gmail   : restoreIfNeeded: Account exists.
01-25 13:49:29.945   691  1526 I ActivityManager: Process com.wunderground.android.storm (pid 7522) has died
01-25 13:49:29.945   691  1526 D ActivityManager: cleanUpApplicationRecord -- 7522
01-25 13:49:29.959  5079  5079 I MemoryTrimmer: Trimming objects from memory, since app is in the background.
01-25 13:49:30.026  5885  5885 I Finsky  : [1] com.google.android.finsky.utils.cx.onTrimMemory(17): Memory trim requested to level 5
01-25 13:49:30.058   691  2398 I ActivityManager: Start proc 7895:com.google.process.gapps/u0a49 for content provider com.google.android.syncadapters.contacts/.GalProvider
01-25 13:49:30.067   691   728 W art     : Long monitor contention event with owner method=void com.android.server.am.ActivityManagerService$AppDeathRecipient.binderDied() from ActivityManagerService.java:1358 w
aiters=3 for 113ms
01-25 13:49:30.068   691   709 W art     : Long monitor contention event with owner method=void com.android.server.am.ActivityManagerService$AppDeathRecipient.binderDied() from ActivityManagerService.java:1358 w
aiters=5 for 112ms
01-25 13:49:30.093  7879  7879 W System  : ClassLoader referenced unknown path: /system/priv-app/GoogleServicesFramework/lib/arm
01-25 13:49:30.095   691  2182 I ActivityManager: Process com.instagram.android (pid 7660) has died
01-25 13:49:30.095   691  2182 D ActivityManager: cleanUpApplicationRecord -- 7660
01-25 13:49:30.185   691  1544 I ActivityManager: Process com.wunderground.android.storm:overlay_data (pid 7611) has died
01-25 13:49:30.185   691  1544 D ActivityManager: cleanUpApplicationRecord -- 7611
01-25 13:49:30.205   691  1121 I ActivityManager: Start proc 7914:com.usbank.mobilebanking/u0a102 for broadcast com.usbank.mobilebanking/com.foresee.mobileReplay.receivers.ConnectivityChangeEventReceiver
01-25 13:49:30.257  7833  7926 I Gmail   : Registering for notifications for account 1
01-25 13:49:30.274  7833  7877 I UnifiedEmail: Initiated Service map for: [gPop3, gLegacyImap, gEas, gmail]
01-25 13:49:30.275  7879  7879 I GservicesProvider: Gservices pushing to system: true; secure/global: true
01-25 13:49:30.282  7833  7926 I Gmail   : Registering for notifications for account 2
01-25 13:49:30.286  7833  7926 I Gmail   : Observing account changes for notifications
01-25 13:49:30.342  7911  7911 E dex2oat : Failed to create oat file: /data/dalvik-cache/arm/system@app@GoogleContactsSyncAdapter@GoogleContactsSyncAdapter.apk@classes.dex: Permission denied
01-25 13:49:30.342  7911  7911 I dex2oat : dex2oat took 1.953ms (threads: 4)
01-25 13:49:30.350  7895  7895 W art     : Failed execv(/system/bin/dex2oat --runtime-arg -classpath --runtime-arg /system/framework/XposedBridge.jar --instruction-set=arm --instruction-set-features=smp,-div,-at
omic_ldrd_strd --runtime-arg -Xnorelocate --boot-image=/system/framework/boot.art --runtime-arg -Xms64m --runtime-arg -Xmx512m --instruction-set-variant=krait --instruction-set-features=default --no-watch-dog --
dex-file=/system/app/GoogleContactsSyncAdapter/GoogleContactsSyncAdapter.apk --oat-file=/data/dalvik-cache/arm/system@app@GoogleContactsSyncAdapter@GoogleContactsSyncAdapter.apk@classes.dex) because non-0 exit s
tatus
01-25 13:49:30.448  7895  7895 W System  : ClassLoader referenced unknown path: /system/app/GoogleContactsSyncAdapter/lib/arm
01-25 13:49:30.459  7914  7914 D caa-aCallback: #1.Initializing from application onCreate
01-25 13:49:30.477  7879  7879 I GoogleHttpClient: GMS http client unavailable, use old client
01-25 13:49:30.481  7914  7914 D uemAdkSettings: #1.Setting dtMonitor: dynaTraceMonitor attempt: 0
01-25 13:49:30.481  7914  7914 D uemAdkSettings: #1.Setting dtMonitor: dynaTraceMonitor attempt: 0
01-25 13:49:30.489  7879  7879 W System  : ClassLoader referenced unknown path: /system/framework/tcmclient.jar
01-25 13:49:30.490  7914  7914 I uemLcCallbacks: #1.USBank Android startup begins
01-25 13:49:30.500  7914  7914 D uemCore : #1.Handle event name=Loading USBank Android type=1
01-25 13:49:30.500  7914  7914 D uemCalloutTable: #1.Adding action Loading USBank Android68908511 (id=1 pid=0) current timeout = 0
01-25 13:49:30.501  7914  7914 D uemAutoUemAction: #1.onUA: new GAUA Loading USBank Android @ 1
01-25 13:49:30.501  7914  7914 D uemAutoUemAction: #1.onUA: cancel timer=null graceTimeOver=false
01-25 13:49:30.502  7914  7914 D uemAutoUemAction: #1.onUA: add child AppStart USBank Android to Loading USBank Android
01-25 13:49:30.503  7914  7914 D uemCore : #1.Handle event name=AppStart USBank Android type=1
01-25 13:49:30.503  7914  7914 D uemCalloutTable: #1.Adding action AppStart USBank Android118837804 (id=2 pid=1) current timeout = 0
01-25 13:49:30.505  7914  7914 D uemDynatraceUEM: #1.DynatraceUEM startup parameters: sApplId=USBank Android, agentPath=https://dcis.usbank.com/TOOLS/dynatrace, useAnyCert=false, keyStore=null
01-25 13:49:30.508  7914  7914 I uemCore : #1.DynatraceUEM 6.2.5.3041 Target API 23 Android API 23
01-25 13:49:30.508  7914  7914 D uemAdkSettings: #1.Setting dtMonitor: dynaTraceMonitor attempt: 0
01-25 13:49:30.559  7833  7833 W GAV2    : Thread[main,5,main]: Need to call initialize() and be in fallback mode to start dispatch.
01-25 13:49:30.577  7914  7914 D uemAndroidMetrics: #1.Verbose metrics updated in 1 ms
01-25 13:49:30.579  7914  7914 D uemAndroidMetrics: #1.Basic metrics updated in 2 ms
01-25 13:49:30.586  7914  7914 D uemAndroidMetrics: #1.Common metrics updated in 7 ms
01-25 13:49:30.587  7914  7914 D uemCore : #1.Using https communication: true
01-25 13:49:30.587  7914  7914 I uemCrashReporter: #1.Set package filter to com.usbank.mobilebanking
01-25 13:49:30.619  7914  7944 D uemDatabaseWriteQueue: #3183.Database write queue running ...
01-25 13:49:30.620  7914  7914 D uemCore : #1.startNewSession
01-25 13:49:30.633  7914  7914 D uemAndroidMetrics: #1.Common metrics updated in 3 ms
01-25 13:49:30.637  7914  7914 D uemAndroidMetrics: #1.Basic metrics updated in 4 ms
01-25 13:49:30.642  7914  7914 D uemEventsDbHelper: #1.Rows deleted: 0
01-25 13:49:30.648  7914  7914 I WebViewFactory: Loading com.android.webview version 51.0.2704.106 (code 1)
01-25 13:49:30.681  7833  7833 I Gmail   : Recorded initial entry point: OTHER_NON_UI.
01-25 13:49:30.686  7895  7895 I GoogleHttpClient: GMS http client unavailable, use old client
01-25 13:49:30.690  7833  7833 I Exchange: EasService.onCreate
01-25 13:49:30.694   691  1121 W ActivityManager: Unable to start service Intent { cmp=com.google.android.gm.exchange/com.android.exchange.service.EasService } U=0: not found
01-25 13:49:30.694  7833  7833 I Exchange: EasService.onCreate stoppedOldService=false
01-25 13:49:30.696  7833  7833 I Exchange: needResyncCalendar: false, hasCalendarPermission: false, needResyncContacts: false, hasContactsPermission: false
01-25 13:49:30.704  7895  7895 W System  : ClassLoader referenced unknown path: /system/framework/tcmclient.jar
01-25 13:49:30.719  7756  7787 I ContactDirectoryManager: deleted 0 stale rows which don't have any relevant directory
01-25 13:49:30.727  7833  7953 I Exchange: RestartPingTask
01-25 13:49:30.731  7756  7787 I ContactDirectoryManager: Discovered 0 contact directories in 1926ms
01-25 13:49:30.743  7914  7914 W System  : ClassLoader referenced unknown path: /system/app/webview/lib/arm
01-25 13:49:30.744  7833  7954 I UnifiedEmail: getAccountsCursor
01-25 13:49:30.785  7833  7833 I Exchange: RestartPingsTask did not start any pings.
01-25 13:49:30.789  7833  7833 I Exchange: onDestroy
01-25 13:49:30.800  7914  7914 I cr_LibraryLoader: Time to load native libraries: 5 ms (timestamps 4378-4383)
01-25 13:49:30.800  7914  7914 I cr_LibraryLoader: Expected native library version number "51.0.2704.106", actual native library version number "51.0.2704.106"
01-25 13:49:30.833  7914  7914 I uemCookieCreator: #1.acceptCookie:true cookie:dtAdk=3905086313_68_USBank+Android_m domain: https://dcis.usbank.com/TOOLS/dynatrace
01-25 13:49:30.852  7914  7914 I uemCookieCreator: #1.acceptCookie:true cookie:dtAdk=3905086313_68_USBank+Android_m domain: .usbank.com
01-25 13:49:30.864  7914  7914 I uemCookieCreator: #1.acceptCookie:true cookie:dtAdkTag=MT2_0_0_USBank+Android_0_0_0 domain: https://dcis.usbank.com/TOOLS/dynatrace
01-25 13:49:30.865  7914  7914 I uemCookieCreator: #1.acceptCookie:true cookie:dtAdkTag=MT2_0_0_USBank+Android_0_0_0 domain: .usbank.com
01-25 13:49:30.877  7914  7914 D uemConnectionAttemptMonitor: #1.Connection attempt is scheduled for Wed Jan 25 13:49:30 CST 2017
01-25 13:49:30.878  7914  7914 D uemCore : #1.TimerLoop started
01-25 13:49:30.878  7914  7914 I uemCrashReporter: #1.Set package filter to com.usbank.mobilebanking
01-25 13:49:30.879  7914  7965 D uemCore : #3190.TaskTimer mForceUemUpdate=true mUemActive=true
01-25 13:49:30.879  7914  7965 D uemCore : #3190.TaskTimer mForceSendEvent=false thread ID=3185
01-25 13:49:30.879  7914  7946 D uemCore : #3185.EventSender active ... mForceSendEvent=false mForceUemUpdate=true
01-25 13:49:30.880  7914  7914 D uemCrashCatcher: #1.Registered UEM crash handler
01-25 13:49:30.890  7914  7964 D uemConnectionAttemptMonitor: #3189.Connection attempt is scheduled for Wed Jan 25 13:50:30 CST 2017
01-25 13:49:30.898   691   727 E KernelUidCpuTimeReader: Failed to read uid_cputime: /proc/uid_cputime/show_uid_stat: open failed: ENOENT (No such file or directory)
01-25 13:49:30.906  7914  7946 W System  : ClassLoader referenced unknown path: /system/framework/tcmclient.jar
01-25 13:49:30.908  7914  7946 D uemRequestExecutor: #3185.Send 82bytes ... https://dcis.usbank.com/TOOLS/dynatrace/dynaTraceMonitor?status=%7Bo%3Ac%7Cb%3A%7D
01-25 13:49:30.969  7833  7963 I UnifiedEmail: notifyAccountChanged
01-25 13:49:30.979  7833  7875 I UnifiedEmail: getAccountsCursor
01-25 13:49:30.986  7833  7963 I Gmail   : calculateUnknownSyncRationalesAndPurgeInBackground: queueing
01-25 13:49:30.996  7833  7963 I Gmail   : calculateUnknownSyncRationalesAndPurgeInBackground: queueing
01-25 13:49:31.034  7833  7963 I Gmail   : calculateUnknownSyncRationalesAndPurgeInBackground: running
01-25 13:49:31.038  7833  7963 I Gmail   : calculateUnknownSyncRationalesAndPurgeInBackground: running
01-25 13:49:31.062  7833  7876 I UnifiedEmail: getAccountsCursor
01-25 13:49:31.114  4250  4250 I TWILIGHT: [13:49:31.113, main]: Service start foreground
01-25 13:49:31.114  4250  4250 I TWILIGHT: [13:49:31.114, main]: Extra android.intent.extra.ALARM_COUNT
01-25 13:49:31.154  4250  4250 I TWILIGHT: [13:49:31.154, main]: Needs foreground -1
01-25 13:49:31.155  4250  4250 I TWILIGHT: [13:49:31.155, main]: VIEW: Finally Update current 100 1500
01-25 13:49:31.265  7914  7914 I FORESEE_SDK_COMMON: Setting skipPoolingCheck = false
01-25 13:49:31.265  7914  7914 I FORESEE_SDK_COMMON: Setting debugLogEnabled = false
01-25 13:49:31.519  4250  4250 I TWILIGHT: [13:49:31.519, main]: Accessibility CHANGED com.android.vending android.widget.TextView
01-25 13:49:31.529  7914  7914 W nalizableReferenceQueue: Could not load Finalizer in its own class loader. Loading Finalizer in the current class loader instead. As a result, you will not be able to garbage col
lect this class loader. To support reclaiming this class loader, either resolve the underlying issue, or move Google Collections to your system class path.
01-25 13:49:31.529  7914  7914 W nalizableReferenceQueue: java.io.FileNotFoundException: com/google/inject/internal/util/$Finalizer.class
01-25 13:49:31.529  7914  7914 W nalizableReferenceQueue:       at com.google.inject.internal.util.$FinalizableReferenceQueue$DecoupledLoader.getBaseUrl(FinalizableReferenceQueue.java:269)
01-25 13:49:31.529  7914  7914 W nalizableReferenceQueue:       at com.google.inject.internal.util.$FinalizableReferenceQueue$DecoupledLoader.loadFinalizer(FinalizableReferenceQueue.java:253)
01-25 13:49:31.529  7914  7914 W nalizableReferenceQueue:       at com.google.inject.internal.util.$FinalizableReferenceQueue.loadFinalizer(FinalizableReferenceQueue.java:175)
01-25 13:49:31.529  7914  7914 W nalizableReferenceQueue:       at com.google.inject.internal.util.$FinalizableReferenceQueue.<clinit>(FinalizableReferenceQueue.java:100)
01-25 13:49:31.529  7914  7914 W nalizableReferenceQueue:       at com.google.inject.internal.util.$MapMaker$QueueHolder.<clinit>(MapMaker.java:787)
01-25 13:49:31.529  7914  7914 W nalizableReferenceQueue:       at com.google.inject.internal.util.$MapMaker$WeakEntry.<init>(MapMaker.java:946)
01-25 13:49:31.529  7914  7914 W nalizableReferenceQueue:       at com.google.inject.internal.util.$MapMaker$Strength$1.newEntry(MapMaker.java:312)
01-25 13:49:31.529  7914  7914 W nalizableReferenceQueue:       at com.google.inject.internal.util.$MapMaker$StrategyImpl.newEntry(MapMaker.java:498)
01-25 13:49:31.529  7914  7914 W nalizableReferenceQueue:       at com.google.inject.internal.util.$MapMaker$StrategyImpl.newEntry(MapMaker.java:419)
01-25 13:49:31.529  7914  7914 W nalizableReferenceQueue:       at com.google.inject.internal.util.$CustomConcurrentHashMap$ComputingImpl.get(CustomConcurrentHashMap.java:2029)
01-25 13:49:31.529  7914  7914 W nalizableReferenceQueue:       at com.google.inject.internal.Annotations$AnnotationChecker.hasAnnotations(Annotations.java:116)
01-25 13:49:31.529  7914  7914 W nalizableReferenceQueue:       at com.google.inject.internal.Annotations.isBindingAnnotation(Annotations.java:180)
01-25 13:49:31.529  7914  7914 W nalizableReferenceQueue:       at com.google.inject.Key.ensureIsBindingAnnotation(Key.java:366)
01-25 13:49:31.529  7914  7914 W nalizableReferenceQueue:       at com.google.inject.Key.strategyFor(Key.java:338)
01-25 13:49:31.529  7914  7914 W nalizableReferenceQueue:       at com.google.inject.Key.get(Key.java:272)
01-25 13:49:31.529  7914  7914 W nalizableReferenceQueue:       at com.google.inject.internal.AbstractBindingBuilder.annotatedWithInternal(AbstractBindingBuilder.java:82)
01-25 13:49:31.529  7914  7914 W nalizableReferenceQueue:       at com.google.inject.internal.ConstantBindingBuilderImpl.annotatedWith(ConstantBindingBuilderImpl.java:49)
01-25 13:49:31.529  7914  7914 W nalizableReferenceQueue:       at roboguice.config.DefaultRoboModule.configure(DefaultRoboModule.java:117)
01-25 13:49:31.529  7914  7914 W nalizableReferenceQueue:       at com.google.inject.AbstractModule.configure(AbstractModule.java:59)
01-25 13:49:31.529  7914  7914 W nalizableReferenceQueue:       at com.google.inject.spi.Elements$RecordingBinder.install(Elements.java:223)
01-25 13:49:31.529  7914  7914 W nalizableReferenceQueue:       at com.google.inject.spi.Elements.getElements(Elements.java:101)
01-25 13:49:31.529  7914  7914 W nalizableReferenceQueue:       at com.google.inject.spi.Elements.getElements(Elements.java:78)
01-25 13:49:31.529  7914  7914 W nalizableReferenceQueue:       at roboguice.RoboGuice.setBaseApplicationInjector(RoboGuice.java:83)
01-25 13:49:31.529  7914  7914 W nalizableReferenceQueue:       at roboguice.RoboGuice.setBaseApplicationInjector(RoboGuice.java:139)
01-25 13:49:31.529  7914  7914 W nalizableReferenceQueue:       at roboguice.RoboGuice.getBaseApplicationInjector(RoboGuice.java:59)
01-25 13:49:31.529  7914  7914 W nalizableReferenceQueue:       at roboguice.receiver.RoboBroadcastReceiver.onReceive(RoboBroadcastReceiver.java:24)
01-25 13:49:31.529  7914  7914 W nalizableReferenceQueue:       at android.app.ActivityThread.handleReceiver(ActivityThread.java:2759)
01-25 13:49:31.529  7914  7914 W nalizableReferenceQueue:       at android.app.ActivityThread.-wrap14(ActivityThread.java)
01-25 13:49:31.529  7914  7914 W nalizableReferenceQueue:       at android.app.ActivityThread$H.handleMessage(ActivityThread.java:1440)
01-25 13:49:31.529  7914  7914 W nalizableReferenceQueue:       at android.os.Handler.dispatchMessage(Handler.java:102)
01-25 13:49:31.529  7914  7914 W nalizableReferenceQueue:       at android.os.Looper.loop(Looper.java:148)
01-25 13:49:31.529  7914  7914 W nalizableReferenceQueue:       at android.app.ActivityThread.main(ActivityThread.java:5461)
01-25 13:49:31.529  7914  7914 W nalizableReferenceQueue:       at java.lang.reflect.Method.invoke(Native Method)
01-25 13:49:31.529  7914  7914 W nalizableReferenceQueue:       at com.android.internal.os.ZygoteInit$MethodAndArgsCaller.run(ZygoteInit.java:726)
01-25 13:49:31.529  7914  7914 W nalizableReferenceQueue:       at com.android.internal.os.ZygoteInit.main(ZygoteInit.java:616)
01-25 13:49:31.529  7914  7914 W nalizableReferenceQueue:       at de.robv.android.xposed.XposedBridge.main(XposedBridge.java:102)
01-25 13:49:31.873  7914  7914 D /Ln.java:218: main Configuring Logging, minimum log level is INFO
01-25 13:49:31.901  7914  7914 W FORESEE_DEBUG: Could not respond to network event due to class com.google.inject.ConfigurationException
01-25 13:49:31.916   691  1526 I ActivityManager: Start proc 7976:com.wunderground.android.storm/u0a101 for broadcast com.wunderground.android.storm/.widgets.NetworkReceiver
01-25 13:49:31.985   691  1250 I ActivityManager: Process com.wunderground.android.storm:data_service (pid 7599) has died
01-25 13:49:31.985   691  1250 D ActivityManager: cleanUpApplicationRecord -- 7599
01-25 13:49:32.114  7976  7976 I MultiDex: VM with version 2.1.0 has multidex support
01-25 13:49:32.114  7976  7976 I MultiDex: install
01-25 13:49:32.114  7976  7976 I MultiDex: VM has multidex support, MultiDex support library is disabled.
01-25 13:49:32.130  7976  7976 I GMPM    : App measurement is starting up, version: 8487
01-25 13:49:32.130  7976  7976 I GMPM    : To enable debug logging run: adb shell setprop log.tag.GMPM VERBOSE
01-25 13:49:32.141  7976  7976 E GMPM    : GoogleService failed to initialize, status: 10, Missing an expected resource: 'R.string.google_app_id' for initializing Google services.  Possible causes are missing go
ogle-services.json or com.google.gms.google-services gradle plugin.
01-25 13:49:32.141  7976  7976 E GMPM    : Scheduler not set. Not logging error/warn.
01-25 13:49:32.164  7976  7996 E GMPM    : Uploading is not possible. App measurement disabled
01-25 13:49:32.628  7914  7946 D AbsCommHandlerActions: #3185.Response code: 200 msg: OK body: dynaTrace.c4(1,1,120,1,1,1,"dynaTraceMonitor",2)
01-25 13:49:32.628  7914  7946 D uemCore : #3185.Result: dynaTrace.c4(1,1,120,1,1,1,"dynaTraceMonitor",2) Id: -1 Success: true
01-25 13:49:32.629  7914  7946 D uemAdkSettings: #3185.Setting dtMonitor: dynaTraceMonitor attempt: 0
01-25 13:49:32.629  7914  7946 D uemCore : #3185.Send event timeout set to: 12 ticks
01-25 13:49:32.629  7914  7946 D uemConnectionAttemptMonitor: #3185.Connection ok notification
01-25 13:49:32.630  7914  7946 D uemCore : #3185.UEM state update: uemStateUpdated: true UEM state: true mForceUemUpdate: false
01-25 13:49:32.630  7914  7946 D uemRequestExecutor: #3185.Send completed
01-25 13:49:32.867  7976  7976 D AppsFlyer_4.4.0: Build Number: 87
01-25 13:49:32.926  7976  7976 I GAv4    : Google Analytics 8.4.87 is starting up. To enable debug logging on a device run:
01-25 13:49:32.926  7976  7976 I GAv4    :   adb shell setprop log.tag.GAv4 DEBUG
01-25 13:49:32.926  7976  7976 I GAv4    :   adb logcat -s GAv4
01-25 13:49:32.987  7976  7976 W GAv4    : AnalyticsReceiver is not registered or is disabled. Register the receiver for reliable dispatching on non-Google Play devices. See http://goo.gl/8Rd3yj for instructions
.
01-25 13:49:32.991  7976  7976 W GAv4    : CampaignTrackingReceiver is not registered, not exported or is disabled. Installation campaign tracking is not possible. See http://goo.gl/8Rd3yj for instructions.
01-25 13:49:33.020  7976  8042 W GAv4    : AnalyticsService not registered in the app manifest. Hits might not be delivered reliably. See http://goo.gl/8Rd3yj for instructions.
01-25 13:49:33.228  7976  8034 W System  : ClassLoader referenced unknown path: /system/framework/tcmclient.jar
01-25 13:49:33.354  7976  7976 I FileUtils: Cache folder: /data/user/0/com.wunderground.android.storm/files/0805_tiles
01-25 13:49:33.370   691  1544 I ActivityManager: Start proc 8045:com.wunderground.android.storm:data_service/u0a101 for service com.wunderground.android.storm/com.wunderground.android.weather.maplibrary.datasou
rce.wu.data.service.WUDataSourceService
01-25 13:49:33.420   691  1121 I ActivityManager: Start proc 8057:com.wunderground.android.storm:overlay_data/u0a101 for service com.wunderground.android.storm/com.wunderground.android.weather.maplibrary.datapro
vider.OverlayDataService
01-25 13:49:33.590  8045  8045 I MultiDex: VM with version 2.1.0 has multidex support
01-25 13:49:33.590  8045  8045 I MultiDex: install
01-25 13:49:33.590  8045  8045 I MultiDex: VM has multidex support, MultiDex support library is disabled.
01-25 13:49:33.726  7976  7976 I FileUtils: Cache folder: /data/user/0/com.wunderground.android.storm/files/0805_tiles
01-25 13:49:33.735   691  1596 I ActivityManager: Process com.android.cellbroadcastreceiver (pid 7730) has died
01-25 13:49:33.735   691  1596 D ActivityManager: cleanUpApplicationRecord -- 7730
01-25 13:49:33.748  5885  5885 I Finsky  : [1] com.google.android.finsky.utils.cx.onTrimMemory(17): Memory trim requested to level 5
01-25 13:49:33.750  5079  5079 I MemoryTrimmer: Trimming objects from memory, since app is in the background.
01-25 13:49:33.782  8057  8057 I MultiDex: VM with version 2.1.0 has multidex support
01-25 13:49:33.782  8057  8057 I MultiDex: install
01-25 13:49:33.782  8057  8057 I MultiDex: VM has multidex support, MultiDex support library is disabled.
01-25 13:49:33.827   691  1830 I ActivityManager: Process com.cyanogenmod.updater (pid 7792) has died
01-25 13:49:33.827   691  1830 D ActivityManager: cleanUpApplicationRecord -- 7792
01-25 13:49:33.893  7976  8026 W System  : ClassLoader referenced unknown path: /system/framework/tcmclient.jar
01-25 13:49:33.995   691  2398 I ActivityManager: Start proc 8096:com.instagram.android/u0a127 for broadcast com.instagram.android/com.instagram.store.PendingActionReceiver
01-25 13:49:34.025   691   708 I ActivityManager: Process android.process.media (pid 7817) has died
01-25 13:49:34.025   691   708 D ActivityManager: cleanUpApplicationRecord -- 7817
01-25 13:49:34.108   691  1038 D WifiConfigStore: Retrieve network priorities after PNO.
01-25 13:49:34.113   691  1038 D WifiConfigStore: Retrieve network priorities after PNO.
01-25 13:49:34.206  8096  8096 I Xposed  : XInsta - XInsta Initialized
01-25 13:49:34.222  8096  8114 W System  : ClassLoader referenced unknown path: /system/framework/tcmclient.jar
01-25 13:49:34.226   691  1038 D WifiConfigStore: Retrieve network priorities after PNO.
01-25 13:49:34.230  8096  8096 I Xposed  : XInsta - Instagram Version Code: 47718694
01-25 13:49:34.233   691  1038 D WifiConfigStore: Retrieve network priorities after PNO.
01-25 13:49:34.238  8096  8096 I Xposed  : XInsta - Device Codename: LGLS740
01-25 13:49:34.246  8096  8096 I Xposed  : XInsta - Android Version: 6.0.1
01-25 13:49:34.255  8096  8096 I Xposed  : XInsta - XInsta Version 1.8.7
01-25 13:49:34.376  7976  8034 W System  : ClassLoader referenced unknown path: /system/framework/tcmclient.jar
01-25 13:49:35.568  8096  8096 I IgDiscardableRuntime: JNI_OnLoad
01-25 13:49:35.619  7833  7942 I GAV2    : Thread[GAThread,5,main]: No campaign data found.
01-25 13:49:35.730  8096  8106 W art     : Suspending all threads took: 8.010ms
01-25 13:49:35.808  8096  8096 W ColdStartPerformanceTracer: .                   TOTAL   THREAD
01-25 13:49:35.808  8096  8096 W ColdStartPerformanceTracer: ____0 00.000 Start    ...     ...   ColdStartPerformanceTracer
01-25 13:49:35.808  8096  8096 W ColdStartPerformanceTracer: __308 00.308 Comment  ...     ...   |  init_to_auth_helper_started
01-25 13:49:35.808  8096  8096 W ColdStartPerformanceTracer: __493 00.801 Comment  ...     ...   |  init_to_app_created
01-25 13:49:35.808  8096  8096 W ColdStartPerformanceTracer: -19469231 -19468.430 Done -19468430 ms _-246 ms ColdStartPerformanceTracer
01-25 13:49:35.976  1630  1630 E GCoreUlr: Nearby alert returned an error:tte{status=Status{statusCode=PLACE_PROXIMITY_UNKNOWN, resolution=null}, attributions=null}
01-25 13:49:36.109   691   727 E KernelUidCpuTimeReader: Failed to read uid_cputime: /proc/uid_cputime/show_uid_stat: open failed: ENOENT (No such file or directory)
01-25 13:49:36.146   691  1120 I ActivityManager: Start proc 8188:com.google.android.apps.maps/u0a81 for broadcast com.google.android.apps.maps/com.google.android.apps.gmm.ugc.ataplace.AtAPlaceService
01-25 13:49:36.259  7833  8185 I NotifUtils: sendSetNewEmailIndicator account: 1821656761, folder: 70791782
01-25 13:49:36.269  8188  8188 W System  : ClassLoader referenced unknown path: /system/app/Maps/lib/arm
01-25 13:49:36.350  7833  8185 I NotifUtils: sendSetNewEmailIndicator account: 1821656761, folder: 2573240
01-25 13:49:36.360  7833  8205 I NotifUtils: Validating Notification, mapSize: 1 getAttention: true ignoreUnobtrusive: false
01-25 13:49:36.395  7833  8205 I NotifUtils: validateNotifications - cancelling 308218362 for 1821656761 / -1103699138
01-25 13:49:36.399  7833  8205 I NotifUtils: Validating Notification, mapSize: 1 getAttention: true ignoreUnobtrusive: false
01-25 13:49:36.418  7833  8205 I NotifUtils: validateNotifications - cancelling 308218337 for 1821656761 / -1812635783
01-25 13:49:37.216   691  1039 D WifiService: New client listening to asynchronous messages
01-25 13:49:37.394   691  1830 I ActivityManager: Start proc 8235:com.google.android.gms.feedback/u0a28 for service com.google.android.gms/.feedback.FeedbackService
01-25 13:49:37.435   691  2397 I ActivityManager: Process com.usbank.mobilebanking (pid 7914) has died
01-25 13:49:37.435   691  2397 D ActivityManager: cleanUpApplicationRecord -- 7914
01-25 13:49:37.440  5079  5079 I MemoryTrimmer: Trimming objects from memory, since app is in the background.
01-25 13:49:37.449  5885  5885 I Finsky  : [1] com.google.android.finsky.utils.cx.onTrimMemory(17): Memory trim requested to level 5
01-25 13:49:37.465   691  1912 I ActivityManager: Process com.google.process.gapps (pid 7895) has died
01-25 13:49:37.465   691  1912 D ActivityManager: cleanUpApplicationRecord -- 7895
01-25 13:49:37.535   691  1544 I ActivityManager: Process com.cyanogenmod.lockclock (pid 7434) has died
01-25 13:49:37.535   691  1544 D ActivityManager: cleanUpApplicationRecord -- 7434
01-25 13:49:37.590   691  1001 I PowerManagerService: Waking up from sleep (uid 1000)...
01-25 13:49:37.607   691  1001 I QCOM PowerHAL: Got set_interactive hint
01-25 13:49:37.676   691   691 V KeyguardServiceDelegate: onStartedWakingUp()
01-25 13:49:37.676   691   743 E KernelUidCpuTimeReader: Failed to read uid_cputime: /proc/uid_cputime/show_uid_stat: open failed: ENOENT (No such file or directory)
01-25 13:49:37.703   691   743 I DisplayPowerController: Blocking screen on until initial contents have been drawn.
01-25 13:49:37.703   691   743 V KeyguardServiceDelegate: onScreenTurnedOn(showListener = com.android.server.policy.PhoneWindowManager$2@4aeaea5)
01-25 13:49:37.716   691   740 I DisplayManagerService: Display device changed state: "Built-in Screen", ON
01-25 13:49:37.750  8188  8199 W art     : Suspending all threads took: 62.992ms
01-25 13:49:37.770   231   231 D SurfaceFlinger: Set power mode=2, type=0 flinger=0xb74afe80
01-25 13:49:37.779   231   231 D qdhwcomposer: hwc_setPowerMode: Setting mode 2 on display: 0
01-25 13:49:37.848  8235  8235 W System  : ClassLoader referenced unknown path: /system/priv-app/PrebuiltGmsCore/lib/arm
01-25 13:49:37.864   691  1596 V KeyguardServiceDelegate: **** SHOWN CALLED ****
01-25 13:49:37.908   691  1121 D ConnectivityService: listenForNetwork for Listen from uid/pid:10081/8188 for NetworkRequest [ id=53, legacyType=-1, [ Capabilities: INTERNET&NOT_RESTRICTED&TRUSTED] ]
01-25 13:49:37.980   691   728 I bsthal  : <BST> set delay of <BOSCH Acceleration Sensor> to 66ms
01-25 13:49:37.980   691   743 I DisplayPowerController: Unblocked screen on after 278 ms
01-25 13:49:37.982   691   743 V KeyguardServiceDelegate: onScreenTurnedOn()
01-25 13:49:38.122   231   472 I qdhwcomposer: handle_blank_event: dpy:0 panel power state: 1
01-25 13:49:38.124   231   231 D qdhwcomposer: hwc_setPowerMode: Done setting mode 2 on display 0
01-25 13:49:38.126   691  1074 D SurfaceControl: Excessive delay in setPowerMode(): 411ms
01-25 13:49:38.236  4250  4250 I TWILIGHT: [13:49:38.236, main]: Accessibility CHANGED com.android.systemui android.widget.TextView
01-25 13:49:38.255   691  1038 D WifiConfigStore: Retrieve network priorities after PNO.
01-25 13:49:38.264  8188  8188 W System  : ClassLoader referenced unknown path: /system/priv-app/PrebuiltGmsCore/lib/arm
01-25 13:49:38.265   691  1038 E native  : do suspend false
01-25 13:49:38.271   238   238 D audio_hw_primary: adev_set_parameters: enter: screen_state=on
01-25 13:49:38.274   238   238 E bt_a2dp_hw: adev_set_parameters: ERROR: set param called even when stream out is null
01-25 13:49:38.277   691  1038 D WifiConfigStore: No blacklist allowed without epno enabled
01-25 13:49:38.310  8235  8235 I LoadedApk: No resource references to update in package FFFFFFFFFFFFFFFFFFFFFF
01-25 13:49:38.343  4250  4250 I TWILIGHT: [13:49:38.343, main]: SCREEN_ON
01-25 13:49:38.369  4250  4250 I TWILIGHT: [13:49:38.369, main]: Needs foreground -1
01-25 13:49:38.370  4250  4250 I TWILIGHT: [13:49:38.369, main]: VIEW: Finally Update current 100 1500
01-25 13:49:38.432  4250  4250 I TWILIGHT: [13:49:38.432, main]: VIEW: Refreshing view
01-25 13:49:38.451  2325  2325 I DeviceScanner: [MDNS] Screen is ON
01-25 13:49:38.456  2325  2325 I DeviceScanner: [CastNearby] Screen is ON
01-25 13:49:38.500  8188  8188 W System  : ClassLoader referenced unknown path: /system/priv-app/PrebuiltGmsCore/lib/arm
01-25 13:49:38.502  8188  8188 W System  : ClassLoader referenced unknown path: /system/priv-app/PrebuiltGmsCore/lib/arm
01-25 13:49:38.517  8188  8188 W linker  : /data/data/com.google.android.gms/app_extracted_libs/armeabi-v7a/libgmscore.so: unused DT entry: type 0x7ffffffd arg 0x795
01-25 13:49:38.563  8235  8235 W System  : ClassLoader referenced unknown path: /system/priv-app/PrebuiltGmsCore/lib/arm
01-25 13:49:38.564  8188  8188 W System  : ClassLoader referenced unknown path: /system/priv-app/PrebuiltGmsCore/lib/arm
01-25 13:49:38.566  8188  8188 W System  : ClassLoader referenced unknown path: /system/priv-app/PrebuiltGmsCore/lib/arm
01-25 13:49:38.578  8235  8235 W System  : ClassLoader referenced unknown path: /system/priv-app/PrebuiltGmsCore/lib/arm
01-25 13:49:38.586  8235  8235 W linker  : /data/data/com.google.android.gms/app_extracted_libs/armeabi-v7a/libgmscore.so: unused DT entry: type 0x7ffffffd arg 0x795
01-25 13:49:38.630  8235  8235 W System  : ClassLoader referenced unknown path: /system/priv-app/PrebuiltGmsCore/lib/arm
01-25 13:49:38.631  8235  8235 W System  : ClassLoader referenced unknown path: /system/priv-app/PrebuiltGmsCore/lib/arm
01-25 13:49:38.698  1630  6525 E ctxmgr  : [ProducerActiveIntervalImpl]addNewAppInterval: already contained:appKey=cdv@71c1b10a,appInterval=cdt@a18bed3,record=cjv{key=cjx{com.google.android.googlequicksearchbox,
 10038, account#-1822094281#, com.google.android.apps.gsa.staticplugins.proactive.GmsContextManagerClientHelper, 79fa2c54-8f47-4223-972f-63aca02c3f55}, t=1485373616791, name=1, lifetime=2, production=null, reten
tion=null, dispatch=1, consumer=cfn@7c4c436f-248408830}
01-25 13:49:38.713  8188  8188 W linker  : /system/priv-app/PrebuiltGmsCore/PrebuiltGmsCore.apk: unused DT entry: type 0x1d arg 0xe0
01-25 13:49:38.713  8188  8188 W linker  : /system/priv-app/PrebuiltGmsCore/PrebuiltGmsCore.apk: unused DT entry: type 0x7ffffffd arg 0x1cb
01-25 13:49:38.728  8188  8188 V JNIHelp : Registering com/google/android/gms/org/conscrypt/NativeCrypto's 242 native methods...
01-25 13:49:38.736  8235  8235 W linker  : /system/priv-app/PrebuiltGmsCore/PrebuiltGmsCore.apk: unused DT entry: type 0x1d arg 0xe0
01-25 13:49:38.736  8235  8235 W linker  : /system/priv-app/PrebuiltGmsCore/PrebuiltGmsCore.apk: unused DT entry: type 0x7ffffffd arg 0x1cb
01-25 13:49:38.748  8235  8235 V JNIHelp : Registering com/google/android/gms/org/conscrypt/NativeCrypto's 242 native methods...
01-25 13:49:38.756  8188  8188 I art     : Rejecting re-init on previously-failed class java.lang.Class<com.google.android.gms.org.conscrypt.OpenSSLExtendedSessionImpl>
01-25 13:49:38.757  8188  8188 I art     : Rejecting re-init on previously-failed class java.lang.Class<com.google.android.gms.org.conscrypt.OpenSSLExtendedSessionImpl>
01-25 13:49:38.760   691  1038 D WifiConfigStore: Retrieve network priorities after PNO.
01-25 13:49:38.787  8235  8235 I art     : Rejecting re-init on previously-failed class java.lang.Class<com.google.android.gms.org.conscrypt.OpenSSLExtendedSessionImpl>
01-25 13:49:38.787  8235  8235 I art     : Rejecting re-init on previously-failed class java.lang.Class<com.google.android.gms.org.conscrypt.OpenSSLExtendedSessionImpl>
01-25 13:49:38.837  8188  8188 I ProviderInstaller: Installed default security provider GmsCore_OpenSSL
01-25 13:49:38.840  8235  8235 I ProviderInstaller: Installed default security provider GmsCore_OpenSSL
01-25 13:49:38.853   691  2398 I bsthal  : <BST> set delay of <BOSCH Acceleration Sensor> to 20ms
01-25 13:49:38.875   691  1250 I ActivityManager: Process com.wunderground.android.storm (pid 7976) has died
01-25 13:49:38.875   691  1250 D ActivityManager: cleanUpApplicationRecord -- 7976
01-25 13:49:38.890  5885  5885 I Finsky  : [1] com.google.android.finsky.utils.cx.onTrimMemory(17): Memory trim requested to level 15
01-25 13:49:39.347   691  1250 I ActivityManager: Process com.wunderground.android.storm:overlay_data (pid 8057) has died
01-25 13:49:39.347   691  1250 D ActivityManager: cleanUpApplicationRecord -- 8057
01-25 13:49:39.359  5885  5885 I Finsky  : [1] com.google.android.finsky.utils.cx.onTrimMemory(17): Memory trim requested to level 10
01-25 13:49:39.696  1630  1640 I art     : Background sticky concurrent mark sweep GC freed 29948(2MB) AllocSpace objects, 20(400KB) LOS objects, 13% free, 18MB/20MB, paused 5.662ms total 112.457ms
01-25 13:49:39.787  8235  8252 I DynamiteModule: Considering local module com.google.android.gms.googlecertificates:2 and remote module com.google.android.gms.googlecertificates:2
01-25 13:49:39.787  8235  8252 I DynamiteModule: Selected remote version of com.google.android.gms.googlecertificates, version >= 2
01-25 13:49:39.859  8235  8252 W System  : ClassLoader referenced unknown path: /data/user/0/com.google.android.gms/app_chimera/m/00000005/n/armeabi
01-25 13:49:39.985  8188  8199 W art     : Suspending all threads took: 6.048ms
01-25 13:49:40.610   691  2397 D WifiService: releaseWifiLockLocked: WifiLock{NlpWifiLock type=2 binder=android.os.BinderProxy@b766a2b}
01-25 13:49:40.676  5079  5079 I MemoryTrimmer: Trimming objects from memory, since app is in the background.
01-25 13:49:40.695  5079  5079 I MemoryTrimmer: Trimming objects from memory, since app is in the background.
01-25 13:49:40.696  1630  6523 E ctxmgr  : [AppIntervalImpl]closeInterval: ongoing
01-25 13:49:40.699  1630  6942 I GCoreUlr: Successfully inserted 2 locations
01-25 13:49:40.725  5079  5079 I MemoryTrimmer: Trimming objects from memory, since app is in the background.
01-25 13:49:40.776  1630  6942 W GCoreUlr: Received location statuses too frequently: [LocationAvailability[isLocationAvailable: false], elapsedRealtimeNs: 44665722000000], [LocationAvailability[isLocationAvaila
ble: true], elapsedRealtimeNs: 44680468000000]
01-25 13:49:40.790  1630  6942 W GCoreUlr: Received location statuses too frequently: [LocationAvailability[isLocationAvailable: false], elapsedRealtimeNs: 44665722000000], [LocationAvailability[isLocationAvaila
ble: true], elapsedRealtimeNs: 44680505000000]
01-25 13:49:41.005  4250  4250 I TWILIGHT: [13:49:41.005, main]: Accessibility CHANGED com.android.systemui android.widget.LinearLayout
01-25 13:49:41.012  1630  1640 I art     : Background partial concurrent mark sweep GC freed 51569(3MB) AllocSpace objects, 26(520KB) LOS objects, 19% free, 16MB/20MB, paused 2.397ms total 176.496ms
01-25 13:49:41.098   691  1001 I PowerManagerService: Going to sleep due to power button (uid 1000)...
01-25 13:49:41.247   691   727 E KernelUidCpuTimeReader: Failed to read uid_cputime: /proc/uid_cputime/show_uid_stat: open failed: ENOENT (No such file or directory)
01-25 13:49:41.359   691   701 I art     : Background sticky concurrent mark sweep GC freed 29833(3MB) AllocSpace objects, 3(76KB) LOS objects, 13% free, 21MB/24MB, paused 10.833ms total 120.677ms
01-25 13:49:41.453  2325  6178 I Icing   : Indexing 9B3194BC2B4F7C3F20EDC815795BCFF788056B2B from com.google.android.apps.maps
01-25 13:49:41.470  2325  6178 I Icing   : Not enough disk space for indexing trimmable
01-25 13:49:41.470  2325  6178 I Icing   : Cannot sync trimmable corpus: no trimmable
01-25 13:49:41.470  2325  6178 I Icing   : Indexing done 9B3194BC2B4F7C3F20EDC815795BCFF788056B2B
