01-25 13:42:07.049   691  2275 I ActivityManager: Killing 3513:com.google.android.apps.googlevoice/u0a132 (adj 5): depends on provider com.android.providers.contacts/.VoicemailContentProvider in dying proc andro
id.process.acore
01-25 13:42:07.168   691  1179 I ActivityManager: Start proc 3617:android.process.acore/u0a5 for content provider com.android.providers.contacts/.ContactsProvider2
01-25 13:42:07.168   691  1120 D ActivityManager: cleanUpApplicationRecord -- 3513
01-25 13:42:07.168   691  1120 W ActivityManager: Scheduling restart of crashed service com.google.android.apps.googlevoice/.VoicemailPrefetchService in 1000ms
01-25 13:42:07.168   691  1120 W ActivityManager: Scheduling restart of crashed service com.google.android.apps.googlevoice/.UpdateService in 90230ms
01-25 13:42:07.172  3589  3589 D ActivityThread: Loading provider com.google.android.gmail.provider;com.android.mail.notifier;com.google.android.gm.email.provider;com.google.android.gm.tasks.provider;com.google.
android.gm.email.notifier: com.android.email.provider.EmailProvider
01-25 13:42:07.727   691  2275 I ActivityManager: Start proc 3670:com.google.android.gm/u0a86 for service com.google.android.gm/com.android.exchange.service.EasService
01-25 13:42:07.794   691  2182 I ActivityManager: Exiting empty application process com.google.android.gm (null)
01-25 13:42:07.835   691  2182 D ActivityManager: cleanUpApplicationRecord -- 0
01-25 13:42:07.925   691  1544 I ActivityManager: Process android.process.acore (pid 3617) has died
01-25 13:42:07.925   691  1544 D ActivityManager: cleanUpApplicationRecord -- 3617
01-25 13:42:07.945   691  1830 I ActivityManager: Start proc 3689:com.google.android.gm/u0a86 for service com.google.android.gm/com.android.email.service.AttachmentService
01-25 13:42:08.333   691   727 I ActivityManager: Start proc 3711:com.google.android.apps.googlevoice/u0a132 for service com.google.android.apps.googlevoice/.VoicemailPrefetchService
01-25 13:42:08.476   691  2397 I ActivityManager: Process com.google.android.gm (pid 3589) has died
01-25 13:42:08.476   691  2397 D ActivityManager: cleanUpApplicationRecord -- 3589
01-25 13:42:08.516  3670  3670 D ActivityThread: Loading provider com.google.android.gmail.provider;com.android.mail.notifier;com.google.android.gm.email.provider;com.google.android.gm.tasks.provider;com.google.
android.gm.email.notifier: com.android.email.provider.EmailProvider
01-25 13:42:08.703   691   709 I ActivityManager: Process android.process.media (pid 3055) has died
01-25 13:42:08.703   691   709 D ActivityManager: cleanUpApplicationRecord -- 3055
01-25 13:42:08.707  3689  3689 D ActivityThread: Loading provider com.google.android.gmail.provider;com.android.mail.notifier;com.google.android.gm.email.provider;com.google.android.gm.tasks.provider;com.google.
android.gm.email.notifier: com.android.email.provider.EmailProvider
01-25 13:42:08.714   234  3460 W SocketClient: write error (Broken pipe)
01-25 13:42:08.969   691   709 I ActivityManager: Start proc 3751:android.process.acore/u0a5 for content provider com.android.providers.contacts/.VoicemailContentProvider
01-25 13:42:09.033   691  1526 I ActivityManager: Start proc 3766:com.google.android.gm/u0a86 for service com.google.android.gm/com.android.exchange.service.EasService
01-25 13:42:09.103   691  1596 W ActivityManager: Unable to start service Intent { cmp=com.google.android.gm.exchange/com.android.exchange.service.EasService } U=0: not found
01-25 13:42:09.110   691  2255 W ActivityManager: Can't find mystery application for StrictMode from pid=3670 uid=10086: android.os.BinderProxy@6074826
01-25 13:42:09.256   691   708 I ActivityManager: Process com.google.android.gm (pid 3670) has died
01-25 13:42:09.256   691   708 D ActivityManager: cleanUpApplicationRecord -- 3670
01-25 13:42:09.440  3766  3766 D ActivityThread: Loading provider com.google.android.gmail.provider;com.android.mail.notifier;com.google.android.gm.email.provider;com.google.android.gm.tasks.provider;com.google.
android.gm.email.notifier: com.android.email.provider.EmailProvider
01-25 13:42:09.568   691  2397 I ActivityManager: Process com.instagram.android:mqtt (pid 3566) has died
01-25 13:42:09.568   691  2397 D ActivityManager: cleanUpApplicationRecord -- 3566
01-25 13:42:09.569   691  2397 W ActivityManager: Scheduling restart of crashed service com.instagram.android/com.facebook.rti.push.service.FbnsService in 1000ms
01-25 13:42:09.699   691  2398 I ActivityManager: Start proc 3806:com.google.android.gm/u0a86 for service com.google.android.gm/com.android.email.service.AttachmentService
01-25 13:42:10.017   691  1830 I ActivityManager: Process com.google.android.gm (pid 3689) has died
01-25 13:42:10.017   691  1830 D ActivityManager: cleanUpApplicationRecord -- 3689
01-25 13:42:10.029   691  1544 D CountryDetector: The first listener is added
01-25 13:42:10.039   691  1179 I ActivityManager: Start proc 3828:com.google.android.gm/u0a86 for content provider com.google.android.gm/com.android.exchange.provider.ExchangeDirectoryProvider
01-25 13:42:10.285  3711  3824 I ActivityThread: Removing dead content provider:android.content.ContentProviderProxy@c519e74
01-25 13:42:10.285  3711  3824 I ActivityThread: Removing dead content provider:android.content.ContentProviderProxy@c519e74
01-25 13:42:10.285   691  1526 D CountryDetector: No listener is left
01-25 13:42:10.375   691  2275 I ActivityManager: Process android.process.acore (pid 3751) has died
01-25 13:42:10.375   691  2275 D ActivityManager: cleanUpApplicationRecord -- 3751
01-25 13:42:10.390   691  1250 I ActivityManager: Start proc 3848:android.process.acore/u0a5 for content provider com.android.providers.contacts/.ContactsProvider2
01-25 13:42:10.395  3806  3806 D ActivityThread: Loading provider com.google.android.gmail.provider;com.android.mail.notifier;com.google.android.gm.email.provider;com.google.android.gm.tasks.provider;com.google.
android.gm.email.notifier: com.android.email.provider.EmailProvider
01-25 13:42:10.457   691  1544 W ActivityManager: Unable to start service Intent { cmp=com.google.android.gm.exchange/com.android.exchange.service.EasService } U=0: not found
01-25 13:42:10.514   691  2398 W ActivityManager: Can't find mystery application for StrictMode from pid=3766 uid=10086: android.os.BinderProxy@b28b955
01-25 13:42:10.618   691   727 I ActivityManager: Start proc 3867:com.instagram.android:mqtt/u0a127 for service com.instagram.android/com.facebook.rti.push.service.FbnsService
01-25 13:42:10.695   691  2398 I ActivityManager: Process com.google.android.apps.googlevoice (pid 3711) has died
01-25 13:42:10.695   691  2398 D ActivityManager: cleanUpApplicationRecord -- 3711
01-25 13:42:10.696   691  2398 W ActivityManager: Scheduling restart of crashed service com.google.android.apps.googlevoice/.VoicemailPrefetchService in 1000ms
01-25 13:42:10.696   691  2398 W ActivityManager: Scheduling restart of crashed service com.google.android.apps.googlevoice/.UpdateService in 86702ms
01-25 13:42:10.705  3828  3828 D ActivityThread: Loading provider com.google.android.gmail.provider;com.android.mail.notifier;com.google.android.gm.email.provider;com.google.android.gm.tasks.provider;com.google.
android.gm.email.notifier: com.android.email.provider.EmailProvider
01-25 13:42:10.945   691  2275 I ActivityManager: Process com.google.android.gm (pid 3766) has died
01-25 13:42:10.945   691  2275 D ActivityManager: cleanUpApplicationRecord -- 3766
01-25 13:42:11.084   691  1526 I ActivityManager: Start proc 3908:com.google.android.gm/u0a86 for service com.google.android.gm/com.android.exchange.service.EasService
01-25 13:42:11.756   691  1830 I ActivityManager: Process com.google.android.gm (pid 3806) has died
01-25 13:42:11.756   691  1830 D ActivityManager: cleanUpApplicationRecord -- 3806
01-25 13:42:11.875   691   727 I ActivityManager: Start proc 3950:com.google.android.apps.googlevoice/u0a132 for service com.google.android.apps.googlevoice/.VoicemailPrefetchService
01-25 13:42:11.876  3908  3908 D ActivityThread: Loading provider com.google.android.gmail.provider;com.android.mail.notifier;com.google.android.gm.email.provider;com.google.android.gm.tasks.provider;com.google.
android.gm.email.notifier: com.android.email.provider.EmailProvider
01-25 13:42:11.952   691  1526 I ActivityManager: Start proc 3964:com.google.android.gm/u0a86 for content provider com.google.android.gm/com.android.exchange.provider.ExchangeDirectoryProvider
01-25 13:42:12.005   691  2397 I ActivityManager: Process android.process.acore (pid 3848) has died
01-25 13:42:12.005   691  2397 D ActivityManager: cleanUpApplicationRecord -- 3848
01-25 13:42:12.065   691   709 I ActivityManager: Process com.google.android.gm (pid 3828) has died
01-25 13:42:12.065   691   709 D ActivityManager: cleanUpApplicationRecord -- 3828
01-25 13:42:12.460   691   708 W ActivityManager: Unable to start service Intent { cmp=com.google.android.gm.exchange/com.android.exchange.service.EasService } U=0: not found
01-25 13:42:12.480   691  2398 I ActivityManager: Start proc 4007:com.google.android.gm/u0a86 for service com.google.android.gm/com.android.exchange.service.EasService
01-25 13:42:12.596   691  1596 W ActivityManager: Can't find mystery application for StrictMode from pid=3908 uid=10086: android.os.BinderProxy@2d37ab7
01-25 13:42:12.775   691  1596 I ActivityManager: Process com.google.android.gm (pid 3964) has died
01-25 13:42:12.776   691  1596 D ActivityManager: cleanUpApplicationRecord -- 3964
01-25 13:42:12.776   691  1526 W ActivityManager: Unable to launch app com.google.android.gm/10086 for provider com.google.android.gm.exchange.bundled.directory.provider: launching app became null
01-25 13:42:12.796   691  1121 I ActivityManager: Start proc 4028:android.process.acore/u0a5 for content provider com.android.providers.contacts/.VoicemailContentProvider
01-25 13:42:12.985   691  1830 I ActivityManager: Process com.google.android.apps.googlevoice (pid 3950) has died
01-25 13:42:12.985   691  1830 D ActivityManager: cleanUpApplicationRecord -- 3950
01-25 13:42:12.986   691  1830 W ActivityManager: Scheduling restart of crashed service com.google.android.apps.googlevoice/.VoicemailPrefetchService in 1000ms
01-25 13:42:12.986   691  1830 W ActivityManager: Scheduling restart of crashed service com.google.android.apps.googlevoice/.UpdateService in 84413ms
01-25 13:42:13.061  4007  4007 D ActivityThread: Loading provider com.google.android.gmail.provider;com.android.mail.notifier;com.google.android.gm.email.provider;com.google.android.gm.tasks.provider;com.google.
android.gm.email.notifier: com.android.email.provider.EmailProvider
01-25 13:42:13.213   691  2182 I ActivityManager: Process android.process.acore (pid 4028) has died
01-25 13:42:13.213   691  2182 D ActivityManager: cleanUpApplicationRecord -- 4028
01-25 13:42:13.214   691  1121 W ActivityManager: Unable to launch app com.android.providers.contacts/10005 for provider com.android.voicemail: launching app became null
01-25 13:42:13.230   691  1596 I ActivityManager: Start proc 4052:com.google.android.gm/u0a86 for service com.google.android.gm/com.android.email.service.AttachmentService
01-25 13:42:13.435   691  2275 I ActivityManager: Process com.google.android.gm (pid 3908) has died
01-25 13:42:13.435   691  2275 D ActivityManager: cleanUpApplicationRecord -- 3908
01-25 13:42:13.436   691  2275 W ActivityManager: Scheduling restart of crashed service com.google.android.gm/com.android.email.EmailIntentService in 93962ms
01-25 13:42:13.483   691  2255 I ActivityManager: 2869 is zombie state
01-25 13:42:13.483   691  2255 I ActivityManager: Existing provider com.google.android.gsf/.gservices.GservicesProvider is gone; waiting it to restart for ProcessRecord{b209284 4007:com.google.android.gm/u0a86}
01-25 13:42:13.575   691  1596 I ActivityManager: Process com.google.process.gapps (pid 2869) has died
01-25 13:42:13.575   691  1596 D ActivityManager: cleanUpApplicationRecord -- 2869
01-25 13:42:13.626   691  1596 I ActivityManager: Start proc 4084:com.google.process.gapps/u0a28 for restart com.google.process.gapps
01-25 13:42:13.676   691  1250 I ActivityManager: Process com.urbandroid.lux (pid 2743) has died
01-25 13:42:13.676   691  1250 D ActivityManager: cleanUpApplicationRecord -- 2743
01-25 13:42:13.690  4052  4052 D ActivityThread: Loading provider com.google.android.gmail.provider;com.android.mail.notifier;com.google.android.gm.email.provider;com.google.android.gm.tasks.provider;com.google.
android.gm.email.notifier: com.android.email.provider.EmailProvider
01-25 13:42:13.998   691   727 I ActivityManager: Start proc 4105:com.google.android.apps.googlevoice/u0a132 for service com.google.android.apps.googlevoice/.VoicemailPrefetchService
01-25 13:42:14.255   691  1544 I ActivityManager: Process com.instagram.android:mqtt (pid 3867) has died
01-25 13:42:14.255   691  1544 D ActivityManager: cleanUpApplicationRecord -- 3867
01-25 13:42:14.256   691  1544 W ActivityManager: Scheduling restart of crashed service com.instagram.android/com.facebook.rti.push.service.FbnsService in 1000ms
01-25 13:42:14.363   691  2182 W ActivityManager: Unable to start service Intent { cmp=com.google.android.gm.exchange/com.android.exchange.service.EasService } U=0: not found
01-25 13:42:14.369   691  1912 W ActivityManager: Can't find mystery application for StrictMode from pid=4007 uid=10086: android.os.BinderProxy@792034d
01-25 13:42:14.392   691  1250 I ActivityManager: Start proc 4141:com.google.android.gm/u0a86 for broadcast com.google.android.gm/.MailIntentReceiver
01-25 13:42:14.565   691  1179 I ActivityManager: Process com.acmeaom.android.myradar (pid 2776) has died
01-25 13:42:14.565   691  1179 D ActivityManager: cleanUpApplicationRecord -- 2776
01-25 13:42:14.567   691  1179 W ActivityManager: Scheduling restart of crashed service com.acmeaom.android.myradar/.app.modules.notifications.ForecastUpdateService in 82832ms
01-25 13:42:14.567   691  1179 W ActivityManager: Scheduling restart of crashed service com.acmeaom.android.myradar/.app.widget.WidgetUpdater in 92831ms
01-25 13:42:14.567   691  1179 W ActivityManager: Scheduling restart of crashed service com.acmeaom.android.myradar/.app.wear.WearUpdater in 92831ms
01-25 13:42:14.594   691  2275 I ActivityManager: Start proc 4160:android.process.acore/u0a5 for content provider com.android.providers.contacts/.VoicemailContentProvider
01-25 13:42:14.888  4141  4141 D ActivityThread: Loading provider com.google.android.gmail.provider;com.android.mail.notifier;com.google.android.gm.email.provider;com.google.android.gm.tasks.provider;com.google.
android.gm.email.notifier: com.android.email.provider.EmailProvider
01-25 13:42:15.135   691   708 I ActivityManager: Process com.google.android.gm (pid 4052) has died
01-25 13:42:15.136   691   708 D ActivityManager: cleanUpApplicationRecord -- 4052
01-25 13:42:15.221   691  1179 I ActivityManager: Start proc 4200:com.google.android.gm/u0a86 for service com.google.android.gm/com.android.email.service.AttachmentService
01-25 13:42:15.273   691   727 I ActivityManager: Start proc 4214:com.instagram.android:mqtt/u0a127 for service com.instagram.android/com.facebook.rti.push.service.FbnsService
01-25 13:42:15.615   691  1179 I ActivityManager: Process com.google.android.gm (pid 4007) has died
01-25 13:42:15.615   691  1179 D ActivityManager: cleanUpApplicationRecord -- 4007
01-25 13:42:15.625   691  1120 D CountryDetector: The first listener is added
01-25 13:42:15.632   691  1250 I ActivityManager: Start proc 4241:com.google.android.gm/u0a86 for content provider com.google.android.gm/com.android.exchange.provider.ExchangeDirectoryProvider
01-25 13:42:15.674  4105  4236 I ActivityThread: Removing dead content provider:android.content.ContentProviderProxy@78a6d86
01-25 13:42:15.674  4105  4236 I ActivityThread: Removing dead content provider:android.content.ContentProviderProxy@78a6d86
01-25 13:42:15.675   691   709 D CountryDetector: No listener is left
01-25 13:42:15.735   691  1179 I ActivityManager: Process android.process.acore (pid 4160) has died
01-25 13:42:15.735   691  1179 D ActivityManager: cleanUpApplicationRecord -- 4160
01-25 13:42:15.771   691  2275 I ActivityManager: Start proc 4255:android.process.acore/u0a5 for content provider com.android.providers.contacts/.ContactsProvider2
01-25 13:42:15.893  4200  4200 D ActivityThread: Loading provider com.google.android.gmail.provider;com.android.mail.notifier;com.google.android.gm.email.provider;com.google.android.gm.tasks.provider;com.google.
android.gm.email.notifier: com.android.email.provider.EmailProvider
01-25 13:42:15.947   691   709 I ActivityManager: Start proc 4287:com.instagram.android/u0a127 for broadcast com.instagram.android/com.instagram.push.fbns.FbnsInitBroadcastReceiver
01-25 13:42:16.145   691   709 I ActivityManager: Process com.google.android.gm (pid 4141) has died
01-25 13:42:16.145   691   709 D ActivityManager: cleanUpApplicationRecord -- 4141
01-25 13:42:16.405   691  2397 I ActivityManager: Process android.process.acore (pid 4255) has died
01-25 13:42:16.405   691  2397 D ActivityManager: cleanUpApplicationRecord -- 4255
01-25 13:42:16.423   691  2397 I ActivityManager: Start proc 4320:android.process.acore/u0a5 for restart android.process.acore
01-25 13:42:16.428  4241  4241 D ActivityThread: Loading provider com.google.android.gmail.provider;com.android.mail.notifier;com.google.android.gm.email.provider;com.google.android.gm.tasks.provider;com.google.
android.gm.email.notifier: com.android.email.provider.EmailProvider
01-25 13:42:16.730   691  1179 I ActivityManager: Process com.google.android.apps.googlevoice (pid 4105) has died
01-25 13:42:16.731   691  1179 D ActivityManager: cleanUpApplicationRecord -- 4105
01-25 13:42:16.731   691  1179 W ActivityManager: Scheduling restart of crashed service com.google.android.apps.googlevoice/.VoicemailPrefetchService in 90667ms
01-25 13:42:16.731   691  1179 W ActivityManager: Scheduling restart of crashed service com.google.android.apps.googlevoice/.UpdateService in 100667ms
01-25 13:42:16.771   691  1912 I WindowState: WIN DEATH: Window{78efb31 u0 InputMethod}
01-25 13:42:16.775   691  2255 I ActivityManager: Process android.process.acore (pid 4320) has died
01-25 13:42:16.776   691  2255 D ActivityManager: cleanUpApplicationRecord -- 4320
01-25 13:42:16.776   691  2275 W ActivityManager: Unable to launch app com.android.providers.contacts/10005 for provider com.android.contacts: launching app became null
01-25 13:42:16.826   691   691 W InputMethodManagerService: Session failed to close due to remote exception
01-25 13:42:16.826   691   691 W InputMethodManagerService: android.os.DeadObjectException
01-25 13:42:16.826   691   691 W InputMethodManagerService:     at android.os.BinderProxy.transactNative(Native Method)
01-25 13:42:16.826   691   691 W InputMethodManagerService:     at android.os.BinderProxy.transact(Binder.java:503)
01-25 13:42:16.826   691   691 W InputMethodManagerService:     at com.android.internal.view.IInputMethodSession$Stub$Proxy.finishSession(IInputMethodSession.java:305)
01-25 13:42:16.826   691   691 W InputMethodManagerService:     at com.android.server.InputMethodManagerService.finishSessionLocked(InputMethodManagerService.java:1649)
01-25 13:42:16.826   691   691 W InputMethodManagerService:     at com.android.server.InputMethodManagerService.clearClientSessionLocked(InputMethodManagerService.java:1640)
01-25 13:42:16.826   691   691 W InputMethodManagerService:     at com.android.server.InputMethodManagerService.clearCurMethodLocked(InputMethodManagerService.java:1666)
01-25 13:42:16.826   691   691 W InputMethodManagerService:     at com.android.server.InputMethodManagerService.onServiceDisconnected(InputMethodManagerService.java:1685)
01-25 13:42:16.826   691   691 W InputMethodManagerService:     at android.app.LoadedApk$ServiceDispatcher.doDeath(LoadedApk.java:1229)
01-25 13:42:16.826   691   691 W InputMethodManagerService:     at android.app.LoadedApk$ServiceDispatcher$RunConnection.run(LoadedApk.java:1243)
01-25 13:42:16.826   691   691 W InputMethodManagerService:     at android.os.Handler.handleCallback(Handler.java:739)
01-25 13:42:16.826   691   691 W InputMethodManagerService:     at android.os.Handler.dispatchMessage(Handler.java:95)
01-25 13:42:16.826   691   691 W InputMethodManagerService:     at android.os.Looper.loop(Looper.java:148)
01-25 13:42:16.826   691   691 W InputMethodManagerService:     at com.android.server.SystemServer.run(SystemServer.java:304)
01-25 13:42:16.826   691   691 W InputMethodManagerService:     at com.android.server.SystemServer.main(SystemServer.java:176)
01-25 13:42:16.826   691   691 W InputMethodManagerService:     at java.lang.reflect.Method.invoke(Native Method)
01-25 13:42:16.826   691   691 W InputMethodManagerService:     at com.android.internal.os.ZygoteInit$MethodAndArgsCaller.run(ZygoteInit.java:726)
01-25 13:42:16.826   691   691 W InputMethodManagerService:     at com.android.internal.os.ZygoteInit.main(ZygoteInit.java:616)
01-25 13:42:16.826   691   691 W InputMethodManagerService:     at de.robv.android.xposed.XposedBridge.main(XposedBridge.java:102)
01-25 13:42:16.867   691   691 W InputMethodManagerService: Session failed to close due to remote exception
01-25 13:42:16.867   691   691 W InputMethodManagerService: android.os.DeadObjectException
01-25 13:42:16.867   691   691 W InputMethodManagerService:     at android.os.BinderProxy.transactNative(Native Method)
01-25 13:42:16.867   691   691 W InputMethodManagerService:     at android.os.BinderProxy.transact(Binder.java:503)
01-25 13:42:16.867   691   691 W InputMethodManagerService:     at com.android.internal.view.IInputMethodSession$Stub$Proxy.finishSession(IInputMethodSession.java:305)
01-25 13:42:16.867   691   691 W InputMethodManagerService:     at com.android.server.InputMethodManagerService.finishSessionLocked(InputMethodManagerService.java:1649)
01-25 13:42:16.867   691   691 W InputMethodManagerService:     at com.android.server.InputMethodManagerService.clearClientSessionLocked(InputMethodManagerService.java:1640)
01-25 13:42:16.867   691   691 W InputMethodManagerService:     at com.android.server.InputMethodManagerService.clearCurMethodLocked(InputMethodManagerService.java:1666)
01-25 13:42:16.867   691   691 W InputMethodManagerService:     at com.android.server.InputMethodManagerService.onServiceDisconnected(InputMethodManagerService.java:1685)
01-25 13:42:16.867   691   691 W InputMethodManagerService:     at android.app.LoadedApk$ServiceDispatcher.doDeath(LoadedApk.java:1229)
01-25 13:42:16.867   691   691 W InputMethodManagerService:     at android.app.LoadedApk$ServiceDispatcher$RunConnection.run(LoadedApk.java:1243)
01-25 13:42:16.867   691   691 W InputMethodManagerService:     at android.os.Handler.handleCallback(Handler.java:739)
01-25 13:42:16.867   691   691 W InputMethodManagerService:     at android.os.Handler.dispatchMessage(Handler.java:95)
01-25 13:42:16.867   691   691 W InputMethodManagerService:     at android.os.Looper.loop(Looper.java:148)
01-25 13:42:16.867   691   691 W InputMethodManagerService:     at com.android.server.SystemServer.run(SystemServer.java:304)
01-25 13:42:16.867   691   691 W InputMethodManagerService:     at com.android.server.SystemServer.main(SystemServer.java:176)
01-25 13:42:16.867   691   691 W InputMethodManagerService:     at java.lang.reflect.Method.invoke(Native Method)
01-25 13:42:16.867   691   691 W InputMethodManagerService:     at com.android.internal.os.ZygoteInit$MethodAndArgsCaller.run(ZygoteInit.java:726)
01-25 13:42:16.867   691   691 W InputMethodManagerService:     at com.android.internal.os.ZygoteInit.main(ZygoteInit.java:616)
01-25 13:42:16.867   691   691 W InputMethodManagerService:     at de.robv.android.xposed.XposedBridge.main(XposedBridge.java:102)
01-25 13:42:16.868   691   691 W InputMethodManagerService: Session failed to close due to remote exception
01-25 13:42:16.868   691   691 W InputMethodManagerService: android.os.DeadObjectException
01-25 13:42:16.868   691   691 W InputMethodManagerService:     at android.os.BinderProxy.transactNative(Native Method)
01-25 13:42:16.868   691   691 W InputMethodManagerService:     at android.os.BinderProxy.transact(Binder.java:503)
01-25 13:42:16.868   691   691 W InputMethodManagerService:     at com.android.internal.view.IInputMethodSession$Stub$Proxy.finishSession(IInputMethodSession.java:305)
01-25 13:42:16.868   691   691 W InputMethodManagerService:     at com.android.server.InputMethodManagerService.finishSessionLocked(InputMethodManagerService.java:1649)
01-25 13:42:16.868   691   691 W InputMethodManagerService:     at com.android.server.InputMethodManagerService.clearClientSessionLocked(InputMethodManagerService.java:1640)
01-25 13:42:16.868   691   691 W InputMethodManagerService:     at com.android.server.InputMethodManagerService.clearCurMethodLocked(InputMethodManagerService.java:1666)
01-25 13:42:16.868   691   691 W InputMethodManagerService:     at com.android.server.InputMethodManagerService.onServiceDisconnected(InputMethodManagerService.java:1685)
01-25 13:42:16.868   691   691 W InputMethodManagerService:     at android.app.LoadedApk$ServiceDispatcher.doDeath(LoadedApk.java:1229)
01-25 13:42:16.868   691   691 W InputMethodManagerService:     at android.app.LoadedApk$ServiceDispatcher$RunConnection.run(LoadedApk.java:1243)
01-25 13:42:16.868   691   691 W InputMethodManagerService:     at android.os.Handler.handleCallback(Handler.java:739)
01-25 13:42:16.868   691   691 W InputMethodManagerService:     at android.os.Handler.dispatchMessage(Handler.java:95)
01-25 13:42:16.868   691   691 W InputMethodManagerService:     at android.os.Looper.loop(Looper.java:148)
01-25 13:42:16.868   691   691 W InputMethodManagerService:     at com.android.server.SystemServer.run(SystemServer.java:304)
01-25 13:42:16.868   691   691 W InputMethodManagerService:     at com.android.server.SystemServer.main(SystemServer.java:176)
01-25 13:42:16.868   691   691 W InputMethodManagerService:     at java.lang.reflect.Method.invoke(Native Method)
01-25 13:42:16.868   691   691 W InputMethodManagerService:     at com.android.internal.os.ZygoteInit$MethodAndArgsCaller.run(ZygoteInit.java:726)
01-25 13:42:16.868   691   691 W InputMethodManagerService:     at com.android.internal.os.ZygoteInit.main(ZygoteInit.java:616)
01-25 13:42:16.868   691   691 W InputMethodManagerService:     at de.robv.android.xposed.XposedBridge.main(XposedBridge.java:102)
01-25 13:42:16.869   691   691 W InputMethodManagerService: Session failed to close due to remote exception
01-25 13:42:16.869   691   691 W InputMethodManagerService: android.os.DeadObjectException
01-25 13:42:16.869   691   691 W InputMethodManagerService:     at android.os.BinderProxy.transactNative(Native Method)
01-25 13:42:16.869   691   691 W InputMethodManagerService:     at android.os.BinderProxy.transact(Binder.java:503)
01-25 13:42:16.869   691   691 W InputMethodManagerService:     at com.android.internal.view.IInputMethodSession$Stub$Proxy.finishSession(IInputMethodSession.java:305)
01-25 13:42:16.869   691   691 W InputMethodManagerService:     at com.android.server.InputMethodManagerService.finishSessionLocked(InputMethodManagerService.java:1649)
01-25 13:42:16.869   691   691 W InputMethodManagerService:     at com.android.server.InputMethodManagerService.clearClientSessionLocked(InputMethodManagerService.java:1640)
01-25 13:42:16.869   691   691 W InputMethodManagerService:     at com.android.server.InputMethodManagerService.clearCurMethodLocked(InputMethodManagerService.java:1666)
01-25 13:42:16.869   691   691 W InputMethodManagerService:     at com.android.server.InputMethodManagerService.onServiceDisconnected(InputMethodManagerService.java:1685)
01-25 13:42:16.869   691   691 W InputMethodManagerService:     at android.app.LoadedApk$ServiceDispatcher.doDeath(LoadedApk.java:1229)
01-25 13:42:16.869   691   691 W InputMethodManagerService:     at android.app.LoadedApk$ServiceDispatcher$RunConnection.run(LoadedApk.java:1243)
01-25 13:42:16.869   691   691 W InputMethodManagerService:     at android.os.Handler.handleCallback(Handler.java:739)
01-25 13:42:16.869   691   691 W InputMethodManagerService:     at android.os.Handler.dispatchMessage(Handler.java:95)
01-25 13:42:16.869   691   691 W InputMethodManagerService:     at android.os.Looper.loop(Looper.java:148)
01-25 13:42:16.869   691   691 W InputMethodManagerService:     at com.android.server.SystemServer.run(SystemServer.java:304)
01-25 13:42:16.869   691   691 W InputMethodManagerService:     at com.android.server.SystemServer.main(SystemServer.java:176)
01-25 13:42:16.869   691   691 W InputMethodManagerService:     at java.lang.reflect.Method.invoke(Native Method)
01-25 13:42:16.869   691   691 W InputMethodManagerService:     at com.android.internal.os.ZygoteInit$MethodAndArgsCaller.run(ZygoteInit.java:726)
01-25 13:42:16.869   691   691 W InputMethodManagerService:     at com.android.internal.os.ZygoteInit.main(ZygoteInit.java:616)
01-25 13:42:16.869   691   691 W InputMethodManagerService:     at de.robv.android.xposed.XposedBridge.main(XposedBridge.java:102)
01-25 13:42:16.875   691  2182 I ActivityManager: Process com.google.android.inputmethod.latin (pid 1529) has died
01-25 13:42:16.875   691  2182 D ActivityManager: cleanUpApplicationRecord -- 1529
01-25 13:42:16.876   691  2182 W ActivityManager: Scheduling restart of crashed service com.google.android.inputmethod.latin/com.android.inputmethod.latin.LatinIME in 110523ms
01-25 13:42:16.954   691  1830 W ActivityManager: Unable to start service Intent { cmp=com.google.android.gm.exchange/com.android.exchange.service.EasService } U=0: not found
01-25 13:42:16.973   691  1526 I ActivityManager: Start proc 4358:com.google.android.gm/u0a86 for service com.google.android.gm/com.android.exchange.service.EasService
01-25 13:42:17.011   691  1596 W ActivityManager: Can't find mystery application for StrictMode from pid=4200 uid=10086: android.os.BinderProxy@5a23988
01-25 13:42:17.285   691  1250 I ActivityManager: Process com.google.android.gm (pid 4200) has died
01-25 13:42:17.285   691  1250 D ActivityManager: cleanUpApplicationRecord -- 4200
01-25 13:42:17.469  4358  4358 D ActivityThread: Loading provider com.google.android.gmail.provider;com.android.mail.notifier;com.google.android.gm.email.provider;com.google.android.gm.tasks.provider;com.google.
android.gm.email.notifier: com.android.email.provider.EmailProvider
01-25 13:42:17.675   691  1120 I ActivityManager: Process com.google.android.gm (pid 4241) has died
01-25 13:42:17.676   691  1120 D ActivityManager: cleanUpApplicationRecord -- 4241
01-25 13:42:17.855   691   708 W ActivityManager: Unable to start service Intent { cmp=com.google.android.gm.exchange/com.android.exchange.service.EasService } U=0: not found
01-25 13:42:17.865   691  1596 W ActivityManager: Can't find mystery application for StrictMode from pid=4358 uid=10086: android.os.BinderProxy@a69b2e
01-25 13:42:18.235   691  1596 I ActivityManager: Process com.google.android.gm (pid 4358) has died
01-25 13:42:18.235   691  1596 D ActivityManager: cleanUpApplicationRecord -- 4358
01-25 13:42:18.921   691  1179 I ActivityManager: Start proc 4439:com.google.android.gm/u0a86 for broadcast com.google.android.gm/com.android.email.service.EmailBroadcastReceiver
01-25 13:42:19.238  4439  4439 D ActivityThread: Loading provider com.google.android.gmail.provider;com.android.mail.notifier;com.google.android.gm.email.provider;com.google.android.gm.tasks.provider;com.google.
android.gm.email.notifier: com.android.email.provider.EmailProvider
01-25 13:42:19.309   691  2398 I ActivityManager: Start proc 4470:com.urbandroid.lux/u0a114 for content provider com.urbandroid.lux/.util.MultiprocessPreferences
01-25 13:42:19.597   691  2255 W ActivityManager: Unable to start service Intent { cmp=com.google.android.gm.exchange/com.android.exchange.service.EasService } U=0: not found
01-25 13:42:19.878   691   708 W ActivityManager: Unable to start service Intent { cmp=com.google.android.gm.exchange/com.android.exchange.service.EasService } U=0: not found
01-25 13:42:20.422   691  2255 D WifiService: acquireWifiLockLocked: WifiLock{NlpWifiLock type=2 binder=android.os.BinderProxy@2e72e4f}
01-25 13:42:20.765   691  2398 I ActivityManager: Start proc 4545:android.process.acore/u0a5 for content provider com.android.providers.contacts/.ContactsProvider2
01-25 13:42:20.925   691   709 I ActivityManager: Process com.instagram.android (pid 4287) has died
01-25 13:42:20.925   691   709 D ActivityManager: cleanUpApplicationRecord -- 4287
01-25 13:42:21.458   691  2182 I ActivityManager: Process android.process.acore (pid 4545) has died
01-25 13:42:21.458   691  2182 D ActivityManager: cleanUpApplicationRecord -- 4545
01-25 13:42:21.459   691   727 I ActivityManager: Waited long enough for: ServiceRecord{572042c u0 com.instagram.android/com.facebook.rti.push.service.FbnsService}
01-25 13:42:21.460   691   727 I ActivityManager: Waited long enough for: ServiceRecord{572042c u0 com.instagram.android/com.facebook.rti.push.service.FbnsService}
01-25 13:42:22.113   691  2275 I ActivityManager: Start proc 4581:com.google.android.gm/u0a86 for service com.google.android.gm/.GmailIntentService
01-25 13:42:22.470  4581  4581 D ActivityThread: Loading provider com.google.android.gmail.provider;com.android.mail.notifier;com.google.android.gm.email.provider;com.google.android.gm.tasks.provider;com.google.
android.gm.email.notifier: com.android.email.provider.EmailProvider
01-25 13:42:22.710   691  2397 I ActivityManager: Exiting empty application process com.google.android.gm (null)
01-25 13:42:22.711   691  2397 D ActivityManager: cleanUpApplicationRecord -- 0
01-25 13:42:22.739   691  1912 W ActivityManager: Unable to start service Intent { cmp=com.google.android.gm.exchange/com.android.exchange.service.EasService } U=0: not found
01-25 13:42:22.755   691  2182 I ActivityManager: Start proc 4608:com.google.android.gm/u0a86 for service com.google.android.gm/com.android.email.service.AttachmentService
01-25 13:42:22.787   691  1544 W ActivityManager: Can't find mystery application for StrictMode from pid=4581 uid=10086: android.os.BinderProxy@d93c627
01-25 13:42:23.122  4608  4608 D ActivityThread: Loading provider com.google.android.gmail.provider;com.android.mail.notifier;com.google.android.gm.email.provider;com.google.android.gm.tasks.provider;com.google.
android.gm.email.notifier: com.android.email.provider.EmailProvider
01-25 13:42:23.488   691  1250 I ActivityManager: Exiting empty application process android.process.acore (null)
01-25 13:42:23.488   691  1250 D ActivityManager: cleanUpApplicationRecord -- 0
01-25 13:42:23.493   691  2182 W ActivityManager: Unable to start service Intent { cmp=com.google.android.gm.exchange/com.android.exchange.service.EasService } U=0: not found
01-25 13:42:23.610   691  1526 W ActivityManager: Unable to start service Intent { cmp=com.google.android.gm.exchange/com.android.exchange.service.EasService } U=0: not found
01-25 13:42:23.757   691  1596 W ActivityManager: Unable to start service Intent { cmp=com.google.android.gm.exchange/com.android.exchange.service.EasService } U=0: not found
01-25 13:42:25.519   691   708 D WifiService: releaseWifiLockLocked: WifiLock{NlpWifiLock type=2 binder=android.os.BinderProxy@2e72e4f}
01-25 13:42:27.408   691   727 I ActivityManager: Start proc 4686:com.facebook.orca:videoplayer/u0a125 for service com.facebook.orca/com.facebook.video.vps.VideoPlayerService
01-25 13:42:34.850   691  1526 I ActivityManager: Exiting empty application process android.process.acore (null)
01-25 13:42:34.851   691  1526 D ActivityManager: cleanUpApplicationRecord -- 0
01-25 13:42:34.851   691  1526 I ActivityManager: Exiting empty application process android.process.acore (null)
01-25 13:42:34.851   691  1526 D ActivityManager: cleanUpApplicationRecord -- 0
01-25 13:42:37.410   691   727 I ActivityManager: Start proc 4794:com.tapatalk.androidforumscom/u0a135 for service com.tapatalk.androidforumscom/com.androidforums.channels.allchannels.AllChannelsService
01-25 13:42:39.133   691  1912 D WifiService: acquireWifiLockLocked: WifiLock{NlpWifiLock type=2 binder=android.os.BinderProxy@731e3d9}
01-25 13:42:45.625   691  1526 I ActivityManager: Process com.google.android.gm (pid 4439) has died
01-25 13:42:45.625   691  1526 D ActivityManager: cleanUpApplicationRecord -- 4439
01-25 13:42:47.846   691   727 W ActivityManager: Activity pause timeout for ActivityRecord{73c72bc u0 com.facebook.katana/com.facebook.browser.lite.BrowserLiteActivity t263 f}
01-25 13:42:51.055   691  1042 D NsdService: Discover services
01-25 13:42:51.056   691  1042 D NsdService: discoverServices: 5 _fb._tcp.
01-25 13:42:51.066   691  1042 D NsdService: Discover 4 5_fb._tcp.
01-25 13:42:51.430   691   709 I ActivityManager: Start proc 4993:com.google.android.inputmethod.latin/u0a120 for service com.google.android.inputmethod.latin/com.android.inputmethod.latin.LatinIME
01-25 13:42:51.430   691   709 V InputMethodManagerService: Adding window token: android.os.Binder@b935175
01-25 13:42:52.590   691  1040 D ConnectivityService: releasing NetworkRequest NetworkRequest [ id=47, legacyType=-1, [ Capabilities: INTERNET&NOT_RESTRICTED&TRUSTED&NOT_VPN] ]
01-25 13:42:53.525   691  2275 I ActivityManager: moveTaskToBack: TaskRecord{b649368 #263 A=com.facebook.katana U=0 sz=1}
01-25 13:42:53.703   691  2182 I ActivityManager: Start proc 5049:android.process.acore/u0a5 for content provider com.android.providers.userdictionary/.UserDictionaryProvider
01-25 13:42:54.242   691   708 I ActivityManager: Start proc 5079:com.google.android.googlequicksearchbox:search/u0a38 for service com.google.android.googlequicksearchbox/com.google.android.apps.gsa.nowoverlayse
rvice.DrawerOverlayService
01-25 13:42:54.388   691  1526 D WifiService: releaseWifiLockLocked: WifiLock{NlpWifiLock type=2 binder=android.os.BinderProxy@731e3d9}
01-25 13:42:54.612  2736  2736 W ViewRootImpl: Dropping event due to no window focus: KeyEvent { action=ACTION_DOWN, keyCode=KEYCODE_BACK, scanCode=158, metaState=0, flags=0x48, repeatCount=0, eventTime=19172435
, downTime=19172435, deviceId=6, source=0x101 }
01-25 13:42:54.657  2736  2736 W ViewRootImpl: Cancelling event due to no window focus: KeyEvent { action=ACTION_UP, keyCode=KEYCODE_BACK, scanCode=158, metaState=0, flags=0x68, repeatCount=0, eventTime=19172559
, downTime=19172435, deviceId=6, source=0x101 }
01-25 13:42:54.657  2736  2736 W ViewRootImpl: Cancelling event due to no window focus: KeyEvent { action=ACTION_UP, keyCode=KEYCODE_BACK, scanCode=158, metaState=0, flags=0x68, repeatCount=0, eventTime=19172559
, downTime=19172435, deviceId=6, source=0x101 }
01-25 13:42:54.657  2736  2736 W ViewRootImpl: Cancelling event due to no window focus: KeyEvent { action=ACTION_UP, keyCode=KEYCODE_BACK, scanCode=158, metaState=0, flags=0x68, repeatCount=0, eventTime=19172559
, downTime=19172435, deviceId=6, source=0x101 }
01-25 13:42:54.657  2736  2736 W ViewRootImpl: Cancelling event due to no window focus: KeyEvent { action=ACTION_UP, keyCode=KEYCODE_BACK, scanCode=158, metaState=0, flags=0x68, repeatCount=0, eventTime=19172559
, downTime=19172435, deviceId=6, source=0x101 }
01-25 13:42:54.657  2736  2736 W ViewRootImpl: Cancelling event due to no window focus: KeyEvent { action=ACTION_UP, keyCode=KEYCODE_BACK, scanCode=158, metaState=0, flags=0x68, repeatCount=0, eventTime=19172559
, downTime=19172435, deviceId=6, source=0x101 }
01-25 13:42:54.657  2736  2736 W ViewRootImpl: Cancelling event due to no window focus: KeyEvent { action=ACTION_UP, keyCode=KEYCODE_BACK, scanCode=158, metaState=0, flags=0x68, repeatCount=0, eventTime=19172559
, downTime=19172435, deviceId=6, source=0x101 }
01-25 13:42:54.658  2736  2736 W ViewRootImpl: Cancelling event due to no window focus: KeyEvent { action=ACTION_UP, keyCode=KEYCODE_BACK, scanCode=158, metaState=0, flags=0x68, repeatCount=0, eventTime=19172559
, downTime=19172435, deviceId=6, source=0x101 }
01-25 13:42:54.658  2736  2736 W ViewRootImpl: Cancelling event due to no window focus: KeyEvent { action=ACTION_UP, keyCode=KEYCODE_BACK, scanCode=158, metaState=0, flags=0x68, repeatCount=0, eventTime=19172559
, downTime=19172435, deviceId=6, source=0x101 }
01-25 13:42:54.658  2736  2736 W ViewRootImpl: Cancelling event due to no window focus: KeyEvent { action=ACTION_UP, keyCode=KEYCODE_BACK, scanCode=158, metaState=0, flags=0x68, repeatCount=0, eventTime=19172559
, downTime=19172435, deviceId=6, source=0x101 }
01-25 13:42:54.665  2736  2736 W ViewRootImpl: Dropping event due to no window focus: KeyEvent { action=ACTION_DOWN, keyCode=KEYCODE_BACK, scanCode=158, metaState=0, flags=0x48, repeatCount=0, eventTime=19172739
, downTime=19172739, deviceId=6, source=0x101 }
01-25 13:42:54.667  2736  2736 W ViewRootImpl: Cancelling event due to no window focus: KeyEvent { action=ACTION_UP, keyCode=KEYCODE_BACK, scanCode=158, metaState=0, flags=0x68, repeatCount=0, eventTime=19172837
, downTime=19172739, deviceId=6, source=0x101 }
01-25 13:42:54.667  2736  2736 W ViewRootImpl: Cancelling event due to no window focus: KeyEvent { action=ACTION_UP, keyCode=KEYCODE_BACK, scanCode=158, metaState=0, flags=0x68, repeatCount=0, eventTime=19172837
, downTime=19172739, deviceId=6, source=0x101 }
01-25 13:42:54.667  2736  2736 W ViewRootImpl: Cancelling event due to no window focus: KeyEvent { action=ACTION_UP, keyCode=KEYCODE_BACK, scanCode=158, metaState=0, flags=0x68, repeatCount=0, eventTime=19172837
, downTime=19172739, deviceId=6, source=0x101 }
01-25 13:42:54.667  2736  2736 W ViewRootImpl: Cancelling event due to no window focus: KeyEvent { action=ACTION_UP, keyCode=KEYCODE_BACK, scanCode=158, metaState=0, flags=0x68, repeatCount=0, eventTime=19172837
, downTime=19172739, deviceId=6, source=0x101 }
01-25 13:42:54.667  2736  2736 W ViewRootImpl: Cancelling event due to no window focus: KeyEvent { action=ACTION_UP, keyCode=KEYCODE_BACK, scanCode=158, metaState=0, flags=0x68, repeatCount=0, eventTime=19172837
, downTime=19172739, deviceId=6, source=0x101 }
01-25 13:42:54.667  2736  2736 W ViewRootImpl: Cancelling event due to no window focus: KeyEvent { action=ACTION_UP, keyCode=KEYCODE_BACK, scanCode=158, metaState=0, flags=0x68, repeatCount=0, eventTime=19172837
, downTime=19172739, deviceId=6, source=0x101 }
01-25 13:42:54.667  2736  2736 W ViewRootImpl: Cancelling event due to no window focus: KeyEvent { action=ACTION_UP, keyCode=KEYCODE_BACK, scanCode=158, metaState=0, flags=0x68, repeatCount=0, eventTime=19172837
, downTime=19172739, deviceId=6, source=0x101 }
01-25 13:42:54.667  2736  2736 W ViewRootImpl: Cancelling event due to no window focus: KeyEvent { action=ACTION_UP, keyCode=KEYCODE_BACK, scanCode=158, metaState=0, flags=0x68, repeatCount=0, eventTime=19172837
, downTime=19172739, deviceId=6, source=0x101 }
01-25 13:42:54.667  2736  2736 W ViewRootImpl: Cancelling event due to no window focus: KeyEvent { action=ACTION_UP, keyCode=KEYCODE_BACK, scanCode=158, metaState=0, flags=0x68, repeatCount=0, eventTime=19172837
, downTime=19172739, deviceId=6, source=0x101 }
01-25 13:42:54.668  2736  2736 W ViewRootImpl: Dropping event due to no window focus: KeyEvent { action=ACTION_DOWN, keyCode=KEYCODE_BACK, scanCode=158, metaState=0, flags=0x48, repeatCount=0, eventTime=19172938
, downTime=19172938, deviceId=6, source=0x101 }
01-25 13:42:54.669  2736  2736 W ViewRootImpl: Cancelling event due to no window focus: KeyEvent { action=ACTION_UP, keyCode=KEYCODE_BACK, scanCode=158, metaState=0, flags=0x68, repeatCount=0, eventTime=19173028
, downTime=19172938, deviceId=6, source=0x101 }
01-25 13:42:54.669  2736  2736 W ViewRootImpl: Cancelling event due to no window focus: KeyEvent { action=ACTION_UP, keyCode=KEYCODE_BACK, scanCode=158, metaState=0, flags=0x68, repeatCount=0, eventTime=19173028
, downTime=19172938, deviceId=6, source=0x101 }
01-25 13:42:54.669  2736  2736 W ViewRootImpl: Cancelling event due to no window focus: KeyEvent { action=ACTION_UP, keyCode=KEYCODE_BACK, scanCode=158, metaState=0, flags=0x68, repeatCount=0, eventTime=19173028
, downTime=19172938, deviceId=6, source=0x101 }
01-25 13:42:54.671  2736  2736 W ViewRootImpl: Cancelling event due to no window focus: KeyEvent { action=ACTION_UP, keyCode=KEYCODE_BACK, scanCode=158, metaState=0, flags=0x68, repeatCount=0, eventTime=19173028
, downTime=19172938, deviceId=6, source=0x101 }
01-25 13:42:54.671  2736  2736 W ViewRootImpl: Cancelling event due to no window focus: KeyEvent { action=ACTION_UP, keyCode=KEYCODE_BACK, scanCode=158, metaState=0, flags=0x68, repeatCount=0, eventTime=19173028
, downTime=19172938, deviceId=6, source=0x101 }
01-25 13:42:54.671  2736  2736 W ViewRootImpl: Cancelling event due to no window focus: KeyEvent { action=ACTION_UP, keyCode=KEYCODE_BACK, scanCode=158, metaState=0, flags=0x68, repeatCount=0, eventTime=19173028
, downTime=19172938, deviceId=6, source=0x101 }
01-25 13:42:54.671  2736  2736 W ViewRootImpl: Cancelling event due to no window focus: KeyEvent { action=ACTION_UP, keyCode=KEYCODE_BACK, scanCode=158, metaState=0, flags=0x68, repeatCount=0, eventTime=19173028
, downTime=19172938, deviceId=6, source=0x101 }
01-25 13:42:54.671  2736  2736 W ViewRootImpl: Cancelling event due to no window focus: KeyEvent { action=ACTION_UP, keyCode=KEYCODE_BACK, scanCode=158, metaState=0, flags=0x68, repeatCount=0, eventTime=19173028
, downTime=19172938, deviceId=6, source=0x101 }
01-25 13:42:54.671  2736  2736 W ViewRootImpl: Cancelling event due to no window focus: KeyEvent { action=ACTION_UP, keyCode=KEYCODE_BACK, scanCode=158, metaState=0, flags=0x68, repeatCount=0, eventTime=19173028
, downTime=19172938, deviceId=6, source=0x101 }
01-25 13:42:54.672  2736  2736 W ViewRootImpl: Dropping event due to no window focus: KeyEvent { action=ACTION_DOWN, keyCode=KEYCODE_BACK, scanCode=158, metaState=0, flags=0x48, repeatCount=0, eventTime=19175265
, downTime=19175265, deviceId=6, source=0x101 }
01-25 13:42:55.093   691  1526 I ActivityManager: Start proc 5108:com.google.android.gm/u0a86 for content provider com.google.android.gm/com.android.exchange.provider.ExchangeDirectoryProvider
01-25 13:42:55.842  5108  5108 D ActivityThread: Loading provider com.google.android.gmail.provider;com.android.mail.notifier;com.google.android.gm.email.provider;com.google.android.gm.tasks.provider;com.google.
android.gm.email.notifier: com.android.email.provider.EmailProvider
01-25 13:42:56.008   691  1042 D NsdService: Stop service discovery
01-25 13:42:56.012   691  1042 D NsdService: stopServiceDiscovery: 5
01-25 13:42:56.023   691  1039 D WifiService: New client listening to asynchronous messages
01-25 13:42:56.193   691   708 I ActivityManager: Start proc 5146:com.google.process.gapps/u0a49 for content provider com.google.android.syncadapters.contacts/.GalProvider
01-25 13:42:56.527   691   709 W ActivityManager: Unable to start service Intent { cmp=com.google.android.gm.exchange/com.android.exchange.service.EasService } U=0: not found
01-25 13:42:56.860  5079  5079 W ViewRootImpl: Cancelling event due to no window focus: KeyEvent { action=ACTION_UP, keyCode=KEYCODE_BACK, scanCode=158, metaState=0, flags=0x68, repeatCount=0, eventTime=19177222
, downTime=19177106, deviceId=6, source=0x101 }
01-25 13:42:56.860  5079  5079 W ViewRootImpl: Cancelling event due to no window focus: KeyEvent { action=ACTION_UP, keyCode=KEYCODE_BACK, scanCode=158, metaState=0, flags=0x68, repeatCount=0, eventTime=19177222
, downTime=19177106, deviceId=6, source=0x101 }
01-25 13:42:56.860  5079  5079 W ViewRootImpl: Cancelling event due to no window focus: KeyEvent { action=ACTION_UP, keyCode=KEYCODE_BACK, scanCode=158, metaState=0, flags=0x68, repeatCount=0, eventTime=19177222
, downTime=19177106, deviceId=6, source=0x101 }
01-25 13:42:56.860  5079  5079 W ViewRootImpl: Cancelling event due to no window focus: KeyEvent { action=ACTION_UP, keyCode=KEYCODE_BACK, scanCode=158, metaState=0, flags=0x68, repeatCount=0, eventTime=19177222
, downTime=19177106, deviceId=6, source=0x101 }
01-25 13:42:56.860  5079  5079 W ViewRootImpl: Cancelling event due to no window focus: KeyEvent { action=ACTION_UP, keyCode=KEYCODE_BACK, scanCode=158, metaState=0, flags=0x68, repeatCount=0, eventTime=19177222
, downTime=19177106, deviceId=6, source=0x101 }
01-25 13:42:56.860  5079  5079 W ViewRootImpl: Cancelling event due to no window focus: KeyEvent { action=ACTION_UP, keyCode=KEYCODE_BACK, scanCode=158, metaState=0, flags=0x68, repeatCount=0, eventTime=19177222
, downTime=19177106, deviceId=6, source=0x101 }
01-25 13:42:56.861  5079  5079 W ViewRootImpl: Cancelling event due to no window focus: KeyEvent { action=ACTION_UP, keyCode=KEYCODE_BACK, scanCode=158, metaState=0, flags=0x68, repeatCount=0, eventTime=19177222
, downTime=19177106, deviceId=6, source=0x101 }
01-25 13:42:56.861  5079  5079 W ViewRootImpl: Cancelling event due to no window focus: KeyEvent { action=ACTION_UP, keyCode=KEYCODE_BACK, scanCode=158, metaState=0, flags=0x68, repeatCount=0, eventTime=19177222
, downTime=19177106, deviceId=6, source=0x101 }
01-25 13:42:56.861  5079  5079 W ViewRootImpl: Cancelling event due to no window focus: KeyEvent { action=ACTION_UP, keyCode=KEYCODE_BACK, scanCode=158, metaState=0, flags=0x68, repeatCount=0, eventTime=19177222
, downTime=19177106, deviceId=6, source=0x101 }
01-25 13:42:57.165   691  1121 W InputMethodManagerService: Window already focused, ignoring focus gain of: com.android.internal.view.IInputMethodClient$Stub$Proxy@848e92 attribute=null, token = android.os.Binde
rProxy@f31fb35
