eric@eric-arch.laptop.dev [/home/eric]                                                                                                                                                             [2.74 2.32 2.14]
% adb logcat
--------- beginning of system
01-25 01:25:52.068  1744  1744 D MccTable: updateMccMncConfiguration updateConfig config={1.0 310mcc120mnc ?locale ?layoutDir ?swdp ?wdp ?hdp ?density ?lsize ?long ?orien ?uimode ?night ?touch ?keyb/?/? ?nav/? t
hemeResource=null}
01-25 01:25:52.101   691   740 I chatty  : uid=1000(system) android.display expire 10 lines
01-25 01:25:52.398   691  1912 I chatty  : uid=1000(system) Binder_B expire 17 lines
01-25 01:25:53.106  2244  2244 D ActivityThread: Loading provider com.google.android.gmail.provider;com.android.mail.notifier;com.google.android.gm.email.provider;com.google.android.gm.tasks.provider;com.google.
android.gm.email.notifier: com.android.email.provider.EmailProvider
01-25 01:25:53.528   691  2275 I chatty  : uid=1000(system) Binder_E expire 11 lines
01-25 01:25:53.985  1744  1744 D MccTable: updateMccMncConfiguration mccmnc='310120' fromServiceState=false
01-25 01:25:53.985  1744  1744 D MccTable: updateMccMncConfiguration defaultMccMnc=310120
01-25 01:25:53.985  1744  1744 D MccTable: updateMccMncConfiguration: mcc=310, mnc=120
01-25 01:25:53.985  1744  1744 D MccTable: updateMccMncConfiguration updateConfig config={1.0 310mcc120mnc ?locale ?layoutDir ?swdp ?wdp ?hdp ?density ?lsize ?long ?orien ?uimode ?night ?touch ?keyb/?/? ?nav/? t
hemeResource=null}
01-25 01:25:54.342   691  1830 I chatty  : uid=1000(system) Binder_A expire 15 lines
01-25 01:25:54.473  1744  1744 D MccTable: updateMccMncConfiguration mccmnc='310120' fromServiceState=false
01-25 01:25:54.477  1744  1744 D MccTable: updateMccMncConfiguration defaultMccMnc=310120
01-25 01:25:54.477  1744  1744 D MccTable: updateMccMncConfiguration: mcc=310, mnc=120
01-25 01:25:54.477  1744  1744 D MccTable: updateMccMncConfiguration updateConfig config={1.0 310mcc120mnc ?locale ?layoutDir ?swdp ?wdp ?hdp ?density ?lsize ?long ?orien ?uimode ?night ?touch ?keyb/?/? ?nav/? t
hemeResource=null}
01-25 01:25:54.529   691   691 I chatty  : uid=1000 system_server expire 15 lines
01-25 01:25:54.977   691  2398 I chatty  : uid=1000(system) Binder_10 expire 17 lines
01-25 01:25:54.977   182   193 D VoldCryptCmdListener: cryptfs getpw
01-25 01:25:54.978   182   193 I Ext4Crypt: ext4 crypto complete called on /data
01-25 01:25:54.981   182   193 I Ext4Crypt: No master key, so not ext4enc
01-25 01:25:54.981   182   193 I Ext4Crypt: ext4 crypto complete called on /data
01-25 01:25:54.981   182   193 I Ext4Crypt: No master key, so not ext4enc
01-25 01:25:54.995   182   193 D VoldCryptCmdListener: cryptfs clearpw
01-25 01:25:54.995   182   193 I Ext4Crypt: ext4 crypto complete called on /data
01-25 01:25:54.995   182   193 I Ext4Crypt: No master key, so not ext4enc
01-25 01:25:55.514   691   708 I chatty  : uid=1000(system) Binder_1 expire 11 lines
01-25 01:25:55.749   691  2255 I chatty  : uid=1000(system) Binder_D expire 14 lines
01-25 01:25:55.864   691  2397 I chatty  : uid=1000(system) Binder_F expire 11 lines
01-25 01:25:55.963   691  2182 I chatty  : uid=1000(system) Binder_C expire 16 lines
01-25 01:25:56.158  1744  1744 D MccTable: updateMccMncConfiguration mccmnc='310120' fromServiceState=false
01-25 01:25:56.160  1744  1744 D MccTable: updateMccMncConfiguration defaultMccMnc=310120
01-25 01:25:56.160  1744  1744 D MccTable: updateMccMncConfiguration: mcc=310, mnc=120
01-25 01:25:56.160  1744  1744 D MccTable: updateMccMncConfiguration updateConfig config={1.0 310mcc120mnc ?locale ?layoutDir ?swdp ?wdp ?hdp ?density ?lsize ?long ?orien ?uimode ?night ?touch ?keyb/?/? ?nav/? t
hemeResource=null}
01-25 01:25:56.747   691  1596 I chatty  : uid=1000(system) Binder_9 expire 11 lines
01-25 01:25:56.853   691  1544 I chatty  : uid=1000(system) Binder_8 expire 18 lines
01-25 01:25:57.565   691   755 I chatty  : uid=1000(system) PackageManager expire 41 lines
01-25 01:25:57.650  1744  1744 D MccTable: updateMccMncConfiguration mccmnc='310120' fromServiceState=false
01-25 01:25:57.651  1744  1744 D MccTable: updateMccMncConfiguration defaultMccMnc=310120
01-25 01:25:57.651  1744  1744 D MccTable: updateMccMncConfiguration: mcc=310, mnc=120
01-25 01:25:57.652  1744  1744 D MccTable: updateMccMncConfiguration updateConfig config={1.0 310mcc120mnc ?locale ?layoutDir ?swdp ?wdp ?hdp ?density ?lsize ?long ?orien ?uimode ?night ?touch ?keyb/?/? ?nav/? t
hemeResource=null}
01-25 01:25:59.320   691  1038 I chatty  : uid=1000(system) WifiStateMachin expire 6 lines
01-25 01:26:00.866   691   739 I chatty  : uid=1000(system) android.io expire 1 line
01-25 01:26:03.233   691  2903 I chatty  : uid=1000(system) AsyncTask #4 expire 1 line
01-25 01:26:03.261   691  2905 I chatty  : uid=1000 system_server expire 4 lines
01-25 01:26:10.921  2325  3406 I chatty  : uid=10028(com.google.android.gms) expire 1 line
01-25 01:26:16.159   691  1120 I chatty  : uid=1000(system) Binder_3 expire 10 lines
01-25 01:26:17.232   691   709 I chatty  : uid=1000(system) Binder_2 expire 11 lines
01-25 01:26:20.866  3853  3853 D ActivityThread: Loading provider com.google.android.gmail.provider;com.android.mail.notifier;com.google.android.gm.email.provider;com.google.android.gm.tasks.provider;com.google.
android.gm.email.notifier: com.android.email.provider.EmailProvider
01-25 01:26:20.932   691  1250 I chatty  : uid=1000(system) Binder_6 expire 12 lines
01-25 01:26:33.535  4506  4506 E ActivityThread: Failed to find provider info for com.dropbox.carousel.CuOwnerCheckProvider
01-25 01:26:38.908  4808  4808 D ActivityThread: Loading provider com.google.android.gmail.provider;com.android.mail.notifier;com.google.android.gm.email.provider;com.google.android.gm.tasks.provider;com.google.
android.gm.email.notifier: com.android.email.provider.EmailProvider
01-25 01:26:39.677   691  1544 I chatty  : uid=1000(system) Binder_8 expire 14 lines
01-25 01:26:39.890   691  1912 I chatty  : uid=1000(system) Binder_B expire 16 lines
01-25 01:26:41.787  2325  4915 I chatty  : uid=10028(com.google.android.gms) expire 2 lines
01-25 01:26:41.868   691  1120 I chatty  : uid=1000(system) Binder_3 expire 18 lines
01-25 01:26:41.892   691  2398 I chatty  : uid=1000(system) Binder_10 expire 11 lines
01-25 01:26:44.776   691  1040 I chatty  : uid=1000(system) ConnectivitySer expire 40 lines
01-25 01:26:45.179   691   727 I chatty  : uid=1000(system) ActivityManager expire 70 lines
01-25 01:26:45.315   691   755 I chatty  : uid=1000(system) PackageManager expire 245 lines
01-25 01:26:46.242   691  1121 I chatty  : uid=1000(system) Binder_4 expire 14 lines
01-25 01:26:46.245   691  2255 I chatty  : uid=1000(system) Binder_D expire 17 lines
01-25 01:26:46.251   691   708 I chatty  : uid=1000(system) Binder_1 expire 15 lines
01-25 01:26:48.405   691  2275 I chatty  : uid=1000(system) Binder_E expire 10 lines
01-25 01:26:49.458   691  2397 I chatty  : uid=1000(system) Binder_F expire 10 lines
01-25 01:26:52.700   691  1179 I chatty  : uid=1000(system) Binder_5 expire 10 lines
01-25 01:26:52.984   691  1526 I chatty  : uid=1000(system) Binder_7 expire 10 lines
01-25 01:26:53.443   691  1596 I chatty  : uid=1000(system) Binder_9 expire 16 lines
01-25 01:26:54.169   691  1039 I chatty  : uid=1000(system) WifiService expire 11 lines
01-25 01:26:59.726   691  2182 I chatty  : uid=1000(system) Binder_C expire 11 lines
01-25 01:27:04.027  5642  5642 I chatty  : uid=1000(system) org.cyanogenmod.providers.datausage expire 3 lines
01-25 01:27:09.345   691  1830 I chatty  : uid=1000(system) Binder_A expire 11 lines
01-25 01:31:30.357  6312  6325 I chatty  : uid=10028 com.google.android.gms.unstable expire 8 lines
01-25 01:33:29.009   691   709 I chatty  : uid=1000(system) Binder_2 expire 11 lines
01-25 01:37:33.593  1630  1630 I chatty  : uid=10028 com.google.android.gms.persistent expire 14 lines
01-25 01:49:22.216  6312  6381 I chatty  : uid=10028 com.google.android.gms.unstable expire 5 lines
01-25 01:51:05.947   691  1001 I chatty  : uid=1000(system) InputReader expire 10 lines
01-25 01:51:14.505   691   691 I chatty  : uid=1000 system_server expire 12 lines
01-25 01:51:15.043   691  1250 I chatty  : uid=1000(system) Binder_6 expire 10 lines
01-25 01:51:18.616  2325  2325 I chatty  : uid=10028(com.google.android.gms) expire 1 line
01-25 01:59:15.977  9420  9420 D ActivityThread: Loading provider com.google.android.gmail.provider;com.android.mail.notifier;com.google.android.gm.email.provider;com.google.android.gm.tasks.provider;com.google.
android.gm.email.notifier: com.android.email.provider.EmailProvider
01-25 01:59:29.515   691  1179 I chatty  : uid=1000(system) Binder_5 expire 10 lines
01-25 01:59:29.625   691  2398 I chatty  : uid=1000(system) Binder_10 expire 13 lines
01-25 01:59:29.656   691  2397 I chatty  : uid=1000(system) Binder_F expire 11 lines
01-25 01:59:30.282   691  1544 I chatty  : uid=1000(system) Binder_8 expire 11 lines
01-25 01:59:30.667   691   727 I chatty  : uid=1000(system) ActivityManager expire 10 lines
01-25 01:59:30.710   691  1040 I chatty  : uid=1000(system) ConnectivitySer expire 39 lines
01-25 01:59:31.654   691  1120 I chatty  : uid=1000(system) Binder_3 expire 13 lines
01-25 01:59:31.686   691  2275 I chatty  : uid=1000(system) Binder_E expire 10 lines
01-25 01:59:32.306   691  2255 I chatty  : uid=1000(system) Binder_D expire 14 lines
01-25 01:59:32.883  9694  9706 I chatty  : uid=10028 com.google.android.gms.unstable expire 5 lines
01-25 01:59:34.885   691  2182 I chatty  : uid=1000(system) Binder_C expire 24 lines
01-25 02:00:08.745   691  1912 I chatty  : uid=1000(system) Binder_B expire 15 lines
01-25 02:01:53.924   691   743 I chatty  : uid=1000(system) PowerManagerSer expire 29 lines
01-25 02:01:54.131   691   708 I chatty  : uid=1000(system) Binder_1 expire 14 lines
01-25 02:01:58.753   691  1121 I chatty  : uid=1000(system) Binder_4 expire 13 lines
01-25 02:03:09.633 10581 10624 W ActivityThread: ClassLoader.loadClass: The class loader returned by Thread.getContextClassLoader() may fail for processes that host multiple applications. You should explicitly s
pecify a context class loader. For example: Thread.setContextClassLoader(getClass().getClassLoader());
01-25 02:03:35.571   691  1250 I chatty  : uid=1000(system) Binder_6 expire 10 lines
01-25 02:03:37.011 10791 10791 W ViewRootImpl: Dropping event due to root view being removed: MotionEvent { action=ACTION_MOVE, actionButton=0, id[0]=0, x[0]=428.0, y[0]=403.0, toolType[0]=TOOL_TYPE_FINGER, butt
onState=0, metaState=0, flags=0x1, edgeFlags=0x0, pointerCount=1, historySize=2, eventTime=684342, downTime=684317, deviceId=6, source=0xd002 }
01-25 02:03:37.012 10791 10791 W ViewRootImpl: Dropping event due to root view being removed: MotionEvent { action=ACTION_UP, actionButton=0, id[0]=0, x[0]=428.0, y[0]=403.0, toolType[0]=TOOL_TYPE_FINGER, button
State=0, metaState=0, flags=0x1, edgeFlags=0x0, pointerCount=1, historySize=0, eventTime=684358, downTime=684317, deviceId=6, source=0xd002 }
01-25 02:03:48.598   691  1040 I chatty  : uid=1000(system) ConnectivitySer expire 71 lines
01-25 02:03:58.063   691  1526 I chatty  : uid=1000(system) Binder_7 expire 11 lines
01-25 02:04:25.838   691   709 I chatty  : uid=1000(system) Binder_2 expire 13 lines
01-25 02:05:00.308   691   727 I chatty  : uid=1000(system) ActivityManager expire 30 lines
01-25 02:05:00.835 11676 11676 D ActivityThread: Loading provider com.google.android.gmail.provider;com.android.mail.notifier;com.google.android.gm.email.provider;com.google.android.gm.tasks.provider;com.google.
android.gm.email.notifier: com.android.email.provider.EmailProvider
01-25 02:05:17.814   691  1596 I chatty  : uid=1000(system) Binder_9 expire 11 lines
01-25 02:05:57.124  1765  1765 W ViewRootImpl: Dropping event due to no window focus: KeyEvent { action=ACTION_DOWN, keyCode=KEYCODE_BACK, scanCode=158, metaState=0, flags=0x48, repeatCount=0, eventTime=824463,
downTime=824463, deviceId=6, source=0x101 }
01-25 02:23:19.503   691  1544 I chatty  : uid=1000(system) Binder_8 expire 13 lines
01-25 02:27:43.481   691  1830 I chatty  : uid=1000(system) Binder_A expire 11 lines
01-25 02:27:43.767  1630  1630 I chatty  : uid=10028 com.google.android.gms.persistent expire 26 lines
01-25 02:27:43.790 13134 13147 I chatty  : uid=10028 com.google.android.gms.unstable expire 33 lines
01-25 02:28:22.712   691  1033 I chatty  : uid=1000(system) NetworkPolicy expire 4 lines
01-25 02:29:15.778 13821 13821 D ActivityThread: Loading provider com.google.android.gmail.provider;com.android.mail.notifier;com.google.android.gm.email.provider;com.google.android.gm.tasks.provider;com.google.
android.gm.email.notifier: com.android.email.provider.EmailProvider
01-25 02:31:52.812   691   729 I chatty  : uid=1000(system) android.fg expire 26 lines
01-25 02:31:58.228   691   727 I chatty  : uid=1000(system) ActivityManager expire 27 lines
01-25 02:33:22.266   691  1121 I chatty  : uid=1000(system) Binder_4 expire 12 lines
01-25 02:33:23.236   691  1179 I chatty  : uid=1000(system) Binder_5 expire 13 lines
01-25 02:46:02.852   691  2397 I chatty  : uid=1000(system) Binder_F expire 11 lines
01-25 02:52:02.081   691  2182 I chatty  : uid=1000(system) Binder_C expire 11 lines
01-25 02:58:33.474   691  1596 I chatty  : uid=1000(system) Binder_9 expire 15 lines
01-25 02:58:39.787   691   986 I chatty  : uid=1000(system) AlarmManager expire 7 lines
01-25 03:02:26.413   691  2398 I chatty  : uid=1000(system) Binder_10 expire 35 lines
01-25 03:04:41.009   691  2255 I chatty  : uid=1000(system) Binder_D expire 12 lines
01-25 03:12:19.364  1630  1630 I chatty  : uid=10028 com.google.android.gms.persistent expire 40 lines
01-25 03:12:19.376 15184 15196 I chatty  : uid=10028 com.google.android.gms.unstable expire 40 lines
01-25 03:17:02.681   691 15382 I chatty  : uid=1000 system_server expire 1 line
01-25 03:17:03.071 15386 15420 D DownloadManager: Removed 0 stale downloads
01-25 03:17:03.088 15386 15420 D DownloadManager: Found 5 files in database
01-25 03:17:03.088 15386 15420 D DownloadManager: Found 5 files on disk
01-25 03:17:04.155   691  2275 I chatty  : uid=1000(system) Binder_E expire 13 lines
01-25 03:17:05.235   691 15430 I chatty  : uid=1000 system_server expire 1 line
01-25 03:17:07.804   691 15464 I chatty  : uid=1000 system_server expire 1 line
01-25 03:17:10.396   691 15465 I chatty  : uid=1000 system_server expire 1 line
01-25 03:17:12.956   691 15466 I chatty  : uid=1000 system_server expire 1 line
01-25 03:17:52.862   691   729 I chatty  : uid=1000(system) android.fg expire 19 lines
01-25 03:18:03.508   691   727 I chatty  : uid=1000(system) ActivityManager expire 26 lines
01-25 03:19:27.024   691   726 I chatty  : uid=1000(system) android.bg expire 24 lines
01-25 03:23:44.103   691  1120 I chatty  : uid=1000(system) Binder_3 expire 14 lines
01-25 03:27:42.562   691  1544 I chatty  : uid=1000(system) Binder_8 expire 13 lines
01-25 03:28:13.491   691  1912 I chatty  : uid=1000(system) Binder_B expire 10 lines
01-25 03:46:27.521   691  1040 I chatty  : uid=1000(system) ConnectivitySer expire 61 lines
01-25 03:59:15.850 17535 17535 D ActivityThread: Loading provider com.google.android.gmail.provider;com.android.mail.notifier;com.google.android.gm.email.provider;com.google.android.gm.tasks.provider;com.google.
android.gm.email.notifier: com.android.email.provider.EmailProvider
01-25 03:59:16.350   691  1250 I chatty  : uid=1000(system) Binder_6 expire 11 lines
01-25 03:59:28.778   691  1039 I chatty  : uid=1000(system) WifiService expire 18 lines
01-25 04:00:37.415   691  2182 I chatty  : uid=1000(system) Binder_C expire 43 lines
01-25 04:00:37.472   691   709 I chatty  : uid=1000(system) Binder_2 expire 44 lines
01-25 04:00:38.515   691   727 I chatty  : uid=1000(system) ActivityManager expire 18 lines
01-25 04:00:38.892   691  1830 I chatty  : uid=1000(system) Binder_A expire 50 lines
01-25 04:00:58.836   691   708 I chatty  : uid=1000(system) Binder_1 expire 58 lines
01-25 04:02:18.984   691   729 I chatty  : uid=1000(system) android.fg expire 10 lines
01-25 04:07:29.381   691   691 I chatty  : uid=1000 system_server expire 106 lines
01-25 04:07:29.627   691  1526 I chatty  : uid=1000(system) Binder_7 expire 49 lines
01-25 04:16:59.556   691  1040 I chatty  : uid=1000(system) ConnectivitySer expire 67 lines
01-25 04:17:03.532  1630  1630 I chatty  : uid=10028 com.google.android.gms.persistent expire 40 lines
01-25 04:17:03.571 18834 18847 I chatty  : uid=10028 com.google.android.gms.unstable expire 40 lines
01-25 04:29:15.663 20489 20489 D ActivityThread: Loading provider com.google.android.gmail.provider;com.android.mail.notifier;com.google.android.gm.email.provider;com.google.android.gm.tasks.provider;com.google.
android.gm.email.notifier: com.android.email.provider.EmailProvider
01-25 04:29:32.921   691  1912 I chatty  : uid=1000(system) Binder_B expire 31 lines
01-25 04:31:54.881   691  1120 I chatty  : uid=1000(system) Binder_3 expire 46 lines
01-25 04:31:59.099   691  2275 I chatty  : uid=1000(system) Binder_E expire 28 lines
01-25 04:32:02.272   691  1250 I chatty  : uid=1000(system) Binder_6 expire 29 lines
01-25 04:41:06.325   691   741 I chatty  : uid=1000(system) CpuTracker expire 29 lines
01-25 04:44:18.145   691  1179 I chatty  : uid=1000(system) Binder_5 expire 14 lines
01-25 04:44:18.762   691  1544 I chatty  : uid=1000(system) Binder_8 expire 34 lines
01-25 04:50:19.953   691  1596 I chatty  : uid=1000(system) Binder_9 expire 30 lines
01-25 04:57:01.358   691  1121 I chatty  : uid=1000(system) Binder_4 expire 36 lines
01-25 05:00:22.967   691  2255 I chatty  : uid=1000(system) Binder_D expire 33 lines
01-25 05:09:12.113   691   727 I chatty  : uid=1000(system) ActivityManager expire 59 lines
01-25 05:17:45.007  1630  1630 I chatty  : uid=10028 com.google.android.gms.persistent expire 160 lines
01-25 05:17:45.028 24431 24442 I chatty  : uid=10028 com.google.android.gms.unstable expire 40 lines
01-25 05:22:19.334   691  2397 I chatty  : uid=1000(system) Binder_F expire 16 lines
01-25 05:34:02.771   691  1062 I chatty  : uid=1000(system) backup expire 108 lines
01-25 05:34:10.772   691  1040 I chatty  : uid=1000(system) ConnectivitySer expire 102 lines
01-25 06:19:04.653 30069 30081 I chatty  : uid=10028 com.google.android.gms.unstable expire 40 lines
01-25 06:57:15.357   691  1500 I chatty  : uid=1000 system_server expire 5 lines
01-25 06:57:15.606   691  1536 I chatty  : uid=1000 system_server expire 4 lines
01-25 06:57:26.025   691  1648 I chatty  : uid=1000 system_server expire 3 lines
01-25 06:57:41.390   691  1708 I chatty  : uid=1000 system_server expire 3 lines
01-25 06:58:00.564   691  1837 I chatty  : uid=1000 system_server expire 5 lines
01-25 06:58:00.619   691  1841 I chatty  : uid=1000 system_server expire 4 lines
01-25 06:58:15.950   691  1979 I chatty  : uid=1000 system_server expire 3 lines
01-25 06:58:35.147   691  2077 I chatty  : uid=1000 system_server expire 5 lines
01-25 06:58:35.188   691  2078 I chatty  : uid=1000 system_server expire 4 lines
01-25 06:58:53.037   691  2170 I chatty  : uid=1000 system_server expire 3 lines
01-25 06:59:13.512   691  2265 I chatty  : uid=1000 system_server expire 3 lines
01-25 06:59:16.081   691  2282 I chatty  : uid=1000 system_server expire 3 lines
01-25 06:59:18.658   691  2284 I chatty  : uid=1000 system_server expire 3 lines
01-25 06:59:21.212   691  2285 I chatty  : uid=1000 system_server expire 3 lines
01-25 06:59:21.266   691  2288 I chatty  : uid=1000 system_server expire 4 lines
01-25 06:59:21.353   691  2302 I chatty  : uid=1000 system_server expire 1 line
01-25 06:59:25.392   691  2362 I chatty  : uid=1000 system_server expire 3 lines
01-25 06:59:27.958   691  2390 I chatty  : uid=1000 system_server expire 3 lines
01-25 06:59:31.465   691  2403 I chatty  : uid=1000 system_server expire 3 lines
01-25 06:59:46.918   691  2404 I chatty  : uid=1000 system_server expire 3 lines
01-25 06:59:59.604   691  2459 I chatty  : uid=1000 system_server expire 5 lines
01-25 06:59:59.651   691  2460 I chatty  : uid=1000 system_server expire 3 lines
01-25 07:00:12.434   691  2537 I chatty  : uid=1000 system_server expire 3 lines
01-25 07:00:26.952   691  2641 I chatty  : uid=1000 system_server expire 3 lines
01-25 07:00:29.494   691  2680 I chatty  : uid=1000 system_server expire 3 lines
01-25 07:00:32.071   691  2686 I chatty  : uid=1000 system_server expire 3 lines
01-25 07:00:32.213   691  2688 I chatty  : uid=1000 system_server expire 4 lines
01-25 07:00:32.313   691  2723 I chatty  : uid=1000 system_server expire 1 line
01-25 07:00:40.597   691  2744 I chatty  : uid=1000 system_server expire 5 lines
01-25 07:00:40.634   691  2745 I chatty  : uid=1000 system_server expire 3 lines
01-25 07:01:03.634   691  2747 I chatty  : uid=1000 system_server expire 3 lines
01-25 07:01:14.706   691  2773 I chatty  : uid=1000 system_server expire 3 lines
01-25 07:01:25.446   691  2895 I chatty  : uid=1000 system_server expire 5 lines
01-25 07:01:25.573   691  2896 I chatty  : uid=1000 system_server expire 3 lines
01-25 07:01:42.110   691  2934 I chatty  : uid=1000 system_server expire 3 lines
01-25 07:01:59.964   691  3005 I chatty  : uid=1000 system_server expire 3 lines
01-25 07:02:02.539   691  3029 I chatty  : uid=1000 system_server expire 3 lines
01-25 07:02:14.034   691  3062 I chatty  : uid=1000 system_server expire 3 lines
01-25 07:02:14.076   691  3065 I chatty  : uid=1000 system_server expire 5 lines
01-25 07:02:14.258   691  3087 I chatty  : uid=1000 system_server expire 1 line
01-25 07:02:25.558   691  3103 I chatty  : uid=1000 system_server expire 3 lines
01-25 07:02:44.757   691  3104 I chatty  : uid=1000 system_server expire 5 lines
01-25 07:02:44.829   691  3105 I chatty  : uid=1000 system_server expire 4 lines
01-25 07:02:50.922   691  3192 I chatty  : uid=1000 system_server expire 3 lines
01-25 07:02:51.054   691  3197 I chatty  : uid=1000 system_server expire 4 lines
01-25 07:02:51.142   691  3199 I chatty  : uid=1000 system_server expire 1 line
01-25 07:02:57.558   691  3207 I chatty  : uid=1000 system_server expire 3 lines
01-25 07:03:03.925   691  3281 I chatty  : uid=1000 system_server expire 5 lines
01-25 07:03:03.967   691  3284 I chatty  : uid=1000 system_server expire 4 lines
01-25 07:03:19.286   691  3321 I chatty  : uid=1000 system_server expire 3 lines
01-25 07:03:37.194   691  3382 I chatty  : uid=1000 system_server expire 3 lines
01-25 07:03:57.658   691  3427 I chatty  : uid=1000 system_server expire 3 lines
01-25 07:03:57.730   691  3430 I chatty  : uid=1000 system_server expire 4 lines
01-25 07:03:57.792   691  3435 I chatty  : uid=1000 system_server expire 1 line
01-25 07:04:07.872   691   740 I chatty  : uid=1000(system) android.display expire 11 lines
01-25 07:04:20.717   691  3588 I chatty  : uid=1000 system_server expire 5 lines
01-25 07:04:20.768   691  3589 I chatty  : uid=1000 system_server expire 4 lines
01-25 07:04:23.559   691  3622 I chatty  : uid=1000 system_server expire 3 lines
01-25 07:04:30.982   691  3623 I chatty  : uid=1000 system_server expire 3 lines
01-25 07:04:31.026   691  3626 I chatty  : uid=1000 system_server expire 5 lines
01-25 07:04:31.351   691  3658 I chatty  : uid=1000 system_server expire 1 line
01-25 07:04:36.114   691  3683 I chatty  : uid=1000 system_server expire 3 lines
01-25 07:04:59.138   691  3684 I chatty  : uid=1000 system_server expire 3 lines
01-25 07:05:14.496   691  3685 I chatty  : uid=1000 system_server expire 3 lines
01-25 07:05:24.739   691  3686 I chatty  : uid=1000 system_server expire 3 lines
01-25 07:05:40.119   691  3690 I chatty  : uid=1000 system_server expire 3 lines
01-25 07:06:00.655   691  3692 I chatty  : uid=1000 system_server expire 3 lines
01-25 07:06:03.243   691  3721 I chatty  : uid=1000 system_server expire 3 lines
01-25 07:06:18.531   691  3728 I chatty  : uid=1000 system_server expire 3 lines
01-25 07:06:41.552   691  3729 I chatty  : uid=1000 system_server expire 3 lines
01-25 07:06:56.916   691  3730 I chatty  : uid=1000 system_server expire 5 lines
01-25 07:06:56.991   691  3731 I chatty  : uid=1000 system_server expire 4 lines
01-25 07:07:00.355   691  3782 I chatty  : uid=1000 system_server expire 3 lines
01-25 07:07:00.413   691  3784 I chatty  : uid=1000 system_server expire 5 lines
01-25 07:07:00.599   691  3806 I chatty  : uid=1000 system_server expire 1 line
01-25 07:07:17.442   691  3818 I chatty  : uid=1000 system_server expire 3 lines
01-25 07:07:37.825   691  3893 I chatty  : uid=1000 system_server expire 3 lines
01-25 07:07:51.926   691  3950 I chatty  : uid=1000 system_server expire 5 lines
01-25 07:07:52.042   691  3951 I chatty  : uid=1000 system_server expire 4 lines
01-25 07:08:02.781   691  4035 I chatty  : uid=1000 system_server expire 5 lines
01-25 07:08:02.906   691  4036 I chatty  : uid=1000 system_server expire 3 lines
01-25 07:08:11.174   691  4085 I chatty  : uid=1000 system_server expire 3 lines
01-25 07:08:30.357   691  4091 I chatty  : uid=1000 system_server expire 5 lines
01-25 07:08:30.416   691  4097 I chatty  : uid=1000 system_server expire 3 lines
01-25 07:08:41.875   691  4126 I chatty  : uid=1000 system_server expire 3 lines
01-25 07:08:41.922   691  4129 I chatty  : uid=1000 system_server expire 4 lines
01-25 07:08:42.051   691  4142 I chatty  : uid=1000 system_server expire 1 line
01-25 07:08:57.224   691  4154 I chatty  : uid=1000 system_server expire 5 lines
01-25 07:08:57.277   691  4155 I chatty  : uid=1000 system_server expire 4 lines
01-25 07:09:12.849   691  4209 I chatty  : uid=1000 system_server expire 3 lines
01-25 07:09:12.892   691  4211 I chatty  : uid=1000 system_server expire 5 lines
01-25 07:09:13.678   691  4233 I chatty  : uid=1000 system_server expire 1 line
01-25 07:09:35.629   691  4235 I chatty  : uid=1000 system_server expire 3 lines
01-25 07:09:53.553   691  4236 I chatty  : uid=1000 system_server expire 3 lines
01-25 07:09:53.601   691  4238 I chatty  : uid=1000(system) AsyncTask #1 expire 5 lines
01-25 07:09:53.799   691  4269 I chatty  : uid=1000 system_server expire 1 line
01-25 07:10:08.898   691  4284 I chatty  : uid=1000 system_server expire 3 lines
01-25 07:10:25.620   691  4285 I chatty  : uid=1000 system_server expire 3 lines
01-25 07:10:25.664   691  4287 I chatty  : uid=1000 system_server expire 5 lines
01-25 07:10:25.845   691  4310 I chatty  : uid=1000 system_server expire 1 line
01-25 07:10:48.593   691  4324 I chatty  : uid=1000 system_server expire 3 lines
01-25 07:10:48.684   691  4326 I chatty  : uid=1000 system_server expire 5 lines
01-25 07:10:49.174   691  4352 I chatty  : uid=1000 system_server expire 1 line
01-25 07:11:04.014   691  4358 I chatty  : uid=1000 system_server expire 3 lines
01-25 07:11:04.110   691  4369 I chatty  : uid=1000 system_server expire 5 lines
01-25 07:11:04.414   691  4392 I chatty  : uid=1000 system_server expire 1 line
01-25 07:11:26.984   691  4411 I chatty  : uid=1000 system_server expire 3 lines
01-25 07:11:27.132   691  4416 I chatty  : uid=1000 system_server expire 5 lines
01-25 07:11:27.344   691  4434 I chatty  : uid=1000 system_server expire 1 line
01-25 07:11:46.215   691  4461 I chatty  : uid=1000 system_server expire 3 lines
01-25 07:12:04.097   691  4462 I chatty  : uid=1000 system_server expire 3 lines
01-25 07:12:04.153   691  4465 I chatty  : uid=1000 system_server expire 5 lines
01-25 07:12:04.497   691  4490 I chatty  : uid=1000 system_server expire 1 line
01-25 07:12:19.480   691  4526 I chatty  : uid=1000 system_server expire 3 lines
01-25 07:12:19.571   691  4530 I chatty  : uid=1000 system_server expire 5 lines
01-25 07:12:20.312   691  4557 I chatty  : uid=1000 system_server expire 1 line
01-25 07:12:47.628   691  4609 I chatty  : uid=1000 system_server expire 3 lines
01-25 07:12:47.675   691  4612 I chatty  : uid=1000 system_server expire 5 lines
01-25 07:12:47.915   691  4633 I chatty  : uid=1000 system_server expire 1 line
01-25 07:12:59.618   691  4649 I chatty  : uid=1000 system_server expire 3 lines
01-25 07:13:14.483   691  4661 I chatty  : uid=1000 system_server expire 3 lines
01-25 07:13:33.654   691  4662 I chatty  : uid=1000 system_server expire 3 lines
01-25 07:24:35.887 30069 30097 I chatty  : uid=10028 com.google.android.gms.unstable expire 80 lines
01-25 07:49:05.046   691  1044 I chatty  : uid=1000(system) ranker expire 4 lines
01-25 08:44:15.086 13086 13086 D ActivityThread: Loading provider com.google.android.gmail.provider;com.android.mail.notifier;com.google.android.gm.email.provider;com.google.android.gm.tasks.provider;com.google.
android.gm.email.notifier: com.android.email.provider.EmailProvider
01-25 08:44:15.591   691  1596 I chatty  : uid=1000(system) Binder_9 expire 12 lines
01-25 08:44:17.498   691   727 I chatty  : uid=1000(system) ActivityManager expire 25 lines
01-25 08:46:07.822   691  1179 I chatty  : uid=1000(system) Binder_5 expire 15 lines
01-25 08:49:11.359   691  1001 I chatty  : uid=1000(system) InputReader expire 10 lines
01-25 08:49:11.374   691   691 I chatty  : uid=1000 system_server expire 12 lines
01-25 08:49:11.397   691   743 I chatty  : uid=1000(system) PowerManagerSer expire 24 lines
01-25 08:49:11.407   691   740 I chatty  : uid=1000(system) android.display expire 15 lines
01-25 08:51:58.583   691  2397 I chatty  : uid=1000(system) Binder_F expire 13 lines
01-25 08:55:51.204  1744  1744 D MccTable: updateMccMncConfiguration mccmnc='31000' fromServiceState=true
01-25 08:55:51.205  1744  1744 D MccTable: updateMccMncConfiguration defaultMccMnc=310120
01-25 08:55:51.205  1744  1744 D MccTable: updateMccMncConfiguration: mcc=310, mnc=0
01-25 08:55:51.205  1744  1744 D MccTable: WIFI_COUNTRY_CODE set to us
01-25 08:55:56.241   691   727 I chatty  : uid=1000(system) ActivityManager expire 10 lines
01-25 08:55:59.130   691  1040 I chatty  : uid=1000(system) ConnectivitySer expire 20 lines
01-25 08:56:14.483   691  2182 I chatty  : uid=1000(system) Binder_C expire 13 lines
01-25 08:56:32.473  1744  1744 D MccTable: updateMccMncConfiguration mccmnc='310120' fromServiceState=true
01-25 08:56:32.473  1744  1744 D MccTable: updateMccMncConfiguration defaultMccMnc=310120
01-25 08:56:32.473  1744  1744 D MccTable: updateMccMncConfiguration: mcc=310, mnc=120
01-25 08:56:32.473  1744  1744 D MccTable: WIFI_COUNTRY_CODE set to us
01-25 08:58:35.700   691   727 I chatty  : uid=1000(system) ActivityManager expire 22 lines
01-25 08:58:54.207  1744  1744 D MccTable: updateMccMncConfiguration mccmnc='31000' fromServiceState=true
01-25 08:58:54.208  1744  1744 D MccTable: updateMccMncConfiguration defaultMccMnc=310120
01-25 08:58:54.208  1744  1744 D MccTable: updateMccMncConfiguration: mcc=310, mnc=0
01-25 08:58:54.208  1744  1744 D MccTable: WIFI_COUNTRY_CODE set to us
01-25 08:59:14.488 15105 15105 D ActivityThread: Loading provider com.google.android.gmail.provider;com.android.mail.notifier;com.google.android.gm.email.provider;com.google.android.gm.tasks.provider;com.google.
android.gm.email.notifier: com.android.email.provider.EmailProvider
01-25 09:00:20.194  1744  1744 D MccTable: updateMccMncConfiguration mccmnc='310120' fromServiceState=true
01-25 09:00:20.195  1744  1744 D MccTable: updateMccMncConfiguration defaultMccMnc=310120
01-25 09:00:20.195  1744  1744 D MccTable: updateMccMncConfiguration: mcc=310, mnc=120
01-25 09:00:20.195  1744  1744 D MccTable: WIFI_COUNTRY_CODE set to us
01-25 09:00:29.128   691   727 I chatty  : uid=1000(system) ActivityManager expire 16 lines
01-25 09:08:04.172  1744  1744 D MccTable: updateMccMncConfiguration mccmnc='31000' fromServiceState=true
01-25 09:08:04.173  1744  1744 D MccTable: updateMccMncConfiguration defaultMccMnc=310120
01-25 09:08:04.173  1744  1744 D MccTable: updateMccMncConfiguration: mcc=310, mnc=0
01-25 09:08:04.174  1744  1744 D MccTable: WIFI_COUNTRY_CODE set to us
01-25 09:08:12.411   691   727 I chatty  : uid=1000(system) ActivityManager expire 10 lines
01-25 09:08:49.454  1744  1744 D MccTable: updateMccMncConfiguration mccmnc='310120' fromServiceState=true
01-25 09:08:49.455  1744  1744 D MccTable: updateMccMncConfiguration defaultMccMnc=310120
01-25 09:08:49.455  1744  1744 D MccTable: updateMccMncConfiguration: mcc=310, mnc=120
01-25 09:08:49.455  1744  1744 D MccTable: WIFI_COUNTRY_CODE set to us
01-25 09:09:00.346   691  2275 I chatty  : uid=1000(system) Binder_E expire 17 lines
01-25 09:09:47.715 17119 17119 E ActivityThread: Failed to find provider info for com.dropbox.carousel.CuOwnerCheckProvider
01-25 09:10:21.838   691  1596 I chatty  : uid=1000(system) Binder_9 expire 21 lines
01-25 09:10:29.573 16899 16899 I chatty  : uid=10028 com.google.android.gms.ui expire 1 line
01-25 09:10:29.582  2325  7505 I chatty  : uid=10028(com.google.android.gms) Binder_5 expire 2 lines
01-25 09:10:39.795 17850 17850 D ActivityThread: Loading provider com.google.android.gmail.provider;com.android.mail.notifier;com.google.android.gm.email.provider;com.google.android.gm.tasks.provider;com.google.
android.gm.email.notifier: com.android.email.provider.EmailProvider
01-25 09:10:40.207   691  2255 I chatty  : uid=1000(system) Binder_D expire 11 lines
01-25 09:10:53.310  2325 18120 I chatty  : uid=10028(com.google.android.gms) expire 1 line
01-25 09:11:11.646   691  1120 I chatty  : uid=1000(system) Binder_3 expire 10 lines
01-25 09:11:11.650   691  1830 I chatty  : uid=1000(system) Binder_A expire 20 lines
01-25 09:11:11.738   691  1544 I chatty  : uid=1000(system) Binder_8 expire 25 lines
01-25 09:11:14.457   691   709 I chatty  : uid=1000(system) Binder_2 expire 11 lines
01-25 09:11:17.798   691   727 I chatty  : uid=1000(system) ActivityManager expire 13 lines
01-25 09:11:22.707   691  2398 I chatty  : uid=1000(system) Binder_10 expire 18 lines
01-25 09:11:24.300  2325 18839 I chatty  : uid=10028(com.google.android.gms) expire 1 line
01-25 09:11:33.738  1744  1744 D MccTable: updateMccMncConfiguration mccmnc='31000' fromServiceState=true
01-25 09:11:33.739  1744  1744 D MccTable: updateMccMncConfiguration defaultMccMnc=310120
01-25 09:11:33.739  1744  1744 D MccTable: updateMccMncConfiguration: mcc=310, mnc=0
01-25 09:11:33.739  1744  1744 D MccTable: WIFI_COUNTRY_CODE set to us
01-25 09:11:33.978   691  1040 I chatty  : uid=1000(system) ConnectivitySer expire 10 lines
01-25 09:12:01.809   691  1526 I chatty  : uid=1000(system) Binder_7 expire 21 lines
01-25 09:12:36.547  1744  1744 D MccTable: updateMccMncConfiguration mccmnc='310120' fromServiceState=true
01-25 09:12:36.548  1744  1744 D MccTable: updateMccMncConfiguration defaultMccMnc=310120
01-25 09:12:36.548  1744  1744 D MccTable: updateMccMncConfiguration: mcc=310, mnc=120
01-25 09:12:36.548  1744  1744 D MccTable: WIFI_COUNTRY_CODE set to us
01-25 09:12:35.185   691  1179 I chatty  : uid=1000(system) Binder_5 expire 19 lines
01-25 09:12:35.467   691   727 I chatty  : uid=1000(system) ActivityManager expire 24 lines
01-25 09:13:50.961   691  1250 I chatty  : uid=1000(system) Binder_6 expire 14 lines
01-25 09:17:32.310   691  1912 I chatty  : uid=1000(system) Binder_B expire 14 lines
01-25 09:20:09.927  1744  1744 D MccTable: updateMccMncConfiguration mccmnc='31000' fromServiceState=true
01-25 09:20:09.928  1744  1744 D MccTable: updateMccMncConfiguration defaultMccMnc=310120
01-25 09:20:09.928  1744  1744 D MccTable: updateMccMncConfiguration: mcc=310, mnc=0
01-25 09:20:09.928  1744  1744 D MccTable: WIFI_COUNTRY_CODE set to us
01-25 09:20:17.216   691  1040 I chatty  : uid=1000(system) ConnectivitySer expire 11 lines
01-25 09:20:18.658   691   727 I chatty  : uid=1000(system) ActivityManager expire 14 lines
01-25 09:20:37.141  1744  1744 D MccTable: updateMccMncConfiguration mccmnc='310120' fromServiceState=true
01-25 09:20:37.142  1744  1744 D MccTable: updateMccMncConfiguration defaultMccMnc=310120
01-25 09:20:37.142  1744  1744 D MccTable: updateMccMncConfiguration: mcc=310, mnc=120
01-25 09:20:37.142  1744  1744 D MccTable: WIFI_COUNTRY_CODE set to us
01-25 09:25:32.098  1744  1744 D MccTable: updateMccMncConfiguration mccmnc='311870' fromServiceState=true
01-25 09:25:32.099  1744  1744 D MccTable: updateMccMncConfiguration defaultMccMnc=310120
01-25 09:25:32.099  1744  1744 D MccTable: updateMccMncConfiguration: mcc=311, mnc=870
01-25 09:25:32.099  1744  1744 D MccTable: WIFI_COUNTRY_CODE set to us
01-25 09:25:40.278   691   727 I chatty  : uid=1000(system) ActivityManager expire 10 lines
01-25 09:26:35.134  1744  1744 D MccTable: updateMccMncConfiguration mccmnc='310120' fromServiceState=true
01-25 09:26:35.135  1744  1744 D MccTable: updateMccMncConfiguration defaultMccMnc=310120
01-25 09:26:35.135  1744  1744 D MccTable: updateMccMncConfiguration: mcc=310, mnc=120
01-25 09:26:35.135  1744  1744 D MccTable: WIFI_COUNTRY_CODE set to us
01-25 09:27:49.059  1744  1744 D MccTable: updateMccMncConfiguration mccmnc='31000' fromServiceState=true
01-25 09:27:49.060  1744  1744 D MccTable: updateMccMncConfiguration defaultMccMnc=310120
01-25 09:27:49.060  1744  1744 D MccTable: updateMccMncConfiguration: mcc=310, mnc=0
01-25 09:27:49.060  1744  1744 D MccTable: WIFI_COUNTRY_CODE set to us
01-25 09:27:58.424   691   727 I chatty  : uid=1000(system) ActivityManager expire 11 lines
01-25 09:28:36.582   691   743 I chatty  : uid=1000(system) PowerManagerSer expire 10 lines
01-25 09:28:52.764  1744  1744 D MccTable: updateMccMncConfiguration mccmnc='310120' fromServiceState=true
01-25 09:28:52.764  1744  1744 D MccTable: updateMccMncConfiguration defaultMccMnc=310120
01-25 09:28:52.764  1744  1744 D MccTable: updateMccMncConfiguration: mcc=310, mnc=120
01-25 09:28:52.764  1744  1744 D MccTable: WIFI_COUNTRY_CODE set to us
01-25 09:28:52.781   691  1040 I chatty  : uid=1000(system) ConnectivitySer expire 28 lines
01-25 09:29:03.520  1744  1744 D MccTable: updateMccMncConfiguration mccmnc='31000' fromServiceState=true
01-25 09:29:03.521  1744  1744 D MccTable: updateMccMncConfiguration defaultMccMnc=310120
01-25 09:29:03.521  1744  1744 D MccTable: updateMccMncConfiguration: mcc=310, mnc=0
01-25 09:29:03.521  1744  1744 D MccTable: WIFI_COUNTRY_CODE set to us
01-25 09:29:38.495   691   740 I chatty  : uid=1000(system) android.display expire 16 lines
01-25 09:29:39.435   691  2397 I chatty  : uid=1000(system) Binder_F expire 16 lines
01-25 09:29:43.149   691  2275 I chatty  : uid=1000(system) Binder_E expire 15 lines
01-25 09:29:43.192   691  2255 I chatty  : uid=1000(system) Binder_D expire 20 lines
01-25 09:29:46.028  1630  1630 I chatty  : uid=10028 com.google.android.gms.persistent expire 40 lines
01-25 09:29:46.073 21644 21655 I chatty  : uid=10028 com.google.android.gms.unstable expire 40 lines
01-25 09:29:46.304   691   709 I chatty  : uid=1000(system) Binder_2 expire 15 lines
01-25 09:29:56.022   691  1039 I chatty  : uid=1000(system) WifiService expire 22 lines
01-25 09:29:56.068   691  1121 I chatty  : uid=1000(system) Binder_4 expire 13 lines
01-25 09:30:15.915   691  1001 I chatty  : uid=1000(system) InputReader expire 14 lines
01-25 09:30:16.429   691   743 I chatty  : uid=1000(system) PowerManagerSer expire 15 lines
01-25 09:30:21.542   691   727 I chatty  : uid=1000(system) ActivityManager expire 15 lines
01-25 09:30:40.235   691  2182 I chatty  : uid=1000(system) Binder_C expire 11 lines
01-25 09:35:37.158  1744  1744 D MccTable: updateMccMncConfiguration mccmnc='310120' fromServiceState=true
01-25 09:35:37.159  1744  1744 D MccTable: updateMccMncConfiguration defaultMccMnc=310120
01-25 09:35:37.159  1744  1744 D MccTable: updateMccMncConfiguration: mcc=310, mnc=120
01-25 09:35:37.159  1744  1744 D MccTable: WIFI_COUNTRY_CODE set to us
01-25 09:35:37.798   691  1120 I chatty  : uid=1000(system) Binder_3 expire 11 lines
01-25 09:35:52.371   691   727 I chatty  : uid=1000(system) ActivityManager expire 13 lines
01-25 09:36:17.813   691   726 I chatty  : uid=1000(system) android.bg expire 13 lines
01-25 09:36:18.357 23435 23435 D ActivityThread: Loading provider com.google.android.gmail.provider;com.android.mail.notifier;com.google.android.gm.email.provider;com.google.android.gm.tasks.provider;com.google.
android.gm.email.notifier: com.android.email.provider.EmailProvider
01-25 09:36:22.675   691   727 I chatty  : uid=1000(system) ActivityManager expire 11 lines
01-25 09:41:00.769  1744  1744 D MccTable: updateMccMncConfiguration mccmnc='31000' fromServiceState=true
01-25 09:41:00.769  1744  1744 D MccTable: updateMccMncConfiguration defaultMccMnc=310120
01-25 09:41:00.769  1744  1744 D MccTable: updateMccMncConfiguration: mcc=310, mnc=0
01-25 09:41:00.769  1744  1744 D MccTable: WIFI_COUNTRY_CODE set to us
01-25 09:41:00.941   691  1250 I chatty  : uid=1000(system) Binder_6 expire 10 lines
01-25 09:41:02.382   691   727 I chatty  : uid=1000(system) ActivityManager expire 10 lines
01-25 09:43:39.875  1744  1744 D MccTable: updateMccMncConfiguration mccmnc='310120' fromServiceState=true
01-25 09:43:39.875  1744  1744 D MccTable: updateMccMncConfiguration defaultMccMnc=310120
01-25 09:43:39.875  1744  1744 D MccTable: updateMccMncConfiguration: mcc=310, mnc=120
01-25 09:43:39.875  1744  1744 D MccTable: WIFI_COUNTRY_CODE set to us
01-25 09:43:47.276   691  2398 I chatty  : uid=1000(system) Binder_10 expire 15 lines
01-25 09:44:13.360  1744  1744 D MccTable: updateMccMncConfiguration mccmnc='31000' fromServiceState=true
01-25 09:44:13.360  1744  1744 D MccTable: updateMccMncConfiguration defaultMccMnc=310120
01-25 09:44:13.360  1744  1744 D MccTable: updateMccMncConfiguration: mcc=310, mnc=0
01-25 09:44:13.360  1744  1744 D MccTable: WIFI_COUNTRY_CODE set to us
01-25 09:44:13.361   691   708 I chatty  : uid=1000(system) Binder_1 expire 18 lines
01-25 09:44:13.385   691  1040 I chatty  : uid=1000(system) ConnectivitySer expire 40 lines
01-25 09:44:14.106   691   727 I chatty  : uid=1000(system) ActivityManager expire 11 lines
01-25 09:44:14.800   691  2182 I chatty  : uid=1000(system) Binder_C expire 15 lines
01-25 09:44:18.469   234 24374 W SocketClient: write error (Broken pipe)
01-25 09:46:21.836  1744  1744 D MccTable: updateMccMncConfiguration mccmnc='310120' fromServiceState=true
01-25 09:46:21.837  1744  1744 D MccTable: updateMccMncConfiguration defaultMccMnc=310120
01-25 09:46:21.837  1744  1744 D MccTable: updateMccMncConfiguration: mcc=310, mnc=120
01-25 09:46:21.837  1744  1744 D MccTable: WIFI_COUNTRY_CODE set to us
01-25 09:46:21.859   691  1040 I chatty  : uid=1000(system) ConnectivitySer expire 18 lines
01-25 09:46:29.256   691  1912 I chatty  : uid=1000(system) Binder_B expire 14 lines
01-25 09:46:29.463   691  2275 I chatty  : uid=1000(system) Binder_E expire 18 lines
01-25 09:46:29.469   691  1250 I chatty  : uid=1000(system) Binder_6 expire 16 lines
01-25 09:46:40.996   691  2398 I chatty  : uid=1000(system) Binder_10 expire 13 lines
01-25 09:47:39.542   691  1121 I chatty  : uid=1000(system) Binder_4 expire 15 lines
01-25 09:47:39.577   691  2397 I chatty  : uid=1000(system) Binder_F expire 16 lines
01-25 09:48:04.519  1744  1744 D MccTable: updateMccMncConfiguration mccmnc='31000' fromServiceState=true
01-25 09:48:04.519  1744  1744 D MccTable: updateMccMncConfiguration defaultMccMnc=310120
01-25 09:48:04.519  1744  1744 D MccTable: updateMccMncConfiguration: mcc=310, mnc=0
01-25 09:48:04.519  1744  1744 D MccTable: WIFI_COUNTRY_CODE set to us
01-25 09:48:05.368   691  1120 I chatty  : uid=1000(system) Binder_3 expire 12 lines
01-25 09:48:13.926   691   727 I chatty  : uid=1000(system) ActivityManager expire 14 lines
01-25 09:48:59.468   691   729 I chatty  : uid=1000(system) android.fg expire 10 lines
01-25 09:49:11.615   691   709 I chatty  : uid=1000(system) Binder_2 expire 15 lines
01-25 09:49:12.249  1744  1744 D MccTable: updateMccMncConfiguration mccmnc='310120' fromServiceState=true
01-25 09:49:12.249  1744  1744 D MccTable: updateMccMncConfiguration defaultMccMnc=310120
01-25 09:49:12.249  1744  1744 D MccTable: updateMccMncConfiguration: mcc=310, mnc=120
01-25 09:49:12.249  1744  1744 D MccTable: WIFI_COUNTRY_CODE set to us
01-25 09:49:12.761   691  1830 I chatty  : uid=1000(system) Binder_A expire 12 lines
01-25 09:49:47.494  1744  1744 D MccTable: updateMccMncConfiguration mccmnc='31000' fromServiceState=true
01-25 09:49:47.494  1744  1744 D MccTable: updateMccMncConfiguration defaultMccMnc=310120
01-25 09:49:47.494  1744  1744 D MccTable: updateMccMncConfiguration: mcc=310, mnc=0
01-25 09:49:47.494  1744  1744 D MccTable: WIFI_COUNTRY_CODE set to us
01-25 09:50:27.226  1744  1744 D MccTable: updateMccMncConfiguration mccmnc='310120' fromServiceState=true
01-25 09:50:27.227  1744  1744 D MccTable: updateMccMncConfiguration defaultMccMnc=310120
01-25 09:50:27.227  1744  1744 D MccTable: updateMccMncConfiguration: mcc=310, mnc=120
01-25 09:50:27.227  1744  1744 D MccTable: WIFI_COUNTRY_CODE set to us
01-25 09:52:15.107   691  1179 I chatty  : uid=1000(system) Binder_5 expire 17 lines
01-25 09:53:23.622  1744  1744 D MccTable: updateMccMncConfiguration mccmnc='31000' fromServiceState=true
01-25 09:53:23.623  1744  1744 D MccTable: updateMccMncConfiguration defaultMccMnc=310120
01-25 09:53:23.623  1744  1744 D MccTable: updateMccMncConfiguration: mcc=310, mnc=0
01-25 09:53:23.623  1744  1744 D MccTable: WIFI_COUNTRY_CODE set to us
01-25 09:53:46.152   691   727 I chatty  : uid=1000(system) ActivityManager expire 18 lines
01-25 09:53:43.071  1744  1744 D MccTable: updateMccMncConfiguration mccmnc='310120' fromServiceState=true
01-25 09:53:43.076  1744  1744 D MccTable: updateMccMncConfiguration defaultMccMnc=310120
01-25 09:53:43.076  1744  1744 D MccTable: updateMccMncConfiguration: mcc=310, mnc=120
01-25 09:53:43.076  1744  1744 D MccTable: WIFI_COUNTRY_CODE set to us
01-25 09:53:43.103   691  1040 I chatty  : uid=1000(system) ConnectivitySer expire 12 lines
01-25 09:54:20.325  1744  1744 D MccTable: updateMccMncConfiguration mccmnc='31000' fromServiceState=true
01-25 09:54:20.326  1744  1744 D MccTable: updateMccMncConfiguration defaultMccMnc=310120
01-25 09:54:20.326  1744  1744 D MccTable: updateMccMncConfiguration: mcc=310, mnc=0
01-25 09:54:20.326  1744  1744 D MccTable: WIFI_COUNTRY_CODE set to us
01-25 09:55:27.970   691   726 I chatty  : uid=1000(system) android.bg expire 11 lines
01-25 09:58:55.511 27538 27538 D ActivityThread: Loading provider com.google.android.gmail.provider;com.android.mail.notifier;com.google.android.gm.email.provider;com.google.android.gm.tasks.provider;com.google.
android.gm.email.notifier: com.android.email.provider.EmailProvider
01-25 09:58:59.959   691   727 I chatty  : uid=1000(system) ActivityManager expire 11 lines
01-25 10:01:04.807   691  1121 I chatty  : uid=1000(system) Binder_4 expire 16 lines
01-25 10:01:58.491  1744  1744 D MccTable: updateMccMncConfiguration mccmnc='310120' fromServiceState=true
01-25 10:01:58.492  1744  1744 D MccTable: updateMccMncConfiguration defaultMccMnc=310120
01-25 10:01:58.492  1744  1744 D MccTable: updateMccMncConfiguration: mcc=310, mnc=120
01-25 10:01:58.492  1744  1744 D MccTable: WIFI_COUNTRY_CODE set to us
01-25 10:02:00.725   691   727 I chatty  : uid=1000(system) ActivityManager expire 40 lines
01-25 10:02:39.963  1744  1744 D MccTable: updateMccMncConfiguration mccmnc='31000' fromServiceState=true
01-25 10:02:39.964  1744  1744 D MccTable: updateMccMncConfiguration defaultMccMnc=310120
01-25 10:02:39.964  1744  1744 D MccTable: updateMccMncConfiguration: mcc=310, mnc=0
01-25 10:02:39.964  1744  1744 D MccTable: WIFI_COUNTRY_CODE set to us
01-25 10:02:39.964   691   709 I chatty  : uid=1000(system) Binder_2 expire 10 lines
01-25 10:13:08.124   691  1526 I chatty  : uid=1000(system) Binder_7 expire 17 lines
01-25 10:13:08.674   691  2398 I chatty  : uid=1000(system) Binder_10 expire 11 lines
01-25 10:16:10.099   691  1250 I chatty  : uid=1000(system) Binder_6 expire 11 lines
01-25 10:16:57.414   691   743 I chatty  : uid=1000(system) PowerManagerSer expire 19 lines
01-25 10:18:14.841   691  1040 I chatty  : uid=1000(system) ConnectivitySer expire 11 lines
01-25 10:18:41.903  1744  1744 D MccTable: updateMccMncConfiguration mccmnc='310120' fromServiceState=true
01-25 10:18:41.904  1744  1744 D MccTable: updateMccMncConfiguration defaultMccMnc=310120
01-25 10:18:41.904  1744  1744 D MccTable: updateMccMncConfiguration: mcc=310, mnc=120
01-25 10:18:41.904  1744  1744 D MccTable: WIFI_COUNTRY_CODE set to us
01-25 10:18:42.037   691  1830 I chatty  : uid=1000(system) Binder_A expire 14 lines
01-25 10:18:43.256   691   708 I chatty  : uid=1000(system) Binder_1 expire 15 lines
01-25 10:18:45.767   691   727 I chatty  : uid=1000(system) ActivityManager expire 23 lines
01-25 10:19:58.484  1744  1744 D MccTable: updateMccMncConfiguration mccmnc='31000' fromServiceState=true
01-25 10:19:58.485  1744  1744 D MccTable: updateMccMncConfiguration defaultMccMnc=310120
01-25 10:19:58.485  1744  1744 D MccTable: updateMccMncConfiguration: mcc=310, mnc=0
01-25 10:19:58.485  1744  1744 D MccTable: WIFI_COUNTRY_CODE set to us
01-25 10:21:01.207  1744  1744 D MccTable: updateMccMncConfiguration mccmnc='310120' fromServiceState=true
01-25 10:21:01.208  1744  1744 D MccTable: updateMccMncConfiguration defaultMccMnc=310120
01-25 10:21:01.208  1744  1744 D MccTable: updateMccMncConfiguration: mcc=310, mnc=120
01-25 10:21:01.208  1744  1744 D MccTable: WIFI_COUNTRY_CODE set to us
01-25 10:21:01.970   691  1544 I chatty  : uid=1000(system) Binder_8 expire 11 lines
01-25 10:21:39.145  1744  1744 D MccTable: updateMccMncConfiguration mccmnc='31000' fromServiceState=true
01-25 10:21:39.146  1744  1744 D MccTable: updateMccMncConfiguration defaultMccMnc=310120
01-25 10:21:39.146  1744  1744 D MccTable: updateMccMncConfiguration: mcc=310, mnc=0
01-25 10:21:39.146  1744  1744 D MccTable: WIFI_COUNTRY_CODE set to us
