01-25 12:44:57.485 20884 20896 D Error   :      at android.os.Handler.dispatchMessage(Handler.java:102)
01-25 12:44:57.485 20884 20896 D Error   :      at android.os.Looper.loop(Looper.java:148)
01-25 12:44:57.485 20884 20896 D Error   :      at android.app.Activity
01-25 12:44:57.485 20884 20896 D Error   : ERR: TOTAL BYTES WRITTEN: 53984
01-25 12:44:57.485 20884 20896 D StrictMode: Wrote violation #0 of 5: 54028 bytes
01-25 12:44:57.485 20884 20896 D Error   : ERR: exClass=android.os.StrictMode$StrictModeDiskReadViolation
01-25 12:44:57.485 20884 20896 D Error   : ERR: exMsg=policy=6815751 violation=2
01-25 12:44:57.486 20884 20896 D Error   : ERR: file=StrictMode.java
01-25 12:44:57.486 20884 20896 D Error   : ERR: class=android.os.StrictMode$AndroidBlockGuardPolicy
01-25 12:44:57.486 20884 20896 D Error   : ERR: method=onReadFromDisk line=1263
01-25 12:44:57.487 20884 20896 D Error   : ERR: stack=android.os.StrictMode$StrictModeDiskReadViolation: policy=6815751 violation=2
01-25 12:44:57.487 20884 20896 D Error   :      at android.os.StrictMode$AndroidBlockGuardPolicy.onReadFromDisk(StrictMode.java:1263)
01-25 12:44:57.487 20884 20896 D Error   :      at libcore.io.BlockGuardOs.stat(BlockGuardOs.java:292)
01-25 12:44:57.487 20884 20896 D Error   :      at java.io.File.isDirectory(File.java:522)
01-25 12:44:57.487 20884 20896 D Error   :      at android.app.ContextImpl.validateFilePath(ContextImpl.java:1970)
01-25 12:44:57.487 20884 20896 D Error   :      at android.app.ContextImpl.openOrCreateDatabase(ContextImpl.java:576)
01-25 12:44:57.487 20884 20896 D Error   :      at android.content.ContextWrapper.openOrCreateDatabase(ContextWrapper.java:275)
01-25 12:44:57.487 20884 20896 D Error   :      at android.content.ContextWrapper.openOrCreateDatabase(ContextWrapper.java:275)
01-25 12:44:57.487 20884 20896 D Error   :      at android.database.sqlite.SQLiteOpenHelper.getDatabaseLocked(SQLiteOpenHelper.java:223)
01-25 12:44:57.487 20884 20896 D Error   :      at android.database.sqlite.SQLiteOpenHelper.getWritableDatabase(SQLiteOpenHelper.java:163)
01-25 12:44:57.487 20884 20896 D Error   :      at cqq.getWritableDatabase(:com.google.android.gms:236)
01-25 12:44:57.487 20884 20896 D Error   :      at cqm.a(:com.google.android.gms:78)
01-25 12:44:57.487 20884 20896 D Error   :      at crf.b(:com.google.android.gms:221)
01-25 12:44:57.487 20884 20896 D Error   :      at crf.a(:com.google.android.gms:280)
01-25 12:44:57.487 20884 20896 D Error   :      at ckn.O(:com.google.android.gms:451)
01-25 12:44:57.487 20884 20896 D Error   :      at ckn.o(:com.google.android.gms:188)
01-25 12:44:57.487 20884 20896 D Error   :      at cha.a(:com.google.android.gms:61)
01-25 12:44:57.487 20884 20896 D Error   :      at crk.<init>(:com.google.android.gms:50)
01-25 12:44:57.487 20884 20896 D Error   :      at cqt.<init>(:com.google.android.gms:52)
01-25 12:44:57.487 20884 20896 D Error   :      at ckn.M(:com.google.android.gms:429)
01-25 12:44:57.487 20884 20896 D Error   :      at ckn.a(:com.google.android.gms:1340)
01-25 12:44:57.487 20884 20896 D Error   :      at ckn.l(:com.google.android.gms:176)
01-25 12:44:57.487 20884 20896 D Error   :      at com.google.android.contextmanager.service.ContextManagerChimeraService.onCreate(:com.google.android.gms:44)
01-25 12:44:57.487 20884 20896 D Error   :      at bzc.onCreate(:com.google.android.gms:148)
01-25 12:44:57.487 20884 20896 D Error   :      at jix.onCreate(:com.google.android.gms:63)
01-25 12:44:57.487 20884 20896 D Error   :      at android.app.ActivityThread.handleCreateService(ActivityThread.java:2911)
01-25 12:44:57.487 20884 20896 D Error   :      at android.app.ActivityThread.-wrap4(ActivityThread.java)
01-25 12:44:57.487 20884 20896 D Error   :      at android.app.ActivityThread$H.handleMessage(ActivityThread.java:1446)
01-25 12:44:57.487 20884 20896 D Error   :      at android.os.Handler.dispatchMessage(Handler.java:102)
01-25 12:44:57.487 20884 20896 D Error   :      at android.os.Looper.loop(Looper.java:148)
01-25 12:44:57.487 20884 20896 D Error   :      at android.app.ActivityThread.main(ActivityThread.java:5461)
01-25 12:44:57.487 20884 20896 D Error   :      at java.lang.reflect.Method.invoke(Native Method)
01-25 12:44:57.487 20884 20896 D Error   :      at com.android.internal.os.ZygoteInit$MethodAndArgsCaller.run(ZygoteInit.java:726)
01-25 12:44:57.487 20884 20896 D Error   :      at com.android.internal.os.ZygoteInit.main(ZygoteInit.java:616)
01-25 12:44:57.487 20884 20896 D Error   :      at de.robv.android.xposed.XposedBridge.main(XposedBridge.java:102)
01-25 12:44:57.487 20884 20896 D Error   : # via Binder call with stack:
01-25 12:44:57.487 20884 20896 D Error   : android.os.StrictMode$LogStackTrace
01-25 12:44:57.487 20884 20896 D Error   :      at android.os.StrictMode.readAndHandleBinderCallViolations(StrictMode.java:1911)
01-25 12:44:57.487 20884 20896 D Error   :      at android.os.Parcel.readExceptionCode(Parcel.java:1601)
01-25 12:44:57.487 20884 20896 D Error   :      at android.os.Parcel.readException(Parcel.java:1570)
01-25 12:44:57.487 20884 20896 D Error   :      at lbg.a(:com.google.android.gms:119)
01-25 12:44:57.487 20884 20896 D Error   :      at laj.a(:com.google.android.gms:66)
01-25 12:44:57.487 20884 20896 D Error   :      at oji.a(:com.google.android.gms:187)
01-25 12:44:57.487 20884 20896 D Error   :      at kyy.a(:com.google.android.gms:161)
01-25 12:44:57.487 20884 20896 D Error   :      at lbi.onTransact(:com.google.android.gms:85)
01-25 12:44:57.487 20884 20896 D Error   :      at android.os.Binder.transact(Binder.java:387)
01-25 12:44:57.487 20884 20896 D Error   :      at bxp.onTransact(:com.google.android.gms:35)
01-25 12:44:57.487 20884 20896 D Error   :      at android.os.Binder.execTransact(Binder.java:453)
01-25 12:44:57.487 20884 20896 D Error   : # via Binder call with stack:
01-25 12:44:57.487 20884 20896 D Error   : android.os.StrictMode$LogStackTrace
01-25 12:44:57.487 20884 20896 D Error   :      at android.os.StrictMode.readAndHandleBinderCallViolations(StrictMode.java:1911)
01-25 12:44:57.487 20884 20896 D Error   :      at android.os.Parcel.readExceptionCode(Parcel.java:1601)
01-25 12:44:57.487 20884 20896 D Error   :      at android.os.Parcel.readException(Parcel.java:1570)
01-25 12:44:57.487 20884 20896 D Error   :      at lbj.a(:com.google.android.gms:270)
01-25 12:44:57.487 20884 20896 D Error   :      at kzf.a(:com.google.android.gms:1311)
01-25 12:44:57.487 20884 20896 D Error   :      at kzo.a(:com.google.android.gms:408)
01-25 12:44:57.487 20884 20896 D Error   :      at kzq.a(:com.google.android.gms:733)
01-25 12:44:57.487 20884 20896 D Error   :      at kzg.a(:com.google.android.gms:1837)
01-25 12:44:57.487 20884 20896 D Error   :      at kzj.handleMessage(:com.google.android.gms:4345)
01-25 12:44:57.487 20884 20896 D Error   :      at android.os.Handler.dispatchMessage(Handler.java:102)
01-25 12:44:57.487 20884 20896 D Error   :      at android.os.Looper.loop(Looper.java:148)
01-25 12:44:57.487 20884 20896 D Error   :      at android.app.ActivityThread.main(ActivityThread.java:5461)
01-25 12:44:57.487 20884 20896 D Error   :      at java.lang.reflect.Method.invoke(Native Method)
01-25 12:44:57.487 20884 20896 D Error   :      at com.android.internal.os.ZygoteInit$MethodAndArgsCaller.run(ZygoteInit.java:726)
01-25 12:44:57.487 20884 20896 D Error   :      at com.android.internal.os.ZygoteInit.main(ZygoteInit.java:616)
01-25 12:44:57.487 20884 20896 D Error   :      at de.robv.android.xposed.XposedBridge.main(XposedBridge.java:102)
01-25 12:44:57.487 20884 20896 D Error   : # via Binder call with stack:
01-25 12:44:57.487 20884 20896 D Error   : android.os.StrictMode$LogStackTrace
01-25 12:44:57.487 20884 20896 D Error   :      at android.os.StrictMode.readAndHandleBinderCallViolations(StrictMode.java:1911)
01-25 12:44:57.487 20884 20896 D Error   :      at android.os.Parcel.readExceptionCode(Parcel.java:1601)
01-25 12:44:57.487 20884 20896 D Error   :      at android.os.Parcel.readException(Parcel.java:1570)
01-25 12:44:57.487 20884 20896 D Error   :      at lbg.a(:com.google.android.gms:119)
01-25 12:44:57.487 20884 20896 D Error   :      at laj.a(:com.google.android.gms:66)
01-25 12:44:57.487 20884 20896 D Error   :      at oji.a(:com.google.android.gms:187)
01-25 12:44:57.487 20884 20896 D Error   :      at kyy.a(:com.google.android.gms:161)
01-25 12:44:57.487 20884 20896 D Error   :      at lbi.o
01-25 12:44:57.487 20884 20896 D Error   : ERR: TOTAL BYTES WRITTEN: 55624
01-25 12:44:57.487 20884 20896 D StrictMode: Wrote violation #1 of 5: 55668 bytes
01-25 12:44:57.487 20884 20896 D Error   : ERR: exClass=android.os.StrictMode$StrictModeDiskReadViolation
01-25 12:44:57.487 20884 20896 D Error   : ERR: exMsg=policy=6815751 violation=2
01-25 12:44:57.487 20884 20896 D Error   : ERR: file=StrictMode.java
01-25 12:44:57.487 20884 20896 D Error   : ERR: class=android.os.StrictMode$AndroidBlockGuardPolicy
01-25 12:44:57.487 20884 20896 D Error   : ERR: method=onReadFromDisk line=1263
01-25 12:44:57.490 20884 20896 D Error   : ERR: stack=android.os.StrictMode$StrictModeDiskReadViolation: policy=6815751 violation=2
01-25 12:44:57.490 20884 20896 D Error   :      at android.os.StrictMode$AndroidBlockGuardPolicy.onReadFromDisk(StrictMode.java:1263)
01-25 12:44:57.490 20884 20896 D Error   :      at android.database.sqlite.SQLiteConnection.applyBlockGuardPolicy(SQLiteConnection.java:1041)
01-25 12:44:57.490 20884 20896 D Error   :      at android.database.sqlite.SQLiteConnection.executeForLong(SQLiteConnection.java:595)
01-25 12:44:57.490 20884 20896 D Error   :      at android.database.sqlite.SQLiteConnection.setPageSize(SQLiteConnection.java:249)
01-25 12:44:57.490 20884 20896 D Error   :      at android.database.sqlite.SQLiteConnection.open(SQLiteConnection.java:211)
01-25 12:44:57.490 20884 20896 D Error   :      at android.database.sqlite.SQLiteConnection.open(SQLiteConnection.java:191)
01-25 12:44:57.490 20884 20896 D Error   :      at android.database.sqlite.SQLiteConnectionPool.openConnectionLocked(SQLiteConnectionPool.java:463)
01-25 12:44:57.490 20884 20896 D Error   :      at android.database.sqlite.SQLiteConnectionPool.open(SQLiteConnectionPool.java:185)
01-25 12:44:57.490 20884 20896 D Error   :      at android.database.sqlite.SQLiteConnectionPool.open(SQLiteConnectionPool.java:177)
01-25 12:44:57.490 20884 20896 D Error   :      at android.database.sqlite.SQLiteDatabase.openInner(SQLiteDatabase.java:806)
01-25 12:44:57.490 20884 20896 D Error   :      at android.database.sqlite.SQLiteDatabase.open(SQLiteDatabase.java:791)
01-25 12:44:57.490 20884 20896 D Error   :      at android.database.sqlite.SQLiteDatabase.openDatabase(SQLiteDatabase.java:694)
01-25 12:44:57.490 20884 20896 D Error   :      at android.app.ContextImpl.openOrCreateDatabase(ContextImpl.java:581)
01-25 12:44:57.490 20884 20896 D Error   :      at android.content.ContextWrapper.openOrCreateDatabase(ContextWrapper.java:275)
01-25 12:44:57.490 20884 20896 D Error   :      at android.content.ContextWrapper.openOrCreateDatabase(ContextWrapper.java:275)
01-25 12:44:57.490 20884 20896 D Error   :      at android.database.sqlite.SQLiteOpenHelper.getDatabaseLocked(SQLiteOpenHelper.java:223)
01-25 12:44:57.490 20884 20896 D Error   :      at android.database.sqlite.SQLiteOpenHelper.getWritableDatabase(SQLiteOpenHelper.java:163)
01-25 12:44:57.490 20884 20896 D Error   :      at cqq.getWritableDatabase(:com.google.android.gms:236)
01-25 12:44:57.490 20884 20896 D Error   :      at cqm.a(:com.google.android.gms:78)
01-25 12:44:57.490 20884 20896 D Error   :      at crf.b(:com.google.android.gms:221)
01-25 12:44:57.490 20884 20896 D Error   :      at crf.a(:com.google.android.gms:280)
01-25 12:44:57.490 20884 20896 D Error   :      at ckn.O(:com.google.android.gms:451)
01-25 12:44:57.490 20884 20896 D Error   :      at ckn.o(:com.google.android.gms:188)
01-25 12:44:57.490 20884 20896 D Error   :      at cha.a(:com.google.android.gms:61)
01-25 12:44:57.490 20884 20896 D Error   :      at crk.<init>(:com.google.android.gms:50)
01-25 12:44:57.490 20884 20896 D Error   :      at cqt.<init>(:com.google.android.gms:52)
01-25 12:44:57.490 20884 20896 D Error   :      at ckn.M(:com.google.android.gms:429)
01-25 12:44:57.490 20884 20896 D Error   :      at ckn.a(:com.google.android.gms:1340)
01-25 12:44:57.490 20884 20896 D Error   :      at ckn.l(:com.google.android.gms:176)
01-25 12:44:57.490 20884 20896 D Error   :      at com.google.android.contextmanager.service.ContextManagerChimeraService.onCreate(:com.google.android.gms:44)
01-25 12:44:57.490 20884 20896 D Error   :      at bzc.onCreate(:com.google.android.gms:148)
01-25 12:44:57.490 20884 20896 D Error   :      at jix.onCreate(:com.google.android.gms:63)
01-25 12:44:57.490 20884 20896 D Error   :      at android.app.ActivityThread.handleCreateService(ActivityThread.java:2911)
01-25 12:44:57.490 20884 20896 D Error   :      at android.app.ActivityThread.-wrap4(ActivityThread.java)
01-25 12:44:57.490 20884 20896 D Error   :      at android.app.ActivityThread$H.handleMessage(ActivityThread.java:1446)
01-25 12:44:57.490 20884 20896 D Error   :      at android.os.Handler.dispatchMessage(Handler.java:102)
01-25 12:44:57.490 20884 20896 D Error   :      at android.os.Looper.loop(Looper.java:148)
01-25 12:44:57.490 20884 20896 D Error   :      at android.app.ActivityThread.main(ActivityThread.java:5461)
01-25 12:44:57.490 20884 20896 D Error   :      at java.lang.reflect.Method.invoke(Native Method)
01-25 12:44:57.490 20884 20896 D Error   :      at com.android.internal.os.ZygoteInit$MethodAndArgsCaller.run(ZygoteInit.java:726)
01-25 12:44:57.490 20884 20896 D Error   :      at com.android.internal.os.ZygoteInit.main(ZygoteInit.java:616)
01-25 12:44:57.490 20884 20896 D Error   :      at de.robv.android.xposed.XposedBridge.main(XposedBridge.java:102)
01-25 12:44:57.490 20884 20896 D Error   : # via Binder call with stack:
01-25 12:44:57.490 20884 20896 D Error   : android.os.StrictMode$LogStackTrace
01-25 12:44:57.490 20884 20896 D Error   :      at android.os.StrictMode.readAndHandleBinderCallViolations(StrictMode.java:1911)
01-25 12:44:57.490 20884 20896 D Error   :      at android.os.Parcel.readExceptionCode(Parcel.java:1601)
01-25 12:44:57.490 20884 20896 D Error   :      at android.os.Parcel.readException(Parcel.java:1570)
01-25 12:44:57.490 20884 20896 D Error   :      at lbg.a(:com.google.android.gms:119)
01-25 12:44:57.490 20884 20896 D Error   :      at laj.a(:com.google.android.gms:66)
01-25 12:44:57.490 20884 20896 D Error   :      at oji.a(:com.google.android.gms:187)
01-25 12:44:57.490 20884 20896 D Error   :      at kyy.a(:com.google.android.gms:161)
01-25 12:44:57.490 20884 20896 D Error   :      at lbi.onTransact(:com.google.android.gms:85)
01-25 12:44:57.490 20884 20896 D Error   :      at android.os.Binder.transact(Binder.java:387)
01-25 12:44:57.490 20884 20896 D Error   :      at bxp.onTransact(:com.google.android.gms:35)
01-25 12:44:57.490 20884 20896 D Error   :      at android.os.Binder.execTransact(Binder.java:453)
01-25 12:44:57.490 20884 20896 D Error   : # via Binder call with stack:
01-25 12:44:57.490 20884 20896 D Error   : android.os.StrictMode$LogStackTrace
01-25 12:44:57.490 20884 20896 D Error   :      at android.os.StrictMode.readAndHandleBinderCallViolations(StrictMode.java:1911)
01-25 12:44:57.490 20884 20896 D Error   :      at android.os.Parcel.readExceptionCode(Parcel.java:1601)
01-25 12:44:57.490 20884 20896 D Error   :      at android.os.Parcel.readException(Parcel.java:1570)
01-25 12:44:57.490 20884 20896 D Error   :      at lbj.a(:com.google.android.gms:270)
01-25 12:44:57.490 20884 20896 D Error   :      at kzf.a(:com.google.android.gms:1311)
01-25 12:44:57.490 20884 20896 D Error   :      at kzo.a(:com.google.android.gms:408)
01-25 12:44:57.490 20884 20896 D Error   :      at kzq.a(:com.google.android.gms:733)
01-25 12:44:57.490 20884 20896 D Error   :      at kzg.a(:com.google.android.gms:1837)
01-25 12:44:57.490 20884 20896 D Error   :      at kzj.handleMessage(:com.google.android.gms:4345)
01-25 12:44:57.490 20884 20896 D Error   :      at android.os.Handler.dispatchMessage(Handler.java:102)
01-25 12:44:57.490 20884 20896 D Error   :      at android.os.Looper.loop(Looper.java:148)
01-25 12:44:57.491 20884 20896 D Error   : ERR: TOTAL BYTES WRITTEN: 57132
01-25 12:44:57.491 20884 20896 D StrictMode: Wrote violation #2 of 5: 57176 bytes
01-25 12:44:57.491 20884 20896 D Error   : ERR: exClass=android.os.StrictMode$StrictModeDiskReadViolation
01-25 12:44:57.491 20884 20896 D Error   : ERR: exMsg=policy=6815751 violation=2
01-25 12:44:57.491 20884 20896 D Error   : ERR: file=StrictMode.java
01-25 12:44:57.491 20884 20896 D Error   : ERR: class=android.os.StrictMode$AndroidBlockGuardPolicy
01-25 12:44:57.491 20884 20896 D Error   : ERR: method=onReadFromDisk line=1263
01-25 12:44:57.492 20884 20896 D Error   : ERR: stack=android.os.StrictMode$StrictModeDiskReadViolation: policy=6815751 violation=2
01-25 12:44:57.492 20884 20896 D Error   :      at android.os.StrictMode$AndroidBlockGuardPolicy.onReadFromDisk(StrictMode.java:1263)
01-25 12:44:57.492 20884 20896 D Error   :      at android.database.sqlite.SQLiteConnection.applyBlockGuardPolicy(SQLiteConnection.java:1041)
01-25 12:44:57.492 20884 20896 D Error   :      at android.database.sqlite.SQLiteConnection.executeForLong(SQLiteConnection.java:595)
01-25 12:44:57.492 20884 20896 D Error   :      at android.database.sqlite.SQLiteConnection.setForeignKeyModeFromConfiguration(SQLiteConnection.java:279)
01-25 12:44:57.492 20884 20896 D Error   :      at android.database.sqlite.SQLiteConnection.open(SQLiteConnection.java:212)
01-25 12:44:57.492 20884 20896 D Error   :      at android.database.sqlite.SQLiteConnection.open(SQLiteConnection.java:191)
01-25 12:44:57.492 20884 20896 D Error   :      at android.database.sqlite.SQLiteConnectionPool.openConnectionLocked(SQLiteConnectionPool.java:463)
01-25 12:44:57.492 20884 20896 D Error   :      at android.database.sqlite.SQLiteConnectionPool.open(SQLiteConnectionPool.java:185)
01-25 12:44:57.492 20884 20896 D Error   :      at android.database.sqlite.SQLiteConnectionPool.open(SQLiteConnectionPool.java:177)
01-25 12:44:57.492 20884 20896 D Error   :      at android.database.sqlite.SQLiteDatabase.openInner(SQLiteDatabase.java:806)
01-25 12:44:57.492 20884 20896 D Error   :      at android.database.sqlite.SQLiteDatabase.open(SQLiteDatabase.java:791)
01-25 12:44:57.492 20884 20896 D Error   :      at android.database.sqlite.SQLiteDatabase.openDatabase(SQLiteDatabase.java:694)
01-25 12:44:57.492 20884 20896 D Error   :      at android.app.ContextImpl.openOrCreateDatabase(ContextImpl.java:581)
01-25 12:44:57.492 20884 20896 D Error   :      at android.content.ContextWrapper.openOrCreateDatabase(ContextWrapper.java:275)
01-25 12:44:57.492 20884 20896 D Error   :      at android.content.ContextWrapper.openOrCreateDatabase(ContextWrapper.java:275)
01-25 12:44:57.492 20884 20896 D Error   :      at android.database.sqlite.SQLiteOpenHelper.getDatabaseLocked(SQLiteOpenHelper.java:223)
01-25 12:44:57.492 20884 20896 D Error   :      at android.database.sqlite.SQLiteOpenHelper.getWritableDatabase(SQLiteOpenHelper.java:163)
01-25 12:44:57.492 20884 20896 D Error   :      at cqq.getWritableDatabase(:com.google.android.gms:236)
01-25 12:44:57.492 20884 20896 D Error   :      at cqm.a(:com.google.android.gms:78)
01-25 12:44:57.492 20884 20896 D Error   :      at crf.b(:com.google.android.gms:221)
01-25 12:44:57.492 20884 20896 D Error   :      at crf.a(:com.google.android.gms:280)
01-25 12:44:57.492 20884 20896 D Error   :      at ckn.O(:com.google.android.gms:451)
01-25 12:44:57.492 20884 20896 D Error   :      at ckn.o(:com.google.android.gms:188)
01-25 12:44:57.492 20884 20896 D Error   :      at cha.a(:com.google.android.gms:61)
01-25 12:44:57.492 20884 20896 D Error   :      at crk.<init>(:com.google.android.gms:50)
01-25 12:44:57.492 20884 20896 D Error   :      at cqt.<init>(:com.google.android.gms:52)
01-25 12:44:57.492 20884 20896 D Error   :      at ckn.M(:com.google.android.gms:429)
01-25 12:44:57.492 20884 20896 D Error   :      at ckn.a(:com.google.android.gms:1340)
01-25 12:44:57.492 20884 20896 D Error   :      at ckn.l(:com.google.android.gms:176)
01-25 12:44:57.492 20884 20896 D Error   :      at com.google.android.contextmanager.service.ContextManagerChimeraService.onCreate(:com.google.android.gms:44)
01-25 12:44:57.492 20884 20896 D Error   :      at bzc.onCreate(:com.google.android.gms:148)
01-25 12:44:57.492 20884 20896 D Error   :      at jix.onCreate(:com.google.android.gms:63)
01-25 12:44:57.492 20884 20896 D Error   :      at android.app.ActivityThread.handleCreateService(ActivityThread.java:2911)
01-25 12:44:57.492 20884 20896 D Error   :      at android.app.ActivityThread.-wrap4(ActivityThread.java)
01-25 12:44:57.492 20884 20896 D Error   :      at android.app.ActivityThread$H.handleMessage(ActivityThread.java:1446)
01-25 12:44:57.492 20884 20896 D Error   :      at android.os.Handler.dispatchMessage(Handler.java:102)
01-25 12:44:57.492 20884 20896 D Error   :      at android.os.Looper.loop(Looper.java:148)
01-25 12:44:57.492 20884 20896 D Error   :      at android.app.ActivityThread.main(ActivityThread.java:5461)
01-25 12:44:57.492 20884 20896 D Error   :      at java.lang.reflect.Method.invoke(Native Method)
01-25 12:44:57.492 20884 20896 D Error   :      at com.android.internal.os.ZygoteInit$MethodAndArgsCaller.run(ZygoteInit.java:726)
01-25 12:44:57.492 20884 20896 D Error   :      at com.android.internal.os.ZygoteInit.main(ZygoteInit.java:616)
01-25 12:44:57.492 20884 20896 D Error   :      at de.robv.android.xposed.XposedBridge.main(XposedBridge.java:102)
01-25 12:44:57.492 20884 20896 D Error   : # via Binder call with stack:
01-25 12:44:57.492 20884 20896 D Error   : android.os.StrictMode$LogStackTrace
01-25 12:44:57.492 20884 20896 D Error   :      at android.os.StrictMode.readAndHandleBinderCallViolations(StrictMode.java:1911)
01-25 12:44:57.492 20884 20896 D Error   :      at android.os.Parcel.readExceptionCode(Parcel.java:1601)
01-25 12:44:57.492 20884 20896 D Error   :      at android.os.Parcel.readException(Parcel.java:1570)
01-25 12:44:57.492 20884 20896 D Error   :      at lbg.a(:com.google.android.gms:119)
01-25 12:44:57.492 20884 20896 D Error   :      at laj.a(:com.google.android.gms:66)
01-25 12:44:57.492 20884 20896 D Error   :      at oji.a(:com.google.android.gms:187)
01-25 12:44:57.492 20884 20896 D Error   :      at kyy.a(:com.google.android.gms:161)
01-25 12:44:57.492 20884 20896 D Error   :      at lbi.onTransact(:com.google.android.gms:85)
01-25 12:44:57.492 20884 20896 D Error   :      at android.os.Binder.transact(Binder.java:387)
01-25 12:44:57.492 20884 20896 D Error   :      at bxp.onTransact(:com.google.android.gms:35)
01-25 12:44:57.492 20884 20896 D Error   :      at android.os.Binder.execTransact(Binder.java:453)
01-25 12:44:57.492 20884 20896 D Error   : # via Binder call with stack:
01-25 12:44:57.492 20884 20896 D Error   : android.os.StrictMode$LogStackTrace
01-25 12:44:57.492 20884 20896 D Error   :      at android.os.StrictMode.readAndHandleBinderCallViolations(StrictMode.java:1911)
01-25 12:44:57.492 20884 20896 D Error   :      at android.os.Parcel.readExceptionCode(Parcel.java:1601)
01-25 12:44:57.492 20884 20896 D Error   :      at android.os.Parcel.readException(Parcel.java:1570)
01-25 12:44:57.492 20884 20896 D Error   :      at lbj.a(:com.google.android.gms:270)
01-25 12:44:57.492 20884 20896 D Error   :      at kzf.a(:com.google.android.gms:1311)
01-25 12:44:57.492 20884 20896 D Error   :      at kzo.a(:com.google.android.gms:408)
01-25 12:44:57.492 20884 20896 D Error   :      at kzq.a(:com.google.android.gms:733)
01-25 12:44:57.492 20884 20896 D Error   :      at kzg.a(:com.google.android.gms:1837)
01-25 12:44:57.492 20884 20896 D Error   :      at kzj.handleMessage(:com.google.android.gms:4345)
01-25 12:44:57.492 20884 20896 D Error   :      at android.os.Handler.dispatchMessage(Handler.java:102)
01-25 12:44:57.492 20884 20896 D Error   :      at android.os.Loope
01-25 12:44:57.492 20884 20896 D Error   : ERR: TOTAL BYTES WRITTEN: 57180
01-25 12:44:57.492 20884 20896 D StrictMode: Wrote violation #3 of 5: 57224 bytes
01-25 12:44:57.493 20884 20896 D Error   : ERR: exClass=android.os.StrictMode$StrictModeDiskWriteViolation
01-25 12:44:57.493 20884 20896 D Error   : ERR: exMsg=policy=6815751 violation=1
01-25 12:44:57.493 20884 20896 D Error   : ERR: file=StrictMode.java
01-25 12:44:57.493 20884 20896 D Error   : ERR: class=android.os.StrictMode$AndroidBlockGuardPolicy
01-25 12:44:57.493 20884 20896 D Error   : ERR: method=onWriteToDisk line=1223
01-25 12:44:57.494 20884 20896 D Error   : ERR: stack=android.os.StrictMode$StrictModeDiskWriteViolation: policy=6815751 violation=1
01-25 12:44:57.494 20884 20896 D Error   :      at android.os.StrictMode$AndroidBlockGuardPolicy.onWriteToDisk(StrictMode.java:1223)
01-25 12:44:57.494 20884 20896 D Error   :      at android.database.sqlite.SQLiteConnection.applyBlockGuardPolicy(SQLiteConnection.java:1043)
01-25 12:44:57.494 20884 20896 D Error   :      at android.database.sqlite.SQLiteConnection.executeForString(SQLiteConnection.java:638)
01-25 12:44:57.494 20884 20896 D Error   :      at android.database.sqlite.SQLiteConnection.setJournalMode(SQLiteConnection.java:318)
01-25 12:44:57.494 20884 20896 D Error   :      at android.database.sqlite.SQLiteConnection.setWalModeFromConfiguration(SQLiteConnection.java:292)
01-25 12:44:57.494 20884 20896 D Error   :      at android.database.sqlite.SQLiteConnection.open(SQLiteConnection.java:213)
01-25 12:44:57.494 20884 20896 D Error   :      at android.database.sqlite.SQLiteConnection.open(SQLiteConnection.java:191)
01-25 12:44:57.494 20884 20896 D Error   :      at android.database.sqlite.SQLiteConnectionPool.openConnectionLocked(SQLiteConnectionPool.java:463)
01-25 12:44:57.494 20884 20896 D Error   :      at android.database.sqlite.SQLiteConnectionPool.open(SQLiteConnectionPool.java:185)
01-25 12:44:57.494 20884 20896 D Error   :      at android.database.sqlite.SQLiteConnectionPool.open(SQLiteConnectionPool.java:177)
01-25 12:44:57.494 20884 20896 D Error   :      at android.database.sqlite.SQLiteDatabase.openInner(SQLiteDatabase.java:806)
01-25 12:44:57.494 20884 20896 D Error   :      at android.database.sqlite.SQLiteDatabase.open(SQLiteDatabase.java:791)
01-25 12:44:57.494 20884 20896 D Error   :      at android.database.sqlite.SQLiteDatabase.openDatabase(SQLiteDatabase.java:694)
01-25 12:44:57.494 20884 20896 D Error   :      at android.app.ContextImpl.openOrCreateDatabase(ContextImpl.java:581)
01-25 12:44:57.494 20884 20896 D Error   :      at android.content.ContextWrapper.openOrCreateDatabase(ContextWrapper.java:275)
01-25 12:44:57.494 20884 20896 D Error   :      at android.content.ContextWrapper.openOrCreateDatabase(ContextWrapper.java:275)
01-25 12:44:57.494 20884 20896 D Error   :      at android.database.sqlite.SQLiteOpenHelper.getDatabaseLocked(SQLiteOpenHelper.java:223)
01-25 12:44:57.494 20884 20896 D Error   :      at android.database.sqlite.SQLiteOpenHelper.getWritableDatabase(SQLiteOpenHelper.java:163)
01-25 12:44:57.494 20884 20896 D Error   :      at cqq.getWritableDatabase(:com.google.android.gms:236)
01-25 12:44:57.494 20884 20896 D Error   :      at cqm.a(:com.google.android.gms:78)
01-25 12:44:57.494 20884 20896 D Error   :      at crf.b(:com.google.android.gms:221)
01-25 12:44:57.494 20884 20896 D Error   :      at crf.a(:com.google.android.gms:280)
01-25 12:44:57.494 20884 20896 D Error   :      at ckn.O(:com.google.android.gms:451)
01-25 12:44:57.494 20884 20896 D Error   :      at ckn.o(:com.google.android.gms:188)
01-25 12:44:57.494 20884 20896 D Error   :      at cha.a(:com.google.android.gms:61)
01-25 12:44:57.494 20884 20896 D Error   :      at crk.<init>(:com.google.android.gms:50)
01-25 12:44:57.494 20884 20896 D Error   :      at cqt.<init>(:com.google.android.gms:52)
01-25 12:44:57.494 20884 20896 D Error   :      at ckn.M(:com.google.android.gms:429)
01-25 12:44:57.494 20884 20896 D Error   :      at ckn.a(:com.google.android.gms:1340)
01-25 12:44:57.494 20884 20896 D Error   :      at ckn.l(:com.google.android.gms:176)
01-25 12:44:57.494 20884 20896 D Error   :      at com.google.android.contextmanager.service.ContextManagerChimeraService.onCreate(:com.google.android.gms:44)
01-25 12:44:57.494 20884 20896 D Error   :      at bzc.onCreate(:com.google.android.gms:148)
01-25 12:44:57.494 20884 20896 D Error   :      at jix.onCreate(:com.google.android.gms:63)
01-25 12:44:57.494 20884 20896 D Error   :      at android.app.ActivityThread.handleCreateService(ActivityThread.java:2911)
01-25 12:44:57.494 20884 20896 D Error   :      at android.app.ActivityThread.-wrap4(ActivityThread.java)
01-25 12:44:57.494 20884 20896 D Error   :      at android.app.ActivityThread$H.handleMessage(ActivityThread.java:1446)
01-25 12:44:57.494 20884 20896 D Error   :      at android.os.Handler.dispatchMessage(Handler.java:102)
01-25 12:44:57.494 20884 20896 D Error   :      at android.os.Looper.loop(Looper.java:148)
01-25 12:44:57.494 20884 20896 D Error   :      at android.app.ActivityThread.main(ActivityThread.java:5461)
01-25 12:44:57.494 20884 20896 D Error   :      at java.lang.reflect.Method.invoke(Native Method)
01-25 12:44:57.494 20884 20896 D Error   :      at com.android.internal.os.ZygoteInit$MethodAndArgsCaller.run(ZygoteInit.java:726)
01-25 12:44:57.494 20884 20896 D Error   :      at com.android.internal.os.ZygoteInit.main(ZygoteInit.java:616)
01-25 12:44:57.494 20884 20896 D Error   :      at de.robv.android.xposed.XposedBridge.main(XposedBridge.java:102)
01-25 12:44:57.494 20884 20896 D Error   : # via Binder call with stack:
01-25 12:44:57.494 20884 20896 D Error   : android.os.StrictMode$LogStackTrace
01-25 12:44:57.494 20884 20896 D Error   :      at android.os.StrictMode.readAndHandleBinderCallViolations(StrictMode.java:1911)
01-25 12:44:57.494 20884 20896 D Error   :      at android.os.Parcel.readExceptionCode(Parcel.java:1601)
01-25 12:44:57.494 20884 20896 D Error   :      at android.os.Parcel.readException(Parcel.java:1570)
01-25 12:44:57.494 20884 20896 D Error   :      at lbg.a(:com.google.android.gms:119)
01-25 12:44:57.494 20884 20896 D Error   :      at laj.a(:com.google.android.gms:66)
01-25 12:44:57.494 20884 20896 D Error   :      at oji.a(:com.google.android.gms:187)
01-25 12:44:57.494 20884 20896 D Error   :      at kyy.a(:com.google.android.gms:161)
01-25 12:44:57.494 20884 20896 D Error   :      at lbi.onTransact(:com.google.android.gms:85)
01-25 12:44:57.494 20884 20896 D Error   :      at android.os.Binder.transact(Binder.java:387)
01-25 12:44:57.494 20884 20896 D Error   :      at bxp.onTransact(:com.google.android.gms:35)
01-25 12:44:57.494 20884 20896 D Error   :      at android.os.Binder.execTransact(Binder.java:453)
01-25 12:44:57.494 20884 20896 D Error   : # via Binder call with stack:
01-25 12:44:57.494 20884 20896 D Error   : android.os.StrictMode$LogStackTrace
01-25 12:44:57.494 20884 20896 D Error   :      at android.os.StrictMode.readAndHandleBinderCallViolations(StrictMode.java:1911)
01-25 12:44:57.494 20884 20896 D Error   :      at android.os.Parcel.readExceptionCode(Parcel.java:1601)
01-25 12:44:57.494 20884 20896 D Error   :      at android.os.Parcel.readException(Parcel.java:1570)
01-25 12:44:57.494 20884 20896 D Error   :      at lbj.a(:com.google.android.gms:270)
01-25 12:44:57.494 20884 20896 D Error   :      at kzf.a(:com.google.android.gms:1311)
01-25 12:44:57.494 20884 20896 D Error   :      at kzo.a(:com.google.android.gms:408)
01-25 12:44:57.494 20884 20896 D Error   :      at kzq.a(:com.google.android.gms:733)
01-25 12:44:57.494 20884 20896 D Error   :      at kzg.a(:com.google.android.gms:1837)
01-25 12:44:57.494 20884 20896 D Error   :      at kzj.handleMessage(:com.google.android.gms:4
01-25 12:44:57.494 20884 20896 D Error   : ERR: TOTAL BYTES WRITTEN: 57344
01-25 12:44:57.494 20884 20896 D StrictMode: Wrote violation #4 of 5: 57388 bytes
01-25 12:44:58.359   691   727 I chatty  : uid=1000(system) ActivityManager expire 11 lines
01-25 12:45:37.313  1744  1744 D MccTable: updateMccMncConfiguration mccmnc='310120' fromServiceState=true
01-25 12:45:37.313  1744  1744 D MccTable: updateMccMncConfiguration defaultMccMnc=310120
01-25 12:45:37.313  1744  1744 D MccTable: updateMccMncConfiguration: mcc=310, mnc=120
01-25 12:45:37.313  1744  1744 D MccTable: WIFI_COUNTRY_CODE set to us
01-25 12:48:37.586   691  1121 I chatty  : uid=1000(system) Binder_4 expire 6 lines
01-25 12:48:37.606   691   708 I chatty  : uid=1000(system) Binder_1 expire 7 lines
01-25 12:48:37.614   691  1830 I chatty  : uid=1000(system) Binder_A expire 7 lines
01-25 12:49:03.609  1744  1744 D MccTable: updateMccMncConfiguration mccmnc='31000' fromServiceState=true
01-25 12:49:03.610  1744  1744 D MccTable: updateMccMncConfiguration defaultMccMnc=310120
01-25 12:49:03.610  1744  1744 D MccTable: updateMccMncConfiguration: mcc=310, mnc=0
01-25 12:49:03.610  1744  1744 D MccTable: WIFI_COUNTRY_CODE set to us
01-25 12:49:03.725   691  1596 I chatty  : uid=1000(system) Binder_9 expire 11 lines
01-25 12:49:03.755   691  1179 I chatty  : uid=1000(system) Binder_5 expire 8 lines
01-25 12:49:04.410   691  2182 I chatty  : uid=1000(system) Binder_C expire 7 lines
01-25 12:49:04.569   691  1250 I chatty  : uid=1000(system) Binder_6 expire 10 lines
01-25 12:49:39.000   691   709 I chatty  : uid=1000(system) Binder_2 expire 9 lines
01-25 12:51:48.475  1744  1744 D MccTable: updateMccMncConfiguration mccmnc='310120' fromServiceState=true
01-25 12:51:48.479  1744  1744 D MccTable: updateMccMncConfiguration defaultMccMnc=310120
01-25 12:51:48.479  1744  1744 D MccTable: updateMccMncConfiguration: mcc=310, mnc=120
01-25 12:51:48.480  1744  1744 D MccTable: WIFI_COUNTRY_CODE set to us
01-25 12:51:48.480   691  1120 I chatty  : uid=1000(system) Binder_3 expire 5 lines
01-25 12:51:54.964   691   727 I chatty  : uid=1000(system) ActivityManager expire 15 lines
01-25 12:52:02.941   691  2255 I chatty  : uid=1000(system) Binder_D expire 4 lines
01-25 12:52:30.608  1744  1744 D MccTable: updateMccMncConfiguration mccmnc='31000' fromServiceState=true
01-25 12:52:30.608  1744  1744 D MccTable: updateMccMncConfiguration defaultMccMnc=310120
01-25 12:52:30.608  1744  1744 D MccTable: updateMccMncConfiguration: mcc=310, mnc=0
01-25 12:52:30.608  1744  1744 D MccTable: WIFI_COUNTRY_CODE set to us
01-25 12:52:30.665   691  1040 I chatty  : uid=1000(system) ConnectivitySer expire 12 lines
01-25 12:53:29.097   691   691 I chatty  : uid=1000 system_server expire 3 lines
01-25 12:53:29.118  1744  1744 D MccTable: updateMccMncConfiguration mccmnc='310120' fromServiceState=true
01-25 12:53:29.119  1744  1744 D MccTable: updateMccMncConfiguration defaultMccMnc=310120
01-25 12:53:29.119  1744  1744 D MccTable: updateMccMncConfiguration: mcc=310, mnc=120
01-25 12:53:29.119  1744  1744 D MccTable: WIFI_COUNTRY_CODE set to us
01-25 12:54:59.146   691   726 I chatty  : uid=1000(system) android.bg expire 1 line
01-25 12:55:28.553  1744  1744 D MccTable: updateMccMncConfiguration mccmnc='31000' fromServiceState=true
01-25 12:55:28.554  1744  1744 D MccTable: updateMccMncConfiguration defaultMccMnc=310120
01-25 12:55:28.554  1744  1744 D MccTable: updateMccMncConfiguration: mcc=310, mnc=0
01-25 12:55:28.554  1744  1744 D MccTable: WIFI_COUNTRY_CODE set to us
01-25 12:55:36.573   691   727 I chatty  : uid=1000(system) ActivityManager expire 21 lines
01-25 12:58:21.120  1744  1744 D MccTable: updateMccMncConfiguration mccmnc='310120' fromServiceState=true
01-25 12:58:21.121  1744  1744 D MccTable: updateMccMncConfiguration defaultMccMnc=310120
01-25 12:58:21.121  1744  1744 D MccTable: updateMccMncConfiguration: mcc=310, mnc=120
01-25 12:58:21.121  1744  1744 D MccTable: WIFI_COUNTRY_CODE set to us
01-25 12:59:58.193   691  1544 I chatty  : uid=1000(system) Binder_8 expire 7 lines
01-25 13:02:17.178  1744  1744 D MccTable: updateMccMncConfiguration mccmnc='31000' fromServiceState=true
01-25 13:02:17.179  1744  1744 D MccTable: updateMccMncConfiguration defaultMccMnc=310120
01-25 13:02:17.179  1744  1744 D MccTable: updateMccMncConfiguration: mcc=310, mnc=0
01-25 13:02:17.179  1744  1744 D MccTable: WIFI_COUNTRY_CODE set to us
01-25 13:02:17.213   691   727 I chatty  : uid=1000(system) ActivityManager expire 15 lines
01-25 13:02:17.213   691  1040 I chatty  : uid=1000(system) ConnectivitySer expire 12 lines
01-25 13:02:17.333   691  1526 I chatty  : uid=1000(system) Binder_7 expire 2 lines
01-25 13:03:39.166   691   729 I chatty  : uid=1000(system) android.fg expire 2 lines
01-25 13:09:21.056  1744  1744 D MccTable: updateMccMncConfiguration mccmnc='310120' fromServiceState=true
01-25 13:09:21.059  1744  1744 D MccTable: updateMccMncConfiguration defaultMccMnc=310120
01-25 13:09:21.059  1744  1744 D MccTable: updateMccMncConfiguration: mcc=310, mnc=120
01-25 13:09:21.059  1744  1744 D MccTable: WIFI_COUNTRY_CODE set to us
01-25 13:09:25.225   691   727 I chatty  : uid=1000(system) ActivityManager expire 9 lines
01-25 13:09:27.175   691  1250 I chatty  : uid=1000(system) Binder_6 expire 2 lines
01-25 13:10:46.333  1744  1744 D MccTable: updateMccMncConfiguration mccmnc='31000' fromServiceState=true
01-25 13:10:46.334  1744  1744 D MccTable: updateMccMncConfiguration defaultMccMnc=310120
01-25 13:10:46.334  1744  1744 D MccTable: updateMccMncConfiguration: mcc=310, mnc=0
01-25 13:10:46.334  1744  1744 D MccTable: WIFI_COUNTRY_CODE set to us
01-25 13:11:07.756  1744  1744 D MccTable: updateMccMncConfiguration mccmnc='310120' fromServiceState=true
01-25 13:11:07.757  1744  1744 D MccTable: updateMccMncConfiguration defaultMccMnc=310120
01-25 13:11:07.757  1744  1744 D MccTable: updateMccMncConfiguration: mcc=310, mnc=120
01-25 13:11:07.757  1744  1744 D MccTable: WIFI_COUNTRY_CODE set to us
01-25 13:12:06.239  2325 23665 E ActivityThread: Failed to find provider info for com.google.android.wearable.settings
01-25 13:12:16.831 23719 23719 I chatty  : uid=1000(system) org.cyanogenmod.providers.datausage expire 1 line
01-25 13:12:16.945   691  1596 I chatty  : uid=1000(system) Binder_9 expire 1 line
01-25 13:12:17.030  2325 23665 E ActivityThread: Failed to find provider info for com.google.android.wearable.settings
01-25 13:12:18.365   691  2275 I chatty  : uid=1000(system) Binder_E expire 5 lines
01-25 13:12:18.394   691   709 I chatty  : uid=1000(system) Binder_2 expire 10 lines
01-25 13:12:18.762   691  2182 I chatty  : uid=1000(system) Binder_C expire 7 lines
01-25 13:12:18.952   691  1121 I chatty  : uid=1000(system) Binder_4 expire 9 lines
01-25 13:12:19.508   691  1120 I chatty  : uid=1000(system) Binder_3 expire 10 lines
01-25 13:12:19.679   691  2398 I chatty  : uid=1000(system) Binder_10 expire 7 lines
01-25 13:13:30.050   691  1912 I chatty  : uid=1000(system) Binder_B expire 10 lines
01-25 13:13:30.190   691   726 I chatty  : uid=1000(system) android.bg expire 1 line
01-25 13:13:30.283   691  1039 I chatty  : uid=1000(system) WifiService expire 3 lines
01-25 13:13:30.310   691  2255 I chatty  : uid=1000(system) Binder_D expire 10 lines
01-25 13:13:30.432   691   727 I chatty  : uid=1000(system) ActivityManager expire 11 lines
01-25 13:13:30.632 23899 23899 D ActivityThread: Loading provider com.google.android.gmail.provider;com.android.mail.notifier;com.google.android.gm.email.provider;com.google.android.gm.tasks.provider;com.google.
android.gm.email.notifier: com.android.email.provider.EmailProvider
01-25 13:13:36.763 23719 23719 I chatty  : uid=1000(system) org.cyanogenmod.providers.datausage expire 1 line
01-25 13:13:38.410   691  1526 I chatty  : uid=1000(system) Binder_7 expire 9 lines
01-25 13:13:43.538   691   708 I chatty  : uid=1000(system) Binder_1 expire 9 lines
01-25 13:14:14.499  1744  1744 D MccTable: updateMccMncConfiguration mccmnc='31000' fromServiceState=true
01-25 13:14:14.499  1744  1744 D MccTable: updateMccMncConfiguration defaultMccMnc=310120
01-25 13:14:14.499  1744  1744 D MccTable: updateMccMncConfiguration: mcc=310, mnc=0
01-25 13:14:14.499  1744  1744 D MccTable: WIFI_COUNTRY_CODE set to us
01-25 13:14:14.500   691  2397 I chatty  : uid=1000(system) Binder_F expire 4 lines
01-25 13:14:16.043   691  1040 I chatty  : uid=1000(system) ConnectivitySer expire 12 lines
01-25 13:15:16.010  1744  1744 D MccTable: updateMccMncConfiguration mccmnc='310120' fromServiceState=true
01-25 13:15:16.010  1744  1744 D MccTable: updateMccMncConfiguration defaultMccMnc=310120
01-25 13:15:16.011  1744  1744 D MccTable: updateMccMncConfiguration: mcc=310, mnc=120
01-25 13:15:16.011  1744  1744 D MccTable: WIFI_COUNTRY_CODE set to us
01-25 13:15:51.535  1744  1744 D MccTable: updateMccMncConfiguration mccmnc='31000' fromServiceState=true
01-25 13:15:51.536  1744  1744 D MccTable: updateMccMncConfiguration defaultMccMnc=310120
01-25 13:15:51.536  1744  1744 D MccTable: updateMccMncConfiguration: mcc=310, mnc=0
01-25 13:15:51.536  1744  1744 D MccTable: WIFI_COUNTRY_CODE set to us
01-25 13:15:51.536   691  1544 I chatty  : uid=1000(system) Binder_8 expire 7 lines
01-25 13:15:51.674   691  1830 I chatty  : uid=1000(system) Binder_A expire 9 lines
01-25 13:15:51.817   691  1179 I chatty  : uid=1000(system) Binder_5 expire 9 lines
01-25 13:16:36.242  1744  1744 D MccTable: updateMccMncConfiguration mccmnc='310120' fromServiceState=true
01-25 13:16:36.242  1744  1744 D MccTable: updateMccMncConfiguration defaultMccMnc=310120
01-25 13:16:36.242  1744  1744 D MccTable: updateMccMncConfiguration: mcc=310, mnc=120
01-25 13:16:36.242  1744  1744 D MccTable: WIFI_COUNTRY_CODE set to us
01-25 13:16:54.583   691  1596 I chatty  : uid=1000(system) Binder_9 expire 10 lines
01-25 13:17:22.153   691   986 I chatty  : uid=1000(system) AlarmManager expire 1 line
01-25 13:17:28.088  1744  1744 D MccTable: updateMccMncConfiguration mccmnc='31000' fromServiceState=true
01-25 13:17:28.089  1744  1744 D MccTable: updateMccMncConfiguration defaultMccMnc=310120
01-25 13:17:28.089  1744  1744 D MccTable: updateMccMncConfiguration: mcc=310, mnc=0
01-25 13:17:28.089  1744  1744 D MccTable: WIFI_COUNTRY_CODE set to us
01-25 13:17:28.144   691  1040 I chatty  : uid=1000(system) ConnectivitySer expire 36 lines
01-25 13:17:29.716   691   727 I chatty  : uid=1000(system) ActivityManager expire 14 lines
01-25 13:17:42.365   691  1250 I chatty  : uid=1000(system) Binder_6 expire 2 lines
01-25 13:20:32.048  1744  1744 D MccTable: updateMccMncConfiguration mccmnc='310120' fromServiceState=true
01-25 13:20:32.049  1744  1744 D MccTable: updateMccMncConfiguration defaultMccMnc=310120
01-25 13:20:32.049  1744  1744 D MccTable: updateMccMncConfiguration: mcc=310, mnc=120
01-25 13:20:32.049  1744  1744 D MccTable: WIFI_COUNTRY_CODE set to us
01-25 13:20:32.074   691  1040 I chatty  : uid=1000(system) ConnectivitySer expire 11 lines
01-25 13:20:32.090   691   727 I chatty  : uid=1000(system) ActivityManager expire 10 lines
01-25 13:21:07.098   691  1001 I chatty  : uid=1000(system) InputReader expire 2 lines
01-25 13:21:07.177   691   743 I chatty  : uid=1000(system) PowerManagerSer expire 6 lines
01-25 13:21:07.187   691   740 I chatty  : uid=1000(system) android.display expire 2 lines
01-25 13:24:28.983  1744  1744 D MccTable: updateMccMncConfiguration mccmnc='31000' fromServiceState=true
01-25 13:24:28.984  1744  1744 D MccTable: updateMccMncConfiguration defaultMccMnc=310120
01-25 13:24:28.984  1744  1744 D MccTable: updateMccMncConfiguration: mcc=310, mnc=0
01-25 13:24:28.984  1744  1744 D MccTable: WIFI_COUNTRY_CODE set to us
01-25 13:24:35.135   691   727 I chatty  : uid=1000(system) ActivityManager expire 2 lines
01-25 13:25:40.457  1744  1744 D MccTable: updateMccMncConfiguration mccmnc='310120' fromServiceState=true
01-25 13:25:40.457  1744  1744 D MccTable: updateMccMncConfiguration defaultMccMnc=310120
01-25 13:25:40.457  1744  1744 D MccTable: updateMccMncConfiguration: mcc=310, mnc=120
01-25 13:25:40.457  1744  1744 D MccTable: WIFI_COUNTRY_CODE set to us
01-25 13:25:40.457   691  1912 I chatty  : uid=1000(system) Binder_B expire 10 lines
01-25 13:25:41.011   691  2275 I chatty  : uid=1000(system) Binder_E expire 12 lines
01-25 13:25:41.039   691  2398 I chatty  : uid=1000(system) Binder_10 expire 10 lines
01-25 13:25:41.114   691   708 I chatty  : uid=1000(system) Binder_1 expire 12 lines
01-25 13:25:41.174   691  2397 I chatty  : uid=1000(system) Binder_F expire 10 lines
01-25 13:25:41.278   691   727 I chatty  : uid=1000(system) ActivityManager expire 11 lines
01-25 13:25:41.521   691  1830 I chatty  : uid=1000(system) Binder_A expire 8 lines
01-25 13:25:41.572   691  1250 I chatty  : uid=1000(system) Binder_6 expire 11 lines
01-25 13:25:41.652   691  1121 I chatty  : uid=1000(system) Binder_4 expire 10 lines
01-25 13:25:41.676   691  1596 I chatty  : uid=1000(system) Binder_9 expire 9 lines
01-25 13:25:42.064 26308 26308 D ActivityThread: Loading provider com.google.android.gmail.provider;com.android.mail.notifier;com.google.android.gm.email.provider;com.google.android.gm.tasks.provider;com.google.
android.gm.email.notifier: com.android.email.provider.EmailProvider
01-25 13:25:42.222   691  1120 I chatty  : uid=1000(system) Binder_3 expire 7 lines
01-25 13:25:42.706   691  1544 I chatty  : uid=1000(system) Binder_8 expire 6 lines
01-25 13:26:20.829  1744  1744 D MccTable: updateMccMncConfiguration mccmnc='31000' fromServiceState=true
01-25 13:26:20.830  1744  1744 D MccTable: updateMccMncConfiguration defaultMccMnc=310120
01-25 13:26:20.830  1744  1744 D MccTable: updateMccMncConfiguration: mcc=310, mnc=0
01-25 13:26:20.830  1744  1744 D MccTable: WIFI_COUNTRY_CODE set to us
01-25 13:26:24.724   691  1040 I chatty  : uid=1000(system) ConnectivitySer expire 10 lines
01-25 13:27:00.684   691   709 I chatty  : uid=1000(system) Binder_2 expire 11 lines
01-25 13:27:04.112   691  1001 I chatty  : uid=1000(system) InputReader expire 1 line
01-25 13:27:04.167   691   743 I chatty  : uid=1000(system) PowerManagerSer expire 3 lines
01-25 13:27:04.181   691   740 I chatty  : uid=1000(system) android.display expire 13 lines
01-25 13:27:05.715   691  1526 I chatty  : uid=1000(system) Binder_7 expire 5 lines
01-25 13:27:06.030   691  2182 I chatty  : uid=1000(system) Binder_C expire 10 lines
01-25 13:27:10.888   691  1039 I chatty  : uid=1000(system) WifiService expire 6 lines
01-25 13:27:12.325   691  1179 I chatty  : uid=1000(system) Binder_5 expire 10 lines
01-25 13:27:21.566   691   729 I chatty  : uid=1000(system) android.fg expire 3 lines
01-25 13:27:24.777   691  2255 I chatty  : uid=1000(system) Binder_D expire 4 lines
01-25 13:27:26.519   691   728 I chatty  : uid=1000(system) android.ui expire 2 lines
01-25 13:27:59.535  1744  1744 D MccTable: updateMccMncConfiguration mccmnc='310120' fromServiceState=true
01-25 13:27:59.535  1744  1744 D MccTable: updateMccMncConfiguration defaultMccMnc=310120
01-25 13:27:59.535  1744  1744 D MccTable: updateMccMncConfiguration: mcc=310, mnc=120
01-25 13:27:59.535  1744  1744 D MccTable: WIFI_COUNTRY_CODE set to us
01-25 13:28:04.446  2325  2325 D StrictMode: Wrote violation #0 of 1: 10992 bytes
01-25 13:28:06.719   691   727 I chatty  : uid=1000(system) ActivityManager expire 1 line
01-25 13:28:19.301  1744  1744 D MccTable: updateMccMncConfiguration mccmnc='31000' fromServiceState=true
01-25 13:28:19.302  1744  1744 D MccTable: updateMccMncConfiguration defaultMccMnc=310120
01-25 13:28:19.302  1744  1744 D MccTable: updateMccMncConfiguration: mcc=310, mnc=0
01-25 13:28:19.302  1744  1744 D MccTable: WIFI_COUNTRY_CODE set to us
01-25 13:28:19.492   691  1912 I chatty  : uid=1000(system) Binder_B expire 7 lines
01-25 13:28:22.665   691  2182 I chatty  : uid=1000(system) Binder_C expire 3 lines
01-25 13:28:30.395  2325  2325 D StrictMode: Wrote violation #0 of 1: 13796 bytes
01-25 13:28:30.565   691   726 I chatty  : uid=1000(system) android.bg expire 1 line
01-25 13:28:31.070   691  1040 I chatty  : uid=1000(system) ConnectivitySer expire 20 lines
01-25 13:28:31.329 27773 27773 D ActivityThread: Loading provider com.google.android.gmail.provider;com.android.mail.notifier;com.google.android.gm.email.provider;com.google.android.gm.tasks.provider;com.google.
android.gm.email.notifier: com.android.email.provider.EmailProvider
01-25 13:28:31.825   691  2398 I chatty  : uid=1000(system) Binder_10 expire 6 lines
01-25 13:28:37.125   691  1121 I chatty  : uid=1000(system) Binder_4 expire 2 lines
01-25 13:28:37.340   691  1033 I chatty  : uid=1000(system) NetworkPolicy expire 1 line
01-25 13:28:39.298   691  1121 I chatty  : uid=1000(system) Binder_4 expire 10 lines
01-25 13:28:40.855   691   708 I chatty  : uid=1000(system) Binder_1 expire 7 lines
01-25 13:28:42.897   691  1526 I chatty  : uid=1000(system) Binder_7 expire 10 lines
01-25 13:28:43.306   691  1179 I chatty  : uid=1000(system) Binder_5 expire 5 lines
01-25 13:28:43.610   691  2397 I chatty  : uid=1000(system) Binder_F expire 10 lines
01-25 13:28:43.766 27465 27465 D StrictMode: Wrote violation #0 of 2: 12196 bytes
01-25 13:28:43.777  2325 27239 D StrictMode: Wrote violation #0 of 2: 13768 bytes
01-25 13:28:43.780  2325 27239 D StrictMode: Wrote violation #1 of 2: 11412 bytes
01-25 13:28:44.245   691  1250 I chatty  : uid=1000(system) Binder_6 expire 4 lines
01-25 13:28:45.955   691  2182 I chatty  : uid=1000(system) Binder_C expire 10 lines
01-25 13:28:46.205   691  2275 I chatty  : uid=1000(system) Binder_E expire 11 lines
01-25 13:28:47.115   691   709 I chatty  : uid=1000(system) Binder_2 expire 10 lines
01-25 13:28:47.153   691   727 I chatty  : uid=1000(system) ActivityManager expire 14 lines
