01-25 13:45:55.825 30279 30289 I art     : Background sticky concurrent mark sweep GC freed 54144(2MB) AllocSpace objects, 18(548KB) LOS objects, 3% free, 49MB/51MB, paused 9.560ms total 471.988ms
01-25 13:45:56.043  4250  4250 I TWILIGHT: [13:45:56.043, main]: Accessibility CHANGED com.facebook.katana android.support.v4.view.ViewPager
01-25 13:45:56.400  4250  4250 I TWILIGHT: [13:45:56.400, main]: Accessibility CHANGED com.facebook.katana android.widget.TextView
01-25 13:45:56.588 30279 30279 I cr_Ime  : ImeThread is not enabled.
01-25 13:45:56.638 30279 30279 W cr_BindingManager: Cannot call determinedVisibility() - never saw a connection for the pid: 30279
01-25 13:45:56.639 30279 30279 D cr_Ime  : [InputMethodManagerWrapper.java:59] isActive: false
01-25 13:45:56.985  4250  4250 I TWILIGHT: [13:45:56.984, main]: Accessibility CHANGED com.facebook.katana android.support.v4.view.ViewPager
01-25 13:45:57.272 30279 30289 I art     : Background partial concurrent mark sweep GC freed 32084(1570KB) AllocSpace objects, 7(1220KB) LOS objects, 7% free, 48MB/52MB, paused 4.786ms total 175.098ms
01-25 13:45:57.611   691  1001 I PowerManagerService: Going to sleep due to power button (uid 1000)...
01-25 13:45:58.112   691  1038 I chatty  : uid=1000(system) WifiStateMachin expire 2 lines
01-25 13:45:58.189   691   743 E KernelUidCpuTimeReader: Failed to read uid_cputime: /proc/uid_cputime/show_uid_stat: open failed: ENOENT (No such file or directory)
01-25 13:45:58.191   691  1121 D WifiService: acquireWifiLockLocked: WifiLock{NlpWifiLock type=2 binder=android.os.BinderProxy@3e097ff}
01-25 13:45:58.259   691   743 I chatty  : uid=1000(system) PowerManagerSer expire 2 lines
01-25 13:45:58.278   691   740 I DisplayManagerService: Display device changed state: "Built-in Screen", OFF
01-25 13:45:58.286   231   231 I chatty  : uid=1000(system) /system/bin/surfaceflinger expire 3 lines
01-25 13:45:58.373 30279 30279 W FragmentManager: moveToState: Fragment state for 0fb{a2b7f23 #1 id=0x7f0c1a46} not updated inline; expected state 3 found 2
01-25 13:45:58.375 30279 30279 W FragmentManager: moveToState: Fragment state for 0fb{7a0f052 #3 id=0x7f0c1a46} not updated inline; expected state 3 found 2
01-25 13:45:58.377 30279 30279 W FragmentManager: moveToState: Fragment state for 0fb{2d3bcdd #4 id=0x7f0c1a46} not updated inline; expected state 3 found 2
01-25 13:45:58.379 30279 30279 W FragmentManager: moveToState: Fragment state for 0fb{a1508b4 #5 id=0x7f0c1a46} not updated inline; expected state 3 found 2
01-25 13:45:58.380 30279 30279 W FragmentManager: moveToState: Fragment state for 0fb{7d55187 #6 id=0x7f0c1a46} not updated inline; expected state 3 found 2
01-25 13:45:58.400   231   472 I chatty  : uid=1000(system) hwcVsyncThread expire 1 line
01-25 13:45:58.402   691  1074 I chatty  : uid=1000(system) PhotonicModulat expire 1 line
01-25 13:45:58.404   691   743 I chatty  : uid=1000(system) PowerManagerSer expire 1 line
01-25 13:45:58.405   691   743 I PowerManagerService: Sleeping (uid 1000)...
01-25 13:45:58.464   691   701 I chatty  : uid=1000(system) HeapTaskDaemon expire 1 line
01-25 13:45:58.487   691  1120 W InputMethodManagerService: Focus gain on non-focused client com.android.internal.view.IInputMethodClient$Stub$Proxy@74eee2c (uid=10133 pid=30279)
01-25 13:45:58.562   691  1038 E native  : do suspend true
01-25 13:45:58.563   238  2416 D audio_hw_primary: adev_set_parameters: enter: screen_state=off
01-25 13:45:58.565   238  2416 E bt_a2dp_hw: adev_set_parameters: ERROR: set param called even when stream out is null
01-25 13:45:58.583  1131  1131 D CarrierText: onSimStateChanged: Normal
01-25 13:45:58.690  1131  1131 D PhoneStatusBar: disable: < expand ICONS* alerts SYSTEM_INFO* back home recent clock search quick_settings >
01-25 13:45:58.847 30279 30279 W cr_AwContents: WebView.destroy() called while WebView is still attached to window.
01-25 13:45:58.935  1131  1131 D PhoneStatusBar: disable: < expand ICONS alerts SYSTEM_INFO back HOME* RECENT* clock SEARCH* quick_settings >
01-25 13:45:59.093  4250  4250 I TWILIGHT: [13:45:59.093, main]: SCREEN_OFF
01-25 13:45:59.114  2325  2325 I DeviceScanner: [MDNS] Screen is OFF
01-25 13:45:59.128 30279 30279 D cr_Ime  : [InputMethodManagerWrapper.java:59] isActive: false
01-25 13:45:59.130  2325  2325 I DeviceScanner: [CastNearby] Screen is OFF
01-25 13:45:59.189  5079  5079 I MemoryTrimmer: Trimming objects from memory, since app is in the background.
01-25 13:45:59.209  4250  4250 I TWILIGHT: [13:45:59.209, main]: Accessibility CHANGED com.android.systemui android.widget.FrameLayout
01-25 13:45:59.327  4250  4250 I TWILIGHT: [13:45:59.326, main]: Accessibility CHANGED com.android.systemui android.widget.TextView
01-25 13:46:00.406   691   743 W PowerManagerService: Sandman unresponsive, releasing suspend blocker
01-25 13:46:03.213   691  1038 D WifiConfigStore: Retrieve network priorities after PNO.
01-25 13:46:03.337   691   727 E KernelUidCpuTimeReader: Failed to read uid_cputime: /proc/uid_cputime/show_uid_stat: open failed: ENOENT (No such file or directory)
01-25 13:46:03.412  5079  5079 I MemoryTrimmer: Trimming objects from memory, since app is in the background.
01-25 13:46:03.680  4250  4250 I TWILIGHT: [13:46:03.679, main]: Accessibility CHANGED com.android.vending android.widget.TextView
01-25 13:46:05.460   691  1038 D WifiStateMachine: Disconnected CMD_START_SCAN source -2 289, 290 -> obsolete
01-25 13:46:08.204   691  1038 D WifiConfigStore: Retrieve network priorities after PNO.
01-25 13:46:08.421   691   727 E KernelUidCpuTimeReader: Failed to read uid_cputime: /proc/uid_cputime/show_uid_stat: open failed: ENOENT (No such file or directory)
01-25 13:46:13.296   691  1830 D WifiService: releaseWifiLockLocked: WifiLock{NlpWifiLock type=2 binder=android.os.BinderProxy@3e097ff}
01-25 13:46:13.296   691  1038 E native  : do suspend true
01-25 13:46:13.355  1630  6356 I GCoreUlr: Successfully inserted 1 locations
01-25 13:46:14.306   691   727 E KernelUidCpuTimeReader: Failed to read uid_cputime: /proc/uid_cputime/show_uid_stat: open failed: ENOENT (No such file or directory)
01-25 13:46:19.971   691   727 E KernelUidCpuTimeReader: Failed to read uid_cputime: /proc/uid_cputime/show_uid_stat: open failed: ENOENT (No such file or directory)
01-25 13:46:21.418   231   472 I qdhwcomposer: handle_blank_event: dpy:0 panel power state: 0
01-25 13:46:26.310   231   472 I qdhwcomposer: handle_blank_event: dpy:0 panel power state: 0
01-25 13:46:26.384  4250  4264 I art     : Background partial concurrent mark sweep GC freed 24866(1340KB) AllocSpace objects, 0(0B) LOS objects, 39% free, 5MB/8MB, paused 669us total 428.186ms
01-25 13:46:26.500   691  2397 I bsthal  : <BST> set delay of <BOSCH Acceleration Sensor> to 20ms
01-25 13:46:29.869  2736  6401 I ClearcutLoggerApiImpl: disconnect managed GoogleApiClient
01-25 13:46:30.176   691  1250 I bsthal  : <BST> set delay of <BOSCH Acceleration Sensor> to 200ms
01-25 13:46:30.414   236   321 I chatty  : uid=1001(radio) /system/bin/rild expire 10 lines
01-25 13:46:30.418   254   519 D QC-time-services: Daemon: Connection accepted:time_genoff
01-25 13:46:30.419   254  6977 D QC-time-services: Daemon:Received base = 13, unit = 1, operation = 0,value = 1485373590000
01-25 13:46:30.419   254  6977 D QC-time-services: Daemon:genoff_opr: Base = 13, val = 1485373590000, operation = 0
01-25 13:46:30.419   254  6977 D QC-time-services: Daemon:rtc_get: Time read from RTC -- MM/DD/YY HH:MM:SS0/3/70 22:8:58
01-25 13:46:30.419   254  6977 D QC-time-services: Daemon:Value read from RTC seconds = 252538000
01-25 13:46:30.419   254  6977 D QC-time-services: Daemon:new time 1485373590000
01-25 13:46:30.419   254  6977 D QC-time-services: Daemon: delta 1485121052000 genoff 1485121052000
01-25 13:46:30.419   254  6977 D QC-time-services: Daemon:genoff_persistent_update: Writing genoff = 1485121052000 to memory
01-25 13:46:30.419   254  6977 D QC-time-services: Daemon:Opening File: /data/time/ats_13
01-25 13:46:30.419   254  6977 D QC-time-services: Daemon:time_persistent_memory_opr:Genoff write operation
01-25 13:46:30.424   254   519 E QC-time-services: Daemon: Time-services: Waiting to acceptconnection
01-25 13:46:30.427  1744  1744 D MccTable: updateMccMncConfiguration mccmnc='310120' fromServiceState=true
01-25 13:46:30.428  1744  1744 D MccTable: updateMccMncConfiguration defaultMccMnc=310120
01-25 13:46:30.428  1744  1744 D MccTable: updateMccMncConfiguration: mcc=310, mnc=120
01-25 13:46:30.428  1744  1744 D MccTable: WIFI_COUNTRY_CODE set to us
01-25 13:46:30.428   691  1121 I WifiService: WifiService trying to set country code to us with persist set to true
01-25 13:46:30.512   691  1040 D ConnectivityService: notifyType CAP_CHANGED for NetworkAgentInfo [MOBILE (CDMA - eHRPD) - 115]
01-25 13:46:30.519   691  1040 D ConnectivityService: Setting tx/rx TCP buffers to 2097152,4194304,8388608,262144,524288,1048576
01-25 13:46:30.581   691   727 I ActivityManager: Start proc 6980:com.android.cellbroadcastreceiver/u0a6 for broadcast com.android.cellbroadcastreceiver/.CellBroadcastReceiver
01-25 13:46:30.585   691  1040 D ConnectivityService: notifyType IP_CHANGED for NetworkAgentInfo [MOBILE (LTE) - 115]
01-25 13:46:30.604   691  1830 D AlarmManagerService: Kernel timezone updated to 360 minutes west of GMT
01-25 13:46:30.606   691  1120 D AlarmManagerService: Setting time of day to sec=1485373590
01-25 13:46:30.183   691  1120 D QC-time-services: Lib:time_genoff_operation: pargs->base = 2
01-25 13:46:30.183   691  1120 D QC-time-services: Lib:time_genoff_operation: pargs->operation = 0
01-25 13:46:30.183   691  1120 D QC-time-services: Lib:time_genoff_operation: pargs->ts_val = 1485373590
01-25 13:46:30.183   691  1120 D QC-time-services: Lib:time_genoff_operation: Send to server  passed!!
01-25 13:46:30.183   254   519 D QC-time-services: Daemon: Connection accepted:time_genoff
01-25 13:46:30.191   254  6991 D QC-time-services: Daemon:Received base = 2, unit = 1, operation = 0,value = 1485373590000
01-25 13:46:30.191   254  6991 D QC-time-services: Daemon:genoff_opr: Base = 2, val = 1485373590000, operation = 0
01-25 13:46:30.191   254  6991 D QC-time-services: Daemon:rtc_get: Time read from RTC -- MM/DD/YY HH:MM:SS0/3/70 22:8:58
01-25 13:46:30.191   254  6991 D QC-time-services: Daemon:Value read from RTC seconds = 252538000
01-25 13:46:30.191   254  6991 D QC-time-services: Daemon:new time 1485373590000
01-25 13:46:30.191   254  6991 D QC-time-services: Daemon: delta 1485121052000 genoff 1485121052000
01-25 13:46:30.191   254  6991 D QC-time-services: Daemon:genoff_persistent_update: Writing genoff = 1485121052000 to memory
01-25 13:46:30.191   254  6991 D QC-time-services: Daemon:Opening File: /data/time/ats_2
01-25 13:46:30.191   254  6991 D QC-time-services: Daemon:time_persistent_memory_opr:Genoff write operation
01-25 13:46:30.193   254  6991 D QC-time-services: Updating the TOD offset
01-25 13:46:30.193   254  6991 D QC-time-services: Daemon:genoff_persistent_update: Writing genoff = 1485121052000 to memory
01-25 13:46:30.193   254  6991 D QC-time-services: Daemon:Opening File: /data/time/ats_1
01-25 13:46:30.193   254  6991 D QC-time-services: Daemon:time_persistent_memory_opr:Genoff write operation
01-25 13:46:30.195   254  6991 E QC-time-services: Daemon:Update to modem bit set
01-25 13:46:30.195   254  6991 D QC-time-services: Daemon:genoff_send_modem: Sending data to MODEM !
01-25 13:46:30.195   254  6991 D QC-time-services: Daemon: Base = 2, Value being sent to MODEM = 1169156252000
01-25 13:46:30.196   691  1120 E QC-time-services: Receive Passed == base = 2, unit = 1, operation = 0, result = 0
01-25 13:46:30.196   691  1120 W AlarmManagerService: Unable to set rtc to 1485373590: Invalid argument
01-25 13:46:30.197   254   516 E QC-time-services: Daemon:tod_update_ind_cb: Got Update from modem msg_id 40
01-25 13:46:30.198   254   519 E QC-time-services: Daemon: Time-services: Waiting to acceptconnection
01-25 13:46:33.760   231   472 I qdhwcomposer: handle_blank_event: dpy:0 panel power state: 0
01-25 13:46:33.818  4250  4250 I TWILIGHT: [13:46:33.818, main]: Accessibility CHANGED com.android.systemui android.widget.TextView
01-25 13:46:33.875  6980  6980 W System  : ClassLoader referenced unknown path: /system/priv-app/CellBroadcastReceiver/lib/arm
01-25 13:46:33.971   691   727 E KernelUidCpuTimeReader: Failed to read uid_cputime: /proc/uid_cputime/show_uid_stat: open failed: ENOENT (No such file or directory)
01-25 13:46:34.060  6980  6980 D CellBroadcastReceiver: onReceive Intent { act=android.intent.action.SERVICE_STATE flg=0x10 cmp=com.android.cellbroadcastreceiver/.CellBroadcastReceiver (has extras) }
01-25 13:46:34.060  6980  6980 D CellBroadcastReceiver: Intent ACTION_SERVICE_STATE_CHANGED
01-25 13:46:34.061  6980  6980 D CellBroadcastReceiver: subscriptionId = 1
01-25 13:46:34.105  6980  6980 D CellBroadcastReceiver: Service state changed! 0 Full: 0 0 voice home data home Sprint  310120 Sprint  310120  LTE LTE CSS not supported 0 0 RoamInd=1 DefRoamInd=0 EmergOnly=false
 IsDataRoamingFromRegistration=false Current state=1
01-25 13:46:34.548  4250  4250 I TWILIGHT: [13:46:34.548, main]: Accessibility CHANGED com.android.systemui android.widget.LinearLayout
01-25 13:46:34.580  6980  7026 D CellBroadcastConfigService: enabling emergency cell broadcast channels
01-25 13:46:34.828   691  2255 I bsthal  : <BST> set delay of <BOSCH Acceleration Sensor> to 20ms
01-25 13:46:35.045  1744 32119 I chatty  : uid=1001(radio) Binder_A expire 6 lines
01-25 13:46:35.066  1744 20697 I chatty  : uid=1001(radio) Binder_D expire 8 lines
01-25 13:46:35.077  1744 25971 I chatty  : uid=1001(radio) Binder_F expire 6 lines
01-25 13:46:35.087  1744 29331 I chatty  : uid=1001(radio) Binder_9 expire 6 lines
01-25 13:46:35.099  1744  1779 I chatty  : uid=1001(radio) Binder_2 expire 8 lines
01-25 13:46:35.111  1744  2208 I chatty  : uid=1001(radio) Binder_4 expire 6 lines
01-25 13:46:35.122  1744  2556 I chatty  : uid=1001(radio) Binder_6 expire 5 lines
01-25 13:46:35.133  1744 26635 I chatty  : uid=1001(radio) Binder_10 expire 3 lines
01-25 13:46:35.173  6980  7026 D CellBroadcastConfigService: enabled emergency cell broadcast channels
01-25 13:46:35.209  6980  7026 D CellBroadcastConfigService: disabling cell broadcast channel 50
01-25 13:46:35.217  6980  7026 D CellBroadcastConfigService: channel 60 is not applicable for cdma
01-25 13:46:35.220  6980  7026 D CellBroadcastConfigService: disabling channels 919-928
01-25 13:46:35.231  6980  7026 D CellBroadcastConfigService: disabling cell broadcast ETWS test messages
01-25 13:46:38.318   691  1830 I bsthal  : <BST> set delay of <BOSCH Acceleration Sensor> to 200ms
01-25 13:46:42.905   231   472 I qdhwcomposer: handle_blank_event: dpy:0 panel power state: 0
01-25 13:46:43.394   691  1526 I bsthal  : <BST> set delay of <BOSCH Acceleration Sensor> to 20ms
01-25 13:46:43.990   691   727 E KernelUidCpuTimeReader: Failed to read uid_cputime: /proc/uid_cputime/show_uid_stat: open failed: ENOENT (No such file or directory)
01-25 13:46:46.196  1630  6942 W ctxmgr  : [AclManager]null policy map (0) -1, clientInfo=(accnt=account#-1822094281#, com.google.android.gms(10028):com.google.android.googlequicksearchbox, vrsn=10291438, 0, 3pP
kg = null ,  3pMdlId = null)
01-25 13:46:46.220  1630  6942 W ctxmgr  : [AclManager]null policy map (0) -1, clientInfo=(accnt=account#-1822094281#, com.google.android.gms(10028):com.google.android.googlequicksearchbox, vrsn=10291438, 0, 3pP
kg = null ,  3pMdlId = null)
01-25 13:46:46.946   691  1596 I bsthal  : <BST> set delay of <BOSCH Acceleration Sensor> to 200ms
01-25 13:46:51.905   231   472 I qdhwcomposer: handle_blank_event: dpy:0 panel power state: 0
01-25 13:46:52.053  1630  6942 W ctxmgr  : [AclManager]null policy map (0) -1, clientInfo=(accnt=account#-1822094281#, com.google.android.gms(10028):com.google.android.googlequicksearchbox, vrsn=10291438, 0, 3pP
kg = null ,  3pMdlId = null)
01-25 13:46:52.059  1630  6942 E ctxmgr  : [ProducerActiveIntervalImpl]addNewAppInterval: already contained:appKey=cdv@71c1b10a,appInterval=cdt@20a88e9,record=cjv{key=cjx{com.google.android.googlequicksearchbox,
 10038, account#-1822094281#, com.google.android.apps.gsa.staticplugins.proactive.GmsContextManagerClientHelper, 8a4674d5-734e-48e0-a7b6-535f9f2685a7}, t=1485370674940, name=-1, lifetime=2, production=null, rete
ntion=null, dispatch=1, consumer=cfn@7c4c436f-248408830}
01-25 13:46:52.064   691  1830 I bsthal  : <BST> set delay of <BOSCH Acceleration Sensor> to 20ms
01-25 13:46:52.175  5079  7042 W InstanceID/Rpc: Found 10028
01-25 13:46:52.565  5079  5289 E RequestManagerImpl: Retrieving context bytes failed.
01-25 13:46:52.565  5079  5289 E RequestManagerImpl: java.util.concurrent.ExecutionException: java.lang.NullPointerException: Attempt to invoke virtual method 'void com.google.android.gms.common.data.a.release()
' on a null object reference
01-25 13:46:52.565  5079  5289 E RequestManagerImpl:    at a.b.b.get(SourceFile:116)
01-25 13:46:52.565  5079  5289 E RequestManagerImpl:    at com.google.android.apps.gsa.staticplugins.bd.e.r.a(SourceFile:1017)
01-25 13:46:52.565  5079  5289 E RequestManagerImpl:    at com.google.android.apps.gsa.staticplugins.bd.e.aj.r(SourceFile:114)
01-25 13:46:52.565  5079  5289 E RequestManagerImpl:    at com.google.android.apps.gsa.staticplugins.bd.e.aj.aI(SourceFile:23)
01-25 13:46:52.565  5079  5289 E RequestManagerImpl:    at com.google.common.util.concurrent.q.O(SourceFile:2211)
01-25 13:46:52.565  5079  5289 E RequestManagerImpl:    at com.google.common.util.concurrent.p.run(SourceFile:130)
01-25 13:46:52.565  5079  5289 E RequestManagerImpl:    at com.google.common.util.concurrent.bo.run(SourceFile:952)
01-25 13:46:52.565  5079  5289 E RequestManagerImpl:    at com.google.android.apps.gsa.taskgraph.b.a.p.run(SourceFile:73)
01-25 13:46:52.565  5079  5289 E RequestManagerImpl:    at java.util.concurrent.Executors$RunnableAdapter.call(Executors.java:423)
01-25 13:46:52.565  5079  5289 E RequestManagerImpl:    at java.util.concurrent.FutureTask.run(FutureTask.java:237)
01-25 13:46:52.565  5079  5289 E RequestManagerImpl:    at com.google.android.apps.gsa.shared.util.concurrent.a.ao.run(SourceFile:66)
01-25 13:46:52.565  5079  5289 E RequestManagerImpl:    at com.google.android.apps.gsa.shared.util.concurrent.a.be.run(SourceFile:139)
01-25 13:46:52.565  5079  5289 E RequestManagerImpl:    at com.google.android.apps.gsa.shared.util.concurrent.a.be.run(SourceFile:139)
01-25 13:46:52.565  5079  5289 E RequestManagerImpl:    at java.util.concurrent.ThreadPoolExecutor.runWorker(ThreadPoolExecutor.java:1113)
01-25 13:46:52.565  5079  5289 E RequestManagerImpl:    at java.util.concurrent.ThreadPoolExecutor$Worker.run(ThreadPoolExecutor.java:588)
01-25 13:46:52.565  5079  5289 E RequestManagerImpl:    at java.lang.Thread.run(Thread.java:818)
01-25 13:46:52.565  5079  5289 E RequestManagerImpl:    at com.google.android.apps.gsa.shared.util.concurrent.a.ae.run(SourceFile:65)
01-25 13:46:52.565  5079  5289 E RequestManagerImpl: Caused by: java.lang.NullPointerException: Attempt to invoke virtual method 'void com.google.android.gms.common.data.a.release()' on a null object reference
01-25 13:46:52.565  5079  5289 E RequestManagerImpl:    at com.google.android.libraries.f.c.b.a.a.release(SourceFile:28)
01-25 13:46:52.565  5079  5289 E RequestManagerImpl:    at com.google.android.apps.gsa.staticplugins.bd.l.aNx(SourceFile:202)
01-25 13:46:52.565  5079  5289 E RequestManagerImpl:    at com.google.android.apps.gsa.staticplugins.bd.l.call(SourceFile:163)
01-25 13:46:52.565  5079  5289 E RequestManagerImpl:    at java.util.concurrent.FutureTask.run(FutureTask.java:237)
01-25 13:46:52.565  5079  5289 E RequestManagerImpl:    at com.google.android.apps.gsa.shared.util.concurrent.a.av.call(SourceFile:386)
01-25 13:46:52.565  5079  5289 E RequestManagerImpl:    ... 8 more
01-25 13:46:54.572  6007  6030 I com.newrelic.agent.android: Harvester: connected
01-25 13:46:54.572  6007  6030 I com.newrelic.agent.android: Harvester: Sending 0 HTTP transactions.
01-25 13:46:54.572  6007  6030 I com.newrelic.agent.android: Harvester: Sending 0 HTTP errors.
01-25 13:46:54.572  6007  6030 I com.newrelic.agent.android: Harvester: Sending 0 activity traces.
01-25 13:46:54.572  6007  6030 I com.newrelic.agent.android: Harvester: Sending 0 analytics events.
01-25 13:46:55.564   691   727 E KernelUidCpuTimeReader: Failed to read uid_cputime: /proc/uid_cputime/show_uid_stat: open failed: ENOENT (No such file or directory)
01-25 13:46:55.722   691  1830 I bsthal  : <BST> set delay of <BOSCH Acceleration Sensor> to 200ms
01-25 13:46:56.795  5079  7047 I TrainingQuestionManager: updateFromServerResponse: no new training mode data and no pending answered questions to clear
01-25 13:46:56.957  1630  6523 E ctxmgr  : [AppIntervalImpl]closeInterval: ongoing
01-25 13:46:57.078  1630  6523 W ctxmgr  : [AclManager]null policy map (0) -1, clientInfo=(accnt=account#-1822094281#, com.google.android.gms(10028):com.google.android.googlequicksearchbox, vrsn=10291438, 0, 3pP
kg = null ,  3pMdlId = null)
01-25 13:46:57.108  1630  6523 W ctxmgr  : [AclManager]null policy map (0) -1, clientInfo=(accnt=account#-1822094281#, com.google.android.gms(10028):com.google.android.googlequicksearchbox, vrsn=10291438, 0, 3pP
kg = null ,  3pMdlId = null)
01-25 13:46:57.152  1630  1640 I art     : Background sticky concurrent mark sweep GC freed 38437(2MB) AllocSpace objects, 23(460KB) LOS objects, 14% free, 17MB/20MB, paused 14.191ms total 71.088ms
01-25 13:46:57.262   691  1544 I bsthal  : <BST> set delay of <BOSCH Acceleration Sensor> to 20ms
01-25 13:47:00.778   691   727 E KernelUidCpuTimeReader: Failed to read uid_cputime: /proc/uid_cputime/show_uid_stat: open failed: ENOENT (No such file or directory)
01-25 13:47:00.886   691  1250 I bsthal  : <BST> set delay of <BOSCH Acceleration Sensor> to 200ms
01-25 13:47:00.912   691   701 I art     : Background sticky concurrent mark sweep GC freed 40184(3MB) AllocSpace objects, 8(160KB) LOS objects, 15% free, 20MB/24MB, paused 2.413ms total 174.540ms
01-25 13:47:01.723   231   472 I qdhwcomposer: handle_blank_event: dpy:0 panel power state: 0
01-25 13:47:04.309   231   472 I qdhwcomposer: handle_blank_event: dpy:0 panel power state: 0
01-25 13:47:05.972  5079  5079 I MemoryTrimmer: Trimming objects from memory, since app is in the background.
01-25 13:47:05.995   691  1120 I bsthal  : <BST> set delay of <BOSCH Acceleration Sensor> to 20ms
01-25 13:47:06.121  5079  5079 I MemoryTrimmer: Trimming objects from memory, since app is in the background.
01-25 13:47:06.393  4250  4250 I TWILIGHT: [13:47:06.392, main]: Accessibility CHANGED com.android.vending android.widget.TextView
01-25 13:47:06.445   691   727 E KernelUidCpuTimeReader: Failed to read uid_cputime: /proc/uid_cputime/show_uid_stat: open failed: ENOENT (No such file or directory)
01-25 13:47:09.631   691  2255 I bsthal  : <BST> set delay of <BOSCH Acceleration Sensor> to 200ms
01-25 13:47:14.895   231   472 I qdhwcomposer: handle_blank_event: dpy:0 panel power state: 0
01-25 13:47:14.964   691  2398 I bsthal  : <BST> set delay of <BOSCH Acceleration Sensor> to 20ms
01-25 13:47:15.780   232   232 I rmt_storage: rmt_storage_connect_cb: clnt_h=0x84 conn_h=0xb782df20
01-25 13:47:15.781   232   232 I rmt_storage: rmt_storage_rw_iovec_cb: /boot/modem_fs1: clnt_h=0x1: req_h=0x88 msg_id=3: R/W request received
01-25 13:47:15.781   232   232 I rmt_storage: wakelock acquired: 1, error no: 42
01-25 13:47:15.781   232   448 I rmt_storage: rmt_storage_client_thread: /boot/modem_fs1: clnt_h=0x1 Unblock worker thread (th_id: -1227871952)
01-25 13:47:15.920   232   448 I rmt_storage: rmt_storage_client_thread: /boot/modem_fs1: clnt_h=0x1: req_h=0x88 msg_id=3: Bytes written = 1572864
01-25 13:47:15.920   232   448 I rmt_storage: rmt_storage_client_thread: /boot/modem_fs1: clnt_h=0x1: req_h=0x88 msg_id=3: Send response: res=0 err=0
01-25 13:47:15.921   232   448 I rmt_storage: rmt_storage_client_thread: /boot/modem_fs1: clnt_h=0x1 About to block rmt_storage client thread (th_id: -1227871952) wakelock released: 1, error no: 22
01-25 13:47:15.921   232   448 I rmt_storage:
01-25 13:47:15.921   232   232 I rmt_storage: rmt_storage_disconnect_cb: clnt_h=0x0x84 conn_h=0x0xb782df20
01-25 13:47:18.528   691  1544 I bsthal  : <BST> set delay of <BOSCH Acceleration Sensor> to 200ms
01-25 13:47:18.702  5079  5079 I MemoryTrimmer: Trimming objects from memory, since app is in the background.
01-25 13:47:19.449   691   727 E KernelUidCpuTimeReader: Failed to read uid_cputime: /proc/uid_cputime/show_uid_stat: open failed: ENOENT (No such file or directory)
01-25 13:47:24.835   231   472 I qdhwcomposer: handle_blank_event: dpy:0 panel power state: 0
01-25 13:47:25.628  4993  6860 I native  : adaptation-learner.cc:47 AdaptationLearner::FlushToDisk
01-25 13:47:46.904   231   472 I qdhwcomposer: handle_blank_event: dpy:0 panel power state: 0
01-25 13:47:46.971   691   727 I ActivityManager: Start proc 7162:com.instagram.android/u0a127 for broadcast com.instagram.android/com.instagram.common.analytics.AnalyticsUploadAlarmReceiver
01-25 13:47:47.203   691  2275 I ActivityManager: Process com.google.android.calendar (pid 5426) has died
01-25 13:47:47.203   691  2275 D ActivityManager: cleanUpApplicationRecord -- 5426
01-25 13:47:47.316  7162  7162 I Xposed  : XInsta - XInsta Initialized
01-25 13:47:47.348  7162  7162 I Xposed  : XInsta - Instagram Version Code: 47718694
01-25 13:47:47.348  7162  7180 W System  : ClassLoader referenced unknown path: /system/framework/tcmclient.jar
01-25 13:47:47.359  7162  7162 I Xposed  : XInsta - Device Codename: LGLS740
01-25 13:47:47.375  7162  7162 I Xposed  : XInsta - Android Version: 6.0.1
01-25 13:47:47.386  7162  7162 I Xposed  : XInsta - XInsta Version 1.8.7
01-25 13:47:47.698  7162  7172 W art     : Suspending all threads took: 8.953ms
01-25 13:47:50.499  7162  7162 I IgDiscardableRuntime: JNI_OnLoad
01-25 13:47:50.643   691  1544 D WifiService: acquireWifiLockLocked: WifiLock{NlpWifiLock type=2 binder=android.os.BinderProxy@3e097ff}
01-25 13:47:50.646   691  1038 D WifiConfigStore: Retrieve network priorities after PNO.
01-25 13:47:50.651   691  1038 E native  : do suspend true
01-25 13:47:50.719  7162  7162 W ColdStartPerformanceTracer: .                   TOTAL   THREAD
01-25 13:47:50.719  7162  7162 W ColdStartPerformanceTracer: ____0 00.000 Start    ...     ...   ColdStartPerformanceTracer
01-25 13:47:50.719  7162  7162 W ColdStartPerformanceTracer: __783 00.783 Comment  ...     ...   |  init_to_auth_helper_started
01-25 13:47:50.719  7162  7162 W ColdStartPerformanceTracer: __940 01.723 Comment  ...     ...   |  init_to_app_created
01-25 13:47:50.719  7162  7162 W ColdStartPerformanceTracer: -19424961 -19423.238 Done -19423238 ms _-292 ms ColdStartPerformanceTracer
01-25 13:47:50.935  7162  7196 I art     : Thread[16,tid=7196,Native,Thread*=0xb7a25450,peer=0x12daffa0,"IgExecutor #5"] recursive attempt to load library "/mnt/expand/374aeeba-e221-47d3-bd4e-ba641468c683/app/co
m.instagram.android-1/lib/arm/libfb.so"
01-25 13:47:51.277   691  1830 I ActivityManager: Process android.process.media (pid 5931) has died
01-25 13:47:51.277   691  1830 D ActivityManager: cleanUpApplicationRecord -- 5931
01-25 13:47:51.930   691   727 E KernelUidCpuTimeReader: Failed to read uid_cputime: /proc/uid_cputime/show_uid_stat: open failed: ENOENT (No such file or directory)
01-25 13:47:52.614   254   519 D QC-time-services: Daemon: Connection accepted:time_genoff
01-25 13:47:52.615   254  7248 D QC-time-services: Daemon:Received base = 13, unit = 1, operation = 0,value = 1485373673000
01-25 13:47:52.615   254  7248 D QC-time-services: Daemon:genoff_opr: Base = 13, val = 1485373673000, operation = 0
01-25 13:47:52.616   254  7248 D QC-time-services: Daemon:rtc_get: Time read from RTC -- MM/DD/YY HH:MM:SS0/3/70 22:10:21
01-25 13:47:52.616   254  7248 D QC-time-services: Daemon:Value read from RTC seconds = 252621000
01-25 13:47:52.616   254  7248 D QC-time-services: Daemon:new time 1485373673000
01-25 13:47:52.616   254  7248 D QC-time-services: Daemon: delta 1485121052000 genoff 1485121052000
01-25 13:47:52.616   254  7248 D QC-time-services: Daemon:genoff_persistent_update: Writing genoff = 1485121052000 to memory
01-25 13:47:52.616   254  7248 D QC-time-services: Daemon:Opening File: /data/time/ats_13
01-25 13:47:52.616   254  7248 D QC-time-services: Daemon:time_persistent_memory_opr:Genoff write operation
01-25 13:47:52.624   254   519 E QC-time-services: Daemon: Time-services: Waiting to acceptconnection
01-25 13:47:52.628   691  1544 D AlarmManagerService: Kernel timezone updated to 360 minutes west of GMT
01-25 13:47:52.773  1744  1744 D MccTable: updateMccMncConfiguration mccmnc='31000' fromServiceState=true
01-25 13:47:52.773  1744  1744 D MccTable: updateMccMncConfiguration defaultMccMnc=310120
01-25 13:47:52.773  1744  1744 D MccTable: updateMccMncConfiguration: mcc=310, mnc=0
01-25 13:47:52.774  1744  1744 D MccTable: WIFI_COUNTRY_CODE set to us
01-25 13:47:52.774   691  2255 I WifiService: WifiService trying to set country code to us with persist set to true
01-25 13:47:52.797  6980  6980 D CellBroadcastReceiver: onReceive Intent { act=android.intent.action.SERVICE_STATE flg=0x10 cmp=com.android.cellbroadcastreceiver/.CellBroadcastReceiver (has extras) }
01-25 13:47:52.797  6980  6980 D CellBroadcastReceiver: Intent ACTION_SERVICE_STATE_CHANGED
01-25 13:47:52.797  6980  6980 D CellBroadcastReceiver: subscriptionId = 1
01-25 13:47:52.808  6980  6980 D CellBroadcastReceiver: Service state changed! 0 Full: 0 0 voice home data home Sprint  31000 Sprint  31000  1xRTT LTE CSS not supported 308 4139 RoamInd=1 DefRoamInd=0 EmergOnly=
false IsDataRoamingFromRegistration=false Current state=1
01-25 13:47:52.842  6980  7252 D CellBroadcastConfigService: enabling emergency cell broadcast channels
01-25 13:47:52.849  1744 21084 I chatty  : uid=1001(radio) Binder_E expire 3 lines
01-25 13:47:52.861  1744 20697 I chatty  : uid=1001(radio) Binder_D expire 3 lines
01-25 13:47:52.872  1744 32154 I chatty  : uid=1001(radio) Binder_B expire 6 lines
01-25 13:47:52.884  1744  1779 I chatty  : uid=1001(radio) Binder_2 expire 6 lines
01-25 13:47:52.895  1744  1964 I chatty  : uid=1001(radio) Binder_3 expire 7 lines
01-25 13:47:52.907  1744  2555 I chatty  : uid=1001(radio) Binder_5 expire 6 lines
01-25 13:47:52.922  1744  2556 I chatty  : uid=1001(radio) Binder_6 expire 5 lines
01-25 13:47:52.939  1744 26653 I chatty  : uid=1001(radio) Binder_8 expire 3 lines
01-25 13:47:52.957  1744 21084 I chatty  : uid=1001(radio) Binder_E expire 3 lines
01-25 13:47:52.975  1744 20697 I chatty  : uid=1001(radio) Binder_D expire 8 lines
01-25 13:47:53.001  6980  7252 D CellBroadcastConfigService: enabled emergency cell broadcast channels
01-25 13:47:53.066  6980  7252 D CellBroadcastConfigService: disabling cell broadcast channel 50
01-25 13:47:53.068  4250  4250 I TWILIGHT: [13:47:53.067, main]: Accessibility CHANGED com.android.systemui android.widget.TextView
01-25 13:47:53.083  6980  7252 D CellBroadcastConfigService: channel 60 is not applicable for cdma
01-25 13:47:53.087  6980  7252 D CellBroadcastConfigService: disabling channels 919-928
01-25 13:47:53.104  6980  7252 D CellBroadcastConfigService: disabling cell broadcast ETWS test messages
01-25 13:47:53.117  1744  1964 I chatty  : uid=1001(radio) Binder_3 expire 10 lines
01-25 13:47:54.247  6980  6980 D CellBroadcastReceiver: onReceive Intent { act=android.intent.action.SERVICE_STATE flg=0x10 cmp=com.android.cellbroadcastreceiver/.CellBroadcastReceiver (has extras) }
01-25 13:47:54.248  6980  6980 D CellBroadcastReceiver: Intent ACTION_SERVICE_STATE_CHANGED
01-25 13:47:54.248  6980  6980 D CellBroadcastReceiver: subscriptionId = 1
01-25 13:47:54.251   691  1040 D ConnectivityService: notifyType CAP_CHANGED for NetworkAgentInfo [MOBILE (LTE) - 115]
01-25 13:47:54.257   691  1040 D ConnectivityService: Setting tx/rx TCP buffers to 4094,87380,1048576,4096,16384,262144
01-25 13:47:54.292  6980  6980 D CellBroadcastReceiver: Service state changed! 0 Full: 0 0 voice home data home Sprint  31000 Sprint  31000  1xRTT eHRPD CSS not supported 308 4139 RoamInd=1 DefRoamInd=0 EmergOnl
y=false IsDataRoamingFromRegistration=false Current state=1
01-25 13:47:54.301   691  1040 D ConnectivityService: notifyType IP_CHANGED for NetworkAgentInfo [MOBILE (CDMA - eHRPD) - 115]
01-25 13:47:54.333  1744  1777 I chatty  : uid=1001(radio) HeapTaskDaemon expire 1 line
01-25 13:47:54.367  6980  7271 D CellBroadcastConfigService: enabling emergency cell broadcast channels
01-25 13:47:54.463  1744 26635 I chatty  : uid=1001(radio) Binder_10 expire 12 lines
01-25 13:47:54.474  1744 25971 I chatty  : uid=1001(radio) Binder_F expire 11 lines
01-25 13:47:54.486  1744 10996 I chatty  : uid=1001(radio) Binder_C expire 12 lines
01-25 13:47:54.498  1744  2556 I chatty  : uid=1001(radio) Binder_6 expire 12 lines
01-25 13:47:54.509  1744  6253 I chatty  : uid=1001(radio) Binder_7 expire 11 lines
01-25 13:47:54.532  1744 32119 I chatty  : uid=1001(radio) Binder_A expire 11 lines
01-25 13:47:54.543  1744  2208 I chatty  : uid=1001(radio) Binder_4 expire 3 lines
01-25 13:47:54.571  4250  4250 I TWILIGHT: [13:47:54.571, main]: Accessibility CHANGED com.android.systemui android.widget.LinearLayout
01-25 13:47:54.584  6980  7271 D CellBroadcastConfigService: enabled emergency cell broadcast channels
01-25 13:47:54.621  6980  7271 D CellBroadcastConfigService: disabling cell broadcast channel 50
01-25 13:47:54.630  6980  7271 D CellBroadcastConfigService: channel 60 is not applicable for cdma
01-25 13:47:54.632  6980  7271 D CellBroadcastConfigService: disabling channels 919-928
01-25 13:47:54.642  6980  7271 D CellBroadcastConfigService: disabling cell broadcast ETWS test messages
01-25 13:47:55.656   691  1596 D WifiService: releaseWifiLockLocked: WifiLock{NlpWifiLock type=2 binder=android.os.BinderProxy@3e097ff}
01-25 13:47:55.658   691  1038 E native  : do suspend true
01-25 13:47:55.737  5079  5079 I MemoryTrimmer: Trimming objects from memory, since app is in the background.
01-25 13:47:57.647   691   727 E KernelUidCpuTimeReader: Failed to read uid_cputime: /proc/uid_cputime/show_uid_stat: open failed: ENOENT (No such file or directory)
01-25 13:48:03.078   691   727 E KernelUidCpuTimeReader: Failed to read uid_cputime: /proc/uid_cputime/show_uid_stat: open failed: ENOENT (No such file or directory)
01-25 13:48:07.607   231   472 I qdhwcomposer: handle_blank_event: dpy:0 panel power state: 0
01-25 13:48:30.188   231   472 I qdhwcomposer: handle_blank_event: dpy:0 panel power state: 0
01-25 13:48:36.589   231   472 I qdhwcomposer: handle_blank_event: dpy:0 panel power state: 0
01-25 13:48:40.418   231   472 I qdhwcomposer: handle_blank_event: dpy:0 panel power state: 0
01-25 13:48:45.559   231   472 I qdhwcomposer: handle_blank_event: dpy:0 panel power state: 0
01-25 13:48:52.031   231   472 I qdhwcomposer: handle_blank_event: dpy:0 panel power state: 0
01-25 13:49:06.024   231   472 I qdhwcomposer: handle_blank_event: dpy:0 panel power state: 0
01-25 13:49:06.254   691   727 E KernelUidCpuTimeReader: Failed to read uid_cputime: /proc/uid_cputime/show_uid_stat: open failed: ENOENT (No such file or directory)
01-25 13:49:12.627   231   472 I qdhwcomposer: handle_blank_event: dpy:0 panel power state: 0
01-25 13:49:15.923   231   472 I qdhwcomposer: handle_blank_event: dpy:0 panel power state: 0
01-25 13:49:15.924   232   232 I rmt_storage: rmt_storage_connect_cb: clnt_h=0x85 conn_h=0xb782df20
01-25 13:49:15.924   232   232 I rmt_storage: rmt_storage_rw_iovec_cb: /boot/modem_fs2: clnt_h=0x2: req_h=0x89 msg_id=3: R/W request received
01-25 13:49:15.924   232   232 I rmt_storage: wakelock acquired: 1, error no: 42
01-25 13:49:15.924   232   449 I rmt_storage: rmt_storage_client_thread: /boot/modem_fs2: clnt_h=0x2 Unblock worker thread (th_id: -1228916432)
01-25 13:49:16.079   232   449 I rmt_storage: rmt_storage_client_thread: /boot/modem_fs2: clnt_h=0x2: req_h=0x89 msg_id=3: Bytes written = 1572864
01-25 13:49:16.080   232   449 I rmt_storage: rmt_storage_client_thread: /boot/modem_fs2: clnt_h=0x2: req_h=0x89 msg_id=3: Send response: res=0 err=0
01-25 13:49:16.080   232   449 I rmt_storage: rmt_storage_client_thread: /boot/modem_fs2: clnt_h=0x2 About to block rmt_storage client thread (th_id: -1228916432) wakelock released: 1, error no: 0
01-25 13:49:16.080   232   449 I rmt_storage:
01-25 13:49:16.081   232   232 I rmt_storage: rmt_storage_disconnect_cb: clnt_h=0x0x85 conn_h=0x0xb782df20
01-25 13:49:17.279   691  1040 D ConnectivityService: notifyType CAP_CHANGED for NetworkAgentInfo [MOBILE (CDMA - eHRPD) - 115]
01-25 13:49:17.287   691  1040 D ConnectivityService: NetworkAgentInfo [MOBILE (UNKNOWN) - 115] EVENT_NETWORK_INFO_CHANGED, going from CONNECTED to SUSPENDED
01-25 13:49:17.287   691  1040 D ConnectivityService: notifyType UNKNOWN for NetworkAgentInfo [MOBILE (UNKNOWN) - 115]
01-25 13:49:17.291   691  1040 D CSLegacyTypeTracker: Sending SUSPENDED broadcast for type 0 NetworkAgentInfo [MOBILE (UNKNOWN) - 115] isDefaultNetwork=true
01-25 13:49:17.300   691  1040 D ConnectivityService: sendStickyBroadcast: action=android.net.conn.CONNECTIVITY_CHANGE
01-25 13:49:17.317   691  1040 D ConnectivityService: Invalid tcpBufferSizes string: null, using defaults
01-25 13:49:17.317   691  1040 D ConnectivityService: Setting tx/rx TCP buffers to 4096,87380,110208,4096,16384,110208
01-25 13:49:17.334   691   739 D Tethering: MasterInitialState.processMessage what=3
01-25 13:49:17.337  6980  6980 D CellBroadcastReceiver: onReceive Intent { act=android.intent.action.SERVICE_STATE flg=0x10 cmp=com.android.cellbroadcastreceiver/.CellBroadcastReceiver (has extras) }
01-25 13:49:17.337  6980  6980 D CellBroadcastReceiver: Intent ACTION_SERVICE_STATE_CHANGED
01-25 13:49:17.337  6980  6980 D CellBroadcastReceiver: subscriptionId = 1
01-25 13:49:17.342   691  1040 D ConnectivityService: notifyType IP_CHANGED for NetworkAgentInfo [MOBILE (UNKNOWN) - 115]
01-25 13:49:17.352  5293  5293 D NetworkChangeNotifierAutoDetect: Network connectivity changed, type is: 6
01-25 13:49:17.371  2325  2325 I CastMediaRouteProvider: Network connectivity changed
01-25 13:49:17.385  6980  6980 D CellBroadcastReceiver: Service state changed! 0 Full: 0 1 voice home data home Sprint  31000 Sprint  31000  1xRTT Unknown CSS not supported 308 4139 RoamInd=1 DefRoamInd=0 EmergO
nly=false IsDataRoamingFromRegistration=false Current state=1
01-25 13:49:17.407  5079  5079 D NetworkChangeNotifierAutoDetect: Network connectivity changed, type is: 6
01-25 13:49:17.416   691  1830 I ActivityManager: Start proc 7339:com.cyanogenmod.updater/u0a4 for broadcast com.cyanogenmod.updater/.receiver.UpdateCheckReceiver
01-25 13:49:17.551  7339  7339 W System  : ClassLoader referenced unknown path: /system/priv-app/CMUpdater/lib/arm
01-25 13:49:17.572  6980  7338 D CellBroadcastConfigService: enabling emergency cell broadcast channels
01-25 13:49:17.584  1744  1744 D MccTable: updateMccMncConfiguration mccmnc='310120' fromServiceState=true
01-25 13:49:17.585  1744  1744 D MccTable: updateMccMncConfiguration defaultMccMnc=310120
01-25 13:49:17.585  1744  1744 D MccTable: updateMccMncConfiguration: mcc=310, mnc=120
01-25 13:49:17.585  1744  1744 D MccTable: WIFI_COUNTRY_CODE set to us
01-25 13:49:17.585   691  2255 I WifiService: WifiService trying to set country code to us with persist set to true
01-25 13:49:17.617 30279 30279 D NetworkChangeNotifierAutoDetect: Network connectivity changed, type is: 6
01-25 13:49:17.618   691   726 D GpsLocationProvider: received SIM change, new known MCC/MNC: [310120]
01-25 13:49:17.618   691   726 D GpsLocationProvider: Reset GPS properties, previous size = 26
01-25 13:49:17.619   691   726 D GpsLocationProvider: GpsParamsResource: SUPL_HOST=supl.google.com
01-25 13:49:17.619   691   726 D GpsLocationProvider: GpsParamsResource: SUPL_PORT=7275
01-25 13:49:17.619   691   726 D GpsLocationProvider: GpsParamsResource: NTP_SERVER=north-america.pool.ntp.org
01-25 13:49:17.619   691   726 D GpsLocationProvider: GpsParamsResource: SUPL_VER=0x20000
01-25 13:49:17.619   691   726 D GpsLocationProvider: GpsParamsResource: SUPL_MODE=1
01-25 13:49:17.635 30279 30279 D NetworkChangeNotifierAutoDetect: Network connectivity changed, type is: 6
01-25 13:49:17.642   691   726 D GpsLocationProvider: GPS properties reloaded, size = 26
01-25 13:49:17.624  7358  7358 W XSharedPreferen: type=1400 audit(0.0:626): avc: denied { search } for name="tk.wasdennnoch.androidn_ify" dev="mmcblk0p34" ino=5500 scontext=u:r:system_app:s0 tcontext=u:object_r:
app_data_file:s0:c512,c768 tclass=dir permissive=0
01-25 13:49:17.634  7358  7358 W XSharedPreferen: type=1400 audit(0.0:627): avc: denied { search } for name="tk.wasdennnoch.androidn_ify" dev="mmcblk0p34" ino=5500 scontext=u:r:system_app:s0 tcontext=u:object_r:
app_data_file:s0:c512,c768 tclass=dir permissive=0
01-25 13:49:17.669   691   726 D GpsLocationProvider: GPS configuration:
01-25 13:49:17.669   691   726 D GpsLocationProvider:  #Wed Jan 25 13:49:17 CST 2017
01-25 13:49:17.669   691   726 D GpsLocationProvider: SUPL_HOST=supl.google.com
01-25 13:49:17.669   691   726 D GpsLocationProvider: ENABLE_WIPER=1
01-25 13:49:17.669   691   726 D GpsLocationProvider: XTRA_SERVER_2=http\://xtrapath2.izatcloud.net/xtra2.bin
01-25 13:49:17.669   691   726 D GpsLocationProvider: NMEA_PROVIDER=1
01-25 13:49:17.669   691   726 D GpsLocationProvider: LGE_XTRA_DATA_RETRY_INTERVAL=-1
01-25 13:49:17.669   691   726 D GpsLocationProvider: CAPABILITIES=0x37
01-25 13:49:17.669   691   726 D GpsLocationProvider: VENDOR=SPR
01-25 13:49:17.669   691   726 D GpsLocationProvider: LGE_GPS_POSITION_MODE=0
01-25 13:49:17.669   691   726 D GpsLocationProvider: A_GLONASS_POS_PROTOCOL_SELECT=0x4
01-25 13:49:17.669   691   726 D GpsLocationProvider: INTERMEDIATE_POS=1
01-25 13:49:17.669   691   726 D GpsLocationProvider: USE_EMERGENCY_PDN_FOR_EMERGENCY_SUPL=0
01-25 13:49:17.669   691   726 D GpsLocationProvider: LGE_XTRA_IGNORE_NETWORK_STATE_CHANGE=1
01-25 13:49:17.669   691   726 D GpsLocationProvider: SUPL_MODE=1
01-25 13:49:17.669   691   726 D GpsLocationProvider: XTRA_SERVER_3=http\://xtrapath3.izatcloud.net/xtra2.bin
01-25 13:49:17.669   691   726 D GpsLocationProvider: XTRA_SERVER_1=http\://xtrapath1.izatcloud.net/xtra2.bin
01-25 13:49:17.669   691   726 D GpsLocationProvider: SUPL_PORT=7275
01-25 13:49:17.669   691   726 D GpsLocationProvider: XTRA_VERSION_CHECK=1
01-25 13:49:17.669   691   726 D GpsLocationProvider: DEBUG_LEVEL=1
01-25 13:49:17.669   691   726 D GpsLocationProvider: SUPL_ES=0
01-25 13:49:17.669   691   726 D GpsLocationProvider: SUPL_VER=0x20000
01-25 13:49:17.669   691   726 D GpsLocationProvider: ERR_ESTIMATE=0
01-25 13:49:17.669   691   726 D GpsLocationProvider: ACCURACY_THRES=0
01-25 13:49:17.669   691   726 D GpsLocationProvider: SGLTE_TARGET=0
01-25 13:49:17.669   691   726 D GpsLocationProvider: LPP_PROFILE=3
01-25 13:49:17.669   691   726 D GpsLocationProvider: NTP_SERVER=north-america.pool.ntp.org
01-25 13:49:17.669   691   726 D GpsLocationProvider: LGE_XTRA_NTP_RETRY_INTERVAL=-1
01-25 13:49:17.671   691   726 D GpsLocationProvider: final config = #Wed Jan 25 13:49:17 CST 2017
01-25 13:49:17.671   691   726 D GpsLocationProvider: SUPL_HOST=supl.google.com
01-25 13:49:17.671   691   726 D GpsLocationProvider: ENABLE_WIPER=1
01-25 13:49:17.671   691   726 D GpsLocationProvider: XTRA_SERVER_2=http\://xtrapath2.izatcloud.net/xtra2.bin
01-25 13:49:17.671   691   726 D GpsLocationProvider: NMEA_PROVIDER=1
01-25 13:49:17.671   691   726 D GpsLocationProvider: LGE_XTRA_DATA_RETRY_INTERVAL=-1
01-25 13:49:17.671   691   726 D GpsLocationProvider: CAPABILITIES=0x37
01-25 13:49:17.671   691   726 D GpsLocationProvider: VENDOR=SPR
01-25 13:49:17.671   691   726 D GpsLocationProvider: LGE_GPS_POSITION_MODE=0
01-25 13:49:17.671   691   726 D GpsLocationProvider: A_GLONASS_POS_PROTOCOL_SELECT=0x4
01-25 13:49:17.671   691   726 D GpsLocationProvider: INTERMEDIATE_POS=1
01-25 13:49:17.671   691   726 D GpsLocationProvider: USE_EMERGENCY_PDN_FOR_EMERGENCY_SUPL=0
01-25 13:49:17.671   691   726 D GpsLocationProvider: LGE_XTRA_IGNORE_NETWORK_STATE_CHANGE=1
01-25 13:49:17.671   691   726 D GpsLocationProvider: SUPL_MODE=1
01-25 13:49:17.671   691   726 D GpsLocationProvider: XTRA_SERVER_3=http\://xtrapath3.izatcloud.net/xtra2.bin
01-25 13:49:17.671   691   726 D GpsLocationProvider: XTRA_SERVER_1=http\://xtrapath1.izatcloud.net/xtra2.bin
01-25 13:49:17.671   691   726 D GpsLocationProvider: SUPL_PORT=7275
01-25 13:49:17.671   691   726 D GpsLocationProvider: XTRA_VERSION_CHECK=1
01-25 13:49:17.671   691   726 D GpsLocationProvider: DEBUG_LEVEL=1
01-25 13:49:17.671   691   726 D GpsLocationProvider: SUPL_ES=0
01-25 13:49:17.671   691   726 D GpsLocationProvider: SUPL_VER=0x20000
01-25 13:49:17.671   691   726 D GpsLocationProvider: ERR_ESTIMATE=0
01-25 13:49:17.671   691   726 D GpsLocationProvider: ACCURACY_THRES=0
01-25 13:49:17.671   691   726 D GpsLocationProvider: SGLTE_TARGET=0
01-25 13:49:17.671   691   726 D GpsLocationProvider: LPP_PROFILE=3
01-25 13:49:17.671   691   726 D GpsLocationProvider: NTP_SERVER=north-america.pool.ntp.org
01-25 13:49:17.671   691   726 D GpsLocationProvider: LGE_XTRA_NTP_RETRY_INTERVAL=-1
01-25 13:49:17.654  7339  7339 W re-initialized>: type=1400 audit(0.0:628): avc: denied { search } for name="com.pyler.xinternalsd" dev="mmcblk0p34" ino=5309 scontext=u:r:system_app:s0 tcontext=u:object_r:app_da
ta_file:s0:c512,c768 tclass=dir permissive=0
01-25 13:49:17.654  7339  7339 W re-initialized>: type=1400 audit(0.0:629): avc: denied { search } for name="com.pyler.xinternalsd" dev="mmcblk0p34" ino=5309 scontext=u:r:system_app:s0 tcontext=u:object_r:app_da
ta_file:s0:c512,c768 tclass=dir permissive=0
01-25 13:49:17.679  1744 32154 I chatty  : uid=1001(radio) Binder_B expire 11 lines
01-25 13:49:17.664  7359  7359 W XSharedPreferen: type=1400 audit(0.0:630): avc: denied { search } for name="com.pyler.xinternalsd" dev="mmcblk0p34" ino=5309 scontext=u:r:system_app:s0 tcontext=u:object_r:app_da
ta_file:s0:c512,c768 tclass=dir permissive=0
01-25 13:49:17.664  7359  7359 W XSharedPreferen: type=1400 audit(0.0:631): avc: denied { search } for name="com.pyler.xinternalsd" dev="mmcblk0p34" ino=5309 scontext=u:r:system_app:s0 tcontext=u:object_r:app_da
ta_file:s0:c512,c768 tclass=dir permissive=0
01-25 13:49:17.694   691   701 I art     : Background partial concurrent mark sweep GC freed 45605(3MB) AllocSpace objects, 9(220KB) LOS objects, 16% free, 20MB/24MB, paused 9.330ms total 170.604ms
01-25 13:49:17.674  7359  7359 W XSharedPreferen: type=1400 audit(0.0:632): avc: denied { search } for name="com.pyler.xinternalsd" dev="mmcblk0p34" ino=5309 scontext=u:r:system_app:s0 tcontext=u:object_r:app_da
ta_file:s0:c512,c768 tclass=dir permissive=0
01-25 13:49:17.674  7339  7339 W re-initialized>: type=1400 audit(0.0:633): avc: denied { search } for name="com.pyler.xinternalsd" dev="mmcblk0p34" ino=5309 scontext=u:r:system_app:s0 tcontext=u:object_r:app_da
ta_file:s0:c512,c768 tclass=dir permissive=0
01-25 13:49:17.674  7339  7339 W re-initialized>: type=1400 audit(0.0:634): avc: denied { search } for name="com.pyler.xinternalsd" dev="mmcblk0p34" ino=5309 scontext=u:r:system_app:s0 tcontext=u:object_r:app_da
ta_file:s0:c512,c768 tclass=dir permissive=0
01-25 13:49:17.674  7360  7360 W XSharedPreferen: type=1400 audit(0.0:635): avc: denied { search } for name="com.pyler.xinternalsd" dev="mmcblk0p34" ino=5309 scontext=u:r:system_app:s0 tcontext=u:object_r:app_da
ta_file:s0:c512,c768 tclass=dir permissive=0
01-25 13:49:17.674  7360  7360 W XSharedPreferen: type=1400 audit(0.0:636): avc: denied { search } for name="com.pyler.xinternalsd" dev="mmcblk0p34" ino=5309 scontext=u:r:system_app:s0 tcontext=u:object_r:app_da
ta_file:s0:c512,c768 tclass=dir permissive=0
01-25 13:49:17.684  7360  7360 W XSharedPreferen: type=1400 audit(0.0:637): avc: denied { search } for name="com.pyler.xinternalsd" dev="mmcblk0p34" ino=5309 scontext=u:r:system_app:s0 tcontext=u:object_r:app_da
ta_file:s0:c512,c768 tclass=dir permissive=0
01-25 13:49:17.714  1744  1744 I chatty  : uid=1001(radio) com.android.phone expire 12 lines
01-25 13:49:17.776   691  1121 I Telecom : PhoneAccountRegistrar: [ComponentInfo{com.android.phone/com.android.services.telephony.TelephonyConnectionService}, [356a192b7913b04c54574d18c28d46e6395428ab], UserHand
le{0}(icon: Icon(typ=BITMAP size=29x36) -> Icon(typ=BITMAP size=29x36))(lbl: Searching for Service -> Sprint)(desc: Searching for Service -> Sprint)]
01-25 13:49:17.804   691  1121 I Telecom : : Sending phone-account registered intent as user
01-25 13:49:17.825   691   709 W Telecom : : No account found for the calling user
01-25 13:49:17.833  7339  7339 I UpdateCheckReceiver: Got connectivity change, has connection: true
01-25 13:49:17.833  7339  7339 I UpdateCheckReceiver: Scheduling future, repeating update checks.
01-25 13:49:17.835  1744  7368 I chatty  : uid=1001(radio) com.android.phone expire 1 line
01-25 13:49:17.838   691  1544 I Telecom : PhoneAccountRegistrar: [ComponentInfo{com.android.phone/com.android.services.telephony.TelephonyConnectionService}, [356a192b7913b04c54574d18c28d46e6395428ab], UserHand
le{0}(icon: Icon(typ=BITMAP size=29x36) -> Icon(typ=BITMAP size=29x36))]
01-25 13:49:17.855   691  1544 I Telecom : : Sending phone-account registered intent as user
01-25 13:49:17.872   691  1912 I ActivityManager: Start proc 7369:android.process.media/u0a10 for broadcast com.android.providers.downloads/.DownloadReceiver
01-25 13:49:17.899  1744  2555 I chatty  : uid=1001(radio) Binder_5 expire 11 lines
