01-25 14:04:32.753   231   472 I qdhwcomposer: handle_blank_event: dpy:0 panel power state: 0
01-25 14:04:33.107   691  2398 I bsthal  : <BST> set delay of <BOSCH Acceleration Sensor> to 20ms
01-25 14:04:33.643   691   727 E KernelUidCpuTimeReader: Failed to read uid_cputime: /proc/uid_cputime/show_uid_stat: open failed: ENOENT (No such file or directory)
01-25 14:04:36.371   691  1038 D WifiStateMachine: Disconnected CMD_START_SCAN source -2 297, 298 -> obsolete
01-25 14:04:36.603   691  1912 I bsthal  : <BST> set delay of <BOSCH Acceleration Sensor> to 200ms
01-25 14:04:41.685   691   727 E KernelUidCpuTimeReader: Failed to read uid_cputime: /proc/uid_cputime/show_uid_stat: open failed: ENOENT (No such file or directory)
01-25 14:04:41.725   691  2398 I bsthal  : <BST> set delay of <BOSCH Acceleration Sensor> to 20ms
01-25 14:04:44.517  6007  6030 I com.newrelic.agent.android: Harvester: connected
01-25 14:04:44.517  6007  6030 I com.newrelic.agent.android: Harvester: Sending 0 HTTP transactions.
01-25 14:04:44.517  6007  6030 I com.newrelic.agent.android: Harvester: Sending 0 HTTP errors.
01-25 14:04:44.517  6007  6030 I com.newrelic.agent.android: Harvester: Sending 0 activity traces.
01-25 14:04:44.517  6007  6030 I com.newrelic.agent.android: Harvester: Sending 0 analytics events.
01-25 14:04:45.295   691  1544 I bsthal  : <BST> set delay of <BOSCH Acceleration Sensor> to 200ms
01-25 14:04:45.339  1630  1630 I GCoreUlr: Starting service, intent=Intent { act=com.google.android.location.reporting.ACTION_UPDATE_ACTIVE_STATE cmp=com.google.android.gms/com.google.android.location.reporting.
service.DispatchingService (has extras) }, extras=Bundle[{source=PowerModeReceiver}]
01-25 14:04:45.407   691  1544 E SensorService: Error activating sensor 1598182245 (I/O error)
01-25 14:04:45.413  5079  5079 I MemoryTrimmer: Trimming objects from memory, since app is in the background.
01-25 14:04:45.425  1630  8711 I GCoreUlr: DispatchingService.updateActiveState+PowerModeReceiver: Ensuring that reporting is active for [account#-1#]
01-25 14:04:45.432   691  1121 I bsthal  : <BST> set delay of <BOSCH Acceleration Sensor> to 20ms
01-25 14:04:45.468  1630  8711 I GCoreUlr: GMS FLP location and AR updates requested: {"description":"stationary","newRequest":true,"samplePeriodMs":2160000,"sampleReason":"stationary","sampleSource":"internal",
"timestampMs":1485374685396}
01-25 14:04:45.481  1630  8711 I GCoreUlr: Place inference reporting - stop
01-25 14:04:45.499  1630  8711 I GCoreUlr: Successfully inserted 1 locations
01-25 14:04:46.285   691  1120 I bsthal  : <BST> set delay of <BOSCH Acceleration Sensor> to 200ms
01-25 14:04:46.387  5079  5079 I MemoryTrimmer: Trimming objects from memory, since app is in the background.
01-25 14:04:47.991   231   472 I qdhwcomposer: handle_blank_event: dpy:0 panel power state: 0
01-25 14:04:47.992   232   232 I rmt_storage: rmt_storage_connect_cb: clnt_h=0x8c conn_h=0xb782df20
01-25 14:04:47.992   232   232 I rmt_storage: rmt_storage_rw_iovec_cb: /boot/modem_fs1: clnt_h=0x1: req_h=0x90 msg_id=3: R/W request received
01-25 14:04:47.992   232   232 I rmt_storage: wakelock acquired: 1, error no: 42
01-25 14:04:47.992   232   448 I rmt_storage: rmt_storage_client_thread: /boot/modem_fs1: clnt_h=0x1 Unblock worker thread (th_id: -1227871952)
01-25 14:04:48.001   691   727 E KernelUidCpuTimeReader: Failed to read uid_cputime: /proc/uid_cputime/show_uid_stat: open failed: ENOENT (No such file or directory)
01-25 14:04:48.165   232   448 I rmt_storage: rmt_storage_client_thread: /boot/modem_fs1: clnt_h=0x1: req_h=0x90 msg_id=3: Bytes written = 1572864
01-25 14:04:48.165   232   448 I rmt_storage: rmt_storage_client_thread: /boot/modem_fs1: clnt_h=0x1: req_h=0x90 msg_id=3: Send response: res=0 err=0
01-25 14:04:48.166   232   448 I rmt_storage: rmt_storage_client_thread: /boot/modem_fs1: clnt_h=0x1 About to block rmt_storage client thread (th_id: -1227871952) wakelock released: 1, error no: 22
01-25 14:04:48.166   232   448 I rmt_storage:
01-25 14:04:48.167   232   232 I rmt_storage: rmt_storage_disconnect_cb: clnt_h=0x0x8c conn_h=0x0xb782df20
01-25 14:04:55.113   231   472 I qdhwcomposer: handle_blank_event: dpy:0 panel power state: 0
01-25 14:05:03.744   231   472 I qdhwcomposer: handle_blank_event: dpy:0 panel power state: 0
01-25 14:05:03.950  4250  4250 I TWILIGHT: [14:05:03.950, main]: Service start foreground
01-25 14:05:03.950  4250  4250 I TWILIGHT: [14:05:03.950, main]: Extra android.intent.extra.ALARM_COUNT
01-25 14:05:03.999  4250  4250 I TWILIGHT: [14:05:03.998, main]: Needs foreground -1
01-25 14:05:03.999  4250  4250 I TWILIGHT: [14:05:03.999, main]: VIEW: Finally Update current 100 1500
01-25 14:05:04.135  5079  5079 I MemoryTrimmer: Trimming objects from memory, since app is in the background.
01-25 14:05:04.180  2325  9918 I EventLogChimeraService: Aggregate from 1485372903814 (log), 1485372903814 (data)
01-25 14:05:04.385  4250  4250 I TWILIGHT: [14:05:04.385, main]: Accessibility CHANGED com.android.vending android.widget.TextView
01-25 14:05:05.221   691   727 E KernelUidCpuTimeReader: Failed to read uid_cputime: /proc/uid_cputime/show_uid_stat: open failed: ENOENT (No such file or directory)
01-25 14:05:13.688   231   472 I qdhwcomposer: handle_blank_event: dpy:0 panel power state: 0
01-25 14:05:13.767   691   729 E KernelUidCpuTimeReader: Failed to read uid_cputime: /proc/uid_cputime/show_uid_stat: open failed: ENOENT (No such file or directory)
01-25 14:05:13.791   691   691 I EntropyMixer: Writing entropy...
01-25 14:05:13.831   691   729 E KernelUidCpuTimeReader: Failed to read uid_cputime: /proc/uid_cputime/show_uid_stat: open failed: ENOENT (No such file or directory)
01-25 14:05:13.848  1630  1630 I GCoreUlr: Starting service, intent=Intent { act=com.google.android.location.reporting.ACTION_UPDATE_ACTIVE_STATE cmp=com.google.android.gms/com.google.android.location.reporting.
service.DispatchingService (has extras) }, extras=Bundle[{source=PowerModeReceiver}]
01-25 14:05:13.889   691  2275 I ActivityManager: Start proc 9956:com.google.android.apps.photos/u0a82 for broadcast com.google.android.apps.photos/.analytics.alive.AliveLogReceiver
01-25 14:05:13.917  1630  9696 E NetworkScheduler.SR: Invalid parameter app
01-25 14:05:13.917  1630  9696 E NetworkScheduler.SR: Invalid package name : Perhaps you didn't include a PendingIntent in the extras?
01-25 14:05:14.010  1630  8711 I GCoreUlr: DispatchingService.updateActiveState+PowerModeReceiver: Ensuring that reporting is active for [account#-1#]
01-25 14:05:14.018  1630  8711 I GCoreUlr: Place inference reporting - stop
01-25 14:05:14.046  1630  8711 I GCoreUlr: Successfully inserted 1 locations
01-25 14:05:14.050  9956  9956 W System  : ClassLoader referenced unknown path: /system/app/Photos/lib/arm
01-25 14:05:14.224   691   727 I ActivityManager: Start proc 10019:android.process.media/u0a10 for broadcast com.android.providers.media/.MtpReceiver
01-25 14:05:14.351 10019 10019 W System  : ClassLoader referenced unknown path: /system/priv-app/MediaProvider/lib/arm
01-25 14:05:14.470 10019 10019 W System  : ClassLoader referenced unknown path: /system/priv-app/DownloadProvider/lib/arm
01-25 14:05:14.766   691   701 I art     : Background sticky concurrent mark sweep GC freed 22899(1941KB) AllocSpace objects, 20(600KB) LOS objects, 10% free, 22MB/24MB, paused 8.867ms total 66.471ms
01-25 14:05:14.786 10019 10019 D MtpService: starting MTP server in MTP mode
01-25 14:05:14.979  4250  4250 I TWILIGHT: [14:05:14.978, main]: Accessibility CHANGED com.android.systemui android.widget.FrameLayout
01-25 14:05:15.377   691  1001 I PowerManagerService: Waking up from sleep (uid 1000)...
01-25 14:05:15.378   691  1001 I QCOM PowerHAL: Got set_interactive hint
01-25 14:05:15.378   691  2398 I ActivityManager: Start proc 10066:com.android.chrome/u0a123 for broadcast com.android.chrome/org.chromium.base.PowerStatusReceiver
01-25 14:05:15.379   691   743 I DisplayPowerController: Blocking screen on until initial contents have been drawn.
01-25 14:05:15.379   691   743 V KeyguardServiceDelegate: onScreenTurnedOn(showListener = com.android.server.policy.PhoneWindowManager$2@4aeaea5)
01-25 14:05:15.380   691   691 V KeyguardServiceDelegate: onStartedWakingUp()
01-25 14:05:15.380   691   740 I DisplayManagerService: Display device changed state: "Built-in Screen", ON
01-25 14:05:15.390   231   231 D SurfaceFlinger: Set power mode=2, type=0 flinger=0xb74afe80
01-25 14:05:15.390   231   231 D qdhwcomposer: hwc_setPowerMode: Setting mode 2 on display: 0
01-25 14:05:15.407   691   709 V KeyguardServiceDelegate: **** SHOWN CALLED ****
01-25 14:05:15.523   691   728 I bsthal  : <BST> set delay of <BOSCH Acceleration Sensor> to 66ms
01-25 14:05:15.524   691   743 I DisplayPowerController: Unblocked screen on after 145 ms
01-25 14:05:15.524   691   743 V KeyguardServiceDelegate: onScreenTurnedOn()
01-25 14:05:15.543   691  1038 D WifiConfigStore: Retrieve network priorities after PNO.
01-25 14:05:15.543   238   238 D audio_hw_primary: adev_set_parameters: enter: screen_state=on
01-25 14:05:15.543   238   238 E bt_a2dp_hw: adev_set_parameters: ERROR: set param called even when stream out is null
01-25 14:05:15.544   691  1038 E native  : do suspend false
01-25 14:05:15.545   691  1038 D WifiConfigStore: No blacklist allowed without epno enabled
01-25 14:05:15.573  4250  4250 I TWILIGHT: [14:05:15.573, main]: SCREEN_ON
01-25 14:05:15.592  4250  4250 I TWILIGHT: [14:05:15.591, main]: Needs foreground -1
01-25 14:05:15.592  4250  4250 I TWILIGHT: [14:05:15.592, main]: VIEW: Finally Update current 100 1500
01-25 14:05:15.638  4250  4250 I TWILIGHT: [14:05:15.637, main]: VIEW: Refreshing view
01-25 14:05:15.649  2325  2325 I DeviceScanner: [MDNS] Screen is ON
01-25 14:05:15.649  2325  2325 I DeviceScanner: [CastNearby] Screen is ON
01-25 14:05:15.754   231   472 I qdhwcomposer: handle_blank_event: dpy:0 panel power state: 1
01-25 14:05:15.756   231   231 D qdhwcomposer: hwc_setPowerMode: Done setting mode 2 on display 0
01-25 14:05:15.757   691  1074 D SurfaceControl: Excessive delay in setPowerMode(): 377ms
01-25 14:05:15.788  4250  4250 I TWILIGHT: [14:05:15.788, main]: Accessibility CHANGED com.android.systemui android.widget.TextView
01-25 14:05:15.849 10066 10066 W DynamiteModule: Local module descriptor class for com.google.android.gms.googlecertificates not found.
01-25 14:05:15.889 10066 10066 W System  : ClassLoader referenced unknown path: /system/priv-app/PrebuiltGmsCore/lib/arm
01-25 14:05:16.045   691  1038 D WifiConfigStore: Retrieve network priorities after PNO.
01-25 14:05:16.047 10066 10066 I DynamiteModule: Considering local module com.google.android.gms.googlecertificates:0 and remote module com.google.android.gms.googlecertificates:2
01-25 14:05:16.047 10066 10066 I DynamiteModule: Selected remote version of com.google.android.gms.googlecertificates, version >= 2
01-25 14:05:16.068 10066 10066 W System  : ClassLoader referenced unknown path: /data/user/0/com.google.android.gms/app_chimera/m/00000005/n/armeabi
01-25 14:05:16.117  9956 10065 W art     : Long monitor contention event with owner method=void khr.<init>() from PG:9 waiters=0 for 709ms
01-25 14:05:16.124  9956  9956 W art     : Long monitor contention event with owner method=void khr.<init>() from PG:9 waiters=1 for 457ms
01-25 14:05:17.339  4250  4250 I TWILIGHT: [14:05:17.338, main]: Accessibility CHANGED com.android.systemui android.widget.LinearLayout
01-25 14:05:17.715   691  1179 I ActivityManager: Start proc 10098:com.zonewalker.acar/u0a128 for broadcast com.zonewalker.acar/.core.service.BackgroundServicesBootstrapper
01-25 14:05:17.893 10098 10098 W System  : ClassLoader referenced unknown path: /mnt/expand/374aeeba-e221-47d3-bd4e-ba641468c683/app/com.zonewalker.acar-1/lib/arm
01-25 14:05:18.218 10098 10098 I aCar    : App log started successfully! Writing the logs to '/storage/F0E8-1BE9/zonewalker-acar/aCar.log'...
01-25 14:05:18.569 10125 10125 W mount   : type=1400 audit(0.0:652): avc: denied { read } for name="/" dev="tmpfs" ino=6145 scontext=u:r:untrusted_app:s0:c512,c768 tcontext=u:object_r:device:s0 tclass=dir permis
sive=0
01-25 14:05:18.569 10125 10125 W mount   : type=1400 audit(0.0:653): avc: denied { read } for name="/" dev="tmpfs" ino=6145 scontext=u:r:untrusted_app:s0:c512,c768 tcontext=u:object_r:device:s0 tclass=dir permis
sive=0
01-25 14:05:18.569 10125 10125 W mount   : type=1400 audit(0.0:654): avc: denied { read } for name="/" dev="tmpfs" ino=6145 scontext=u:r:untrusted_app:s0:c512,c768 tcontext=u:object_r:device:s0 tclass=dir permis
sive=0
01-25 14:05:18.569 10125 10125 W mount   : type=1400 audit(0.0:655): avc: denied { read } for name="/" dev="tmpfs" ino=6145 scontext=u:r:untrusted_app:s0:c512,c768 tcontext=u:object_r:device:s0 tclass=dir permis
sive=0
01-25 14:05:18.569 10125 10125 W mount   : type=1400 audit(0.0:656): avc: denied { read } for name="/" dev="tmpfs" ino=6145 scontext=u:r:untrusted_app:s0:c512,c768 tcontext=u:object_r:device:s0 tclass=dir permis
sive=0
01-25 14:05:18.569 10125 10125 W mount   : type=1400 audit(0.0:657): avc: denied { read } for name="/" dev="tmpfs" ino=6145 scontext=u:r:untrusted_app:s0:c512,c768 tcontext=u:object_r:device:s0 tclass=dir permis
sive=0
01-25 14:05:18.569 10125 10125 W mount   : type=1400 audit(0.0:658): avc: denied { read } for name="/" dev="tmpfs" ino=6145 scontext=u:r:untrusted_app:s0:c512,c768 tcontext=u:object_r:device:s0 tclass=dir permis
sive=0
01-25 14:05:18.569 10125 10125 W mount   : type=1400 audit(0.0:659): avc: denied { read } for name="/" dev="tmpfs" ino=6145 scontext=u:r:untrusted_app:s0:c512,c768 tcontext=u:object_r:device:s0 tclass=dir permis
sive=0
01-25 14:05:18.569 10125 10125 W mount   : type=1400 audit(0.0:660): avc: denied { read } for name="/" dev="tmpfs" ino=6145 scontext=u:r:untrusted_app:s0:c512,c768 tcontext=u:object_r:device:s0 tclass=dir permis
sive=0
01-25 14:05:18.569 10125 10125 W mount   : type=1400 audit(0.0:661): avc: denied { read } for name="/" dev="tmpfs" ino=6145 scontext=u:r:untrusted_app:s0:c512,c768 tcontext=u:object_r:device:s0 tclass=dir permis
sive=0
01-25 14:05:18.569 10125 10125 W mount   : type=1400 audit(0.0:662): avc: denied { read } for name="/" dev="tmpfs" ino=6145 scontext=u:r:untrusted_app:s0:c512,c768 tcontext=u:object_r:device:s0 tclass=dir permis
sive=0
01-25 14:05:18.569 10125 10125 W mount   : type=1400 audit(0.0:663): avc: denied { read } for name="/" dev="tmpfs" ino=6145 scontext=u:r:untrusted_app:s0:c512,c768 tcontext=u:object_r:device:s0 tclass=dir permis
sive=0
01-25 14:05:18.569 10125 10125 W mount   : type=1400 audit(0.0:664): avc: denied { read } for name="/" dev="tmpfs" ino=6145 scontext=u:r:untrusted_app:s0:c512,c768 tcontext=u:object_r:device:s0 tclass=dir permis
sive=0
01-25 14:05:18.569 10125 10125 W mount   : type=1400 audit(0.0:665): avc: denied { read } for name="/" dev="tmpfs" ino=6145 scontext=u:r:untrusted_app:s0:c512,c768 tcontext=u:object_r:device:s0 tclass=dir permis
sive=0
01-25 14:05:18.569 10125 10125 W mount   : type=1400 audit(0.0:666): avc: denied { read } for name="/" dev="tmpfs" ino=6145 scontext=u:r:untrusted_app:s0:c512,c768 tcontext=u:object_r:device:s0 tclass=dir permis
sive=0
01-25 14:05:18.569 10125 10125 W mount   : type=1400 audit(0.0:667): avc: denied { read } for name="/" dev="tmpfs" ino=6145 scontext=u:r:untrusted_app:s0:c512,c768 tcontext=u:object_r:device:s0 tclass=dir permis
sive=0
01-25 14:05:18.569 10125 10125 W mount   : type=1400 audit(0.0:668): avc: denied { read } for name="/" dev="tmpfs" ino=6145 scontext=u:r:untrusted_app:s0:c512,c768 tcontext=u:object_r:device:s0 tclass=dir permis
sive=0
01-25 14:05:18.569 10125 10125 W mount   : type=1400 audit(0.0:669): avc: denied { read } for name="/" dev="tmpfs" ino=6145 scontext=u:r:untrusted_app:s0:c512,c768 tcontext=u:object_r:device:s0 tclass=dir permis
sive=0
01-25 14:05:19.010 10098 10098 W GAV2    : Thread[main,5,main]: Need to call initialize() and be in fallback mode to start dispatch.
01-25 14:05:19.075   229   229 E lowmemorykiller: Error writing /proc/8188/oom_score_adj; errno=22
01-25 14:05:19.108  1630  8711 W ctxmgr  : [WorkManager]Long workInfo: pkg=com.google.android.gms, lbl=DispatcherDeliver, start=2017-01-25 14:05:15.684-0600, stop=2017-01-25 14:05:19.106-0600, durtn=3422ms
01-25 14:05:19.139   229   229 E lowmemorykiller: Error opening /proc/8188/oom_score_adj; errno=2
01-25 14:05:19.141  5079  5079 I MemoryTrimmer: Trimming objects from memory, since app is in the background.
01-25 14:05:19.195   691  1912 D ConnectivityService: ConnectivityService NetworkRequestInfo binderDied(NetworkRequest [ id=53, legacyType=-1, [ Capabilities: INTERNET&NOT_RESTRICTED&TRUSTED] ], android.os.Binde
rProxy@819afa0)
01-25 14:05:19.195   691  1039 D WifiService: Client connection lost with reason: 4
01-25 14:05:19.197   691  1040 D ConnectivityService: releasing NetworkRequest NetworkRequest [ id=53, legacyType=-1, [ Capabilities: INTERNET&NOT_RESTRICTED&TRUSTED] ]
01-25 14:05:19.198   691  1526 E SensorService: Error activating sensor 1598182245 (I/O error)
01-25 14:05:19.211   691  1040 E ConnectivityService: RemoteException caught trying to send a callback msg for NetworkRequest [ id=53, legacyType=-1, [ Capabilities: INTERNET&NOT_RESTRICTED&TRUSTED] ]
01-25 14:05:19.216   691  1596 I ActivityManager: Process com.google.android.apps.maps (pid 8188) has died
01-25 14:05:19.216   691  1596 D ActivityManager: cleanUpApplicationRecord -- 8188
01-25 14:05:19.285   691  1596 I bsthal  : <BST> set delay of <BOSCH Acceleration Sensor> to 20ms
01-25 14:05:19.366  1630  1640 I art     : Background partial concurrent mark sweep GC freed 56031(3MB) AllocSpace objects, 15(296KB) LOS objects, 19% free, 16MB/20MB, paused 2.588ms total 163.939ms
01-25 14:05:19.427  4993 10138 I native  : adaptation-learner.cc:47 AdaptationLearner::FlushToDisk
01-25 14:05:19.512  4993 10138 W DynamicPruner: getPruneRequest() : Unexpected LM type: 4
01-25 14:05:19.513  4993 10138 W DynamicPruner: getPruneRequest() : Unexpected LM type: 2
01-25 14:05:19.516   691  1001 I PowerManagerService: Going to sleep due to power button (uid 1000)...
01-25 14:05:19.570  4993  5019 W Delight4Facilitator: requestLanguageModelResource() : PERSONAL_DICTIONARY : UPDATING
01-25 14:05:19.584  4993  5019 W DynamicLm: perform() : PERSONAL_DICTIONARY : a : Failed to acquire LM
01-25 14:05:19.599  4993  5019 W Delight4Facilitator: requestLanguageModelResource() : CONTACTS : UPDATING
01-25 14:05:19.600  4993  5019 W DynamicLm: perform() : CONTACTS : a : Failed to acquire LM
01-25 14:05:19.827   691  1596 I ActivityManager: Start proc 10143:com.google.android.youtube/u0a87 for service com.google.android.youtube/com.google.android.libraries.youtube.common.gcore.gcoreclient.gcm.impl.G
cmTaskServiceDelegator
01-25 14:05:19.900   691  2182 I bsthal  : <BST> set delay of <BOSCH Acceleration Sensor> to 66ms
01-25 14:05:19.919  1630  1630 I GCoreUlr: Starting service, intent=Intent { act=com.google.android.location.reporting.ACTION_UPDATE_ACTIVE_STATE cmp=com.google.android.gms/com.google.android.location.reporting.
service.DispatchingService (has extras) }, extras=Bundle[{source=PowerModeReceiver}]
01-25 14:05:20.003  1630  1630 I GCoreUlr: Starting service, intent=Intent { act=com.google.android.location.reporting.ACTION_UPDATE_ACTIVE_STATE cmp=com.google.android.gms/com.google.android.location.reporting.
service.DispatchingService (has extras) }, extras=Bundle[{source=PowerModeReceiver}]
01-25 14:05:20.004  5079  5079 I MemoryTrimmer: Trimming objects from memory, since app is in the background.
01-25 14:05:20.018  1630  9696 I GCoreUlr: DispatchingService.updateActiveState+PowerModeReceiver: Ensuring that reporting is active for [account#-1#]
01-25 14:05:20.034   691  2182 I bsthal  : <BST> set delay of <BOSCH Acceleration Sensor> to 20ms
01-25 14:05:20.035   691   743 I bsthal  : <BST> set delay of <BOSCH Acceleration Sensor> to 20ms
01-25 14:05:20.035   691   743 V KeyguardServiceDelegate: onScreenTurnedOff()
01-25 14:05:20.048  1630  9696 I GCoreUlr: GMS FLP location and AR updates requested: {"description":"default","newRequest":true,"samplePeriodMs":120000,"sampleReason":"default","sampleSource":"internal","timest
ampMs":1485374719996}
01-25 14:05:20.051   231   231 D SurfaceFlinger: Set power mode=0, type=0 flinger=0xb74afe80
01-25 14:05:20.051   691   740 I DisplayManagerService: Display device changed state: "Built-in Screen", OFF
01-25 14:05:20.051   231   231 D qdhwcomposer: hwc_setPowerMode: Setting mode 0 on display: 0
01-25 14:05:20.095  1630  9696 I GCoreUlr: Place inference reporting - stop
01-25 14:05:20.127  1630  9696 I GCoreUlr: DispatchingService.updateActiveState+PowerModeReceiver: Ensuring that reporting is active for [account#-1#]
01-25 14:05:20.130  1630  9696 I GCoreUlr: Place inference reporting - stop
01-25 14:05:20.140   691   701 I art     : Background sticky concurrent mark sweep GC freed 24359(2MB) AllocSpace objects, 6(188KB) LOS objects, 10% free, 22MB/24MB, paused 5.104ms total 72.571ms
01-25 14:05:20.143  1630  9696 I GCoreUlr: Successfully inserted 1 locations
01-25 14:05:20.155 10143 10153 W art     : Suspending all threads took: 17.818ms
01-25 14:05:20.175   231   472 I qdhwcomposer: handle_blank_event: dpy:0 panel power state: 0
01-25 14:05:20.175   231   231 D qdhwcomposer: hwc_setPowerMode: Done setting mode 0 on display 0
01-25 14:05:20.176   691  1074 D SurfaceControl: Excessive delay in setPowerMode(): 125ms
01-25 14:05:20.179   691   743 I QCOM PowerHAL: Got set_interactive hint
01-25 14:05:20.180   691   743 I PowerManagerService: Sleeping (uid 1000)...
01-25 14:05:20.196   238   925 D audio_hw_primary: adev_set_parameters: enter: screen_state=off
01-25 14:05:20.196   238   925 E bt_a2dp_hw: adev_set_parameters: ERROR: set param called even when stream out is null
01-25 14:05:20.196   691  1038 E native  : do suspend true
01-25 14:05:20.220  1131  1131 D PhoneStatusBar: disable: < expand ICONS alerts SYSTEM_INFO back HOME RECENT clock SEARCH quick_settings >
01-25 14:05:20.271  4250  4250 I TWILIGHT: [14:05:20.270, main]: SCREEN_OFF
01-25 14:05:20.279  2325  2325 I DeviceScanner: [MDNS] Screen is OFF
01-25 14:05:20.282  2325  2325 I DeviceScanner: [CastNearby] Screen is OFF
01-25 14:05:20.297  5079  5079 I MemoryTrimmer: Trimming objects from memory, since app is in the background.
01-25 14:05:20.387  5079  5079 I MemoryTrimmer: Trimming objects from memory, since app is in the background.
01-25 14:05:20.466 10143 10167 W System  : ClassLoader referenced unknown path: /system/priv-app/PrebuiltGmsCore/lib/arm
01-25 14:05:20.495  4250  4250 I TWILIGHT: [14:05:20.494, main]: Accessibility CHANGED com.android.systemui android.widget.TextView
01-25 14:05:20.539 10143 10171 W art     : Long monitor contention event with owner method=void aalb.<clinit>() from SourceFile:1109 waiters=1 for 132ms
01-25 14:05:20.550 10143 10167 W System  : ClassLoader referenced unknown path: /system/priv-app/PrebuiltGmsCore/lib/arm
01-25 14:05:20.552 10143 10167 W System  : ClassLoader referenced unknown path: /system/priv-app/PrebuiltGmsCore/lib/arm
01-25 14:05:20.558 10143 10167 W linker  : /data/data/com.google.android.gms/app_extracted_libs/armeabi-v7a/libgmscore.so: unused DT entry: type 0x7ffffffd arg 0x795
01-25 14:05:20.608 10143 10167 W System  : ClassLoader referenced unknown path: /system/priv-app/PrebuiltGmsCore/lib/arm
01-25 14:05:20.609 10143 10167 W System  : ClassLoader referenced unknown path: /system/priv-app/PrebuiltGmsCore/lib/arm
01-25 14:05:20.680 10143 10167 W linker  : /system/priv-app/PrebuiltGmsCore/PrebuiltGmsCore.apk: unused DT entry: type 0x1d arg 0xe0
01-25 14:05:20.681 10143 10167 W linker  : /system/priv-app/PrebuiltGmsCore/PrebuiltGmsCore.apk: unused DT entry: type 0x7ffffffd arg 0x1cb
01-25 14:05:20.692 10143 10167 V JNIHelp : Registering com/google/android/gms/org/conscrypt/NativeCrypto's 242 native methods...
01-25 14:05:20.707 10143 10169 W System  : ClassLoader referenced unknown path: /data/user/0/com.google.android.gms/app_chimera/m/00000005/n/armeabi
01-25 14:05:20.771 10143 10167 I art     : Rejecting re-init on previously-failed class java.lang.Class<com.google.android.gms.org.conscrypt.OpenSSLExtendedSessionImpl>
01-25 14:05:20.772 10143 10167 I art     : Rejecting re-init on previously-failed class java.lang.Class<com.google.android.gms.org.conscrypt.OpenSSLExtendedSessionImpl>
01-25 14:05:20.776 10143 10169 D DynamitePackage: Instantiated singleton DynamitePackage.
01-25 14:05:20.780 10143 10169 D DynamitePackage: Instantiating com.google.android.gms.ads.adshield.ChimeraAdShieldCreatorImpl
01-25 14:05:20.820 10143 10167 I ProviderInstaller: Installed default security provider GmsCore_OpenSSL
01-25 14:05:21.078   691  1912 I ActivityManager: Process com.google.android.gms.feedback (pid 8235) has died
01-25 14:05:21.078   691  1912 D ActivityManager: cleanUpApplicationRecord -- 8235
01-25 14:05:21.139 10143 10143 W InstanceID/Rpc: Found 10028
01-25 14:05:21.183 10143 10182 W System  : ClassLoader referenced unknown path: /system/framework/tcmclient.jar
01-25 14:05:21.329 10143 10173 W YouTube : ECatcher disabled: level: ERROR, type: initialization, message: Failed to obtain process fork time using RecentTaskInfo
01-25 14:05:21.716   691  1120 I ActivityManager: Process com.instagram.android (pid 8096) has died
01-25 14:05:21.716   691  1120 D ActivityManager: cleanUpApplicationRecord -- 8096
01-25 14:05:21.878 10143 10182 I qtaguid : Failed write_ctrl(u -1) res=-1 errno=9
01-25 14:05:21.878 10143 10182 I qtaguid : Untagging socket -1 failed errno=-9
01-25 14:05:21.882 10143 10182 W NetworkManagementSocketTagger: untagSocket(-1) failed with errno -9
01-25 14:05:21.991   691  2255 D ConnectivityService: listenForNetwork for Listen from uid/pid:10087/10143 for NetworkRequest [ id=54, legacyType=-1, [ Capabilities: INTERNET&NOT_RESTRICTED&TRUSTED] ]
01-25 14:05:21.992 10143 10183 I qtaguid : Failed write_ctrl(t -1 0 -1) res=-1 errno=9
01-25 14:05:21.993 10143 10183 I qtaguid : Tagging socket -1 with tag 0(0) for uid -1 failed errno=-9
01-25 14:05:21.995 10143 10183 I NetworkManagementSocketTagger: tagSocketFd(-1, 0, -1) failed with errno-9
01-25 14:05:22.009 10143 10240 W System  : ClassLoader referenced unknown path: /system/framework/tcmclient.jar
01-25 14:05:22.039  2325  2325 I CastMediaRouteProvider: in onDiscoveryRequestChanged: request=DiscoveryRequest{ selector=MediaRouteSelector{ controlCategories=[com.google.android.gms.cast.CATEGORY_CAST/D2CA5178
, com.google.android.gms.cast.CATEGORY_CAST/233637DE] }, activeScan=false, isValid=true }
01-25 14:05:22.044  2325  3551 I DeviceScanner: [MDNS] Filter criteria: 233637DE,D2CA5178
01-25 14:05:22.044  2325  3551 I DeviceScanner: [MDNS] updateScannerState: No filter criteria was added.
01-25 14:05:22.044  2325  3551 I DeviceScanner: [MDNS] updateScannerState: No filter criteria was removed.
01-25 14:05:22.045  2325  3551 I DeviceScanner: [CastNearby] Filter criteria: 233637DE,D2CA5178
01-25 14:05:22.045  2325  3551 I DeviceScanner: [CastNearby] updateScannerState: No filter criteria was added.
01-25 14:05:22.045  2325  3551 I DeviceScanner: [CastNearby] updateScannerState: No filter criteria was removed.
01-25 14:05:22.181   691   743 W PowerManagerService: Sandman unresponsive, releasing suspend blocker
01-25 14:05:22.428 10143 10183 I qtaguid : Failed write_ctrl(u -1) res=-1 errno=9
01-25 14:05:22.428 10143 10183 I qtaguid : Untagging socket -1 failed errno=-9
01-25 14:05:22.428 10143 10183 W NetworkManagementSocketTagger: untagSocket(-1) failed with errno -9
01-25 14:05:22.631 10143 10225 I qtaguid : Failed write_ctrl(u -1) res=-1 errno=9
01-25 14:05:22.631 10143 10225 I qtaguid : Untagging socket -1 failed errno=-9
01-25 14:05:22.631 10143 10225 W NetworkManagementSocketTagger: untagSocket(-1) failed with errno -9
01-25 14:05:23.215 10143 10226 I qtaguid : Failed write_ctrl(u -1) res=-1 errno=9
01-25 14:05:23.215 10143 10226 I qtaguid : Untagging socket -1 failed errno=-9
01-25 14:05:23.216 10143 10226 W NetworkManagementSocketTagger: untagSocket(-1) failed with errno -9
01-25 14:05:23.412 10098 10121 W ContextImpl: Implicit intents with startService are not safe: Intent { act=com.google.android.gms.analytics.service.START (has extras) } android.content.ContextWrapper.bindServic
e:610 com.google.analytics.tracking.android.AnalyticsGmsCoreClient.connect:82 com.google.analytics.tracking.android.GAServiceProxy.connectToService:279
01-25 14:05:23.479 10098 10121 I GAV2    : Thread[GAThread,5,main]: No campaign data found.
01-25 14:05:23.537   691  2255 I bsthal  : <BST> set delay of <BOSCH Acceleration Sensor> to 200ms
01-25 14:05:27.652  1630  1640 I art     : Background partial concurrent mark sweep GC freed 26602(1647KB) AllocSpace objects, 6(120KB) LOS objects, 19% free, 16MB/20MB, paused 1.463ms total 118.977ms
01-25 14:05:28.612   691  1596 I bsthal  : <BST> set delay of <BOSCH Acceleration Sensor> to 20ms
01-25 14:05:31.049   691  1038 D WifiStateMachine: Disconnected CMD_START_SCAN source -2 301, 302 -> obsolete
01-25 14:05:32.069  4250  4250 I TWILIGHT: [14:05:32.068, main]: Accessibility CHANGED com.android.systemui android.widget.LinearLayout
01-25 14:05:32.251   691   709 I bsthal  : <BST> set delay of <BOSCH Acceleration Sensor> to 200ms
01-25 14:05:37.301   691  1912 I bsthal  : <BST> set delay of <BOSCH Acceleration Sensor> to 20ms
01-25 14:05:40.966   691   708 I bsthal  : <BST> set delay of <BOSCH Acceleration Sensor> to 200ms
01-25 14:05:42.503  2325  2337 I art     : Background partial concurrent mark sweep GC freed 41512(3MB) AllocSpace objects, 4(76KB) LOS objects, 21% free, 14MB/18MB, paused 1.516ms total 180.229ms
01-25 14:05:43.274  4250  4250 I TWILIGHT: [14:05:43.273, main]: Accessibility CHANGED com.android.systemui android.widget.LinearLayout
01-25 14:05:46.038   691  1121 I bsthal  : <BST> set delay of <BOSCH Acceleration Sensor> to 20ms
01-25 14:05:47.125  4250  4250 I TWILIGHT: [14:05:47.124, main]: Accessibility CHANGED com.android.systemui android.widget.LinearLayout
01-25 14:05:49.680   691  2275 I bsthal  : <BST> set delay of <BOSCH Acceleration Sensor> to 200ms
01-25 14:05:49.726  1630  1630 I GCoreUlr: Starting service, intent=Intent { act=com.google.android.location.reporting.ACTION_UPDATE_ACTIVE_STATE cmp=com.google.android.gms/com.google.android.location.reporting.
service.DispatchingService (has extras) }, extras=Bundle[{source=PowerModeReceiver}]
01-25 14:05:49.802  5079  5079 I MemoryTrimmer: Trimming objects from memory, since app is in the background.
01-25 14:05:49.803  1630  8711 I GCoreUlr: DispatchingService.updateActiveState+PowerModeReceiver: Ensuring that reporting is active for [account#-1#]
01-25 14:05:49.827  5079  5079 I MemoryTrimmer: Trimming objects from memory, since app is in the background.
01-25 14:05:49.828   691  1179 E SensorService: Error activating sensor 1598182245 (I/O error)
01-25 14:05:49.835  1630  8711 I GCoreUlr: GMS FLP location and AR updates requested: {"description":"stationary","newRequest":true,"samplePeriodMs":2160000,"sampleReason":"stationary","sampleSource":"internal",
"timestampMs":1485374749750}
01-25 14:05:49.846   691  2255 I bsthal  : <BST> set delay of <BOSCH Acceleration Sensor> to 20ms
01-25 14:05:49.850  1630  8711 I GCoreUlr: Place inference reporting - stop
01-25 14:05:49.875  1630  8711 I GCoreUlr: Successfully inserted 1 locations
01-25 14:05:49.923   691  1001 I PowerManagerService: Waking up from sleep (uid 1000)...
01-25 14:05:49.925   691  1001 I QCOM PowerHAL: Got set_interactive hint
01-25 14:05:49.925   691   691 V KeyguardServiceDelegate: onStartedWakingUp()
01-25 14:05:49.926   691   743 I DisplayPowerController: Blocking screen on until initial contents have been drawn.
01-25 14:05:49.926   691   743 V KeyguardServiceDelegate: onScreenTurnedOn(showListener = com.android.server.policy.PhoneWindowManager$2@4aeaea5)
01-25 14:05:49.928   691   740 I DisplayManagerService: Display device changed state: "Built-in Screen", ON
01-25 14:05:49.929   231   231 D SurfaceFlinger: Set power mode=2, type=0 flinger=0xb74afe80
01-25 14:05:49.929   231   231 D qdhwcomposer: hwc_setPowerMode: Setting mode 2 on display: 0
01-25 14:05:49.974   691  1830 V KeyguardServiceDelegate: **** SHOWN CALLED ****
01-25 14:05:49.975   691  1038 D WifiConfigStore: Retrieve network priorities after PNO.
01-25 14:05:49.976   238   238 D audio_hw_primary: adev_set_parameters: enter: screen_state=on
01-25 14:05:49.976   238   238 E bt_a2dp_hw: adev_set_parameters: ERROR: set param called even when stream out is null
01-25 14:05:49.980   691  1038 E native  : do suspend false
01-25 14:05:49.988   691  1038 D WifiConfigStore: No blacklist allowed without epno enabled
01-25 14:05:50.057   691   743 I DisplayPowerController: Unblocked screen on after 131 ms
01-25 14:05:50.058  4250  4250 I TWILIGHT: [14:05:50.058, main]: SCREEN_ON
01-25 14:05:50.058   691   743 V KeyguardServiceDelegate: onScreenTurnedOn()
01-25 14:05:50.081  4250  4250 I TWILIGHT: [14:05:50.080, main]: Needs foreground -1
01-25 14:05:50.081  4250  4250 I TWILIGHT: [14:05:50.081, main]: VIEW: Finally Update current 100 1500
01-25 14:05:50.122  4250  4250 I TWILIGHT: [14:05:50.122, main]: VIEW: Refreshing view
01-25 14:05:50.132  2325  2325 I DeviceScanner: [MDNS] Screen is ON
01-25 14:05:50.133  2325  2325 I DeviceScanner: [CastNearby] Screen is ON
01-25 14:05:50.274   231   472 I qdhwcomposer: handle_blank_event: dpy:0 panel power state: 1
01-25 14:05:50.275   231   231 D qdhwcomposer: hwc_setPowerMode: Done setting mode 2 on display 0
01-25 14:05:50.275   691  1074 D SurfaceControl: Excessive delay in setPowerMode(): 347ms
01-25 14:05:50.292  5079  5079 I MemoryTrimmer: Trimming objects from memory, since app is in the background.
01-25 14:05:50.334  4250  4250 I TWILIGHT: [14:05:50.333, main]: Accessibility CHANGED com.android.systemui android.widget.TextView
01-25 14:05:50.481   691  1038 D WifiConfigStore: Retrieve network priorities after PNO.
01-25 14:05:50.649   691   709 I bsthal  : <BST> set delay of <BOSCH Acceleration Sensor> to 66ms
01-25 14:05:50.662  1630  1630 I GCoreUlr: Starting service, intent=Intent { act=com.google.android.location.reporting.ACTION_UPDATE_ACTIVE_STATE cmp=com.google.android.gms/com.google.android.location.reporting.
service.DispatchingService (has extras) }, extras=Bundle[{source=PowerModeReceiver}]
01-25 14:05:50.695  1630  8711 I GCoreUlr: DispatchingService.updateActiveState+PowerModeReceiver: Ensuring that reporting is active for [account#-1#]
01-25 14:05:50.731  1630  1630 I GCoreUlr: Starting service, intent=Intent { act=com.google.android.location.reporting.ACTION_UPDATE_ACTIVE_STATE cmp=com.google.android.gms/com.google.android.location.reporting.
service.DispatchingService (has extras) }, extras=Bundle[{source=PowerModeReceiver}]
01-25 14:05:50.734  5079  5079 I MemoryTrimmer: Trimming objects from memory, since app is in the background.
01-25 14:05:50.750  1630  8711 I GCoreUlr: GMS FLP location and AR updates requested: {"description":"default","newRequest":true,"samplePeriodMs":120000,"sampleReason":"default","sampleSource":"internal","timest
ampMs":1485374750680}
01-25 14:05:50.760   691  2275 I bsthal  : <BST> set delay of <BOSCH Acceleration Sensor> to 20ms
01-25 14:05:50.764  1630  8711 I GCoreUlr: Place inference reporting - stop
01-25 14:05:50.784  1630  8711 I GCoreUlr: DispatchingService.updateActiveState+PowerModeReceiver: Ensuring that reporting is active for [account#-1#]
01-25 14:05:50.786  1630  8711 I GCoreUlr: Place inference reporting - stop
01-25 14:05:50.798  1630  8711 I GCoreUlr: Successfully inserted 1 locations
01-25 14:05:50.908  4250  4250 I TWILIGHT: [14:05:50.908, main]: Accessibility CHANGED com.android.systemui android.widget.LinearLayout
01-25 14:05:52.637  1131  1131 D PhoneStatusBar: disable: < expand ICONS alerts SYSTEM_INFO back HOME RECENT clock SEARCH quick_settings >
01-25 14:05:52.799  1131  1131 D PhoneStatusBar: disable: < expand ICONS alerts SYSTEM_INFO back HOME RECENT clock SEARCH quick_settings >
01-25 14:05:52.933  4250  4250 I TWILIGHT: [14:05:52.933, main]: Accessibility CHANGED com.android.systemui com.android.keyguard.PasswordTextView
01-25 14:05:52.983  4250  4250 I TWILIGHT: [14:05:52.983, main]: Accessibility CHANGED com.android.systemui android.widget.FrameLayout
01-25 14:05:53.033  4250  4250 I TWILIGHT: [14:05:53.032, main]: Accessibility CHANGED com.android.systemui android.widget.FrameLayout
01-25 14:05:54.298   691  1912 I bsthal  : <BST> set delay of <BOSCH Acceleration Sensor> to 66ms
01-25 14:05:55.355   691  1047 D AudioService: Stream muted, skip playback
01-25 14:05:55.647   691  1047 D AudioService: Stream muted, skip playback
01-25 14:05:55.847   691  1047 D AudioService: Stream muted, skip playback
01-25 14:05:56.014   691  1047 D AudioService: Stream muted, skip playback
01-25 14:05:56.098   691  1047 D AudioService: Stream muted, skip playback
01-25 14:05:56.242   691  1047 D AudioService: Stream muted, skip playback
01-25 14:05:56.397   691  1047 D AudioService: Stream muted, skip playback
01-25 14:05:56.432   707   707 I keystore: calling unlock when already unlocked, ignoring.
01-25 14:05:56.792  1131  1131 D PhoneStatusBar: disable: < expand icons* alerts system_info* back HOME RECENT clock SEARCH quick_settings >
01-25 14:05:56.797  4250  4250 I TWILIGHT: [14:05:56.796, main]: Accessibility CHANGED com.android.systemui android.widget.ImageButton
01-25 14:05:56.897  1131  1131 D PhoneStatusBar: disable: < expand icons alerts system_info back HOME RECENT clock SEARCH quick_settings >
01-25 14:05:56.919  1630  1630 I Coffee-PlaceTrustlet: User Present broadcast receiver action: android.intent.action.USER_PRESENT
01-25 14:05:56.919  1630  1630 I Coffee-HomeAddressChangeTracker: User Present. Maybe fetch home.
01-25 14:05:56.920  1630  1630 I Coffee-HomeAddressChangeTracker: fetch for account eric.gach@gmail.com
01-25 14:05:56.927  1630  1630 I Coffee-HomeFetcher: return existing home address!
01-25 14:05:56.927  1630  1630 I Coffee-HomeAddressChangeTracker: home address is not changed.
01-25 14:05:56.975  2325 10345 I Authzen : [DeviceStateSyncManager] The server is in sync with current state. Nothing to do
01-25 14:05:56.995  1131  1131 D PhoneStatusBar: disable: < expand icons alerts system_info back home* recent* clock search* quick_settings >
01-25 14:05:57.028   691  2397 I ActivityManager: Start proc 10351:com.wunderground.android.storm/u0a101 for broadcast com.wunderground.android.storm/.widgets.ScreenReceiver
01-25 14:05:57.046  2325  2325 I DeviceCache: Unable to convert the the network interface's MAC Address to string. MAC address cannot be null.
01-25 14:05:57.047  2325  2325 I DeviceCache: Unable to convert the the network interface's MAC Address to string. MAC address cannot be null.
01-25 14:05:57.047  2325  2325 I DeviceCache: Unable to convert the the network interface's MAC Address to string. MAC address cannot be null.
01-25 14:05:57.048  2325  2325 I DeviceCache: Unable to convert the the network interface's MAC Address to string. MAC address cannot be null.
01-25 14:05:57.048  2325  2325 I DeviceCache: Unable to convert the the network interface's MAC Address to string. MAC address cannot be null.
01-25 14:05:57.048  2325  2325 I DeviceCache: Unable to convert the the network interface's MAC Address to string. MAC address cannot be null.
01-25 14:05:57.049  2325  2325 I DeviceCache: Unable to convert the the network interface's MAC Address to string. MAC address cannot be null.
01-25 14:05:57.049  2325  2325 I DeviceCache: Unable to convert the the network interface's MAC Address to string. MAC address cannot be null.
01-25 14:05:57.052  2325  2325 I DeviceCache: Unable to convert the the network interface's MAC Address to string. MAC address cannot be null.
01-25 14:05:57.052  2325  2325 I DeviceCache: Unable to convert the the network interface's MAC Address to string. MAC address cannot be null.
01-25 14:05:57.078   691  2275 I ActivityManager: Process com.google.android.gm (pid 7833) has died
01-25 14:05:57.078   691  2275 D ActivityManager: cleanUpApplicationRecord -- 7833
01-25 14:05:57.232  4250  4250 I TWILIGHT: [14:05:57.231, main]: Accessibility CHANGED com.android.systemui android.widget.FrameLayout
01-25 14:05:57.457 10351 10351 I MultiDex: VM with version 2.1.0 has multidex support
01-25 14:05:57.457 10351 10351 I MultiDex: install
01-25 14:05:57.457 10351 10351 I MultiDex: VM has multidex support, MultiDex support library is disabled.
01-25 14:05:57.524 10351 10351 I GMPM    : App measurement is starting up, version: 8487
01-25 14:05:57.525 10351 10351 I GMPM    : To enable debug logging run: adb shell setprop log.tag.GMPM VERBOSE
01-25 14:05:57.558 10351 10351 E GMPM    : GoogleService failed to initialize, status: 10, Missing an expected resource: 'R.string.google_app_id' for initializing Google services.  Possible causes are missing go
ogle-services.json or com.google.gms.google-services gradle plugin.
01-25 14:05:57.558 10351 10351 E GMPM    : Scheduler not set. Not logging error/warn.
01-25 14:05:57.589 10351 10372 E GMPM    : Uploading is not possible. App measurement disabled
01-25 14:05:57.945  4250  4250 I TWILIGHT: [14:05:57.944, main]: Accessibility CHANGED com.android.systemui android.view.View
01-25 14:05:58.203 30279 30279 W fb4a.3u3: PlayedForNSeconds status shouldnt be unknown when attempting to send event
01-25 14:05:58.393 10351 10351 D AppsFlyer_4.4.0: Build Number: 87
01-25 14:05:58.437 30279 30279 E fb4a.0Zg: Called registerBroadcastReceiver twice.
01-25 14:05:58.466 10351 10351 I GAv4    : Google Analytics 8.4.87 is starting up. To enable debug logging on a device run:
01-25 14:05:58.466 10351 10351 I GAv4    :   adb shell setprop log.tag.GAv4 DEBUG
01-25 14:05:58.466 10351 10351 I GAv4    :   adb logcat -s GAv4
01-25 14:05:58.493 10351 10351 W GAv4    : AnalyticsReceiver is not registered or is disabled. Register the receiver for reliable dispatching on non-Google Play devices. See http://goo.gl/8Rd3yj for instructions
.
01-25 14:05:58.497 10351 10351 W GAv4    : CampaignTrackingReceiver is not registered, not exported or is disabled. Installation campaign tracking is not possible. See http://goo.gl/8Rd3yj for instructions.
01-25 14:05:58.514 10351 10424 W GAv4    : AnalyticsService not registered in the app manifest. Hits might not be delivered reliably. See http://goo.gl/8Rd3yj for instructions.
01-25 14:05:58.767   691  1042 D NsdService: Discover services
01-25 14:05:58.768   691  1042 D NsdService: discoverServices: 7 _fb._tcp.
01-25 14:05:58.771   234   820 D MDnsDS  : discover((null), _fb._tcp., (null), 7, 0)
01-25 14:05:58.771   234   820 D MDnsDS  : using ref 0xb82040ac
01-25 14:05:58.780   234   820 D MDnsDS  : startMonitoring 7
01-25 14:05:58.780   234   820 D MDnsDS  : triggering rescan
01-25 14:05:58.780   234   820 D MDnsDS  : discover successful
01-25 14:05:58.780   234   819 D MDnsDS  : Monitor poll got data pollCount = 1, 1
01-25 14:05:58.780   234   819 D MDnsDS  : controlSocket shows revent= 1
01-25 14:05:58.780   234   819 D MDnsDS  : MDnsSdListener::Monitor got 1
01-25 14:05:58.780   234   819 D MDnsDS  : MDnsSdListener::Monitor poll rescanning - size=10, live=1
01-25 14:05:58.780   234   819 D MDnsDS  : Going to poll with pollCount 2
01-25 14:05:58.780   691  1042 D NsdService: Discover 6 7_fb._tcp.
01-25 14:05:58.787   691   728 I ActivityManager: START u0 {act=android.intent.action.MAIN cat=[android.intent.category.HOME] flg=0x10200000 cmp=com.google.android.apps.nexuslauncher/.NexusLauncherActivity (has
extras)} from uid 1000 on display 0
01-25 14:05:58.858  5079  5175 I Adreno-EGL: <qeglDrvAPI_eglInitialize:379>: EGL 1.4 QUALCOMM build: Nondeterministic_AU_msm8974_LA.BF.1.1.3_RB1__release_AU (I389a668de0)
01-25 14:05:58.858  5079  5175 I Adreno-EGL: OpenGL ES Shader Compiler Version: E031.28.00.04
01-25 14:05:58.858  5079  5175 I Adreno-EGL: Build Date: 10/24/15 Sat
01-25 14:05:58.858  5079  5175 I Adreno-EGL: Local Branch: mybranch15621148
01-25 14:05:58.858  5079  5175 I Adreno-EGL: Remote Branch: quic/LA.BF.1.1.3_rb1.3
01-25 14:05:58.858  5079  5175 I Adreno-EGL: Local Patches: NONE
01-25 14:05:58.858  5079  5175 I Adreno-EGL: Reconstruct Branch: NOTHING
01-25 14:05:58.860  5079  5175 I OpenGLRenderer: Initialized EGL, version 1.4
01-25 14:05:58.869 30279 30289 W art     : Suspending all threads took: 20.979ms
01-25 14:05:58.988  2736  5094 I Adreno-EGL: <qeglDrvAPI_eglInitialize:379>: EGL 1.4 QUALCOMM build: Nondeterministic_AU_msm8974_LA.BF.1.1.3_RB1__release_AU (I389a668de0)
01-25 14:05:58.988  2736  5094 I Adreno-EGL: OpenGL ES Shader Compiler Version: E031.28.00.04
01-25 14:05:58.988  2736  5094 I Adreno-EGL: Build Date: 10/24/15 Sat
01-25 14:05:58.988  2736  5094 I Adreno-EGL: Local Branch: mybranch15621148
01-25 14:05:58.988  2736  5094 I Adreno-EGL: Remote Branch: quic/LA.BF.1.1.3_rb1.3
01-25 14:05:58.988  2736  5094 I Adreno-EGL: Local Patches: NONE
01-25 14:05:58.988  2736  5094 I Adreno-EGL: Reconstruct Branch: NOTHING
01-25 14:05:58.989  2736  5094 I OpenGLRenderer: Initialized EGL, version 1.4
01-25 14:05:59.026 30279 30279 I Choreographer: Skipped 106 frames!  The application may be doing too much work on its main thread.
01-25 14:05:59.032   691   701 I art     : Background partial concurrent mark sweep GC freed 41729(2MB) AllocSpace objects, 9(260KB) LOS objects, 15% free, 21MB/25MB, paused 4.360ms total 220.949ms
01-25 14:05:59.124  4250  4250 I TWILIGHT: [14:05:59.124, main]: Accessibility CHANGED com.facebook.katana com.facebook.katana.activity.FbMainTabActivity
01-25 14:05:59.262 10351 10414 W System  : ClassLoader referenced unknown path: /system/framework/tcmclient.jar
01-25 14:05:59.323   691  1250 I ActivityManager: Process android.process.acore (pid 7756) has died
01-25 14:05:59.323   691  1250 D ActivityManager: cleanUpApplicationRecord -- 7756
01-25 14:05:59.396 10351 10351 I FileUtils: Cache folder: /data/user/0/com.wunderground.android.storm/files/0805_tiles
01-25 14:05:59.433   691  1544 W InputMethodManagerService: Focus gain on non-focused client com.android.internal.view.IInputMethodClient$Stub$Proxy@74eee2c (uid=10133 pid=30279)
01-25 14:05:59.483   691  2397 I ActivityManager: Start proc 10437:com.wunderground.android.storm:data_service/u0a101 for service com.wunderground.android.storm/com.wunderground.android.weather.maplibrary.dataso
urce.wu.data.service.WUDataSourceService
01-25 14:05:59.535   691   709 I ActivityManager: Start proc 10455:com.wunderground.android.storm:overlay_data/u0a101 for service com.wunderground.android.storm/com.wunderground.android.weather.maplibrary.datapr
ovider.OverlayDataService
01-25 14:05:59.565  2736  5094 W OpenGLRenderer: Incorrectly called buildLayer on View: ShortcutAndWidgetContainer, destroying layer...
01-25 14:05:59.626   691  2397 I ActivityManager: Start proc 10469:com.wunderground.android.storm:geo_data/u0a101 for service com.wunderground.android.storm/com.wunderground.android.weather.maplibrary.dataprovid
er.GeoDataLoadingService
01-25 14:05:59.689   691  1042 D NsdService: Stop service discovery
01-25 14:05:59.689   691  1042 D NsdService: stopServiceDiscovery: 7
01-25 14:05:59.690   234   820 D MDnsDS  : Stopping discover with ref 0xb82040ac
01-25 14:05:59.690   234   820 D MDnsDS  : freeServiceRef 7
01-25 14:05:59.690   234   820 D MDnsDS  : triggering rescan
01-25 14:05:59.691   234   819 D MDnsDS  : Monitor poll got data pollCount = 2, 2
01-25 14:05:59.691   234   819 D MDnsDS  : Monitor found [1].revents = 32 - calling ProcessResults
01-25 14:05:59.691   234   819 W /system/bin/netd: dnssd_clientstub DNSServiceProcessResult called with invalid DNSServiceRef 0xb8200e40 FFFFFFFF DDDDDDDD
01-25 14:05:59.691   234   819 D MDnsDS  : controlSocket shows revent= 1
01-25 14:05:59.691   234   819 D MDnsDS  : MDnsSdListener::Monitor got 1
01-25 14:05:59.691   234   819 D MDnsDS  : MDnsSdListener::Monitor poll rescanning - size=10, live=0
01-25 14:05:59.691   234   819 D MDnsDS  : Going to poll with pollCount 1
01-25 14:05:59.728  4250  4250 I TWILIGHT: [14:05:59.727, main]: Accessibility CHANGED com.facebook.katana X.IA6
01-25 14:05:59.774  5079  5079 I OptInState: There is a new client and it does not support opt-in. Dropping request.
01-25 14:05:59.830  5079  5079 I MicroDetectionWorker: Micro detection mode: [mDetectionMode: [1]].
01-25 14:05:59.925  5079  5090 I art     : Background sticky concurrent mark sweep GC freed 11200(774KB) AllocSpace objects, 0(0B) LOS objects, 6% free, 16MB/17MB, paused 12.935ms total 120.303ms
01-25 14:05:59.937  5079 10490 I MicroRecognitionRunner: Starting detection.
01-25 14:05:59.982 30279 30279 W FragmentManager: moveToState: Fragment state for 0fb{e30e7a8 #1 id=0x7f0c1a46} not updated inline; expected state 3 found 2
01-25 14:05:59.985 30279 30279 W FragmentManager: moveToState: Fragment state for 0fb{55802c1 #3 id=0x7f0c1a46} not updated inline; expected state 3 found 2
01-25 14:05:59.987 30279 30279 W FragmentManager: moveToState: Fragment state for 0fb{9962a66 #4 id=0x7f0c1a46} not updated inline; expected state 3 found 2
01-25 14:05:59.990 30279 30279 W FragmentManager: moveToState: Fragment state for 0fb{6bf51a7 #5 id=0x7f0c1a46} not updated inline; expected state 3 found 2
01-25 14:05:59.992 30279 30279 W FragmentManager: moveToState: Fragment state for 0fb{880d654 #6 id=0x7f0c1a46} not updated inline; expected state 3 found 2
01-25 14:06:00.009  5079 10487 I MicrophoneInputStream: mic_starting com.google.android.apps.gsa.speech.audio.af@437c2b1
01-25 14:06:00.057   238   925 D audio_hw_primary: adev_open_input_stream: enter: sample_rate(16000) channel_mask(0x10) devices(0x80000004)        stream_handle(0xb71c3fc8) io_handle(74) source(6)
