08-03 10:58:29.576  4919  4926 E ocessService0:0: failed to create Unix domain socket: Operation not permitted
08-03 10:58:29.787     0     0 I sec_ts 1-0048: [P] tID:0 x:583 y:1717 z:45 major:11 minor:11 tc:1 type:0 noise:0
08-03 10:58:29.799     0     0 I aw8695_activate_store: value=1
08-03 10:58:29.808     0     0 I aw8695_vibrate: value=28, seq=1, index=1
08-03 10:58:29.845     0     0 I sec_ts 1-0048: [R] tID:0 mc:1 tc:0 lx:582 ly:1717 v:0000 cal:00 id(0,0) p:0 noise:0 lp:(0)
08-03 10:58:29.852     0     0 I aw8695_activate_store: value=0
08-03 10:58:29.871     0     0 I aw8695_vibrate: value=0, seq=1, index=1
08-03 10:58:29.980  3571  3571 D Window selected text:: null
08-03 10:58:29.983  3571  3571 D Window selected text:: null
08-03 10:58:30.156     0     0 I sec_ts 1-0048: [P] tID:0 x:549 y:2100 z:43 major:11 minor:10 tc:1 type:0 noise:0
08-03 10:58:30.170     0     0 I aw8695_activate_store: value=1
08-03 10:58:30.176     0     0 I aw8695_vibrate: value=28, seq=1, index=1
08-03 10:58:30.219     0     0 I aw8695_activate_store: value=0
08-03 10:58:30.224     0     0 I sec_ts 1-0048: [R] tID:0 mc:0 tc:0 lx:549 ly:2100 v:0000 cal:00 id(0,0) p:0 noise:0 lp:(0)
08-03 10:58:30.237     0     0 I aw8695_vibrate: value=0, seq=1, index=1
08-03 10:58:30.257  9977 10320 E SpannableStringBuilder: SPAN_EXCLUSIVE_EXCLUSIVE spans cannot have a zero length
08-03 10:58:30.257  9977 10320 E SpannableStringBuilder: SPAN_EXCLUSIVE_EXCLUSIVE spans cannot have a zero length
08-03 10:58:30.287  9977 10051 E SpannableStringBuilder: SPAN_EXCLUSIVE_EXCLUSIVE spans cannot have a zero length
08-03 10:58:30.287  9977 10051 E SpannableStringBuilder: SPAN_EXCLUSIVE_EXCLUSIVE spans cannot have a zero length
08-03 10:58:30.360  3571  3571 D Window selected text:: null
08-03 10:58:30.366  3571  3571 D Window selected text:: null
08-03 10:58:30.532     0     0 I sec_ts 1-0048: [P] tID:0 x:989 y:1726 z:26 major:8 minor:7 tc:1 type:0 noise:0
08-03 10:58:30.544     0     0 I aw8695_activate_store: value=1
08-03 10:58:30.554     0     0 I aw8695_vibrate: value=28, seq=1, index=1
08-03 10:58:30.596     0     0 I aw8695_activate_store: value=0
08-03 10:58:30.602     0     0 I aw8695_vibrate: value=0, seq=1, index=1
08-03 10:58:30.621     0     0 I sec_ts 1-0048: [R] tID:0 mc:0 tc:0 lx:989 ly:1726 v:0000 cal:00 id(0,0) p:0 noise:0 lp:(0)
08-03 10:58:30.757  3571  3571 D Window selected text:: null
08-03 10:58:30.759  3571  3571 D Window selected text:: null
08-03 10:58:30.949     0     0 I sec_ts 1-0048: [P] tID:0 x:378 y:1710 z:40 major:10 minor:10 tc:1 type:0 noise:0
08-03 10:58:30.961     0     0 I aw8695_activate_store: value=1
08-03 10:58:30.970     0     0 I aw8695_vibrate: value=28, seq=1, index=1
08-03 10:58:31.017     0     0 I aw8695_activate_store: value=0
08-03 10:58:31.023     0     0 I aw8695_vibrate: value=0, seq=1, index=1
08-03 10:58:31.034     0     0 I sec_ts 1-0048: [R] tID:0 mc:2 tc:0 lx:437 ly:1708 v:0000 cal:00 id(0,0) p:0 noise:0 lp:(0)
08-03 10:58:31.048  3658  3692 I MediaProvider: Scanned external_primary due to REASON_DEMAND, found 1 items in 33ms, 0 inserts 0 updates 0 deletes
08-03 10:58:31.059  3658  3692 I MediaProvider: Open with lower FS for /storage/emulated/0/Torrents. Uid: 10058
08-03 10:58:31.168  3571  3571 D Window selected text:: null
08-03 10:58:31.171  3571  3571 D Window selected text:: null
08-03 10:58:31.244     0     0 I sec_ts 1-0048: [P] tID:0 x:908 y:1714 z:45 major:10 minor:10 tc:1 type:0 noise:0
08-03 10:58:31.258     0     0 I aw8695_activate_store: value=1
08-03 10:58:31.266     0     0 I aw8695_vibrate: value=28, seq=1, index=1
08-03 10:58:31.312     0     0 I aw8695_activate_store: value=0
08-03 10:58:31.318     0     0 I aw8695_vibrate: value=0, seq=1, index=1
08-03 10:58:31.335     0     0 I sec_ts 1-0048: [R] tID:0 mc:7 tc:0 lx:872 ly:1761 v:0000 cal:00 id(0,0) p:0 noise:0 lp:(0)
08-03 10:58:31.473  3571  3571 D Window selected text:: null
08-03 10:58:31.477  3571  3571 D Window selected text:: null
08-03 10:58:31.534     0     0 I sec_ts 1-0048: [P] tID:0 x:622 y:2022 z:43 major:11 minor:10 tc:1 type:0 noise:0
08-03 10:58:31.547     0     0 I aw8695_activate_store: value=1
08-03 10:58:31.553     0     0 I aw8695_vibrate: value=28, seq=1, index=1
08-03 10:58:31.576  4919  4926 E ocessService0:0: failed to create Unix domain socket: Operation not permitted
08-03 10:58:31.599     0     0 I aw8695_activate_store: value=0
08-03 10:58:31.606     0     0 I aw8695_vibrate: value=0, seq=1, index=1
08-03 10:58:31.615     0     0 I sec_ts 1-0048: [R] tID:0 mc:0 tc:0 lx:622 ly:2022 v:0000 cal:00 id(0,0) p:0 noise:0 lp:(0)
08-03 10:58:31.753  3571  3571 D Window selected text:: null
08-03 10:58:31.756  3571  3571 D Window selected text:: null
08-03 10:58:31.769     0     0 I sec_ts 1-0048: [P] tID:0 x:955 y:1853 z:41 major:10 minor:10 tc:1 type:0 noise:0
08-03 10:58:31.782     0     0 I aw8695_activate_store: value=1
08-03 10:58:31.788     0     0 I aw8695_vibrate: value=28, seq=1, index=1
08-03 10:58:31.832     0     0 I aw8695_activate_store: value=0
08-03 10:58:31.838     0     0 I aw8695_vibrate: value=0, seq=1, index=1
08-03 10:58:31.849     0     0 I sec_ts 1-0048: [R] tID:0 mc:3 tc:0 lx:933 ly:1857 v:0000 cal:00 id(0,0) p:0 noise:0 lp:(0)
08-03 10:58:31.918     0     0 I pm7250b_charger: wdog_snarl_irq_handler: IRQ: wdog-snarl
08-03 10:58:31.925     0     0 E         : batt power supply prop 4 not supported
08-03 10:58:31.951     0     0 W healthd : battery l=81 v=4096 t=41.2 h=2 st=2 c=-279846 fc=4660000 cc=0 chg=a
08-03 10:58:31.964  2406  2994 D PowerUI : can't show warning due to - plugged: true status unknown: false
08-03 10:58:31.989  3571  3571 D Window selected text:: null
08-03 10:58:31.991  3571  3571 D Window selected text:: null
08-03 10:58:32.250     0     0 I sec_ts 1-0048: [P] tID:0 x:276 y:1683 z:45 major:9 minor:9 tc:1 type:0 noise:0
08-03 10:58:32.262     0     0 I aw8695_activate_store: value=1
08-03 10:58:32.273     0     0 I aw8695_vibrate: value=28, seq=1, index=1
08-03 10:58:32.315     0     0 I aw8695_activate_store: value=0
08-03 10:58:32.322     0     0 I aw8695_vibrate: value=0, seq=1, index=1
08-03 10:58:32.341     0     0 I sec_ts 1-0048: [R] tID:0 mc:0 tc:0 lx:276 ly:1683 v:0000 cal:00 id(0,0) p:0 noise:0 lp:(0)
08-03 10:58:32.481  3571  3571 D Window selected text:: null
08-03 10:58:32.483  3571  3571 D Window selected text:: null
08-03 10:58:32.662     0     0 W sdcardfs: 171 user.relatime: invalid format
08-03 10:58:32.959     0     0 I sec_ts 1-0048: [P] tID:0 x:847 y:1994 z:45 major:10 minor:10 tc:1 type:0 noise:0
08-03 10:58:32.971     0     0 I aw8695_activate_store: value=1
08-03 10:58:32.977     0     0 I aw8695_vibrate: value=28, seq=1, index=1
08-03 10:58:33.019     0     0 I aw8695_activate_store: value=0
08-03 10:58:33.025     0     0 I aw8695_vibrate: value=0, seq=1, index=1
08-03 10:58:33.027     0     0 I sec_ts 1-0048: [R] tID:0 mc:0 tc:0 lx:847 ly:1994 v:0000 cal:00 id(0,0) p:0 noise:0 lp:(0)
08-03 10:58:33.159  3571  3571 D Window selected text:: null
08-03 10:58:33.164  3571  3571 D Window selected text:: null
08-03 10:58:33.276  3658  3899 I FuseDaemon: Threshold exceeded - fadvising 67186688
08-03 10:58:33.276  3658  3899 I FuseDaemon: Threshold now 30945280
08-03 10:58:33.436     0     0 I sec_ts 1-0048: [P] tID:2 x:70 y:2118 z:32 major:11 minor:6 tc:1 type:0 noise:0
08-03 10:58:33.448     0     0 I aw8695_activate_store: value=1
08-03 10:58:33.455     0     0 I aw8695_vibrate: value=28, seq=1, index=1
08-03 10:58:33.496     0     0 I sec_ts 1-0048: [R] tID:2 mc:0 tc:0 lx:70 ly:2118 v:0000 cal:00 id(0,0) p:0 noise:0 lp:(0)
08-03 10:58:33.507     0     0 I aw8695_activate_store: value=0
08-03 10:58:33.516     0     0 I aw8695_vibrate: value=0, seq=1, index=1
08-03 10:58:33.576  4919  4926 E ocessService0:0: failed to create Unix domain socket: Operation not permitted
08-03 10:58:34.109     0     0 I sec_ts 1-0048: [P] tID:0 x:816 y:1993 z:41 major:10 minor:10 tc:1 type:0 noise:0
08-03 10:58:34.122     0     0 I aw8695_activate_store: value=1
08-03 10:58:34.129     0     0 I aw8695_vibrate: value=28, seq=1, index=1
08-03 10:58:34.171     0     0 I aw8695_activate_store: value=0
08-03 10:58:34.172     0     0 I sec_ts 1-0048: [R] tID:0 mc:4 tc:0 lx:814 ly:1997 v:0000 cal:00 id(0,0) p:0 noise:0 lp:(0)
08-03 10:58:34.189     0     0 I aw8695_vibrate: value=0, seq=1, index=1
08-03 10:58:34.314  3571  3571 D Window selected text:: null
08-03 10:58:34.318  3571  3571 D Window selected text:: null
08-03 10:58:34.453     0     0 I pm7250b_charger: SMBMMI: mmi_chrg_usb_vin_config: DP DM pulse count = 2
08-03 10:58:34.461     0     0 I pm7250b_charger: SMBMMI: mmi_basic_charge_sm: batt_mv = 4145, batt_ma 36, batt_soc 81, batt_temp 41, usb_mv 4382, dc_mv 0, cp 1, vp 1 dp 0
08-03 10:58:34.475     0     0 I pm7250b_charger: SMBMMI: mmi_basic_charge_sm: Step State = NORMAL, Temp Zone 3, Health 1
08-03 10:58:34.485     0     0 I pm7250b_charger: SMBMMI: mmi_basic_charge_sm: IMPOSED: FV = 4450000, CDIS = 0, FCC = 2000000, USBICL = 3000000
08-03 10:58:34.504     0     0 W healthd : battery l=81 v=4141 t=41.2 h=2 st=2 c=-48828 fc=4660000 cc=0 chg=a
08-03 10:58:34.518  2406  2989 D PowerUI : can't show warning due to - plugged: true status unknown: false
08-03 10:58:34.544     0     0 I pm7250b_charger: default_irq_handler: IRQ: usbin-collapse
08-03 10:58:34.545     0     0 I pm7250b_charger: default_irq_handler: IRQ: aicl-done
08-03 10:58:34.550     0     0 I pm7250b_charger: default_irq_handler: IRQ: usbin-collapse
08-03 10:58:34.781     0     0 W sdcardfs: 171 user.relatime: invalid format
08-03 10:58:35.559     0     0 I pm7250b_charger: smblib_icl_change_work: icl_settled=650000
08-03 10:58:35.577  4919  4926 E ocessService0:0: failed to create Unix domain socket: Operation not permitted
08-03 10:58:35.571     0     0 W healthd : battery l=81 v=4154 t=41.2 h=2 st=2 c=-25024 fc=4660000 cc=0 chg=a
08-03 10:58:35.584  2406  2995 D PowerUI : can't show warning due to - plugged: true status unknown: false
08-03 10:58:36.510     0     0 I sec_ts 1-0048: [P] tID:0 x:604 y:2140 z:45 major:11 minor:10 tc:1 type:0 noise:0
08-03 10:58:36.526     0     0 I aw8695_activate_store: value=1
08-03 10:58:36.535     0     0 I aw8695_vibrate: value=28, seq=1, index=1
08-03 10:58:36.579     0     0 I aw8695_activate_store: value=0
08-03 10:58:36.584     0     0 I sec_ts 1-0048: [R] tID:0 mc:6 tc:0 lx:580 ly:2145 v:0000 cal:00 id(0,0) p:0 noise:0 lp:(0)
08-03 10:58:36.595     0     0 I aw8695_vibrate: value=0, seq=1, index=1
08-03 10:58:36.644  9977 10320 E SpannableStringBuilder: SPAN_EXCLUSIVE_EXCLUSIVE spans cannot have a zero length
08-03 10:58:36.644  9977 10320 E SpannableStringBuilder: SPAN_EXCLUSIVE_EXCLUSIVE spans cannot have a zero length
08-03 10:58:36.644  9977 10322 E SpannableStringBuilder: SPAN_EXCLUSIVE_EXCLUSIVE spans cannot have a zero length
08-03 10:58:36.644  9977 10322 E SpannableStringBuilder: SPAN_EXCLUSIVE_EXCLUSIVE spans cannot have a zero length
08-03 10:58:36.720  3571  3571 D Window selected text:: null
08-03 10:58:36.723  3571  3571 D Window selected text:: null
08-03 10:58:36.835     0     0 I sec_ts 1-0048: [P] tID:0 x:91 y:2124 z:32 major:10 minor:7 tc:1 type:0 noise:0
08-03 10:58:36.848     0     0 I aw8695_activate_store: value=1
08-03 10:58:36.855     0     0 I aw8695_vibrate: value=28, seq=1, index=1
08-03 10:58:36.886     0     0 I sec_ts 1-0048: [R] tID:0 mc:5 tc:0 lx:89 ly:2122 v:0000 cal:00 id(0,0) p:0 noise:0 lp:(0)
08-03 10:58:36.906  9977 10320 E SpannableStringBuilder: SPAN_EXCLUSIVE_EXCLUSIVE spans cannot have a zero length
08-03 10:58:36.906  9977 10320 E SpannableStringBuilder: SPAN_EXCLUSIVE_EXCLUSIVE spans cannot have a zero length
08-03 10:58:36.906  9977 11704 E SpannableStringBuilder: SPAN_EXCLUSIVE_EXCLUSIVE spans cannot have a zero length
08-03 10:58:36.898     0     0 I aw8695_activate_store: value=0
08-03 10:58:36.907  9977 11704 E SpannableStringBuilder: SPAN_EXCLUSIVE_EXCLUSIVE spans cannot have a zero length
08-03 10:58:36.918     0     0 I aw8695_vibrate: value=0, seq=1, index=1
08-03 10:58:37.073  1461  1608 W BatteryExternalStatsWorker: error reading Bluetooth stats: 9
08-03 10:58:37.083  1461  2635 D TelephonyManager: requestModemActivityInfo: Sending result to app: ModemActivityInfo{ mTimestamp=4598321 mSleepTimeMs=389774 mIdleTimeMs=3282202 mActivityStatsTechSpecificInfo=[{mRat=UNKNOWN,mFrequencyRange=UNKNOWN,mTxTimeMs[]=[0, 0, 0, 0, 0],mRxTimeMs=908657}]}
08-03 10:58:37.105   893  2356 E android.system.suspend@1.0-service: Error opening kernel wakelock stats for: wakeup62 (../../devices/platform/soc/c440000.qcom,spmi/spmi-0/spmi0-02/c440000.qcom,spmi:qcom,pm7250b@2:qcom,qpnp-smb5-mmi/power_supply/mmi_battery/wakeup62): Permission denied
08-03 10:58:37.117   893  2356 E android.system.suspend@1.0-service: Error opening kernel wakelock stats for: wakeup35 (../../devices/platform/soc/c440000.qcom,spmi/spmi-0/spmi0-02/c440000.qcom,spmi:qcom,pm7250b@2:qcom,qpnp-smb5/power_supply/qcom_battery/wakeup35): Permission denied
08-03 10:58:37.118   893  2356 E android.system.suspend@1.0-service: Error opening kernel wakelock stats for: wakeup63 (../../devices/platform/soc/c440000.qcom,spmi/spmi-0/spmi0-02/c440000.qcom,spmi:qcom,pm7250b@2:qcom,qpnp-smb5-mmi/power_supply/battery/wakeup63): Permission denied
08-03 10:58:37.118   893  2356 E android.system.suspend@1.0-service: Error opening kernel wakelock stats for: wakeup25 (../../devices/platform/soc/c440000.qcom,spmi/spmi-0/spmi0-00/c440000.qcom,spmi:qcom,pm8150@0:qcom,pm8150_rtc/rtc/rtc0/wakeup25): Permission denied
08-03 10:58:37.102   893   893 W binder:893_6: type=1400 audit(0.0:618): avc: denied { read } for name="wakeup62" dev="sysfs" ino=73785 scontext=u:r:system_suspend:s0 tcontext=u:object_r:vendor_sysfs_battery_supply:s0 tclass=dir permissive=0
08-03 10:58:37.116   893   893 W binder:893_6: type=1400 audit(0.0:619): avc: denied { read } for name="wakeup35" dev="sysfs" ino=63951 scontext=u:r:system_suspend:s0 tcontext=u:object_r:vendor_sysfs_battery_supply:s0 tclass=dir permissive=0
08-03 10:58:37.154  1461  1634 W CpuPowerCalculator: UID 10322 CPU freq # mismatch: Power Profile # 20 actual # 24
08-03 10:58:37.154  1461  1634 W CpuPowerCalculator: UID 10322 CPU freq # mismatch: Power Profile # 20 actual # 24
08-03 10:58:37.154  1461  1634 W CpuPowerCalculator: UID 10322 CPU freq # mismatch: Power Profile # 20 actual # 24
08-03 10:58:37.154  1461  1634 W CpuPowerCalculator: UID 10318 CPU freq # mismatch: Power Profile # 20 actual # 24
08-03 10:58:37.154  1461  1634 W CpuPowerCalculator: UID 10318 CPU freq # mismatch: Power Profile # 20 actual # 24
08-03 10:58:37.155  1461  1634 W CpuPowerCalculator: UID 10318 CPU freq # mismatch: Power Profile # 20 actual # 24
08-03 10:58:37.155  1461  1634 W CpuPowerCalculator: UID 10314 CPU freq # mismatch: Power Profile # 20 actual # 24
08-03 10:58:37.155  1461  1634 W CpuPowerCalculator: UID 10314 CPU freq # mismatch: Power Profile # 20 actual # 24
08-03 10:58:37.155  1461  1634 W CpuPowerCalculator: UID 10314 CPU freq # mismatch: Power Profile # 20 actual # 24
08-03 10:58:37.155  1461  1634 W CpuPowerCalculator: UID 10303 CPU freq # mismatch: Power Profile # 20 actual # 24
08-03 10:58:37.155  1461  1634 W CpuPowerCalculator: UID 10303 CPU freq # mismatch: Power Profile # 20 actual # 24
08-03 10:58:37.155  1461  1634 W CpuPowerCalculator: UID 10303 CPU freq # mismatch: Power Profile # 20 actual # 24
08-03 10:58:37.155  1461  1634 W CpuPowerCalculator: UID 10302 CPU freq # mismatch: Power Profile # 20 actual # 24
08-03 10:58:37.155  1461  1634 W CpuPowerCalculator: UID 10302 CPU freq # mismatch: Power Profile # 20 actual # 24
08-03 10:58:37.155  1461  1634 W CpuPowerCalculator: UID 10302 CPU freq # mismatch: Power Profile # 20 actual # 24
08-03 10:58:37.155  1461  1634 W CpuPowerCalculator: UID 10300 CPU freq # mismatch: Power Profile # 20 actual # 24
08-03 10:58:37.155  1461  1634 W CpuPowerCalculator: UID 10300 CPU freq # mismatch: Power Profile # 20 actual # 24
08-03 10:58:37.155  1461  1634 W CpuPowerCalculator: UID 10300 CPU freq # mismatch: Power Profile # 20 actual # 24
08-03 10:58:37.155  1461  1634 W CpuPowerCalculator: UID 10300 CPU freq # mismatch: Power Profile # 20 actual # 24
08-03 10:58:37.156  1461  1634 W CpuPowerCalculator: UID 10281 CPU freq # mismatch: Power Profile # 20 actual # 24
08-03 10:58:37.156  1461  1634 W CpuPowerCalculator: UID 10281 CPU freq # mismatch: Power Profile # 20 actual # 24
08-03 10:58:37.156  1461  1634 W CpuPowerCalculator: UID 10281 CPU freq # mismatch: Power Profile # 20 actual # 24
08-03 10:58:37.156  1461  1634 W CpuPowerCalculator: UID 10279 CPU freq # mismatch: Power Profile # 20 actual # 24
08-03 10:58:37.156  1461  1634 W CpuPowerCalculator: UID 10279 CPU freq # mismatch: Power Profile # 20 actual # 24
08-03 10:58:37.156  1461  1634 W CpuPowerCalculator: UID 10279 CPU freq # mismatch: Power Profile # 20 actual # 24
08-03 10:58:37.156  1461  1634 W CpuPowerCalculator: UID 10278 CPU freq # mismatch: Power Profile # 20 actual # 24
08-03 10:58:37.156  1461  1634 W CpuPowerCalculator: UID 10278 CPU freq # mismatch: Power Profile # 20 actual # 24
08-03 10:58:37.156  1461  1634 W CpuPowerCalculator: UID 10278 CPU freq # mismatch: Power Profile # 20 actual # 24
08-03 10:58:37.156  1461  1634 W CpuPowerCalculator: UID 10276 CPU freq # mismatch: Power Profile # 20 actual # 24
08-03 10:58:37.156  1461  1634 W CpuPowerCalculator: UID 10276 CPU freq # mismatch: Power Profile # 20 actual # 24
08-03 10:58:37.156  1461  1634 W CpuPowerCalculator: UID 10276 CPU freq # mismatch: Power Profile # 20 actual # 24
08-03 10:58:37.156  1461  1634 W CpuPowerCalculator: UID 10274 CPU freq # mismatch: Power Profile # 20 actual # 24
08-03 10:58:37.157  1461  1634 W CpuPowerCalculator: UID 10274 CPU freq # mismatch: Power Profile # 20 actual # 24
08-03 10:58:37.157  1461  1634 W CpuPowerCalculator: UID 10274 CPU freq # mismatch: Power Profile # 20 actual # 24
08-03 10:58:37.157  1461  1634 W CpuPowerCalculator: UID 10272 CPU freq # mismatch: Power Profile # 20 actual # 24
08-03 10:58:37.157  1461  1634 W CpuPowerCalculator: UID 10272 CPU freq # mismatch: Power Profile # 20 actual # 24
08-03 10:58:37.157  1461  1634 W CpuPowerCalculator: UID 10272 CPU freq # mismatch: Power Profile # 20 actual # 24
08-03 10:58:37.157  1461  1634 W CpuPowerCalculator: UID 10266 CPU freq # mismatch: Power Profile # 20 actual # 24
08-03 10:58:37.157  1461  1634 W CpuPowerCalculator: UID 10266 CPU freq # mismatch: Power Profile # 20 actual # 24
08-03 10:58:37.157  1461  1634 W CpuPowerCalculator: UID 10258 CPU freq # mismatch: Power Profile # 20 actual # 24
08-03 10:58:37.157  1461  1634 W CpuPowerCalculator: UID 10258 CPU freq # mismatch: Power Profile # 20 actual # 24
08-03 10:58:37.157  1461  1634 W CpuPowerCalculator: UID 10258 CPU freq # mismatch: Power Profile # 20 actual # 24
08-03 10:58:37.158  1461  1634 W CpuPowerCalculator: UID 10258 CPU freq # mismatch: Power Profile # 20 actual # 24
08-03 10:58:37.158  1461  1634 W CpuPowerCalculator: UID 10257 CPU freq # mismatch: Power Profile # 20 actual # 24
08-03 10:58:37.158  1461  1634 W CpuPowerCalculator: UID 10257 CPU freq # mismatch: Power Profile # 20 actual # 24
08-03 10:58:37.158  1461  1634 W CpuPowerCalculator: UID 10257 CPU freq # mismatch: Power Profile # 20 actual # 24
08-03 10:58:37.158  1461  1634 W CpuPowerCalculator: UID 10257 CPU freq # mismatch: Power Profile # 20 actual # 24
08-03 10:58:37.158  1461  1634 W CpuPowerCalculator: UID 10254 CPU freq # mismatch: Power Profile # 20 actual # 24
08-03 10:58:37.158  1461  1634 W CpuPowerCalculator: UID 10254 CPU freq # mismatch: Power Profile # 20 actual # 24
08-03 10:58:37.158  1461  1634 W CpuPowerCalculator: UID 10254 CPU freq # mismatch: Power Profile # 20 actual # 24
08-03 10:58:37.158  1461  1634 W CpuPowerCalculator: UID 10252 CPU freq # mismatch: Power Profile # 20 actual # 24
08-03 10:58:37.158  1461  1634 W CpuPowerCalculator: UID 10252 CPU freq # mismatch: Power Profile # 20 actual # 24
08-03 10:58:37.158  1461  1634 W CpuPowerCalculator: UID 10252 CPU freq # mismatch: Power Profile # 20 actual # 24
08-03 10:58:37.158  1461  1634 W CpuPowerCalculator: UID 10247 CPU freq # mismatch: Power Profile # 20 actual # 24
08-03 10:58:37.158  1461  1634 W CpuPowerCalculator: UID 10247 CPU freq # mismatch: Power Profile # 20 actual # 24
08-03 10:58:37.158  1461  1634 W CpuPowerCalculator: UID 10247 CPU freq # mismatch: Power Profile # 20 actual # 24
08-03 10:58:37.158  1461  1634 W CpuPowerCalculator: UID 10244 CPU freq # mismatch: Power Profile # 20 actual # 24
08-03 10:58:37.159  1461  1634 W CpuPowerCalculator: UID 10244 CPU freq # mismatch: Power Profile # 20 actual # 24
08-03 10:58:37.159  1461  1634 W CpuPowerCalculator: UID 10244 CPU freq # mismatch: Power Profile # 20 actual # 24
08-03 10:58:37.159  1461  1634 W CpuPowerCalculator: UID 10238 CPU freq # mismatch: Power Profile # 20 actual # 24
08-03 10:58:37.159  1461  1634 W CpuPowerCalculator: UID 10238 CPU freq # mismatch: Power Profile # 20 actual # 24
08-03 10:58:37.159  1461  1634 W CpuPowerCalculator: UID 10238 CPU freq # mismatch: Power Profile # 20 actual # 24
08-03 10:58:37.159  1461  1634 W CpuPowerCalculator: UID 10238 CPU freq # mismatch: Power Profile # 20 actual # 24
08-03 10:58:37.159  1461  1634 W CpuPowerCalculator: UID 10232 CPU freq # mismatch: Power Profile # 20 actual # 24
08-03 10:58:37.159  1461  1634 W CpuPowerCalculator: UID 10232 CPU freq # mismatch: Power Profile # 20 actual # 24
08-03 10:58:37.159  1461  1634 W CpuPowerCalculator: UID 10232 CPU freq # mismatch: Power Profile # 20 actual # 24
08-03 10:58:37.159  1461  1634 W CpuPowerCalculator: UID 10232 CPU freq # mismatch: Power Profile # 20 actual # 24
08-03 10:58:37.159  1461  1634 W CpuPowerCalculator: UID 10232 CPU freq # mismatch: Power Profile # 20 actual # 24
08-03 10:58:37.159  1461  1634 W CpuPowerCalculator: UID 10230 CPU freq # mismatch: Power Profile # 20 actual # 24
08-03 10:58:37.159  1461  1634 W CpuPowerCalculator: UID 10230 CPU freq # mismatch: Power Profile # 20 actual # 24
08-03 10:58:37.160  1461  1634 W CpuPowerCalculator: UID 10230 CPU freq # mismatch: Power Profile # 20 actual # 24
08-03 10:58:37.160  1461  1634 W CpuPowerCalculator: UID 10225 CPU freq # mismatch: Power Profile # 20 actual # 24
08-03 10:58:37.160  1461  1634 W CpuPowerCalculator: UID 10225 CPU freq # mismatch: Power Profile # 20 actual # 24
08-03 10:58:37.160  1461  1634 W CpuPowerCalculator: UID 10225 CPU freq # mismatch: Power Profile # 20 actual # 24
08-03 10:58:37.160  1461  1634 W CpuPowerCalculator: UID 10224 CPU freq # mismatch: Power Profile # 20 actual # 24
08-03 10:58:37.160  1461  1634 W CpuPowerCalculator: UID 10224 CPU freq # mismatch: Power Profile # 20 actual # 24
08-03 10:58:37.160  1461  1634 W CpuPowerCalculator: UID 10224 CPU freq # mismatch: Power Profile # 20 actual # 24
08-03 10:58:37.160  1461  1634 W CpuPowerCalculator: UID 10222 CPU freq # mismatch: Power Profile # 20 actual # 24
08-03 10:58:37.160  1461  1634 W CpuPowerCalculator: UID 10222 CPU freq # mismatch: Power Profile # 20 actual # 24
08-03 10:58:37.160  1461  1634 W CpuPowerCalculator: UID 10222 CPU freq # mismatch: Power Profile # 20 actual # 24
08-03 10:58:37.160  1461  1634 W CpuPowerCalculator: UID 10217 CPU freq # mismatch: Power Profile # 20 actual # 24
08-03 10:58:37.160  1461  1634 W CpuPowerCalculator: UID 10217 CPU freq # mismatch: Power Profile # 20 actual # 24
08-03 10:58:37.160  1461  1634 W CpuPowerCalculator: UID 10217 CPU freq # mismatch: Power Profile # 20 actual # 24
08-03 10:58:37.161  1461  1634 W CpuPowerCalculator: UID 10214 CPU freq # mismatch: Power Profile # 20 actual # 24
08-03 10:58:37.161  1461  1634 W CpuPowerCalculator: UID 10214 CPU freq # mismatch: Power Profile # 20 actual # 24
08-03 10:58:37.161  1461  1634 W CpuPowerCalculator: UID 10214 CPU freq # mismatch: Power Profile # 20 actual # 24
08-03 10:58:37.161  1461  1634 W CpuPowerCalculator: UID 10213 CPU freq # mismatch: Power Profile # 20 actual # 24
08-03 10:58:37.161  1461  1634 W CpuPowerCalculator: UID 10213 CPU freq # mismatch: Power Profile # 20 actual # 24
08-03 10:58:37.161  1461  1634 W CpuPowerCalculator: UID 10213 CPU freq # mismatch: Power Profile # 20 actual # 24
08-03 10:58:37.161  1461  1634 W CpuPowerCalculator: UID 10209 CPU freq # mismatch: Power Profile # 20 actual # 24
08-03 10:58:37.162  1461  1634 W CpuPowerCalculator: UID 10209 CPU freq # mismatch: Power Profile # 20 actual # 24
08-03 10:58:37.162  1461  1634 W CpuPowerCalculator: UID 10209 CPU freq # mismatch: Power Profile # 20 actual # 24
08-03 10:58:37.162  1461  1634 W CpuPowerCalculator: UID 10209 CPU freq # mismatch: Power Profile # 20 actual # 24
08-03 10:58:37.162  1461  1634 W CpuPowerCalculator: UID 10205 CPU freq # mismatch: Power Profile # 20 actual # 24
08-03 10:58:37.162  1461  1634 W CpuPowerCalculator: UID 10205 CPU freq # mismatch: Power Profile # 20 actual # 24
08-03 10:58:37.162  1461  1634 W CpuPowerCalculator: UID 10205 CPU freq # mismatch: Power Profile # 20 actual # 24
08-03 10:58:37.162  1461  1634 W CpuPowerCalculator: UID 10205 CPU freq # mismatch: Power Profile # 20 actual # 24
08-03 10:58:37.162  1461  1634 W CpuPowerCalculator: UID 10205 CPU freq # mismatch: Power Profile # 20 actual # 24
08-03 10:58:37.162  1461  1634 W CpuPowerCalculator: UID 10203 CPU freq # mismatch: Power Profile # 20 actual # 24
08-03 10:58:37.162  1461  1634 W CpuPowerCalculator: UID 10203 CPU freq # mismatch: Power Profile # 20 actual # 24
08-03 10:58:37.162  1461  1634 W CpuPowerCalculator: UID 10203 CPU freq # mismatch: Power Profile # 20 actual # 24
08-03 10:58:37.162  1461  1634 W CpuPowerCalculator: UID 10203 CPU freq # mismatch: Power Profile # 20 actual # 24
08-03 10:58:37.162  1461  1634 W CpuPowerCalculator: UID 10203 CPU freq # mismatch: Power Profile # 20 actual # 24
08-03 10:58:37.162  1461  1634 W CpuPowerCalculator: UID 10200 CPU freq # mismatch: Power Profile # 20 actual # 24
08-03 10:58:37.162  1461  1634 W CpuPowerCalculator: UID 10200 CPU freq # mismatch: Power Profile # 20 actual # 24
08-03 10:58:37.162  1461  1634 W CpuPowerCalculator: UID 10200 CPU freq # mismatch: Power Profile # 20 actual # 24
08-03 10:58:37.163  1461  1634 W CpuPowerCalculator: UID 10197 CPU freq # mismatch: Power Profile # 20 actual # 24
08-03 10:58:37.163  1461  1634 W CpuPowerCalculator: UID 10197 CPU freq # mismatch: Power Profile # 20 actual # 24
08-03 10:58:37.163  1461  1634 W CpuPowerCalculator: UID 10197 CPU freq # mismatch: Power Profile # 20 actual # 24
08-03 10:58:37.163  1461  1634 W CpuPowerCalculator: UID 10194 CPU freq # mismatch: Power Profile # 20 actual # 24
08-03 10:58:37.163  1461  1634 W CpuPowerCalculator: UID 10194 CPU freq # mismatch: Power Profile # 20 actual # 24
08-03 10:58:37.163  1461  1634 W CpuPowerCalculator: UID 10194 CPU freq # mismatch: Power Profile # 20 actual # 24
08-03 10:58:37.163  1461  1634 W CpuPowerCalculator: UID 10192 CPU freq # mismatch: Power Profile # 20 actual # 24
08-03 10:58:37.163  1461  1634 W CpuPowerCalculator: UID 10192 CPU freq # mismatch: Power Profile # 20 actual # 24
08-03 10:58:37.163  1461  1634 W CpuPowerCalculator: UID 10192 CPU freq # mismatch: Power Profile # 20 actual # 24
08-03 10:58:37.163  1461  1634 W CpuPowerCalculator: UID 10187 CPU freq # mismatch: Power Profile # 20 actual # 24
08-03 10:58:37.163  1461  1634 W CpuPowerCalculator: UID 10187 CPU freq # mismatch: Power Profile # 20 actual # 24
08-03 10:58:37.163  1461  1634 W CpuPowerCalculator: UID 10187 CPU freq # mismatch: Power Profile # 20 actual # 24
08-03 10:58:37.164  1461  1634 W CpuPowerCalculator: UID 10178 CPU freq # mismatch: Power Profile # 20 actual # 24
08-03 10:58:37.164  1461  1634 W CpuPowerCalculator: UID 10178 CPU freq # mismatch: Power Profile # 20 actual # 24
08-03 10:58:37.164  1461  1634 W CpuPowerCalculator: UID 10178 CPU freq # mismatch: Power Profile # 20 actual # 24
08-03 10:58:37.164  1461  1634 W CpuPowerCalculator: UID 10173 CPU freq # mismatch: Power Profile # 20 actual # 24
08-03 10:58:37.164  1461  1634 W CpuPowerCalculator: UID 10173 CPU freq # mismatch: Power Profile # 20 actual # 24
08-03 10:58:37.164  1461  1634 W CpuPowerCalculator: UID 10173 CPU freq # mismatch: Power Profile # 20 actual # 24
08-03 10:58:37.164  1461  1634 W CpuPowerCalculator: UID 10169 CPU freq # mismatch: Power Profile # 20 actual # 24
08-03 10:58:37.164  1461  1634 W CpuPowerCalculator: UID 10169 CPU freq # mismatch: Power Profile # 20 actual # 24
08-03 10:58:37.164  1461  1634 W CpuPowerCalculator: UID 10169 CPU freq # mismatch: Power Profile # 20 actual # 24
08-03 10:58:37.164  1461  1634 W CpuPowerCalculator: UID 10162 CPU freq # mismatch: Power Profile # 20 actual # 24
08-03 10:58:37.164  1461  1634 W CpuPowerCalculator: UID 10162 CPU freq # mismatch: Power Profile # 20 actual # 24
08-03 10:58:37.164  1461  1634 W CpuPowerCalculator: UID 10162 CPU freq # mismatch: Power Profile # 20 actual # 24
08-03 10:58:37.165  1461  1634 W CpuPowerCalculator: UID 10158 CPU freq # mismatch: Power Profile # 20 actual # 24
08-03 10:58:37.165  1461  1634 W CpuPowerCalculator: UID 10158 CPU freq # mismatch: Power Profile # 20 actual # 24
08-03 10:58:37.165  1461  1634 W CpuPowerCalculator: UID 10158 CPU freq # mismatch: Power Profile # 20 actual # 24
08-03 10:58:37.165  1461  1634 W CpuPowerCalculator: UID 10158 CPU freq # mismatch: Power Profile # 20 actual # 24
08-03 10:58:37.165  1461  1634 W CpuPowerCalculator: UID 10157 CPU freq # mismatch: Power Profile # 20 actual # 24
08-03 10:58:37.165  1461  1634 W CpuPowerCalculator: UID 10157 CPU freq # mismatch: Power Profile # 20 actual # 24
08-03 10:58:37.165  1461  1634 W CpuPowerCalculator: UID 10157 CPU freq # mismatch: Power Profile # 20 actual # 24
08-03 10:58:37.165  1461  1634 W CpuPowerCalculator: UID 10157 CPU freq # mismatch: Power Profile # 20 actual # 24
08-03 10:58:37.165  1461  1634 W CpuPowerCalculator: UID 10153 CPU freq # mismatch: Power Profile # 20 actual # 24
08-03 10:58:37.165  1461  1634 W CpuPowerCalculator: UID 10153 CPU freq # mismatch: Power Profile # 20 actual # 24
08-03 10:58:37.165  1461  1634 W CpuPowerCalculator: UID 10153 CPU freq # mismatch: Power Profile # 20 actual # 24
08-03 10:58:37.165  1461  1634 W CpuPowerCalculator: UID 10153 CPU freq # mismatch: Power Profile # 20 actual # 24
08-03 10:58:37.165  1461  1634 W CpuPowerCalculator: UID 10151 CPU freq # mismatch: Power Profile # 20 actual # 24
08-03 10:58:37.165  1461  1634 W CpuPowerCalculator: UID 10151 CPU freq # mismatch: Power Profile # 20 actual # 24
08-03 10:58:37.166  1461  1634 W CpuPowerCalculator: UID 10151 CPU freq # mismatch: Power Profile # 20 actual # 24
08-03 10:58:37.166  1461  1634 W CpuPowerCalculator: UID 10142 CPU freq # mismatch: Power Profile # 20 actual # 24
08-03 10:58:37.166  1461  1634 W CpuPowerCalculator: UID 10142 CPU freq # mismatch: Power Profile # 20 actual # 24
08-03 10:58:37.166  1461  1634 W CpuPowerCalculator: UID 10142 CPU freq # mismatch: Power Profile # 20 actual # 24
08-03 10:58:37.166  1461  1634 W CpuPowerCalculator: UID 10141 CPU freq # mismatch: Power Profile # 20 actual # 24
08-03 10:58:37.166  1461  1634 W CpuPowerCalculator: UID 10141 CPU freq # mismatch: Power Profile # 20 actual # 24
08-03 10:58:37.166  1461  1634 W CpuPowerCalculator: UID 10141 CPU freq # mismatch: Power Profile # 20 actual # 24
08-03 10:58:37.166  1461  1634 W CpuPowerCalculator: UID 10140 CPU freq # mismatch: Power Profile # 20 actual # 24
08-03 10:58:37.166  1461  1634 W CpuPowerCalculator: UID 10140 CPU freq # mismatch: Power Profile # 20 actual # 24
08-03 10:58:37.166  1461  1634 W CpuPowerCalculator: UID 10140 CPU freq # mismatch: Power Profile # 20 actual # 24
08-03 10:58:37.166  1461  1634 W CpuPowerCalculator: UID 10136 CPU freq # mismatch: Power Profile # 20 actual # 24
08-03 10:58:37.167  1461  1634 W CpuPowerCalculator: UID 10136 CPU freq # mismatch: Power Profile # 20 actual # 24
08-03 10:58:37.167  1461  1634 W CpuPowerCalculator: UID 10136 CPU freq # mismatch: Power Profile # 20 actual # 24
08-03 10:58:37.167  1461  1634 W CpuPowerCalculator: UID 10133 CPU freq # mismatch: Power Profile # 20 actual # 24
08-03 10:58:37.167  1461  1634 W CpuPowerCalculator: UID 10133 CPU freq # mismatch: Power Profile # 20 actual # 24
08-03 10:58:37.167  1461  1634 W CpuPowerCalculator: UID 10133 CPU freq # mismatch: Power Profile # 20 actual # 24
08-03 10:58:37.167  1461  1634 W CpuPowerCalculator: UID 10132 CPU freq # mismatch: Power Profile # 20 actual # 24
08-03 10:58:37.167  1461  1634 W CpuPowerCalculator: UID 10132 CPU freq # mismatch: Power Profile # 20 actual # 24
08-03 10:58:37.167  1461  1634 W CpuPowerCalculator: UID 10132 CPU freq # mismatch: Power Profile # 20 actual # 24
08-03 10:58:37.167  1461  1634 W CpuPowerCalculator: UID 10131 CPU freq # mismatch: Power Profile # 20 actual # 24
08-03 10:58:37.167  1461  1634 W CpuPowerCalculator: UID 10131 CPU freq # mismatch: Power Profile # 20 actual # 24
08-03 10:58:37.167  1461  1634 W CpuPowerCalculator: UID 10130 CPU freq # mismatch: Power Profile # 20 actual # 24
08-03 10:58:37.168  1461  1634 W CpuPowerCalculator: UID 10130 CPU freq # mismatch: Power Profile # 20 actual # 24
08-03 10:58:37.168  1461  1634 W CpuPowerCalculator: UID 10130 CPU freq # mismatch: Power Profile # 20 actual # 24
08-03 10:58:37.168  1461  1634 W CpuPowerCalculator: UID 10129 CPU freq # mismatch: Power Profile # 20 actual # 24
08-03 10:58:37.168  1461  1634 W CpuPowerCalculator: UID 10129 CPU freq # mismatch: Power Profile # 20 actual # 24
08-03 10:58:37.168  1461  1634 W CpuPowerCalculator: UID 10129 CPU freq # mismatch: Power Profile # 20 actual # 24
08-03 10:58:37.168  1461  1634 W CpuPowerCalculator: UID 10129 CPU freq # mismatch: Power Profile # 20 actual # 24
08-03 10:58:37.168  1461  1634 W CpuPowerCalculator: UID 10125 CPU freq # mismatch: Power Profile # 20 actual # 24
08-03 10:58:37.168  1461  1634 W CpuPowerCalculator: UID 10125 CPU freq # mismatch: Power Profile # 20 actual # 24
08-03 10:58:37.168  1461  1634 W CpuPowerCalculator: UID 10125 CPU freq # mismatch: Power Profile # 20 actual # 24
08-03 10:58:37.168  1461  1634 W CpuPowerCalculator: UID 10124 CPU freq # mismatch: Power Profile # 20 actual # 24
08-03 10:58:37.168  1461  1634 W CpuPowerCalculator: UID 10124 CPU freq # mismatch: Power Profile # 20 actual # 24
08-03 10:58:37.168  1461  1634 W CpuPowerCalculator: UID 10122 CPU freq # mismatch: Power Profile # 20 actual # 24
08-03 10:58:37.168  1461  1634 W CpuPowerCalculator: UID 10122 CPU freq # mismatch: Power Profile # 20 actual # 24
08-03 10:58:37.168  1461  1634 W CpuPowerCalculator: UID 10122 CPU freq # mismatch: Power Profile # 20 actual # 24
08-03 10:58:37.169  1461  1634 W CpuPowerCalculator: UID 10120 CPU freq # mismatch: Power Profile # 20 actual # 24
08-03 10:58:37.169  1461  1634 W CpuPowerCalculator: UID 10120 CPU freq # mismatch: Power Profile # 20 actual # 24
08-03 10:58:37.169  1461  1634 W CpuPowerCalculator: UID 10120 CPU freq # mismatch: Power Profile # 20 actual # 24
08-03 10:58:37.169  1461  1634 W CpuPowerCalculator: UID 10120 CPU freq # mismatch: Power Profile # 20 actual # 24
08-03 10:58:37.169  1461  1634 W CpuPowerCalculator: UID 10119 CPU freq # mismatch: Power Profile # 20 actual # 24
08-03 10:58:37.169  1461  1634 W CpuPowerCalculator: UID 10119 CPU freq # mismatch: Power Profile # 20 actual # 24
08-03 10:58:37.169  1461  1634 W CpuPowerCalculator: UID 10119 CPU freq # mismatch: Power Profile # 20 actual # 24
08-03 10:58:37.169  1461  1634 W CpuPowerCalculator: UID 10116 CPU freq # mismatch: Power Profile # 20 actual # 24
08-03 10:58:37.169  1461  1634 W CpuPowerCalculator: UID 10116 CPU freq # mismatch: Power Profile # 20 actual # 24
08-03 10:58:37.169  1461  1634 W CpuPowerCalculator: UID 10114 CPU freq # mismatch: Power Profile # 20 actual # 24
08-03 10:58:37.169  1461  1634 W CpuPowerCalculator: UID 10114 CPU freq # mismatch: Power Profile # 20 actual # 24
08-03 10:58:37.169  1461  1634 W CpuPowerCalculator: UID 10114 CPU freq # mismatch: Power Profile # 20 actual # 24
08-03 10:58:37.169  1461  1634 W CpuPowerCalculator: UID 10113 CPU freq # mismatch: Power Profile # 20 actual # 24
08-03 10:58:37.169  1461  1634 W CpuPowerCalculator: UID 10113 CPU freq # mismatch: Power Profile # 20 actual # 24
08-03 10:58:37.169  1461  1634 W CpuPowerCalculator: UID 10113 CPU freq # mismatch: Power Profile # 20 actual # 24
08-03 10:58:37.169  1461  1634 W CpuPowerCalculator: UID 10113 CPU freq # mismatch: Power Profile # 20 actual # 24
08-03 10:58:37.169  1461  1634 W CpuPowerCalculator: UID 10107 CPU freq # mismatch: Power Profile # 20 actual # 24
08-03 10:58:37.170  1461  1634 W CpuPowerCalculator: UID 10107 CPU freq # mismatch: Power Profile # 20 actual # 24
08-03 10:58:37.170  1461  1634 W CpuPowerCalculator: UID 10107 CPU freq # mismatch: Power Profile # 20 actual # 24
08-03 10:58:37.170  1461  1634 W CpuPowerCalculator: UID 10103 CPU freq # mismatch: Power Profile # 20 actual # 24
08-03 10:58:37.170  1461  1634 W CpuPowerCalculator: UID 10103 CPU freq # mismatch: Power Profile # 20 actual # 24
08-03 10:58:37.170  1461  1634 W CpuPowerCalculator: UID 10103 CPU freq # mismatch: Power Profile # 20 actual # 24
08-03 10:58:37.170  1461  1634 W CpuPowerCalculator: UID 10100 CPU freq # mismatch: Power Profile # 20 actual # 24
08-03 10:58:37.170  1461  1634 W CpuPowerCalculator: UID 10100 CPU freq # mismatch: Power Profile # 20 actual # 24
08-03 10:58:37.170  1461  1634 W CpuPowerCalculator: UID 10100 CPU freq # mismatch: Power Profile # 20 actual # 24
08-03 10:58:37.170  1461  1634 W CpuPowerCalculator: UID 10100 CPU freq # mismatch: Power Profile # 20 actual # 24
08-03 10:58:37.170  1461  1634 W CpuPowerCalculator: UID 10094 CPU freq # mismatch: Power Profile # 20 actual # 24
08-03 10:58:37.116   893   893 W binder:893_6: type=1400 audit(0.0:620): avc: denied { read } for name="wakeup63" dev="sysfs" ino=73858 scontext=u:r:system_suspend:s0 tcontext=u:object_r:vendor_sysfs_battery_supply:s0 tclass=dir permissive=0
08-03 10:58:37.170  1461  1634 W CpuPowerCalculator: UID 10094 CPU freq # mismatch: Power Profile # 20 actual # 24
08-03 10:58:37.170  1461  1634 W CpuPowerCalculator: UID 10094 CPU freq # mismatch: Power Profile # 20 actual # 24
08-03 10:58:37.170  1461  1634 W CpuPowerCalculator: UID 10093 CPU freq # mismatch: Power Profile # 20 actual # 24
08-03 10:58:37.171  1461  1634 W CpuPowerCalculator: UID 10093 CPU freq # mismatch: Power Profile # 20 actual # 24
08-03 10:58:37.171  1461  1634 W CpuPowerCalculator: UID 10093 CPU freq # mismatch: Power Profile # 20 actual # 24
08-03 10:58:37.171  1461  1634 W CpuPowerCalculator: UID 10092 CPU freq # mismatch: Power Profile # 20 actual # 24
08-03 10:58:37.171  1461  1634 W CpuPowerCalculator: UID 10092 CPU freq # mismatch: Power Profile # 20 actual # 24
08-03 10:58:37.171  1461  1634 W CpuPowerCalculator: UID 10092 CPU freq # mismatch: Power Profile # 20 actual # 24
08-03 10:58:37.171  1461  1634 W CpuPowerCalculator: UID 10091 CPU freq # mismatch: Power Profile # 20 actual # 24
08-03 10:58:37.171  1461  1634 W CpuPowerCalculator: UID 10091 CPU freq # mismatch: Power Profile # 20 actual # 24
08-03 10:58:37.171  1461  1634 W CpuPowerCalculator: UID 10091 CPU freq # mismatch: Power Profile # 20 actual # 24
08-03 10:58:37.171  1461  1634 W CpuPowerCalculator: UID 10090 CPU freq # mismatch: Power Profile # 20 actual # 24
08-03 10:58:37.171  1461  1634 W CpuPowerCalculator: UID 10090 CPU freq # mismatch: Power Profile # 20 actual # 24
08-03 10:58:37.171  1461  1634 W CpuPowerCalculator: UID 10090 CPU freq # mismatch: Power Profile # 20 actual # 24
08-03 10:58:37.171  1461  1634 W CpuPowerCalculator: UID 10088 CPU freq # mismatch: Power Profile # 20 actual # 24
08-03 10:58:37.171  1461  1634 W CpuPowerCalculator: UID 10088 CPU freq # mismatch: Power Profile # 20 actual # 24
08-03 10:58:37.171  1461  1634 W CpuPowerCalculator: UID 10088 CPU freq # mismatch: Power Profile # 20 actual # 24
08-03 10:58:37.171  1461  1634 W CpuPowerCalculator: UID 10086 CPU freq # mismatch: Power Profile # 20 actual # 24
08-03 10:58:37.171  1461  1634 W CpuPowerCalculator: UID 10086 CPU freq # mismatch: Power Profile # 20 actual # 24
08-03 10:58:37.172  1461  1634 W CpuPowerCalculator: UID 10086 CPU freq # mismatch: Power Profile # 20 actual # 24
08-03 10:58:37.172  1461  1634 W CpuPowerCalculator: UID 10085 CPU freq # mismatch: Power Profile # 20 actual # 24
08-03 10:58:37.172  1461  1634 W CpuPowerCalculator: UID 10085 CPU freq # mismatch: Power Profile # 20 actual # 24
08-03 10:58:37.172  1461  1634 W CpuPowerCalculator: UID 10083 CPU freq # mismatch: Power Profile # 20 actual # 24
08-03 10:58:37.172  1461  1634 W CpuPowerCalculator: UID 10083 CPU freq # mismatch: Power Profile # 20 actual # 24
08-03 10:58:37.172  1461  1634 W CpuPowerCalculator: UID 10082 CPU freq # mismatch: Power Profile # 20 actual # 24
08-03 10:58:37.172  1461  1634 W CpuPowerCalculator: UID 10082 CPU freq # mismatch: Power Profile # 20 actual # 24
08-03 10:58:37.172  1461  1634 W CpuPowerCalculator: UID 10082 CPU freq # mismatch: Power Profile # 20 actual # 24
08-03 10:58:37.172  1461  1634 W CpuPowerCalculator: UID 10082 CPU freq # mismatch: Power Profile # 20 actual # 24
08-03 10:58:37.172  1461  1634 W CpuPowerCalculator: UID 10078 CPU freq # mismatch: Power Profile # 20 actual # 24
08-03 10:58:37.172  1461  1634 W CpuPowerCalculator: UID 10078 CPU freq # mismatch: Power Profile # 20 actual # 24
08-03 10:58:37.172  1461  1634 W CpuPowerCalculator: UID 10078 CPU freq # mismatch: Power Profile # 20 actual # 24
08-03 10:58:37.172  1461  1634 W CpuPowerCalculator: UID 10062 CPU freq # mismatch: Power Profile # 20 actual # 24
08-03 10:58:37.173  1461  1634 W CpuPowerCalculator: UID 10062 CPU freq # mismatch: Power Profile # 20 actual # 24
08-03 10:58:37.173  1461  1634 W CpuPowerCalculator: UID 10062 CPU freq # mismatch: Power Profile # 20 actual # 24
08-03 10:58:37.173  1461  1634 W CpuPowerCalculator: UID 10058 CPU freq # mismatch: Power Profile # 20 actual # 24
08-03 10:58:37.173  1461  1634 W CpuPowerCalculator: UID 10058 CPU freq # mismatch: Power Profile # 20 actual # 24
08-03 10:58:37.173  1461  1634 W CpuPowerCalculator: UID 10058 CPU freq # mismatch: Power Profile # 20 actual # 24
08-03 10:58:37.173  1461  1634 W CpuPowerCalculator: UID 10056 CPU freq # mismatch: Power Profile # 20 actual # 24
08-03 10:58:37.173  1461  1634 W CpuPowerCalculator: UID 10056 CPU freq # mismatch: Power Profile # 20 actual # 24
08-03 10:58:37.173  1461  1634 W CpuPowerCalculator: UID 10056 CPU freq # mismatch: Power Profile # 20 actual # 24
08-03 10:58:37.173  1461  1634 W CpuPowerCalculator: UID 10054 CPU freq # mismatch: Power Profile # 20 actual # 24
08-03 10:58:37.174  1461  1634 W CpuPowerCalculator: UID 10054 CPU freq # mismatch: Power Profile # 20 actual # 24
08-03 10:58:37.174  1461  1634 W CpuPowerCalculator: UID 10054 CPU freq # mismatch: Power Profile # 20 actual # 24
08-03 10:58:37.174  1461  1634 W CpuPowerCalculator: UID 10054 CPU freq # mismatch: Power Profile # 20 actual # 24
08-03 10:58:37.174  1461  1634 W CpuPowerCalculator: UID 10054 CPU freq # mismatch: Power Profile # 20 actual # 24
08-03 10:58:37.174  1461  1634 W CpuPowerCalculator: UID 10053 CPU freq # mismatch: Power Profile # 20 actual # 24
08-03 10:58:37.174  1461  1634 W CpuPowerCalculator: UID 10053 CPU freq # mismatch: Power Profile # 20 actual # 24
08-03 10:58:37.174  1461  1634 W CpuPowerCalculator: UID 10053 CPU freq # mismatch: Power Profile # 20 actual # 24
08-03 10:58:37.174  1461  1634 W CpuPowerCalculator: UID 10052 CPU freq # mismatch: Power Profile # 20 actual # 24
08-03 10:58:37.174  1461  1634 W CpuPowerCalculator: UID 10052 CPU freq # mismatch: Power Profile # 20 actual # 24
08-03 10:58:37.174  1461  1634 W CpuPowerCalculator: UID 10052 CPU freq # mismatch: Power Profile # 20 actual # 24
08-03 10:58:37.174  1461  1634 W CpuPowerCalculator: UID 10052 CPU freq # mismatch: Power Profile # 20 actual # 24
08-03 10:58:37.174  1461  1634 W CpuPowerCalculator: UID 10050 CPU freq # mismatch: Power Profile # 20 actual # 24
08-03 10:58:37.174  1461  1634 W CpuPowerCalculator: UID 10050 CPU freq # mismatch: Power Profile # 20 actual # 24
08-03 10:58:37.174  1461  1634 W CpuPowerCalculator: UID 10050 CPU freq # mismatch: Power Profile # 20 actual # 24
08-03 10:58:37.175  1461  1634 W CpuPowerCalculator: UID 10009 CPU freq # mismatch: Power Profile # 20 actual # 24
08-03 10:58:37.175  1461  1634 W CpuPowerCalculator: UID 10009 CPU freq # mismatch: Power Profile # 20 actual # 24
08-03 10:58:37.175  1461  1634 W CpuPowerCalculator: UID 10009 CPU freq # mismatch: Power Profile # 20 actual # 24
08-03 10:58:37.175  1461  1634 W CpuPowerCalculator: UID 9999 CPU freq # mismatch: Power Profile # 20 actual # 24
08-03 10:58:37.175  1461  1634 W CpuPowerCalculator: UID 2906 CPU freq # mismatch: Power Profile # 20 actual # 24
08-03 10:58:37.175  1461  1634 W CpuPowerCalculator: UID 2903 CPU freq # mismatch: Power Profile # 20 actual # 24
08-03 10:58:37.175  1461  1634 W CpuPowerCalculator: UID 2000 CPU freq # mismatch: Power Profile # 20 actual # 24
08-03 10:58:37.175  1461  1634 W CpuPowerCalculator: UID 2000 CPU freq # mismatch: Power Profile # 20 actual # 24
08-03 10:58:37.175  1461  1634 W CpuPowerCalculator: UID 2000 CPU freq # mismatch: Power Profile # 20 actual # 24
08-03 10:58:37.175  1461  1634 W CpuPowerCalculator: UID 1073 CPU freq # mismatch: Power Profile # 20 actual # 24
08-03 10:58:37.175  1461  1634 W CpuPowerCalculator: UID 1073 CPU freq # mismatch: Power Profile # 20 actual # 24
08-03 10:58:37.176  1461  1634 W CpuPowerCalculator: UID 1069 CPU freq # mismatch: Power Profile # 20 actual # 24
08-03 10:58:37.176  1461  1634 W CpuPowerCalculator: UID 1068 CPU freq # mismatch: Power Profile # 20 actual # 24
08-03 10:58:37.176  1461  1634 W CpuPowerCalculator: UID 1068 CPU freq # mismatch: Power Profile # 20 actual # 24
08-03 10:58:37.176  1461  1634 W CpuPowerCalculator: UID 1066 CPU freq # mismatch: Power Profile # 20 actual # 24
08-03 10:58:37.176  1461  1634 W CpuPowerCalculator: UID 1053 CPU freq # mismatch: Power Profile # 20 actual # 24
08-03 10:58:37.176  1461  1634 W CpuPowerCalculator: UID 1047 CPU freq # mismatch: Power Profile # 20 actual # 24
08-03 10:58:37.176  1461  1634 W CpuPowerCalculator: UID 1046 CPU freq # mismatch: Power Profile # 20 actual # 24
08-03 10:58:37.176  1461  1634 W CpuPowerCalculator: UID 1041 CPU freq # mismatch: Power Profile # 20 actual # 24
08-03 10:58:37.176  1461  1634 W CpuPowerCalculator: UID 1040 CPU freq # mismatch: Power Profile # 20 actual # 24
08-03 10:58:37.177  1461  1634 W CpuPowerCalculator: UID 1036 CPU freq # mismatch: Power Profile # 20 actual # 24
08-03 10:58:37.177  1461  1634 W CpuPowerCalculator: UID 1027 CPU freq # mismatch: Power Profile # 20 actual # 24
08-03 10:58:37.177  1461  1634 W CpuPowerCalculator: UID 1027 CPU freq # mismatch: Power Profile # 20 actual # 24
08-03 10:58:37.177  1461  1634 W CpuPowerCalculator: UID 1027 CPU freq # mismatch: Power Profile # 20 actual # 24
08-03 10:58:37.177  1461  1634 W CpuPowerCalculator: UID 1023 CPU freq # mismatch: Power Profile # 20 actual # 24
08-03 10:58:37.177  1461  1634 W CpuPowerCalculator: UID 1021 CPU freq # mismatch: Power Profile # 20 actual # 24
08-03 10:58:37.177  1461  1634 W CpuPowerCalculator: UID 1019 CPU freq # mismatch: Power Profile # 20 actual # 24
08-03 10:58:37.177  1461  1634 W CpuPowerCalculator: UID 1017 CPU freq # mismatch: Power Profile # 20 actual # 24
08-03 10:58:37.177  1461  1634 W CpuPowerCalculator: UID 1013 CPU freq # mismatch: Power Profile # 20 actual # 24
08-03 10:58:37.178  1461  1634 W CpuPowerCalculator: UID 1010 CPU freq # mismatch: Power Profile # 20 actual # 24
08-03 10:58:37.178  1461  1634 W CpuPowerCalculator: UID 1005 CPU freq # mismatch: Power Profile # 20 actual # 24
08-03 10:58:37.178  1461  1634 W CpuPowerCalculator: UID 1001 CPU freq # mismatch: Power Profile # 20 actual # 24
08-03 10:58:37.178  1461  1634 W CpuPowerCalculator: UID 1001 CPU freq # mismatch: Power Profile # 20 actual # 24
08-03 10:58:37.178  1461  1634 W CpuPowerCalculator: UID 1000 CPU freq # mismatch: Power Profile # 20 actual # 24
08-03 10:58:37.178  1461  1634 W CpuPowerCalculator: UID 0 CPU freq # mismatch: Power Profile # 20 actual # 24
08-03 10:58:37.116   893   893 W binder:893_6: type=1400 audit(0.0:621): avc: denied { read } for name="wakeup25" dev="sysfs" ino=56134 scontext=u:r:system_suspend:s0 tcontext=u:object_r:sysfs_rtc:s0 tclass=dir permissive=0
08-03 10:58:37.282     0     0 I sec_ts 1-0048: [P] tID:2 x:95 y:1977 z:31 major:10 minor:6 tc:1 type:0 noise:0
08-03 10:58:37.296     0     0 I aw8695_activate_store: value=1
08-03 10:58:37.302     0     0 I aw8695_vibrate: value=28, seq=1, index=1
08-03 10:58:37.337     0     0 I sec_ts 1-0048: [R] tID:2 mc:0 tc:0 lx:95 ly:1977 v:0000 cal:00 id(0,0) p:0 noise:0 lp:(0)
08-03 10:58:37.350     0     0 I aw8695_activate_store: value=0
08-03 10:58:37.356     0     0 I aw8695_vibrate: value=0, seq=1, index=1
08-03 10:58:37.578  4919  4926 E ocessService0:0: failed to create Unix domain socket: Operation not permitted
08-03 10:58:37.665     0     0 I sec_ts 1-0048: [P] tID:0 x:801 y:1726 z:45 major:9 minor:9 tc:1 type:0 noise:0
08-03 10:58:37.678     0     0 I aw8695_activate_store: value=1
08-03 10:58:37.683     0     0 I sec_ts 1-0048: [R] tID:0 mc:0 tc:0 lx:801 ly:1726 v:0000 cal:00 id(0,0) p:0 noise:0 lp:(0)
08-03 10:58:37.699     0     0 I aw8695_vibrate: value=28, seq=1, index=1
08-03 10:58:37.742     0     0 I aw8695_activate_store: value=0
08-03 10:58:37.748     0     0 I aw8695_vibrate: value=0, seq=1, index=1
08-03 10:58:37.815  3571  3571 D Window selected text:: null
08-03 10:58:37.820  3571  3571 D Window selected text:: null
