08-03 10:05:34.342  1461  2425 W ActivityManager: Foreground service started from background can not have location/camera/microphone access: service hu.tagsoft.ttorrent.noads/hu.tagsoft.ttorrent.torrentservice.TorrentService
08-03 10:05:34.857   894 10061 I keystore2: keystore2::watchdog: Watchdog thread idle -> terminating. Have a great day.
08-03 10:05:36.348  1461  2425 W ActivityManager: Foreground service started from background can not have location/camera/microphone access: service hu.tagsoft.ttorrent.noads/hu.tagsoft.ttorrent.torrentservice.TorrentService
08-03 10:05:38.353  1461  2425 W ActivityManager: Foreground service started from background can not have location/camera/microphone access: service hu.tagsoft.ttorrent.noads/hu.tagsoft.ttorrent.torrentservice.TorrentService
08-03 10:05:40.361  1461  9167 W ActivityManager: Foreground service started from background can not have location/camera/microphone access: service hu.tagsoft.ttorrent.noads/hu.tagsoft.ttorrent.torrentservice.TorrentService
08-03 10:05:41.063  1461  2425 D CoreBackPreview: Window{e3b54bf u0 io.github.forkmaintainers.iceraven/io.github.forkmaintainers.iceraven.App}: Setting back callback null
08-03 10:05:41.094  1461  1557 V WindowManager: Unknown focus tokens, dropping reportFocusChanged
08-03 10:05:42.365  1461  9167 W ActivityManager: Foreground service started from background can not have location/camera/microphone access: service hu.tagsoft.ttorrent.noads/hu.tagsoft.ttorrent.torrentservice.TorrentService
08-03 10:05:44.013  1461  9167 D CoreBackPreview: Window{956fa6c u0 io.github.forkmaintainers.iceraven/io.github.forkmaintainers.iceraven.App}: Setting back callback OnBackInvokedCallbackInfo{mCallback=android.window.IOnBackInvokedCallback$Stub$Proxy@f7f8330, mPriority=0}
08-03 10:05:44.126  1461  2425 D CoreBackPreview: Window{7fb063a u0 com.catchingnow.undo}: Setting back callback OnBackInvokedCallbackInfo{mCallback=android.window.IOnBackInvokedCallback$Stub$Proxy@448848, mPriority=0}
08-03 10:05:44.363  1461  1461 W NotificationHistory: Attempted to add notif for locked/gone/disabled user 0
08-03 10:05:44.368  1461  3325 W ActivityManager: Foreground service started from background can not have location/camera/microphone access: service hu.tagsoft.ttorrent.noads/hu.tagsoft.ttorrent.torrentservice.TorrentService
08-03 10:05:45.798  1461  3325 D SystemServerTiming: getUserSwitchability-0
08-03 10:05:45.798  1461  3325 D SystemServerTiming: TM.isInCall
08-03 10:05:45.798  1461  9737 D SystemServerTiming: getUserSwitchability-0
08-03 10:05:45.798  1461  9737 D SystemServerTiming: TM.isInCall
08-03 10:05:45.798  1461  3325 V SystemServerTiming: TM.isInCall took to complete: 1ms
08-03 10:05:45.798  1461  9737 V SystemServerTiming: TM.isInCall took to complete: 1ms
08-03 10:05:45.799  1461  9737 D SystemServerTiming: hasUserRestriction-DISALLOW_USER_SWITCH
08-03 10:05:45.799  1461  9737 V SystemServerTiming: hasUserRestriction-DISALLOW_USER_SWITCH took to complete: 0ms
08-03 10:05:45.799  1461  9737 D SystemServerTiming: getInt-ALLOW_USER_SWITCHING_WHEN_SYSTEM_USER_LOCKED
08-03 10:05:45.799  1461  3325 D SystemServerTiming: hasUserRestriction-DISALLOW_USER_SWITCH
08-03 10:05:45.799  1461  9737 V SystemServerTiming: getInt-ALLOW_USER_SWITCHING_WHEN_SYSTEM_USER_LOCKED took to complete: 0ms
08-03 10:05:45.799  1461  9737 D SystemServerTiming: isUserUnlocked-USER_SYSTEM
08-03 10:05:45.799  1461  3325 V SystemServerTiming: hasUserRestriction-DISALLOW_USER_SWITCH took to complete: 0ms
08-03 10:05:45.799  1461  3325 D SystemServerTiming: getInt-ALLOW_USER_SWITCHING_WHEN_SYSTEM_USER_LOCKED
08-03 10:05:45.799  1461  3325 V SystemServerTiming: getInt-ALLOW_USER_SWITCHING_WHEN_SYSTEM_USER_LOCKED took to complete: 0ms
08-03 10:05:45.799  1461  3325 D SystemServerTiming: isUserUnlocked-USER_SYSTEM
08-03 10:05:45.799  1461  3325 V SystemServerTiming: isUserUnlocked-USER_SYSTEM took to complete: 0ms
08-03 10:05:45.799  1461  3325 V SystemServerTiming: getUserSwitchability-0 took to complete: 1ms
08-03 10:05:45.799  1461  9737 V SystemServerTiming: isUserUnlocked-USER_SYSTEM took to complete: 0ms
08-03 10:05:45.799  1461  9737 V SystemServerTiming: getUserSwitchability-0 took to complete: 2ms
08-03 10:05:46.371  1461  9737 W ActivityManager: Foreground service started from background can not have location/camera/microphone access: service hu.tagsoft.ttorrent.noads/hu.tagsoft.ttorrent.torrentservice.TorrentService
08-03 10:05:47.218  1461  9076 D CompatibilityChangeReporter: Compat change id reported: 168419799; UID 10232; state: DISABLED
08-03 10:05:47.218  1461  9076 D CompatibilityChangeReporter: Compat change id reported: 273564678; UID 10232; state: DISABLED
08-03 10:05:47.231  1461  3325 D CompatibilityChangeReporter: Compat change id reported: 167676448; UID 10232; state: DISABLED
08-03 10:05:47.231  1461  1554 D AutofillManagerService: Close system dialogs
08-03 10:05:47.248  1461  3325 I ActivityTaskManager: START u0 {flg=0x10808000 cmp=com.catchingnow.tinyclipboardmanager/.activity.base.MyActivityMainDialog (has extras)} from uid 10232
08-03 10:05:47.249  1461  3325 W ActivityTaskManager: Background activity start for com.catchingnow.tinyclipboardmanager allowed because SYSTEM_ALERT_WINDOW permission is granted.
08-03 10:05:47.249  1461  3325 D CompatibilityChangeReporter: Compat change id reported: 265464455; UID 10232; state: DISABLED
08-03 10:05:47.250  1461  3325 D CompatibilityChangeReporter: Compat change id reported: 265452344; UID 10232; state: DISABLED
08-03 10:05:47.250  1461  3325 D CompatibilityChangeReporter: Compat change id reported: 266124927; UID 10232; state: DISABLED
08-03 10:05:47.250  1461  3325 D CompatibilityChangeReporter: Compat change id reported: 265451093; UID 10232; state: DISABLED
08-03 10:05:47.250  1461  3325 D CompatibilityChangeReporter: Compat change id reported: 265456536; UID 10232; state: DISABLED
08-03 10:05:47.251  1461  3325 D CompatibilityChangeReporter: Compat change id reported: 255940284; UID 10232; state: DISABLED
08-03 10:05:47.251  1461  3325 D CompatibilityChangeReporter: Compat change id reported: 236283604; UID 10232; state: DISABLED
08-03 10:05:47.251  1461  3325 D CompatibilityChangeReporter: Compat change id reported: 263959004; UID 10232; state: DISABLED
08-03 10:05:47.251  1461  3325 D CompatibilityChangeReporter: Compat change id reported: 264304459; UID 10232; state: DISABLED
08-03 10:05:47.251  1461  3325 D CompatibilityChangeReporter: Compat change id reported: 264301586; UID 10232; state: DISABLED
08-03 10:05:47.251  1461  3325 D CompatibilityChangeReporter: Compat change id reported: 254631730; UID 10232; state: DISABLED
08-03 10:05:47.252  1461  3325 D CompatibilityChangeReporter: Compat change id reported: 273509367; UID 10232; state: DISABLED
08-03 10:05:47.252  1461  3325 D CompatibilityChangeReporter: Compat change id reported: 263259275; UID 10232; state: DISABLED
08-03 10:05:47.260  1461  3325 D CompatibilityChangeReporter: Compat change id reported: 194480991; UID 10232; state: ENABLED
08-03 10:05:47.261  1461  3325 D CompatibilityChangeReporter: Compat change id reported: 174042980; UID 10232; state: DISABLED
08-03 10:05:47.263  1461  3325 D CompatibilityChangeReporter: Compat change id reported: 184838306; UID 10232; state: DISABLED
08-03 10:05:47.264  1461  3325 D CompatibilityChangeReporter: Compat change id reported: 185004937; UID 10232; state: DISABLED
08-03 10:05:47.264  1461  3325 D CompatibilityChangeReporter: Compat change id reported: 181136395; UID 10232; state: DISABLED
08-03 10:05:47.264  1461  3325 D CompatibilityChangeReporter: Compat change id reported: 174042936; UID 10232; state: DISABLED
08-03 10:05:47.265  1461  3325 D CompatibilityChangeReporter: Compat change id reported: 197654537; UID 10232; state: DISABLED
08-03 10:05:47.267  1461  3325 V SplashScreenExceptionList: SplashScreen checking exception for package com.catchingnow.tinyclipboardmanager (target sdk:28) -> false
08-03 10:05:47.267  1461  3325 D CompatibilityChangeReporter: Compat change id reported: 205907456; UID 10232; state: DISABLED
08-03 10:05:47.271  1461  9076 D CoreBackPreview: Window{956fa6c u0 io.github.forkmaintainers.iceraven/io.github.forkmaintainers.iceraven.App}: Setting back callback OnBackInvokedCallbackInfo{mCallback=android.window.IOnBackInvokedCallback$Stub$Proxy@b01a969, mPriority=0}
08-03 10:05:47.272  1461  9076 D CoreBackPreview: Window{956fa6c u0 io.github.forkmaintainers.iceraven/io.github.forkmaintainers.iceraven.App}: Setting back callback OnBackInvokedCallbackInfo{mCallback=android.window.IOnBackInvokedCallback$Stub$Proxy@1894fee, mPriority=0}
08-03 10:05:47.292  1461  2425 D CompatibilityChangeReporter: Compat change id reported: 181136395; UID 10205; state: DISABLED
08-03 10:05:47.292  1461  2425 D CompatibilityChangeReporter: Compat change id reported: 174042936; UID 10205; state: DISABLED
08-03 10:05:47.294  1461  2425 D CompatibilityChangeReporter: Compat change id reported: 197654537; UID 10205; state: ENABLED
08-03 10:05:47.311  1461  3325 D CoreBackPreview: Window{956fa6c u0 io.github.forkmaintainers.iceraven/io.github.forkmaintainers.iceraven.App}: Setting back callback OnBackInvokedCallbackInfo{mCallback=android.window.IOnBackInvokedCallback$Stub$Proxy@88b92ab, mPriority=0}
08-03 10:05:47.405  1461  3325 D CompatibilityChangeReporter: Compat change id reported: 161145287; UID 10232; state: DISABLED
08-03 10:05:47.421  1461  2425 D CoreBackPreview: Window{7f4e77f u0 com.catchingnow.tinyclipboardmanager/com.catchingnow.tinyclipboardmanager.activity.base.MyActivityMainDialog}: Setting back callback OnBackInvokedCallbackInfo{mCallback=android.window.IOnBackInvokedCallback$Stub$Proxy@6ef6f95, mPriority=0}
08-03 10:05:47.423  1461  3325 E ClipboardService: Denying clipboard access to com.catchingnow.tinyclipboardmanager, application is not in focus nor is it a system service for user 0
08-03 10:05:47.428  1461  3325 E ClipboardService: Denying clipboard access to com.catchingnow.tinyclipboardmanager, application is not in focus nor is it a system service for user 0
08-03 10:05:47.550  1461  3325 W ActivityManager: Unable to start service Intent { act=com.catchingnow.CLIP.CLIP pkg=com.catchingnow.clipsync (has extras) } U=0: not found
08-03 10:05:47.562  2406  2406 W ShellStartingWindow: Window background is transparent, fill background with black color
08-03 10:05:47.591  1461  1562 D AppWidgetServiceImpl: Provider info from ComponentInfo{com.android.gallery3d/com.android.gallery3d.gadget.PhotoAppWidgetProvider} won't be persisted.
08-03 10:05:47.591  1461  1562 D AppWidgetServiceImpl: Provider info from ComponentInfo{com.android.systemui/com.android.systemui.people.widget.PeopleSpaceWidgetProvider} won't be persisted.
08-03 10:05:47.591  1461  1562 D AppWidgetServiceImpl: Provider info from ComponentInfo{org.lineageos.eleven/org.lineageos.eleven.appwidgets.AppWidgetSmall} won't be persisted.
08-03 10:05:47.591  1461  1562 D AppWidgetServiceImpl: Provider info from ComponentInfo{org.lineageos.eleven/org.lineageos.eleven.appwidgets.AppWidgetLarge} won't be persisted.
08-03 10:05:47.591  1461  1562 D AppWidgetServiceImpl: Provider info from ComponentInfo{org.lineageos.eleven/org.lineageos.eleven.appwidgets.AppWidgetLargeAlternate} won't be persisted.
08-03 10:05:47.591  1461  1562 D AppWidgetServiceImpl: Provider info from ComponentInfo{org.lineageos.etar/com.android.calendar.widget.CalendarAppWidgetProvider} won't be persisted.
08-03 10:05:47.591  1461  1562 D AppWidgetServiceImpl: Provider info from ComponentInfo{cm.aptoide.pt/cm.aptoide.pt.widget.SearchWidgetProvider} won't be persisted.
08-03 10:05:47.591  1461  1562 D AppWidgetServiceImpl: Provider info from ComponentInfo{com.al.dlnaserver/com.al.dlnaserver.customs.AppWidget} won't be persisted.
08-03 10:05:47.591  1461  1562 D AppWidgetServiceImpl: Provider info from ComponentInfo{com.almalence.opencam/com.almalence.widget.OpenCameraWidgetProvider} won't be persisted.
08-03 10:05:47.591  1461  1562 D AppWidgetServiceImpl: Provider info from ComponentInfo{com.almalence.opencam/com.almalence.widget.OpenCameraSolidWidgetProvider} won't be persisted.
08-03 10:05:47.591  1461  1562 D AppWidgetServiceImpl: Provider info from ComponentInfo{com.almalence.opencam/com.almalence.widget.OpenCameraFullSolidWidgetProvider} won't be persisted.
08-03 10:05:47.591  1461  1562 D AppWidgetServiceImpl: Provider info from ComponentInfo{com.android.chrome/org.chromium.chrome.browser.quickactionsearchwidget.QuickActionSearchWidgetProvider$QuickActionSearchWidgetProviderSearch} won't be persisted.
08-03 10:05:47.591  1461  1562 D AppWidgetServiceImpl: Provider info from ComponentInfo{com.android.chrome/org.chromium.chrome.browser.quickactionsearchwidget.QuickActionSearchWidgetProvider$QuickActionSearchWidgetProviderDino} won't be persisted.
08-03 10:05:47.591  1461  1562 D AppWidgetServiceImpl: Provider info from ComponentInfo{com.android.chrome/com.google.android.apps.chrome.appwidget.bookmarks.BookmarkThumbnailWidgetProvider} won't be persisted.
08-03 10:05:47.591  1461  1562 D AppWidgetServiceImpl: Provider info from ComponentInfo{com.android.chrome/org.chromium.chrome.browser.searchwidget.SearchWidgetProvider} won't be persisted.
08-03 10:05:47.591  1461  1562 D AppWidgetServiceImpl: Provider info from ComponentInfo{com.appgeneration.itunerfree/com.appgeneration.ituner.widget.MyTunerWidgetProvider} won't be persisted.
08-03 10:05:47.591  1461  1562 D AppWidgetServiceImpl: Provider info from ComponentInfo{com.brave.browser/org.chromium.chrome.browser.quickactionsearchwidget.QuickActionSearchWidgetProvider$QuickActionSearchWidgetProviderSearch} won't be persisted.
08-03 10:05:47.591  1461  1562 D AppWidgetServiceImpl: Provider info from ComponentInfo{com.brave.browser/org.chromium.chrome.browser.quickactionsearchwidget.QuickActionSearchWidgetProvider$QuickActionSearchWidgetProviderDino} won't be persisted.
08-03 10:05:47.591  1461  1562 D AppWidgetServiceImpl: Provider info from ComponentInfo{com.brave.browser/com.google.android.apps.chrome.appwidget.bookmarks.BookmarkThumbnailWidgetProvider} won't be persisted.
08-03 10:05:47.591  1461  1562 D AppWidgetServiceImpl: Provider info from ComponentInfo{com.brave.browser/org.chromium.chrome.browser.searchwidget.SearchWidgetProvider} won't be persisted.
08-03 10:05:47.591  1461  1562 D AppWidgetServiceImpl: Provider info from ComponentInfo{com.brave.browser/org.chromium.chrome.browser.widget.quickactionsearchandbookmark.QuickActionSearchAndBookmarkWidgetProvider} won't be persisted.
08-03 10:05:47.591  1461  1562 D AppWidgetServiceImpl: Provider info from ComponentInfo{com.buak.Link2SD/com.buak.Link2SD.clearcache.ClearCacheWidgetProvider} won't be persisted.
08-03 10:05:47.591  1461  1562 D AppWidgetServiceImpl: Provider info from ComponentInfo{com.buak.Link2SD/com.buak.Link2SD.widget.RebootWidgetProvider} won't be persisted.
08-03 10:05:47.591  1461  1562 D AppWidgetServiceImpl: Provider info from ComponentInfo{com.calm.android/com.calm.android.widgets.DailyCalmWidget} won't be persisted.
08-03 10:05:47.591  1461  1562 D AppWidgetServiceImpl: Provider info from ComponentInfo{com.calm.android/com.calm.android.widgets.RecommendedSleepStoryWidget} won't be persisted.
08-03 10:05:47.592  1461  1562 D AppWidgetServiceImpl: Provider info from ComponentInfo{com.nextradioapp.nextradio/com.nextradioapp.nextradio.widgetnotifications.Widget2RowsLarge} won't be persisted.
08-03 10:05:47.592  1461  1562 D AppWidgetServiceImpl: Provider info from ComponentInfo{com.nextradioapp.nextradio/com.nextradioapp.nextradio.widgetnotifications.Widget2Rows} won't be persisted.
08-03 10:05:47.592  1461  1562 D AppWidgetServiceImpl: Provider info from ComponentInfo{com.nextradioapp.nextradio/com.nextradioapp.nextradio.widgetnotifications.Widget2RowsSmall} won't be persisted.
08-03 10:05:47.592  1461  1562 D AppWidgetServiceImpl: Provider info from ComponentInfo{com.piriform.ccleaner/com.avast.android.cleaner.widget.ProjectAppWidgetProvider} won't be persisted.
08-03 10:05:47.592  1461  1562 D AppWidgetServiceImpl: Provider info from ComponentInfo{com.shazam.android/com.shazam.popup.android.appwidget.ShazamOnStartupWidgetProvider} won't be persisted.
08-03 10:05:47.592  1461  1562 D AppWidgetServiceImpl: Provider info from ComponentInfo{com.shazam.android/com.shazam.popup.android.appwidget.WidgetProvider} won't be persisted.
08-03 10:05:47.592  1461  1562 D AppWidgetServiceImpl: Provider info from ComponentInfo{com.utility.autoapporganizer/com.utility.autoapporganizer.AAOAppWidgetProvider} won't be persisted.
08-03 10:05:47.592  1461  1562 D AppWidgetServiceImpl: Provider info from ComponentInfo{com.whatsapp/com.whatsapp.appwidget.WidgetProvider} won't be persisted.
08-03 10:05:47.592  1461  1562 D AppWidgetServiceImpl: Provider info from ComponentInfo{de.appzer.Pushsafer/de.appzer.Pushsafer.PushsaferWidget} won't be persisted.
08-03 10:05:47.592  1461  1562 D AppWidgetServiceImpl: Provider info from ComponentInfo{de.appzer.Pushsafer/de.appzer.Pushsafer.PushsaferWidgetIcon} won't be persisted.
08-03 10:05:47.592  1461  1562 D AppWidgetServiceImpl: Provider info from ComponentInfo{io.github.forkmaintainers.iceraven/org.mozilla.gecko.search.SearchWidgetProvider} won't be persisted.
08-03 10:05:47.592  1461  1562 D AppWidgetServiceImpl: Provider info from ComponentInfo{net.superblock.pushover/net.superblock.pushover.widget.PushoverWidgetProvider} won't be persisted.
08-03 10:05:47.592  1461  1562 D AppWidgetServiceImpl: Provider info from ComponentInfo{org.leetzone.android.yatsewidgetfree/org.leetzone.android.yatsewidget.ui.widget.Widget11v1} won't be persisted.
08-03 10:05:47.592  1461  1562 D AppWidgetServiceImpl: Provider info from ComponentInfo{org.leetzone.android.yatsewidgetfree/org.leetzone.android.yatsewidget.ui.widget.Widget11v2} won't be persisted.
08-03 10:05:47.592  1461  1562 D AppWidgetServiceImpl: Provider info from ComponentInfo{org.leetzone.android.yatsewidgetfree/org.leetzone.android.yatsewidget.ui.widget.Widget41v1} won't be persisted.
08-03 10:05:47.592  1461  1562 D AppWidgetServiceImpl: Provider info from ComponentInfo{org.leetzone.android.yatsewidgetfree/org.leetzone.android.yatsewidget.ui.widget.Widget21v1} won't be persisted.
08-03 10:05:47.592  1461  1562 D AppWidgetServiceImpl: Provider info from ComponentInfo{org.leetzone.android.yatsewidgetfree/org.leetzone.android.yatsewidget.ui.widget.Widget43v1} won't be persisted.
08-03 10:05:47.592  1461  1562 D AppWidgetServiceImpl: Provider info from ComponentInfo{org.leetzone.android.yatsewidgetfree/org.leetzone.android.yatsewidget.ui.widget.Widget42v1} won't be persisted.
08-03 10:05:47.592  1461  1562 D AppWidgetServiceImpl: Provider info from ComponentInfo{org.leetzone.android.yatsewidgetfree/org.leetzone.android.yatsewidget.ui.widget.Widget42v2} won't be persisted.
08-03 10:05:47.592  1461  1562 D AppWidgetServiceImpl: Provider info from ComponentInfo{org.leetzone.android.yatsewidgetfree/org.leetzone.android.yatsewidget.ui.widget.WidgetMoviesv1} won't be persisted.
08-03 10:05:47.592  1461  1562 D AppWidgetServiceImpl: Provider info from ComponentInfo{org.leetzone.android.yatsewidgetfree/org.leetzone.android.yatsewidget.ui.widget.WidgetEpisodesv1} won't be persisted.
08-03 10:05:47.592  1461  1562 D AppWidgetServiceImpl: Provider info from ComponentInfo{org.leetzone.android.yatsewidgetfree/org.leetzone.android.yatsewidget.ui.widget.WidgetFavouritesv1} won't be persisted.
08-03 10:05:47.592  1461  1562 D AppWidgetServiceImpl: Provider info from ComponentInfo{org.leetzone.android.yatsewidgetfree/org.leetzone.android.yatsewidget.ui.widget.WidgetVoiceCommandv1} won't be persisted.
08-03 10:05:47.592  1461  1562 D AppWidgetServiceImpl: Provider info from ComponentInfo{org.malwarebytes.antimalware/org.malwarebytes.antimalware.widget.WidgetProvider} won't be persisted.
08-03 10:05:47.593  1461  1562 D AppWidgetServiceImpl: Provider info from ComponentInfo{org.mozilla.fennec_fdroid/org.mozilla.gecko.search.SearchWidgetProvider} won't be persisted.
08-03 10:05:47.593  1461  1562 D AppWidgetServiceImpl: Provider info from ComponentInfo{org.videolan.vlc/org.videolan.vlc.widget.MiniPlayerAppWidgetProvider} won't be persisted.
08-03 10:05:47.593  1461  1562 D AppWidgetServiceImpl: Provider info from ComponentInfo{os.tools.scriptmanager/os.tools.widget.SMWidgetProvider} won't be persisted.
08-03 10:05:47.593  1461  1562 D AppWidgetServiceImpl: Provider info from ComponentInfo{os.tools.smwidgets/os.tools.smwidgets.SMWidgetProvider} won't be persisted.
08-03 10:05:47.593  1461  1562 D AppWidgetServiceImpl: Provider info from ComponentInfo{uk.co.aifactory.fialfree/uk.co.aifactory.fialfree.Widget} won't be persisted.
08-03 10:05:47.767  1461  3325 D CompatibilityChangeReporter: Compat change id reported: 214016041; UID 10232; state: DISABLED
08-03 10:05:48.374  1461  9167 W ActivityManager: Foreground service started from background can not have location/camera/microphone access: service hu.tagsoft.ttorrent.noads/hu.tagsoft.ttorrent.torrentservice.TorrentService
08-03 10:05:50.378  1461  9167 W ActivityManager: Foreground service started from background can not have location/camera/microphone access: service hu.tagsoft.ttorrent.noads/hu.tagsoft.ttorrent.torrentservice.TorrentService
08-03 10:05:52.384  1461  9076 W ActivityManager: Foreground service started from background can not have location/camera/microphone access: service hu.tagsoft.ttorrent.noads/hu.tagsoft.ttorrent.torrentservice.TorrentService
08-03 10:05:53.334  1461  1555 D AutofillManagerService: onBackKeyPressed()
08-03 10:05:53.335  1461  1555 D AutofillManagerService: onBackKeyPressed()
08-03 10:05:53.382  1461  2425 D CompatibilityChangeReporter: Compat change id reported: 161145287; UID 10205; state: DISABLED
08-03 10:05:53.384  1461  3325 E ClipboardService: Denying clipboard access to com.catchingnow.tinyclipboardmanager, application is not in focus nor is it a system service for user 0
08-03 10:05:53.387  1461  3325 E ClipboardService: Denying clipboard access to me.bluemail.mail, application is not in focus nor is it a system service for user 0
08-03 10:05:53.388  1461  3325 E ClipboardService: Denying clipboard access to com.pextor.batterychargeralarm, application is not in focus nor is it a system service for user 0
08-03 10:05:53.388  1461  3325 E ClipboardService: Denying clipboard access to com.catchingnow.tinyclipboardmanager, application is not in focus nor is it a system service for user 0
08-03 10:05:53.389  1461  9076 E ClipboardService: Denying clipboard access to com.catchingnow.tinyclipboardmanager, application is not in focus nor is it a system service for user 0
08-03 10:05:53.425  1461  3325 D CoreBackPreview: Window{7f4e77f u0 com.catchingnow.tinyclipboardmanager/com.catchingnow.tinyclipboardmanager.activity.base.MyActivityMainDialog}: Setting back callback OnBackInvokedCallbackInfo{mCallback=android.window.IOnBackInvokedCallback$Stub$Proxy@191e827, mPriority=0}
08-03 10:05:53.429  1461  3325 D CoreBackPreview: Window{7f4e77f u0 com.catchingnow.tinyclipboardmanager/com.catchingnow.tinyclipboardmanager.activity.base.MyActivityMainDialog}: Setting back callback OnBackInvokedCallbackInfo{mCallback=android.window.IOnBackInvokedCallback$Stub$Proxy@509c47d, mPriority=0}
08-03 10:05:53.444  1461  2933 D CoreBackPreview: Window{7f4e77f u0 com.catchingnow.tinyclipboardmanager/com.catchingnow.tinyclipboardmanager.activity.base.MyActivityMainDialog}: Setting back callback null
08-03 10:05:53.455  1461  9076 E ClipboardService: Denying clipboard access to com.catchingnow.tinyclipboardmanager, application is not in focus nor is it a system service for user 0
08-03 10:05:53.461  1461  2377 E ClipboardService: Denying clipboard access to me.bluemail.mail, application is not in focus nor is it a system service for user 0
08-03 10:05:53.466  1461  2377 E ClipboardService: Denying clipboard access to com.pextor.batterychargeralarm, application is not in focus nor is it a system service for user 0
08-03 10:05:53.466  1461  2377 E ClipboardService: Denying clipboard access to com.catchingnow.tinyclipboardmanager, application is not in focus nor is it a system service for user 0
08-03 10:05:53.479  1461  2933 D CoreBackPreview: Window{e3b104 u0 ClipboardOverlay}: Setting back callback OnBackInvokedCallbackInfo{mCallback=android.window.IOnBackInvokedCallback$Stub$Proxy@cf33fb3, mPriority=0}
08-03 10:05:54.035  1461  1461 W AccessibilityManagerService:  wait for adding window timeout: 8
08-03 10:05:54.389  1461  9076 W ActivityManager: Foreground service started from background can not have location/camera/microphone access: service hu.tagsoft.ttorrent.noads/hu.tagsoft.ttorrent.torrentservice.TorrentService
08-03 10:05:54.565  1461  2933 I ActivityTaskManager: START u0 {flg=0x10000000 cmp=com.catchingnow.undo/.activity.TransparentEditorActivity} from uid 10203
08-03 10:05:54.566  1461  2933 D CompatibilityChangeReporter: Compat change id reported: 265464455; UID 10203; state: DISABLED
08-03 10:05:54.566  1461  2933 D CompatibilityChangeReporter: Compat change id reported: 265452344; UID 10203; state: DISABLED
08-03 10:05:54.566  1461  2933 D CompatibilityChangeReporter: Compat change id reported: 266124927; UID 10203; state: DISABLED
08-03 10:05:54.566  1461  2933 D CompatibilityChangeReporter: Compat change id reported: 265451093; UID 10203; state: DISABLED
08-03 10:05:54.567  1461  2933 D CompatibilityChangeReporter: Compat change id reported: 265456536; UID 10203; state: DISABLED
08-03 10:05:54.567  1461  2933 D CompatibilityChangeReporter: Compat change id reported: 255940284; UID 10203; state: DISABLED
08-03 10:05:54.567  1461  2933 D CompatibilityChangeReporter: Compat change id reported: 236283604; UID 10203; state: DISABLED
08-03 10:05:54.567  1461  2933 D CompatibilityChangeReporter: Compat change id reported: 263959004; UID 10203; state: DISABLED
08-03 10:05:54.567  1461  2933 D CompatibilityChangeReporter: Compat change id reported: 264304459; UID 10203; state: DISABLED
08-03 10:05:54.567  1461  2933 D CompatibilityChangeReporter: Compat change id reported: 264301586; UID 10203; state: DISABLED
08-03 10:05:54.568  1461  2933 D CompatibilityChangeReporter: Compat change id reported: 254631730; UID 10203; state: DISABLED
08-03 10:05:54.568  1461  2933 D CompatibilityChangeReporter: Compat change id reported: 273509367; UID 10203; state: DISABLED
08-03 10:05:54.568  1461  2933 D CompatibilityChangeReporter: Compat change id reported: 263259275; UID 10203; state: DISABLED
08-03 10:05:54.573  1461  2933 D CompatibilityChangeReporter: Compat change id reported: 194480991; UID 10203; state: ENABLED
08-03 10:05:54.573  1461  2933 D CompatibilityChangeReporter: Compat change id reported: 174042980; UID 10203; state: DISABLED
08-03 10:05:54.575  1461  2933 D CompatibilityChangeReporter: Compat change id reported: 184838306; UID 10203; state: DISABLED
08-03 10:05:54.575  1461  2933 D CompatibilityChangeReporter: Compat change id reported: 185004937; UID 10203; state: DISABLED
08-03 10:05:54.575  1461  2933 D CompatibilityChangeReporter: Compat change id reported: 181136395; UID 10203; state: DISABLED
08-03 10:05:54.575  1461  2933 D CompatibilityChangeReporter: Compat change id reported: 174042936; UID 10203; state: DISABLED
08-03 10:05:54.575  1461  2933 D CompatibilityChangeReporter: Compat change id reported: 197654537; UID 10203; state: DISABLED
08-03 10:05:54.577  1461  2933 V SplashScreenExceptionList: SplashScreen checking exception for package com.catchingnow.undo (target sdk:28) -> false
08-03 10:05:54.577  1461  2933 D CompatibilityChangeReporter: Compat change id reported: 205907456; UID 10203; state: DISABLED
08-03 10:05:54.579  1461  9737 D CompatibilityChangeReporter: Compat change id reported: 174664365; UID 10203; state: DISABLED
08-03 10:05:54.580  1461  1554 D AutofillManagerService: Close system dialogs
08-03 10:05:54.643  1461  2933 D CoreBackPreview: Window{205e32 u0 com.catchingnow.undo/com.catchingnow.undo.activity.TransparentEditorActivity}: Setting back callback OnBackInvokedCallbackInfo{mCallback=android.window.IOnBackInvokedCallback$Stub$Proxy@970cd00, mPriority=0}
08-03 10:05:54.715  1461  9737 D CompatibilityChangeReporter: Compat change id reported: 214016041; UID 10203; state: DISABLED
08-03 10:05:54.728  1461  3325 W ActivityTaskManager: Request to remove task ignored for non-existent task 8745
08-03 10:05:54.732  1461  9167 D CoreBackPreview: Window{956fa6c u0 io.github.forkmaintainers.iceraven/io.github.forkmaintainers.iceraven.App}: Setting back callback OnBackInvokedCallbackInfo{mCallback=android.window.IOnBackInvokedCallback$Stub$Proxy@20641eb, mPriority=0}
08-03 10:05:54.733  1461  2933 D CoreBackPreview: Window{956fa6c u0 io.github.forkmaintainers.iceraven/io.github.forkmaintainers.iceraven.App}: Setting back callback OnBackInvokedCallbackInfo{mCallback=android.window.IOnBackInvokedCallback$Stub$Proxy@b81db48, mPriority=0}
08-03 10:05:54.747  1461  9167 D CoreBackPreview: Window{e3b104 u0 ClipboardOverlay}: Setting back callback null
08-03 10:05:54.748  1461  2933 D CoreBackPreview: Window{205e32 u0 com.catchingnow.undo/com.catchingnow.undo.activity.TransparentEditorActivity}: Setting back callback OnBackInvokedCallbackInfo{mCallback=android.window.IOnBackInvokedCallback$Stub$Proxy@90511c7, mPriority=0}
08-03 10:05:55.122  1461  2933 D CoreBackPreview: Window{7fb063a u0 com.catchingnow.undo}: Setting back callback null
08-03 10:05:55.123  1461  1557 W NotificationHistory: Attempted to remove channel for locked/gone/disabled user 0
08-03 10:05:56.256  1461 10360 D CompatibilityChangeReporter: Compat change id reported: 161252188; UID 10232; state: DISABLED
08-03 10:05:56.256  1461 10360 I ActivityTaskManager: START u0 {flg=0x10000000 cmp=com.catchingnow.tinyclipboardmanager/.activity.ActivityMainBottomSheet} from uid 10203
08-03 10:05:56.262  1461 10360 V SplashScreenExceptionList: SplashScreen checking exception for package com.catchingnow.tinyclipboardmanager (target sdk:28) -> false
08-03 10:05:56.288  1461 10360 W ActivityTaskManager: Tried to set launchTime (0) < mLastActivityLaunchTime (1428528)
08-03 10:05:56.297  1461  2635 D CoreBackPreview: Window{205e32 u0 com.catchingnow.undo/com.catchingnow.undo.activity.TransparentEditorActivity}: Setting back callback OnBackInvokedCallbackInfo{mCallback=android.window.IOnBackInvokedCallback$Stub$Proxy@b1121bc, mPriority=0}
08-03 10:05:56.318  1461 10360 D CoreBackPreview: Window{7b311cb u0 com.catchingnow.tinyclipboardmanager/com.catchingnow.tinyclipboardmanager.activity.ActivityMainBottomSheet}: Setting back callback OnBackInvokedCallbackInfo{mCallback=android.window.IOnBackInvokedCallback$Stub$Proxy@d7880c1, mPriority=0}
08-03 10:05:56.391  1461  1507 W ActivityManager: Foreground service started from background can not have location/camera/microphone access: service hu.tagsoft.ttorrent.noads/hu.tagsoft.ttorrent.torrentservice.TorrentService
08-03 10:05:58.395  1461  9076 W ActivityManager: Foreground service started from background can not have location/camera/microphone access: service hu.tagsoft.ttorrent.noads/hu.tagsoft.ttorrent.torrentservice.TorrentService
08-03 10:05:58.656  1461  1554 D AutofillManagerService: Close system dialogs
08-03 10:05:58.690  1461  1554 D AutofillManagerService: Close system dialogs
08-03 10:05:58.716  1461  1557 V WindowManager: Unknown focus tokens, dropping reportFocusChanged
08-03 10:05:58.723  1461  2294 E HandwritingModeController: Cannot get requestId: Handwriting was not initialized.
08-03 10:06:00.398  1461  1507 W ActivityManager: Foreground service started from background can not have location/camera/microphone access: service hu.tagsoft.ttorrent.noads/hu.tagsoft.ttorrent.torrentservice.TorrentService
08-03 10:06:00.464  1461  2493 I WindowManager: Queue is too deep! Purged item with taskid=8747
08-03 10:06:00.483  1461  1557 I ActivityManager: PendingStartActivityUids startActivity to updateOomAdj delay:1812ms, uid:10113
08-03 10:06:00.493  1461  1557 V WindowManager: Unknown focus tokens, dropping reportFocusChanged
08-03 10:06:00.507  1461  2493 D CoreBackPreview: Window{7b311cb u0 com.catchingnow.tinyclipboardmanager/com.catchingnow.tinyclipboardmanager.activity.ActivityMainBottomSheet}: Setting back callback null
08-03 10:06:00.550  1461  1507 D CompatibilityChangeReporter: Compat change id reported: 194532703; UID 10205; state: ENABLED
08-03 10:06:02.403  1461 10360 W ActivityManager: Foreground service started from background can not have location/camera/microphone access: service hu.tagsoft.ttorrent.noads/hu.tagsoft.ttorrent.torrentservice.TorrentService
08-03 10:06:02.932  1461  2493 D CompatibilityChangeReporter: Compat change id reported: 168419799; UID 10205; state: DISABLED
08-03 10:06:02.932  1461  2493 D CompatibilityChangeReporter: Compat change id reported: 273564678; UID 10205; state: DISABLED
08-03 10:06:03.115  1461  2493 D CoreBackPreview: Window{7f733c u0 com.catchingnow.undo}: Setting back callback OnBackInvokedCallbackInfo{mCallback=android.window.IOnBackInvokedCallback$Stub$Proxy@76c721a, mPriority=0}
08-03 10:06:03.373  1461  1461 W NotificationHistory: Attempted to add notif for locked/gone/disabled user 0
08-03 10:06:04.134  1461 10360 D CoreBackPreview: Window{956fa6c u0 io.github.forkmaintainers.iceraven/io.github.forkmaintainers.iceraven.App}: Setting back callback OnBackInvokedCallbackInfo{mCallback=android.window.IOnBackInvokedCallback$Stub$Proxy@17cc9d2, mPriority=0}
08-03 10:06:04.407  1461  1507 W ActivityManager: Foreground service started from background can not have location/camera/microphone access: service hu.tagsoft.ttorrent.noads/hu.tagsoft.ttorrent.torrentservice.TorrentService
08-03 10:06:05.588  1461 10360 D CoreBackPreview: Window{a4bc12a u0 PopupWindow:d3d4273}: Setting back callback OnBackInvokedCallbackInfo{mCallback=android.window.IOnBackInvokedCallback$Stub$Proxy@fb594b8, mPriority=0}
08-03 10:06:05.608  1461  8951 D CoreBackPreview: Window{a4bc12a u0 PopupWindow:d3d4273}: Setting back callback null
08-03 10:06:05.618  1461 10360 D CoreBackPreview: Window{d7ac6cd u0 PopupWindow:d3d4273}: Setting back callback OnBackInvokedCallbackInfo{mCallback=android.window.IOnBackInvokedCallback$Stub$Proxy@e88f293, mPriority=0}
08-03 10:06:05.880  1461  9076 D CoreBackPreview: Window{d7ac6cd u0 PopupWindow:d3d4273}: Setting back callback null
08-03 10:06:06.099  1461  1461 W AccessibilityManagerService:  wait for adding window timeout: 50
08-03 10:06:06.127  1461  1461 W AccessibilityManagerService:  wait for adding window timeout: 51
08-03 10:06:06.411  1461  2493 W ActivityManager: Foreground service started from background can not have location/camera/microphone access: service hu.tagsoft.ttorrent.noads/hu.tagsoft.ttorrent.torrentservice.TorrentService
08-03 10:06:08.416  1461  8951 W ActivityManager: Foreground service started from background can not have location/camera/microphone access: service hu.tagsoft.ttorrent.noads/hu.tagsoft.ttorrent.torrentservice.TorrentService
08-03 10:06:10.421  1461  8951 W ActivityManager: Foreground service started from background can not have location/camera/microphone access: service hu.tagsoft.ttorrent.noads/hu.tagsoft.ttorrent.torrentservice.TorrentService
08-03 10:06:12.424  1461  2493 W ActivityManager: Foreground service started from background can not have location/camera/microphone access: service hu.tagsoft.ttorrent.noads/hu.tagsoft.ttorrent.torrentservice.TorrentService
08-03 10:06:13.090  1461  1564 W BroadcastQueue: Background execution not allowed: receiving Intent { act=com.catchingnow.tinyclipboardmanager.CLIPBOARD_NOTIFY flg=0x10 (has extras) } to com.catchingnow.tinyclipboardmanager/.sharedlibrary.CommonBroadcastReceiver
08-03 10:06:14.427  1461  1507 W ActivityManager: Foreground service started from background can not have location/camera/microphone access: service hu.tagsoft.ttorrent.noads/hu.tagsoft.ttorrent.torrentservice.TorrentService
08-03 10:06:15.593  1461  2209 D ActivityManager: freezing 3710 com.weather.Weather
08-03 10:06:15.600  1461  2209 D ActivityManager: freezing 4441 com.android.webview:sandboxed_process0:org.chromium.content.app.SandboxedProcessService0:0
08-03 10:06:16.432  1461  8951 W ActivityManager: Foreground service started from background can not have location/camera/microphone access: service hu.tagsoft.ttorrent.noads/hu.tagsoft.ttorrent.torrentservice.TorrentService
08-03 10:06:18.437  1461  9076 W ActivityManager: Foreground service started from background can not have location/camera/microphone access: service hu.tagsoft.ttorrent.noads/hu.tagsoft.ttorrent.torrentservice.TorrentService
08-03 10:06:20.441  1461  9076 W ActivityManager: Foreground service started from background can not have location/camera/microphone access: service hu.tagsoft.ttorrent.noads/hu.tagsoft.ttorrent.torrentservice.TorrentService
08-03 10:06:22.445  1461 10360 W ActivityManager: Foreground service started from background can not have location/camera/microphone access: service hu.tagsoft.ttorrent.noads/hu.tagsoft.ttorrent.torrentservice.TorrentService
08-03 10:06:24.449  1461 10360 W ActivityManager: Foreground service started from background can not have location/camera/microphone access: service hu.tagsoft.ttorrent.noads/hu.tagsoft.ttorrent.torrentservice.TorrentService
08-03 10:06:26.452  1461  2493 W ActivityManager: Foreground service started from background can not have location/camera/microphone access: service hu.tagsoft.ttorrent.noads/hu.tagsoft.ttorrent.torrentservice.TorrentService
08-03 10:06:28.457  1461  2493 W ActivityManager: Foreground service started from background can not have location/camera/microphone access: service hu.tagsoft.ttorrent.noads/hu.tagsoft.ttorrent.torrentservice.TorrentService
08-03 10:06:30.459  1461  1507 W ActivityManager: Foreground service started from background can not have location/camera/microphone access: service hu.tagsoft.ttorrent.noads/hu.tagsoft.ttorrent.torrentservice.TorrentService
08-03 10:06:32.462  1461  1507 W ActivityManager: Foreground service started from background can not have location/camera/microphone access: service hu.tagsoft.ttorrent.noads/hu.tagsoft.ttorrent.torrentservice.TorrentService
08-03 10:06:34.465  1461 10360 W ActivityManager: Foreground service started from background can not have location/camera/microphone access: service hu.tagsoft.ttorrent.noads/hu.tagsoft.ttorrent.torrentservice.TorrentService
08-03 10:06:36.469  1461 10360 W ActivityManager: Foreground service started from background can not have location/camera/microphone access: service hu.tagsoft.ttorrent.noads/hu.tagsoft.ttorrent.torrentservice.TorrentService
08-03 10:06:38.473  1461  9076 W ActivityManager: Foreground service started from background can not have location/camera/microphone access: service hu.tagsoft.ttorrent.noads/hu.tagsoft.ttorrent.torrentservice.TorrentService
08-03 10:06:40.476  1461  2493 W ActivityManager: Foreground service started from background can not have location/camera/microphone access: service hu.tagsoft.ttorrent.noads/hu.tagsoft.ttorrent.torrentservice.TorrentService
08-03 10:06:42.480  1461  2493 W ActivityManager: Foreground service started from background can not have location/camera/microphone access: service hu.tagsoft.ttorrent.noads/hu.tagsoft.ttorrent.torrentservice.TorrentService
08-03 10:06:44.485  1461 10360 W ActivityManager: Foreground service started from background can not have location/camera/microphone access: service hu.tagsoft.ttorrent.noads/hu.tagsoft.ttorrent.torrentservice.TorrentService
08-03 10:06:46.490  1461  2635 W ActivityManager: Foreground service started from background can not have location/camera/microphone access: service hu.tagsoft.ttorrent.noads/hu.tagsoft.ttorrent.torrentservice.TorrentService
08-03 10:06:48.495  1461  8951 W ActivityManager: Foreground service started from background can not have location/camera/microphone access: service hu.tagsoft.ttorrent.noads/hu.tagsoft.ttorrent.torrentservice.TorrentService
08-03 10:06:50.500  1461  8951 W ActivityManager: Foreground service started from background can not have location/camera/microphone access: service hu.tagsoft.ttorrent.noads/hu.tagsoft.ttorrent.torrentservice.TorrentService
08-03 10:06:52.506  1461  8951 W ActivityManager: Foreground service started from background can not have location/camera/microphone access: service hu.tagsoft.ttorrent.noads/hu.tagsoft.ttorrent.torrentservice.TorrentService
08-03 10:06:54.510  1461  8951 W ActivityManager: Foreground service started from background can not have location/camera/microphone access: service hu.tagsoft.ttorrent.noads/hu.tagsoft.ttorrent.torrentservice.TorrentService
08-03 10:06:56.516  1461  9076 W ActivityManager: Foreground service started from background can not have location/camera/microphone access: service hu.tagsoft.ttorrent.noads/hu.tagsoft.ttorrent.torrentservice.TorrentService
08-03 10:06:58.525  1461  8951 W ActivityManager: Foreground service started from background can not have location/camera/microphone access: service hu.tagsoft.ttorrent.noads/hu.tagsoft.ttorrent.torrentservice.TorrentService
08-03 10:07:00.535  1461  2493 W ActivityManager: Foreground service started from background can not have location/camera/microphone access: service hu.tagsoft.ttorrent.noads/hu.tagsoft.ttorrent.torrentservice.TorrentService
08-03 10:07:02.542  1461  8951 W ActivityManager: Foreground service started from background can not have location/camera/microphone access: service hu.tagsoft.ttorrent.noads/hu.tagsoft.ttorrent.torrentservice.TorrentService
08-03 10:07:04.549  1461  9076 W ActivityManager: Foreground service started from background can not have location/camera/microphone access: service hu.tagsoft.ttorrent.noads/hu.tagsoft.ttorrent.torrentservice.TorrentService
08-03 10:07:06.556  1461  2493 W ActivityManager: Foreground service started from background can not have location/camera/microphone access: service hu.tagsoft.ttorrent.noads/hu.tagsoft.ttorrent.torrentservice.TorrentService
08-03 10:07:08.563  1461  2425 W ActivityManager: Foreground service started from background can not have location/camera/microphone access: service hu.tagsoft.ttorrent.noads/hu.tagsoft.ttorrent.torrentservice.TorrentService
08-03 10:07:10.570  1461  9076 W ActivityManager: Foreground service started from background can not have location/camera/microphone access: service hu.tagsoft.ttorrent.noads/hu.tagsoft.ttorrent.torrentservice.TorrentService
08-03 10:07:12.577  1461  2493 W ActivityManager: Foreground service started from background can not have location/camera/microphone access: service hu.tagsoft.ttorrent.noads/hu.tagsoft.ttorrent.torrentservice.TorrentService
08-03 10:07:14.583  1461  2493 W ActivityManager: Foreground service started from background can not have location/camera/microphone access: service hu.tagsoft.ttorrent.noads/hu.tagsoft.ttorrent.torrentservice.TorrentService
08-03 10:07:16.590  1461  2493 W ActivityManager: Foreground service started from background can not have location/camera/microphone access: service hu.tagsoft.ttorrent.noads/hu.tagsoft.ttorrent.torrentservice.TorrentService
08-03 10:07:18.599  1461 10360 W ActivityManager: Foreground service started from background can not have location/camera/microphone access: service hu.tagsoft.ttorrent.noads/hu.tagsoft.ttorrent.torrentservice.TorrentService
08-03 10:07:19.878  1461  1564 D ActivityManager: sync unfroze 4799 me.bluemail.mail
08-03 10:07:19.881  1461  1564 D ActivityManager: sync unfroze 4919 com.android.webview:sandboxed_process0:org.chromium.content.app.SandboxedProcessService0:0
08-03 10:07:20.604  1461  1507 W ActivityManager: Foreground service started from background can not have location/camera/microphone access: service hu.tagsoft.ttorrent.noads/hu.tagsoft.ttorrent.torrentservice.TorrentService
08-03 10:07:22.611  1461  2425 W ActivityManager: Foreground service started from background can not have location/camera/microphone access: service hu.tagsoft.ttorrent.noads/hu.tagsoft.ttorrent.torrentservice.TorrentService
08-03 10:07:24.616  1461  1507 W ActivityManager: Foreground service started from background can not have location/camera/microphone access: service hu.tagsoft.ttorrent.noads/hu.tagsoft.ttorrent.torrentservice.TorrentService
08-03 10:07:26.624  1461 10360 W ActivityManager: Foreground service started from background can not have location/camera/microphone access: service hu.tagsoft.ttorrent.noads/hu.tagsoft.ttorrent.torrentservice.TorrentService
08-03 10:07:28.632  1461  9076 W ActivityManager: Foreground service started from background can not have location/camera/microphone access: service hu.tagsoft.ttorrent.noads/hu.tagsoft.ttorrent.torrentservice.TorrentService
08-03 10:07:30.640  1461  8951 W ActivityManager: Foreground service started from background can not have location/camera/microphone access: service hu.tagsoft.ttorrent.noads/hu.tagsoft.ttorrent.torrentservice.TorrentService
08-03 10:07:32.647  1461  1507 W ActivityManager: Foreground service started from background can not have location/camera/microphone access: service hu.tagsoft.ttorrent.noads/hu.tagsoft.ttorrent.torrentservice.TorrentService
08-03 10:07:34.653  1461  1507 W ActivityManager: Foreground service started from background can not have location/camera/microphone access: service hu.tagsoft.ttorrent.noads/hu.tagsoft.ttorrent.torrentservice.TorrentService
08-03 10:07:36.657  1461 10360 W ActivityManager: Foreground service started from background can not have location/camera/microphone access: service hu.tagsoft.ttorrent.noads/hu.tagsoft.ttorrent.torrentservice.TorrentService
08-03 10:07:38.665  1461 10360 W ActivityManager: Foreground service started from background can not have location/camera/microphone access: service hu.tagsoft.ttorrent.noads/hu.tagsoft.ttorrent.torrentservice.TorrentService
08-03 10:07:40.673  1461  2425 W ActivityManager: Foreground service started from background can not have location/camera/microphone access: service hu.tagsoft.ttorrent.noads/hu.tagsoft.ttorrent.torrentservice.TorrentService
08-03 10:07:42.681  1461  1507 W ActivityManager: Foreground service started from background can not have location/camera/microphone access: service hu.tagsoft.ttorrent.noads/hu.tagsoft.ttorrent.torrentservice.TorrentService
08-03 10:07:44.686  1461  1507 W ActivityManager: Foreground service started from background can not have location/camera/microphone access: service hu.tagsoft.ttorrent.noads/hu.tagsoft.ttorrent.torrentservice.TorrentService
08-03 10:07:46.689  1461  2493 W ActivityManager: Foreground service started from background can not have location/camera/microphone access: service hu.tagsoft.ttorrent.noads/hu.tagsoft.ttorrent.torrentservice.TorrentService
08-03 10:07:48.696  1461  2493 W ActivityManager: Foreground service started from background can not have location/camera/microphone access: service hu.tagsoft.ttorrent.noads/hu.tagsoft.ttorrent.torrentservice.TorrentService
08-03 10:07:50.703  1461  9076 W ActivityManager: Foreground service started from background can not have location/camera/microphone access: service hu.tagsoft.ttorrent.noads/hu.tagsoft.ttorrent.torrentservice.TorrentService
08-03 10:07:52.707  1461  8951 W ActivityManager: Foreground service started from background can not have location/camera/microphone access: service hu.tagsoft.ttorrent.noads/hu.tagsoft.ttorrent.torrentservice.TorrentService
08-03 10:07:54.715  1461  2493 W ActivityManager: Foreground service started from background can not have location/camera/microphone access: service hu.tagsoft.ttorrent.noads/hu.tagsoft.ttorrent.torrentservice.TorrentService
08-03 10:07:56.720  1461  9076 W ActivityManager: Foreground service started from background can not have location/camera/microphone access: service hu.tagsoft.ttorrent.noads/hu.tagsoft.ttorrent.torrentservice.TorrentService
08-03 10:07:58.725  1461  9076 W ActivityManager: Foreground service started from background can not have location/camera/microphone access: service hu.tagsoft.ttorrent.noads/hu.tagsoft.ttorrent.torrentservice.TorrentService
08-03 10:08:00.730  1461  2425 W ActivityManager: Foreground service started from background can not have location/camera/microphone access: service hu.tagsoft.ttorrent.noads/hu.tagsoft.ttorrent.torrentservice.TorrentService
08-03 10:08:02.734  1461  2493 W ActivityManager: Foreground service started from background can not have location/camera/microphone access: service hu.tagsoft.ttorrent.noads/hu.tagsoft.ttorrent.torrentservice.TorrentService
08-03 10:08:04.737  1461  8951 W ActivityManager: Foreground service started from background can not have location/camera/microphone access: service hu.tagsoft.ttorrent.noads/hu.tagsoft.ttorrent.torrentservice.TorrentService
08-03 10:08:06.741  1461  2493 W ActivityManager: Foreground service started from background can not have location/camera/microphone access: service hu.tagsoft.ttorrent.noads/hu.tagsoft.ttorrent.torrentservice.TorrentService
08-03 10:08:08.747  1461 10360 W ActivityManager: Foreground service started from background can not have location/camera/microphone access: service hu.tagsoft.ttorrent.noads/hu.tagsoft.ttorrent.torrentservice.TorrentService
08-03 10:08:10.754  1461  9076 W ActivityManager: Foreground service started from background can not have location/camera/microphone access: service hu.tagsoft.ttorrent.noads/hu.tagsoft.ttorrent.torrentservice.TorrentService
08-03 10:08:12.764  1461  2425 W ActivityManager: Foreground service started from background can not have location/camera/microphone access: service hu.tagsoft.ttorrent.noads/hu.tagsoft.ttorrent.torrentservice.TorrentService
