08-03 11:00:59.622  4919  4926 E ocessService0:0: failed to create Unix domain socket: Operation not permitted
08-03 11:01:00.503     0     0 W sdcardfs: 171 user.relatime: invalid format
08-03 11:01:00.514     0     0 W sdcardfs: 171 user.relatime: invalid format
08-03 11:01:01.026     0     0 I sec_ts 1-0048: [P] tID:0 x:813 y:1728 z:45 major:11 minor:9 tc:1 type:0 noise:0
08-03 11:01:01.038     0     0 I aw8695_activate_store: value=1
08-03 11:01:01.044     0     0 I aw8695_vibrate: value=28, seq=1, index=1
08-03 11:01:01.085     0     0 I aw8695_activate_store: value=0
08-03 11:01:01.092     0     0 I aw8695_vibrate: value=0, seq=1, index=1
08-03 11:01:01.105     0     0 I sec_ts 1-0048: [R] tID:0 mc:8 tc:0 lx:808 ly:1735 v:0000 cal:00 id(0,0) p:0 noise:0 lp:(0)
08-03 11:01:01.240  3571  3571 D Window selected text:: null
08-03 11:01:01.245  3571  3571 D Window selected text:: null
08-03 11:01:01.623  4919  4926 E ocessService0:0: failed to create Unix domain socket: Operation not permitted
08-03 11:01:01.661  3658  3692 I MediaProvider: Scanned external_primary due to REASON_DEMAND, found 1 items in 23ms, 0 inserts 0 updates 0 deletes
08-03 11:01:01.668  3658  3692 I MediaProvider: Open with lower FS for /storage/emulated/0/Torrents. Uid: 10058
08-03 11:01:02.924     0     0 I pm7250b_charger: SMBMMI: mmi_chrg_usb_vin_config: DP DM pulse count = 2
08-03 11:01:02.933     0     0 I pm7250b_charger: SMBMMI: mmi_basic_charge_sm: batt_mv = 4177, batt_ma -103, batt_soc 81, batt_temp 41, usb_mv 4392, dc_mv 0, cp 1, vp 1 dp 0
08-03 11:01:02.947     0     0 I pm7250b_charger: SMBMMI: mmi_basic_charge_sm: Step State = NORMAL, Temp Zone 3, Health 1
08-03 11:01:02.957     0     0 I pm7250b_charger: SMBMMI: mmi_basic_charge_sm: IMPOSED: FV = 4450000, CDIS = 0, FCC = 2000000, USBICL = 3000000
08-03 11:01:02.976     0     0 W healthd : battery l=81 v=4177 t=41.4 h=2 st=2 c=103759 fc=4660000 cc=0 chg=a
08-03 11:01:02.993  2406  3046 D PowerUI : can't show warning due to - plugged: true status unknown: false
08-03 11:01:03.348     0     0 W sdcardfs: 171 user.relatime: invalid format
08-03 11:01:03.623  4919  4926 E ocessService0:0: failed to create Unix domain socket: Operation not permitted
08-03 11:01:03.684     0     0 I sec_ts 1-0048: [P] tID:0 x:629 y:2150 z:40 major:11 minor:10 tc:1 type:0 noise:0
08-03 11:01:03.698     0     0 I aw8695_activate_store: value=1
08-03 11:01:03.704     0     0 I aw8695_vibrate: value=28, seq=1, index=1
08-03 11:01:03.747     0     0 I sec_ts 1-0048: [R] tID:0 mc:3 tc:0 lx:614 ly:2151 v:0000 cal:00 id(0,0) p:0 noise:0 lp:(0)
08-03 11:01:03.749     0     0 I aw8695_activate_store: value=0
08-03 11:01:03.769     0     0 I aw8695_vibrate: value=0, seq=1, index=1
08-03 11:01:03.783  9977 10320 E SpannableStringBuilder: SPAN_EXCLUSIVE_EXCLUSIVE spans cannot have a zero length
08-03 11:01:03.784  9977 10320 E SpannableStringBuilder: SPAN_EXCLUSIVE_EXCLUSIVE spans cannot have a zero length
08-03 11:01:03.811  9977 10322 E SpannableStringBuilder: SPAN_EXCLUSIVE_EXCLUSIVE spans cannot have a zero length
08-03 11:01:03.811  9977 10322 E SpannableStringBuilder: SPAN_EXCLUSIVE_EXCLUSIVE spans cannot have a zero length
08-03 11:01:03.887  3571  3571 D Window selected text:: null
08-03 11:01:03.891  3571  3571 D Window selected text:: null
08-03 11:01:04.019     0     0 I sec_ts 1-0048: [P] tID:0 x:91 y:2012 z:33 major:11 minor:8 tc:1 type:0 noise:0
08-03 11:01:04.032     0     0 I aw8695_activate_store: value=1
08-03 11:01:04.038     0     0 I aw8695_vibrate: value=28, seq=1, index=1
08-03 11:01:04.054     0     0 I sec_ts 1-0048: [R] tID:0 mc:0 tc:0 lx:91 ly:2012 v:0000 cal:00 id(0,0) p:0 noise:0 lp:(0)
08-03 11:01:04.094     0     0 I aw8695_activate_store: value=0
08-03 11:01:04.100     0     0 I aw8695_vibrate: value=0, seq=1, index=1
08-03 11:01:04.477     0     0 I sec_ts 1-0048: [P] tID:0 x:729 y:1986 z:48 major:11 minor:9 tc:1 type:0 noise:0
08-03 11:01:04.490     0     0 I aw8695_activate_store: value=1
08-03 11:01:04.496     0     0 I aw8695_vibrate: value=28, seq=1, index=1
08-03 11:01:04.503     0     0 W sdcardfs: 171 user.relatime: invalid format
08-03 11:01:04.545     0     0 I sec_ts 1-0048: [R] tID:0 mc:3 tc:0 lx:714 ly:1988 v:0000 cal:00 id(0,0) p:0 noise:0 lp:(0)
08-03 11:01:04.545     0     0 I aw8695_activate_store: value=0
08-03 11:01:04.571     0     0 I aw8695_vibrate: value=0, seq=1, index=1
08-03 11:01:04.686  3571  3571 D Window selected text:: null
08-03 11:01:04.688  3571  3571 D Window selected text:: null
08-03 11:01:05.133     0     0 I pm7250b_charger: wdog_bark_irq_handler: IRQ: wdog-bark
08-03 11:01:05.304     0     0 I sec_ts 1-0048: [P] tID:1 x:120 y:1881 z:42 major:11 minor:8 tc:1 type:0 noise:0
08-03 11:01:05.316     0     0 I aw8695_activate_store: value=1
08-03 11:01:05.322     0     0 I aw8695_vibrate: value=28, seq=1, index=1
08-03 11:01:05.366     0     0 I aw8695_activate_store: value=0
08-03 11:01:05.367     0     0 I sec_ts 1-0048: [R] tID:1 mc:0 tc:0 lx:120 ly:1881 v:0000 cal:00 id(0,0) p:0 noise:0 lp:(0)
08-03 11:01:05.383     0     0 I aw8695_vibrate: value=0, seq=1, index=1
08-03 11:01:05.452  9977 10055 I SessionStorage/AutoSave: Save: Periodic
08-03 11:01:05.505  3571  3571 D Window selected text:: null
08-03 11:01:05.508  3571  3571 D Window selected text:: null
08-03 11:01:05.624  4919  4926 E ocessService0:0: failed to create Unix domain socket: Operation not permitted
08-03 11:01:05.884     0     0 I sec_ts 1-0048: [P] tID:0 x:461 y:1736 z:39 major:10 minor:9 tc:1 type:0 noise:0
08-03 11:01:05.897     0     0 I aw8695_activate_store: value=1
08-03 11:01:05.904     0     0 I aw8695_vibrate: value=28, seq=1, index=1
08-03 11:01:05.945     0     0 I aw8695_activate_store: value=0
08-03 11:01:05.954     0     0 I aw8695_vibrate: value=0, seq=1, index=1
08-03 11:01:05.975     0     0 I sec_ts 1-0048: [R] tID:0 mc:6 tc:0 lx:480 ly:1731 v:0000 cal:00 id(0,0) p:0 noise:0 lp:(0)
08-03 11:01:06.119  3571  3571 D Window selected text:: null
08-03 11:01:06.121  3571  3571 D Window selected text:: null
08-03 11:01:06.178  9977  9991 W System  : A resource failed to call Surface.release. 
08-03 11:01:06.286     0     0 I sec_ts 1-0048: [P] tID:0 x:815 y:1682 z:41 major:9 minor:8 tc:1 type:0 noise:0
08-03 11:01:06.298     0     0 I aw8695_activate_store: value=1
08-03 11:01:06.307     0     0 I aw8695_vibrate: value=28, seq=1, index=1
08-03 11:01:06.349     0     0 I sec_ts 1-0048: [R] tID:0 mc:6 tc:0 lx:798 ly:1703 v:0000 cal:00 id(0,0) p:0 noise:0 lp:(0)
08-03 11:01:06.352     0     0 I aw8695_activate_store: value=0
08-03 11:01:06.366     0     0 I aw8695_vibrate: value=0, seq=1, index=1
08-03 11:01:06.491  3571  3571 D Window selected text:: null
08-03 11:01:06.494  3571  3571 D Window selected text:: null
08-03 11:01:06.507     0     0 W sdcardfs: 171 user.relatime: invalid format
08-03 11:01:06.621     0     0 I sec_ts 1-0048: [P] tID:0 x:532 y:2002 z:48 major:11 minor:10 tc:1 type:0 noise:0
08-03 11:01:06.633     0     0 I aw8695_activate_store: value=1
08-03 11:01:06.642     0     0 I aw8695_vibrate: value=28, seq=1, index=1
08-03 11:01:06.685     0     0 I aw8695_activate_store: value=0
08-03 11:01:06.691     0     0 I aw8695_vibrate: value=0, seq=1, index=1
08-03 11:01:06.712     0     0 I sec_ts 1-0048: [R] tID:0 mc:6 tc:0 lx:509 ly:2002 v:0000 cal:00 id(0,0) p:0 noise:0 lp:(0)
08-03 11:01:06.847  3571  3571 D Window selected text:: null
08-03 11:01:06.850  3571  3571 D Window selected text:: null
08-03 11:01:06.962     0     0 I sec_ts 1-0048: [P] tID:0 x:290 y:1740 z:45 major:10 minor:10 tc:1 type:0 noise:0
08-03 11:01:06.974     0     0 I aw8695_activate_store: value=1
08-03 11:01:06.980     0     0 I aw8695_vibrate: value=28, seq=1, index=1
08-03 11:01:07.022     0     0 I aw8695_activate_store: value=0
08-03 11:01:07.025     0     0 I sec_ts 1-0048: [R] tID:0 mc:0 tc:0 lx:290 ly:1740 v:0000 cal:00 id(0,0) p:0 noise:0 lp:(0)
08-03 11:01:07.042     0     0 I aw8695_vibrate: value=0, seq=1, index=1
08-03 11:01:07.158  3571  3571 D Window selected text:: null
08-03 11:01:07.159  3571  3571 D Window selected text:: null
08-03 11:01:07.425     0     0 I pm7250b_charger: wdog_snarl_irq_handler: IRQ: wdog-snarl
08-03 11:01:07.431     0     0 E         : batt power supply prop 4 not supported
08-03 11:01:07.443     0     0 W healthd : battery l=81 v=4094 t=41.4 h=2 st=2 c=-289306 fc=4660000 cc=0 chg=a
08-03 11:01:07.461  2406  3045 D PowerUI : can't show warning due to - plugged: true status unknown: false
08-03 11:01:07.537     0     0 I sec_ts 1-0048: [P] tID:0 x:527 y:2082 z:46 major:10 minor:9 tc:1 type:0 noise:0
08-03 11:01:07.551     0     0 I aw8695_activate_store: value=1
08-03 11:01:07.558     0     0 I aw8695_vibrate: value=28, seq=1, index=1
08-03 11:01:07.602     0     0 I aw8695_activate_store: value=0
08-03 11:01:07.607     0     0 I aw8695_vibrate: value=0, seq=1, index=1
08-03 11:01:07.624  4919  4926 E ocessService0:0: failed to create Unix domain socket: Operation not permitted
08-03 11:01:07.622     0     0 I sec_ts 1-0048: [R] tID:0 mc:4 tc:0 lx:522 ly:2083 v:0000 cal:00 id(0,0) p:0 noise:0 lp:(0)
08-03 11:01:07.652  9977 10320 E SpannableStringBuilder: SPAN_EXCLUSIVE_EXCLUSIVE spans cannot have a zero length
08-03 11:01:07.653  9977 10320 E SpannableStringBuilder: SPAN_EXCLUSIVE_EXCLUSIVE spans cannot have a zero length
08-03 11:01:07.684  9977 11704 E SpannableStringBuilder: SPAN_EXCLUSIVE_EXCLUSIVE spans cannot have a zero length
08-03 11:01:07.685  9977 11704 E SpannableStringBuilder: SPAN_EXCLUSIVE_EXCLUSIVE spans cannot have a zero length
08-03 11:01:07.765  3571  3571 D Window selected text:: null
08-03 11:01:07.767  3571  3571 D Window selected text:: null
08-03 11:01:08.042     0     0 I pm7250b_charger: SMBMMI: mmi_chrg_usb_vin_config: DP DM pulse count = 2
08-03 11:01:08.051     0     0 I pm7250b_charger: SMBMMI: mmi_basic_charge_sm: batt_mv = 4093, batt_ma 400, batt_soc 81, batt_temp 41, usb_mv 4395, dc_mv 0, cp 1, vp 1 dp 0
08-03 11:01:08.065     0     0 I pm7250b_charger: SMBMMI: mmi_basic_charge_sm: Step State = NORMAL, Temp Zone 3, Health 1
08-03 11:01:08.074     0     0 I pm7250b_charger: SMBMMI: mmi_basic_charge_sm: IMPOSED: FV = 4450000, CDIS = 0, FCC = 2000000, USBICL = 3000000
08-03 11:01:08.093     0     0 W healthd : battery l=81 v=4093 t=41.4 h=2 st=2 c=-400085 fc=4660000 cc=0 chg=a
08-03 11:01:08.107  2406  3324 D PowerUI : can't show warning due to - plugged: true status unknown: false
08-03 11:01:08.419     0     0 I sec_ts 1-0048: [P] tID:0 x:434 y:1855 z:43 major:11 minor:10 tc:1 type:0 noise:0
08-03 11:01:08.431     0     0 I aw8695_activate_store: value=1
08-03 11:01:08.440     0     0 I aw8695_vibrate: value=28, seq=1, index=1
08-03 11:01:08.482     0     0 I aw8695_activate_store: value=0
08-03 11:01:08.482     0     0 I sec_ts 1-0048: [R] tID:0 mc:3 tc:0 lx:430 ly:1856 v:0000 cal:00 id(0,0) p:0 noise:0 lp:(0)
08-03 11:01:08.497     0     0 I aw8695_vibrate: value=0, seq=1, index=1
08-03 11:01:08.619  3571  3571 D Window selected text:: null
08-03 11:01:08.623  3571  3571 D Window selected text:: null
08-03 11:01:08.655     0     0 I sec_ts 1-0048: [P] tID:2 x:125 y:1890 z:36 major:11 minor:8 tc:1 type:0 noise:0
08-03 11:01:08.669     0     0 I aw8695_activate_store: value=1
08-03 11:01:08.675     0     0 I aw8695_vibrate: value=28, seq=1, index=1
08-03 11:01:08.717     0     0 I sec_ts 1-0048: [R] tID:2 mc:0 tc:0 lx:125 ly:1890 v:0000 cal:00 id(0,0) p:0 noise:0 lp:(0)
08-03 11:01:08.729     0     0 I aw8695_activate_store: value=0
08-03 11:01:08.737     0     0 I aw8695_vibrate: value=0, seq=1, index=1
08-03 11:01:08.857  3571  3571 D Window selected text:: null
08-03 11:01:08.859  3571  3571 D Window selected text:: null
08-03 11:01:09.028     0     0 I sec_ts 1-0048: [P] tID:0 x:795 y:1683 z:42 major:10 minor:10 tc:1 type:0 noise:0
08-03 11:01:09.041     0     0 I aw8695_activate_store: value=1
08-03 11:01:09.051     0     0 I aw8695_vibrate: value=28, seq=1, index=1
08-03 11:01:09.096     0     0 I aw8695_activate_store: value=0
08-03 11:01:09.103     0     0 I aw8695_vibrate: value=0, seq=1, index=1
08-03 11:01:09.135     0     0 I sec_ts 1-0048: [R] tID:0 mc:4 tc:0 lx:781 ly:1712 v:0000 cal:00 id(0,0) p:0 noise:0 lp:(0)
08-03 11:01:09.273  3571  3571 D Window selected text:: null
08-03 11:01:09.277  3571  3571 D Window selected text:: null
08-03 11:01:09.314     0     0 I sec_ts 1-0048: [P] tID:0 x:922 y:1852 z:33 major:9 minor:8 tc:1 type:0 noise:0
08-03 11:01:09.326     0     0 I aw8695_activate_store: value=1
08-03 11:01:09.333     0     0 I aw8695_vibrate: value=28, seq=1, index=1
08-03 11:01:09.376     0     0 I aw8695_activate_store: value=0
08-03 11:01:09.382     0     0 I aw8695_vibrate: value=0, seq=1, index=1
08-03 11:01:09.426     0     0 I sec_ts 1-0048: [R] tID:0 mc:7 tc:0 lx:916 ly:1854 v:0000 cal:00 id(0,0) p:0 noise:0 lp:(0)
08-03 11:01:09.558  3571  3571 D Window selected text:: null
08-03 11:01:09.561  3571  3571 D Window selected text:: null
08-03 11:01:09.625  4919  4926 E ocessService0:0: failed to create Unix domain socket: Operation not permitted
08-03 11:01:09.636     0     0 I sec_ts 1-0048: [P] tID:0 x:681 y:1695 z:48 major:10 minor:10 tc:1 type:0 noise:0
08-03 11:01:09.650     0     0 I aw8695_activate_store: value=1
08-03 11:01:09.659     0     0 I aw8695_vibrate: value=28, seq=1, index=1
08-03 11:01:09.702     0     0 I aw8695_activate_store: value=0
08-03 11:01:09.709     0     0 I aw8695_vibrate: value=0, seq=1, index=1
08-03 11:01:09.727     0     0 I sec_ts 1-0048: [R] tID:0 mc:3 tc:0 lx:665 ly:1703 v:0000 cal:00 id(0,0) p:0 noise:0 lp:(0)
08-03 11:01:09.805     0     0 I timerfd_poll: comm:hvdcp_opti pid:2227 exp:4751045
08-03 11:01:09.861  3571  3571 D Window selected text:: null
08-03 11:01:09.867  3571  3571 D Window selected text:: null
08-03 11:01:09.950     0     0 I sec_ts 1-0048: [P] tID:0 x:368 y:1713 z:42 major:11 minor:10 tc:1 type:0 noise:0
08-03 11:01:09.962     0     0 I aw8695_activate_store: value=1
08-03 11:01:09.968     0     0 I aw8695_vibrate: value=28, seq=1, index=1
08-03 11:01:10.013     0     0 I aw8695_activate_store: value=0
08-03 11:01:10.019     0     0 I aw8695_vibrate: value=0, seq=1, index=1
08-03 11:01:10.023     0     0 I sec_ts 1-0048: [R] tID:0 mc:0 tc:0 lx:368 ly:1713 v:0000 cal:00 id(0,0) p:0 noise:0 lp:(0)
08-03 11:01:10.151  3571  3571 D Window selected text:: null
08-03 11:01:10.154  3571  3571 D Window selected text:: null
08-03 11:01:10.168     0     0 I sec_ts 1-0048: [P] tID:1 x:249 y:1752 z:39 major:10 minor:10 tc:1 type:0 noise:0
08-03 11:01:10.182     0     0 I aw8695_activate_store: value=1
08-03 11:01:10.188     0     0 I aw8695_vibrate: value=28, seq=1, index=1
08-03 11:01:10.232     0     0 I aw8695_activate_store: value=0
08-03 11:01:10.239     0     0 I aw8695_vibrate: value=0, seq=1, index=1
08-03 11:01:10.258     0     0 I sec_ts 1-0048: [R] tID:1 mc:10 tc:0 lx:243 ly:1752 v:0000 cal:00 id(0,0) p:0 noise:0 lp:(0)
08-03 11:01:10.389  3571  3571 D Window selected text:: null
08-03 11:01:10.388     0     0 I pm7250b_charger: default_irq_handler: IRQ: input-current-limiting
08-03 11:01:10.389     0     0 I pm7250b_charger: default_irq_handler: IRQ: aicl-done
08-03 11:01:10.396     0     0 I pm7250b_charger: default_irq_handler: IRQ: input-current-limiting
08-03 11:01:10.411  3571  3571 D Window selected text:: null
08-03 11:01:11.207     0     0 I sec_ts 1-0048: [P] tID:2 x:88 y:2143 z:29 major:10 minor:7 tc:1 type:0 noise:0
08-03 11:01:11.222     0     0 I aw8695_activate_store: value=1
08-03 11:01:11.233     0     0 I aw8695_vibrate: value=28, seq=1, index=1
08-03 11:01:11.279     0     0 I sec_ts 1-0048: [R] tID:2 mc:5 tc:0 lx:84 ly:2130 v:0000 cal:00 id(0,0) p:0 noise:0 lp:(0)
08-03 11:01:11.279     0     0 I aw8695_activate_store: value=0
08-03 11:01:11.306     0     0 I aw8695_vibrate: value=0, seq=1, index=1
08-03 11:01:11.399     0     0 I pm7250b_charger: smblib_icl_change_work: icl_settled=750000
08-03 11:01:11.409     0     0 W healthd : battery l=81 v=4087 t=41.4 h=2 st=2 c=-543823 fc=4660000 cc=0 chg=a
08-03 11:01:11.426  2406  2994 D PowerUI : can't show warning due to - plugged: true status unknown: false
08-03 11:01:11.625  4919  4926 E ocessService0:0: failed to create Unix domain socket: Operation not permitted
08-03 11:01:11.693  3658  3692 I MediaProvider: Scanned external_primary due to REASON_DEMAND, found 1 items in 21ms, 0 inserts 0 updates 0 deletes
08-03 11:01:11.699  3658  3692 I MediaProvider: Open with lower FS for /storage/emulated/0/Torrents. Uid: 10058
08-03 11:01:11.819     0     0 I sec_ts 1-0048: [P] tID:0 x:804 y:1984 z:44 major:10 minor:10 tc:1 type:0 noise:0
08-03 11:01:11.832     0     0 I aw8695_activate_store: value=1
08-03 11:01:11.839     0     0 I aw8695_vibrate: value=28, seq=1, index=1
08-03 11:01:11.882     0     0 I aw8695_activate_store: value=0
08-03 11:01:11.882     0     0 I sec_ts 1-0048: [R] tID:0 mc:3 tc:0 lx:801 ly:1995 v:0000 cal:00 id(0,0) p:0 noise:0 lp:(0)
08-03 11:01:11.900     0     0 I aw8695_vibrate: value=0, seq=1, index=1
08-03 11:01:11.991  3605  3620 I riform.ccleaner: Background concurrent copying GC freed 257582(15MB) AllocSpace objects, 35(1996KB) LOS objects, 49% free, 8141KB/15MB, paused 44us,62us total 121.924ms
08-03 11:01:12.021  3571  3571 D Window selected text:: null
08-03 11:01:12.023  3571  3571 D Window selected text:: null
08-03 11:01:12.108  3631  3631 V BillingManager: onBillingSetupFinished: success:false
08-03 11:01:12.108  3631  3631 W BillingManager: Can't connect to Billing server. Error: 3, debug: Billing service unavailable on device.
08-03 11:01:12.516     0     0 W sdcardfs: 171 user.relatime: invalid format
08-03 11:01:13.162     0     0 I pm7250b_charger: SMBMMI: mmi_chrg_usb_vin_config: DP DM pulse count = 2
08-03 11:01:13.170     0     0 I pm7250b_charger: SMBMMI: mmi_basic_charge_sm: batt_mv = 4119, batt_ma 171, batt_soc 81, batt_temp 41, usb_mv 4393, dc_mv 0, cp 1, vp 1 dp 0
08-03 11:01:13.185     0     0 I pm7250b_charger: SMBMMI: mmi_basic_charge_sm: Step State = NORMAL, Temp Zone 3, Health 1
08-03 11:01:13.194     0     0 I pm7250b_charger: SMBMMI: mmi_basic_charge_sm: IMPOSED: FV = 4450000, CDIS = 0, FCC = 2000000, USBICL = 3000000
08-03 11:01:13.224     0     0 W healthd : battery l=81 v=4119 t=41.4 h=2 st=2 c=-171814 fc=4660000 cc=0 chg=a
08-03 11:01:13.238  2406  2989 D PowerUI : can't show warning due to - plugged: true status unknown: false
08-03 11:01:13.626  4919  4926 E ocessService0:0: failed to create Unix domain socket: Operation not permitted
08-03 11:01:14.020  3658  3899 I FuseDaemon: Threshold exceeded - fadvising 67182592
08-03 11:01:14.020  3658  3899 I FuseDaemon: Threshold now 33181696
08-03 11:01:14.571     0     0 I sec_ts 1-0048: [P] tID:1 x:570 y:2154 z:48 major:11 minor:11 tc:1 type:0 noise:0
08-03 11:01:14.584     0     0 I aw8695_activate_store: value=1
08-03 11:01:14.590     0     0 I aw8695_vibrate: value=28, seq=1, index=1
08-03 11:01:14.632     0     0 I aw8695_activate_store: value=0
08-03 11:01:14.639     0     0 I aw8695_vibrate: value=0, seq=1, index=1
08-03 11:01:14.662     0     0 I sec_ts 1-0048: [R] tID:1 mc:1 tc:0 lx:569 ly:2152 v:0000 cal:00 id(0,0) p:0 noise:0 lp:(0)
08-03 11:01:14.719  9977 10320 E SpannableStringBuilder: SPAN_EXCLUSIVE_EXCLUSIVE spans cannot have a zero length
08-03 11:01:14.719  9977 10320 E SpannableStringBuilder: SPAN_EXCLUSIVE_EXCLUSIVE spans cannot have a zero length
08-03 11:01:14.721  9977 11704 E SpannableStringBuilder: SPAN_EXCLUSIVE_EXCLUSIVE spans cannot have a zero length
08-03 11:01:14.721  9977 11704 E SpannableStringBuilder: SPAN_EXCLUSIVE_EXCLUSIVE spans cannot have a zero length
08-03 11:01:14.792  3571  3571 D Window selected text:: null
08-03 11:01:14.795  3571  3571 D Window selected text:: null
08-03 11:01:14.936     0     0 I sec_ts 1-0048: [P] tID:1 x:82 y:2152 z:34 major:11 minor:7 tc:1 type:0 noise:0
08-03 11:01:14.948     0     0 I aw8695_activate_store: value=1
08-03 11:01:14.956     0     0 I aw8695_vibrate: value=28, seq=1, index=1
08-03 11:01:14.992     0     0 I sec_ts 1-0048: [R] tID:1 mc:2 tc:0 lx:81 ly:2148 v:0000 cal:00 id(0,0) p:0 noise:0 lp:(0)
08-03 11:01:15.002     0     0 I aw8695_activate_store: value=0
08-03 11:01:15.007  9977 10320 E SpannableStringBuilder: SPAN_EXCLUSIVE_EXCLUSIVE spans cannot have a zero length
08-03 11:01:15.008  9977 10320 E SpannableStringBuilder: SPAN_EXCLUSIVE_EXCLUSIVE spans cannot have a zero length
08-03 11:01:15.012  9977 10427 E SpannableStringBuilder: SPAN_EXCLUSIVE_EXCLUSIVE spans cannot have a zero length
08-03 11:01:15.013  9977 10427 E SpannableStringBuilder: SPAN_EXCLUSIVE_EXCLUSIVE spans cannot have a zero length
08-03 11:01:15.009     0     0 I aw8695_vibrate: value=0, seq=1, index=1
08-03 11:01:15.371     0     0 I sec_ts 1-0048: [P] tID:1 x:95 y:1970 z:34 major:11 minor:7 tc:1 type:0 noise:0
08-03 11:01:15.386     0     0 I aw8695_activate_store: value=1
08-03 11:01:15.395     0     0 I aw8695_vibrate: value=28, seq=1, index=1
08-03 11:01:15.432     0     0 I sec_ts 1-0048: [R] tID:1 mc:0 tc:0 lx:95 ly:1970 v:0000 cal:00 id(0,0) p:0 noise:0 lp:(0)
08-03 11:01:15.442     0     0 I aw8695_activate_store: value=0
08-03 11:01:15.449     0     0 I aw8695_vibrate: value=0, seq=1, index=1
08-03 11:01:15.608     0     0 I pm7250b_charger: wdog_snarl_irq_handler: IRQ: wdog-snarl
08-03 11:01:15.615     0     0 E         : batt power supply prop 4 not supported
08-03 11:01:15.626  4919  4926 E ocessService0:0: failed to create Unix domain socket: Operation not permitted
08-03 11:01:15.630     0     0 W healthd : battery l=81 v=4119 t=41.4 h=2 st=2 c=-227050 fc=4660000 cc=0 chg=a
08-03 11:01:15.645  2406  2995 D PowerUI : can't show warning due to - plugged: true status unknown: false
08-03 11:01:15.723     0     0 I sec_ts 1-0048: [P] tID:1 x:109 y:1840 z:37 major:11 minor:7 tc:1 type:0 noise:0
08-03 11:01:15.736     0     0 I aw8695_activate_store: value=1
08-03 11:01:15.742     0     0 I aw8695_vibrate: value=28, seq=1, index=1
08-03 11:01:15.773     0     0 I sec_ts 1-0048: [R] tID:1 mc:5 tc:0 lx:107 ly:1844 v:0000 cal:00 id(0,0) p:0 noise:0 lp:(0)
08-03 11:01:15.785     0     0 I aw8695_activate_store: value=0
08-03 11:01:15.796     0     0 I aw8695_vibrate: value=0, seq=1, index=1
08-03 11:01:15.907  3571  3571 D Window selected text:: null
08-03 11:01:15.909  3571  3571 D Window selected text:: null
08-03 11:01:16.145     0     0 I sec_ts 1-0048: [P] tID:0 x:720 y:1962 z:47 major:11 minor:11 tc:1 type:0 noise:0
08-03 11:01:16.158     0     0 I aw8695_activate_store: value=1
08-03 11:01:16.164     0     0 I aw8695_vibrate: value=28, seq=1, index=1
08-03 11:01:16.206     0     0 I aw8695_activate_store: value=0
08-03 11:01:16.212     0     0 I aw8695_vibrate: value=0, seq=1, index=1
08-03 11:01:16.236     0     0 I sec_ts 1-0048: [R] tID:0 mc:1 tc:0 lx:715 ly:1959 v:0000 cal:00 id(0,0) p:0 noise:0 lp:(0)
08-03 11:01:16.371  3571  3571 D Window selected text:: null
08-03 11:01:16.373  3571  3571 D Window selected text:: null
08-03 11:01:16.491     0     0 I sec_ts 1-0048: [P] tID:0 x:325 y:1844 z:40 major:11 minor:10 tc:1 type:0 noise:0
08-03 11:01:16.504     0     0 I aw8695_activate_store: value=1
08-03 11:01:16.510     0     0 I aw8695_vibrate: value=28, seq=1, index=1
08-03 11:01:16.549     0     0 I sec_ts 1-0048: [R] tID:0 mc:2 tc:0 lx:323 ly:1846 v:0000 cal:00 id(0,0) p:0 noise:0 lp:(0)
08-03 11:01:16.559     0     0 I aw8695_activate_store: value=0
08-03 11:01:16.566     0     0 I aw8695_vibrate: value=0, seq=1, index=1
08-03 11:01:16.679  3571  3571 D Window selected text:: null
08-03 11:01:16.680  3571  3571 D Window selected text:: null
08-03 11:01:16.826     0     0 I sec_ts 1-0048: [P] tID:1 x:531 y:2090 z:45 major:10 minor:9 tc:1 type:0 noise:0
08-03 11:01:16.838     0     0 I aw8695_activate_store: value=1
08-03 11:01:16.846     0     0 I aw8695_vibrate: value=28, seq=1, index=1
08-03 11:01:16.888     0     0 I aw8695_activate_store: value=0
08-03 11:01:16.894     0     0 I aw8695_vibrate: value=0, seq=1, index=1
08-03 11:01:16.894     0     0 I sec_ts 1-0048: [R] tID:1 mc:0 tc:0 lx:531 ly:2090 v:0000 cal:00 id(0,0) p:0 noise:0 lp:(0)
08-03 11:01:16.928  9977 10320 E SpannableStringBuilder: SPAN_EXCLUSIVE_EXCLUSIVE spans cannot have a zero length
08-03 11:01:16.928  9977 10320 E SpannableStringBuilder: SPAN_EXCLUSIVE_EXCLUSIVE spans cannot have a zero length
08-03 11:01:16.960  9977 10322 E SpannableStringBuilder: SPAN_EXCLUSIVE_EXCLUSIVE spans cannot have a zero length
08-03 11:01:16.960  9977 10322 E SpannableStringBuilder: SPAN_EXCLUSIVE_EXCLUSIVE spans cannot have a zero length
08-03 11:01:17.032  3571  3571 D Window selected text:: null
08-03 11:01:17.034  3571  3571 D Window selected text:: null
08-03 11:01:17.211     0     0 I sec_ts 1-0048: [P] tID:0 x:789 y:1692 z:41 major:11 minor:9 tc:1 type:0 noise:0
08-03 11:01:17.222     0     0 I aw8695_activate_store: value=1
08-03 11:01:17.228     0     0 I aw8695_vibrate: value=28, seq=1, index=1
08-03 11:01:17.272     0     0 I aw8695_activate_store: value=0
08-03 11:01:17.278     0     0 I aw8695_vibrate: value=0, seq=1, index=1
08-03 11:01:17.291     0     0 I sec_ts 1-0048: [R] tID:0 mc:4 tc:0 lx:755 ly:1705 v:0000 cal:00 id(0,0) p:0 noise:0 lp:(0)
08-03 11:01:17.423  3571  3571 D Window selected text:: null
08-03 11:01:17.425  3571  3571 D Window selected text:: null
08-03 11:01:17.627  4919  4926 E ocessService0:0: failed to create Unix domain socket: Operation not permitted
08-03 11:01:17.652     0     0 I sec_ts 1-0048: [P] tID:1 x:224 y:1859 z:40 major:10 minor:9 tc:1 type:0 noise:0
08-03 11:01:17.665     0     0 I aw8695_activate_store: value=1
08-03 11:01:17.671     0     0 I aw8695_vibrate: value=28, seq=1, index=1
08-03 11:01:17.715     0     0 I aw8695_activate_store: value=0
08-03 11:01:17.721     0     0 I aw8695_vibrate: value=0, seq=1, index=1
08-03 11:01:17.726     0     0 I sec_ts 1-0048: [R] tID:1 mc:11 tc:0 lx:212 ly:1860 v:0000 cal:00 id(0,0) p:0 noise:0 lp:(0)
08-03 11:01:17.861  3571  3571 D Window selected text:: null
08-03 11:01:17.862  3571  3571 D Window selected text:: null
08-03 11:01:18.211     0     0 I sec_ts 1-0048: [P] tID:0 x:554 y:2136 z:45 major:9 minor:9 tc:1 type:0 noise:0
08-03 11:01:18.222     0     0 I aw8695_activate_store: value=1
08-03 11:01:18.230     0     0 I aw8695_vibrate: value=28, seq=1, index=1
08-03 11:01:18.272     0     0 I aw8695_activate_store: value=0
08-03 11:01:18.274     0     0 I sec_ts 1-0048: [R] tID:0 mc:0 tc:0 lx:554 ly:2136 v:0000 cal:00 id(0,0) p:0 noise:0 lp:(0)
08-03 11:01:18.288     0     0 I pm7250b_charger: SMBMMI: mmi_chrg_usb_vin_config: DP DM pulse count = 2
08-03 11:01:18.290     0     0 I aw8695_vibrate: value=0, seq=1, index=1
08-03 11:01:18.307  9977 10320 E SpannableStringBuilder: SPAN_EXCLUSIVE_EXCLUSIVE spans cannot have a zero length
08-03 11:01:18.307  9977 10320 E SpannableStringBuilder: SPAN_EXCLUSIVE_EXCLUSIVE spans cannot have a zero length
08-03 11:01:18.305     0     0 I pm7250b_charger: SMBMMI: mmi_basic_charge_sm: batt_mv = 4111, batt_ma 225, batt_soc 81, batt_temp 41, usb_mv 4400, dc_mv 0, cp 1, vp 1 dp 0
08-03 11:01:18.321     0     0 I pm7250b_charger: SMBMMI: mmi_basic_charge_sm: Step State = NORMAL, Temp Zone 3, Health 1
08-03 11:01:18.330     0     0 I pm7250b_charger: SMBMMI: mmi_basic_charge_sm: IMPOSED: FV = 4450000, CDIS = 0, FCC = 2000000, USBICL = 3000000
08-03 11:01:18.339  9977 10322 E SpannableStringBuilder: SPAN_EXCLUSIVE_EXCLUSIVE spans cannot have a zero length
08-03 11:01:18.339  9977 10322 E SpannableStringBuilder: SPAN_EXCLUSIVE_EXCLUSIVE spans cannot have a zero length
08-03 11:01:18.350     0     0 W healthd : battery l=81 v=4069 t=41.4 h=2 st=2 c=-436401 fc=4660000 cc=0 chg=a
08-03 11:01:18.366  2406  3186 D PowerUI : can't show warning due to - plugged: true status unknown: false
08-03 11:01:18.414  3571  3571 D Window selected text:: null
08-03 11:01:18.416  3571  3571 D Window selected text:: null
08-03 11:01:18.590     0     0 I sec_ts 1-0048: [P] tID:1 x:497 y:1699 z:38 major:10 minor:8 tc:1 type:0 noise:0
08-03 11:01:18.602     0     0 I aw8695_activate_store: value=1
08-03 11:01:18.610     0     0 I aw8695_vibrate: value=28, seq=1, index=1
08-03 11:01:18.652     0     0 I aw8695_activate_store: value=0
08-03 11:01:18.658     0     0 I aw8695_vibrate: value=0, seq=1, index=1
08-03 11:01:18.681     0     0 I sec_ts 1-0048: [R] tID:1 mc:6 tc:0 lx:485 ly:1699 v:0000 cal:00 id(0,0) p:0 noise:0 lp:(0)
08-03 11:01:18.809  3571  3571 D Window selected text:: null
08-03 11:01:18.810  3571  3571 D Window selected text:: null
08-03 11:01:18.914     0     0 I sec_ts 1-0048: [P] tID:0 x:630 y:1869 z:44 major:10 minor:9 tc:1 type:0 noise:0
08-03 11:01:18.926     0     0 I aw8695_activate_store: value=1
08-03 11:01:18.934     0     0 I aw8695_vibrate: value=28, seq=1, index=1
08-03 11:01:18.971     0     0 I sec_ts 1-0048: [R] tID:0 mc:0 tc:0 lx:630 ly:1869 v:0000 cal:00 id(0,0) p:0 noise:0 lp:(0)
08-03 11:01:18.981     0     0 I aw8695_activate_store: value=0
08-03 11:01:18.987     0     0 I aw8695_vibrate: value=0, seq=1, index=1
08-03 11:01:19.105  3571  3571 D Window selected text:: null
08-03 11:01:19.107  3571  3571 D Window selected text:: null
08-03 11:01:19.260     0     0 I sec_ts 1-0048: [P] tID:0 x:808 y:1689 z:49 major:11 minor:11 tc:1 type:0 noise:0
08-03 11:01:19.273     0     0 I aw8695_activate_store: value=1
08-03 11:01:19.279     0     0 I aw8695_vibrate: value=28, seq=1, index=1
08-03 11:01:19.322     0     0 I aw8695_activate_store: value=0
08-03 11:01:19.328     0     0 I aw8695_vibrate: value=0, seq=1, index=1
08-03 11:01:19.362     0     0 I sec_ts 1-0048: [R] tID:0 mc:7 tc:0 lx:749 ly:1717 v:0000 cal:00 id(0,0) p:0 noise:0 lp:(0)
08-03 11:01:19.422     0     0 W sdcardfs: 171 user.relatime: invalid format
08-03 11:01:19.498  3571  3571 D Window selected text:: null
08-03 11:01:19.501  3571  3571 D Window selected text:: null
08-03 11:01:19.591     0     0 I sec_ts 1-0048: [P] tID:1 x:220 y:1892 z:32 major:10 minor:9 tc:1 type:0 noise:0
08-03 11:01:19.603     0     0 I aw8695_activate_store: value=1
08-03 11:01:19.611     0     0 I aw8695_vibrate: value=28, seq=1, index=1
08-03 11:01:19.627  4919  4926 E ocessService0:0: failed to create Unix domain socket: Operation not permitted
08-03 11:01:19.655     0     0 I aw8695_activate_store: value=0
08-03 11:01:19.662     0     0 I aw8695_vibrate: value=0, seq=1, index=1
08-03 11:01:19.675     0     0 I sec_ts 1-0048: [R] tID:1 mc:0 tc:0 lx:220 ly:1892 v:0000 cal:00 id(0,0) p:0 noise:0 lp:(0)
08-03 11:01:19.806  3571  3571 D Window selected text:: null
08-03 11:01:19.808  3571  3571 D Window selected text:: null
08-03 11:01:20.192     0     0 I sec_ts 1-0048: [P] tID:0 x:592 y:2122 z:46 major:10 minor:9 tc:1 type:0 noise:0
08-03 11:01:20.204     0     0 I aw8695_activate_store: value=1
08-03 11:01:20.210     0     0 I aw8695_vibrate: value=28, seq=1, index=1
08-03 11:01:20.252     0     0 I aw8695_activate_store: value=0
08-03 11:01:20.261     0     0 I aw8695_vibrate: value=0, seq=1, index=1
08-03 11:01:20.267     0     0 I sec_ts 1-0048: [R] tID:0 mc:0 tc:0 lx:592 ly:2122 v:0000 cal:00 id(0,0) p:0 noise:0 lp:(0)
08-03 11:01:20.299  9977 10320 E SpannableStringBuilder: SPAN_EXCLUSIVE_EXCLUSIVE spans cannot have a zero length
08-03 11:01:20.299  9977 10320 E SpannableStringBuilder: SPAN_EXCLUSIVE_EXCLUSIVE spans cannot have a zero length
08-03 11:01:20.319  9977 10322 E SpannableStringBuilder: SPAN_EXCLUSIVE_EXCLUSIVE spans cannot have a zero length
08-03 11:01:20.319  9977 10322 E SpannableStringBuilder: SPAN_EXCLUSIVE_EXCLUSIVE spans cannot have a zero length
08-03 11:01:20.403  3571  3571 D Window selected text:: null
08-03 11:01:20.404  3571  3571 D Window selected text:: null
08-03 11:01:21.340  3605  3620 I riform.ccleaner: Background concurrent copying GC freed 232109(7316KB) AllocSpace objects, 4(80KB) LOS objects, 49% free, 8929KB/17MB, paused 101us,1.456ms total 124.434ms
08-03 11:01:21.628  4919  4926 E ocessService0:0: failed to create Unix domain socket: Operation not permitted
08-03 11:01:21.712  3658  3692 I MediaProvider: Scanned external_primary due to REASON_DEMAND, found 1 items in 18ms, 0 inserts 0 updates 0 deletes
08-03 11:01:21.716  3658  3692 I MediaProvider: Open with lower FS for /storage/emulated/0/Torrents. Uid: 10058
08-03 11:01:22.395     0     0 I sec_ts 1-0048: [P] tID:2 x:103 y:1842 z:27 major:9 minor:5 tc:1 type:0 noise:0
08-03 11:01:22.407     0     0 I aw8695_activate_store: value=1
08-03 11:01:22.416     0     0 I aw8695_vibrate: value=28, seq=1, index=1
08-03 11:01:22.458     0     0 I aw8695_activate_store: value=0
08-03 11:01:22.465     0     0 I aw8695_vibrate: value=0, seq=1, index=1
08-03 11:01:22.511     0     0 I sec_ts 1-0048: [R] tID:2 mc:10 tc:0 lx:114 ly:1842 v:0000 cal:00 id(0,0) p:0 noise:0 lp:(0)
08-03 11:01:22.643  3571  3571 D Window selected text:: null
08-03 11:01:22.645  3571  3571 D Window selected text:: null
08-03 11:01:22.979     0     0 I sec_ts 1-0048: [P] tID:0 x:564 y:2115 z:45 major:11 minor:10 tc:1 type:0 noise:0
08-03 11:01:22.990     0     0 I aw8695_activate_store: value=1
08-03 11:01:22.999     0     0 I aw8695_vibrate: value=28, seq=1, index=1
08-03 11:01:23.042     0     0 I aw8695_activate_store: value=0
08-03 11:01:23.049     0     0 I aw8695_vibrate: value=0, seq=1, index=1
08-03 11:01:23.070     0     0 I sec_ts 1-0048: [R] tID:0 mc:0 tc:0 lx:564 ly:2115 v:0000 cal:00 id(0,0) p:0 noise:0 lp:(0)
08-03 11:01:23.102  9977 10320 E SpannableStringBuilder: SPAN_EXCLUSIVE_EXCLUSIVE spans cannot have a zero length
08-03 11:01:23.103  9977 10320 E SpannableStringBuilder: SPAN_EXCLUSIVE_EXCLUSIVE spans cannot have a zero length
08-03 11:01:23.136  9977 10322 E SpannableStringBuilder: SPAN_EXCLUSIVE_EXCLUSIVE spans cannot have a zero length
08-03 11:01:23.136  9977 10322 E SpannableStringBuilder: SPAN_EXCLUSIVE_EXCLUSIVE spans cannot have a zero length
08-03 11:01:23.206  3571  3571 D Window selected text:: null
08-03 11:01:23.208  3571  3571 D Window selected text:: null
08-03 11:01:23.402     0     0 I pm7250b_charger: SMBMMI: mmi_chrg_usb_vin_config: DP DM pulse count = 2
08-03 11:01:23.411     0     0 I pm7250b_charger: SMBMMI: mmi_basic_charge_sm: batt_mv = 4124, batt_ma 180, batt_soc 81, batt_temp 41, usb_mv 4405, dc_mv 0, cp 1, vp 1 dp 0
08-03 11:01:23.425     0     0 I pm7250b_charger: SMBMMI: mmi_basic_charge_sm: Step State = NORMAL, Temp Zone 3, Health 1
08-03 11:01:23.427     0     0 I sec_ts 1-0048: [P] tID:1 x:87 y:1978 z:33 major:11 minor:7 tc:1 type:0 noise:0
08-03 11:01:23.434     0     0 I pm7250b_charger: SMBMMI: mmi_basic_charge_sm: IMPOSED: FV = 4450000, CDIS = 0, FCC = 2000000, USBICL = 3000000
08-03 11:01:23.463     0     0 I aw8695_activate_store: value=1
08-03 11:01:23.466     0     0 W healthd : battery l=81 v=4095 t=41.4 h=2 st=2 c=-298156 fc=4660000 cc=0 chg=a
08-03 11:01:23.476     0     0 I pm7250b_charger: default_irq_handler: IRQ: usbin-collapse
08-03 11:01:23.477     0     0 I pm7250b_charger: default_irq_handler: IRQ: aicl-done
08-03 11:01:23.482     0     0 I aw8695_vibrate: value=28, seq=1, index=1
08-03 11:01:23.482     0     0 I pm7250b_charger: default_irq_handler: IRQ: usbin-collapse
08-03 11:01:23.510  2406  3322 D PowerUI : can't show warning due to - plugged: true status unknown: false
08-03 11:01:23.511     0     0 I sec_ts 1-0048: [R] tID:1 mc:3 tc:0 lx:88 ly:1980 v:0000 cal:00 id(0,0) p:0 noise:0 lp:(0)
08-03 11:01:23.525     0     0 I aw8695_activate_store: value=0
08-03 11:01:23.531     0     0 I aw8695_vibrate: value=0, seq=1, index=1
08-03 11:01:23.557     0     0 I pm7250b_charger: default_irq_handler: IRQ: usbin-collapse
08-03 11:01:23.558     0     0 I pm7250b_charger: default_irq_handler: IRQ: aicl-done
08-03 11:01:23.564     0     0 I pm7250b_charger: default_irq_handler: IRQ: usbin-collapse
08-03 11:01:23.628  4919  4926 E ocessService0:0: failed to create Unix domain socket: Operation not permitted
08-03 11:01:23.788     0     0 I sec_ts 1-0048: [P] tID:0 x:957 y:1854 z:40 major:10 minor:9 tc:1 type:0 noise:0
08-03 11:01:23.797     0     0 I pm7250b_charger: wdog_snarl_irq_handler: IRQ: wdog-snarl
08-03 11:01:23.797     0     0 E         : batt power supply prop 4 not supported
08-03 11:01:23.810     0     0 I aw8695_activate_store: value=1
08-03 11:01:23.815     0     0 W healthd : battery l=81 v=4177 t=41.4 h=2 st=2 c=136413 fc=4660000 cc=0 chg=a
08-03 11:01:23.816     0     0 I aw8695_vibrate: value=28, seq=1, index=1
08-03 11:01:23.836  2406  3046 D PowerUI : can't show warning due to - plugged: true status unknown: false
08-03 11:01:23.869     0     0 I aw8695_activate_store: value=0
08-03 11:01:23.877     0     0 I aw8695_vibrate: value=0, seq=1, index=1
08-03 11:01:23.880     0     0 I sec_ts 1-0048: [R] tID:0 mc:0 tc:0 lx:957 ly:1854 v:0000 cal:00 id(0,0) p:0 noise:0 lp:(0)
08-03 11:01:24.018  3571  3571 D Window selected text:: null
08-03 11:01:24.023  3571  3571 D Window selected text:: null
08-03 11:01:24.493     0     0 I pm7250b_charger: smblib_icl_change_work: icl_settled=750000
08-03 11:01:24.503     0     0 W healthd : battery l=81 v=4143 t=41.4 h=2 st=2 c=-173339 fc=4660000 cc=0 chg=a
08-03 11:01:24.518  2406  3045 D PowerUI : can't show warning due to - plugged: true status unknown: false
08-03 11:01:24.621     0     0 I sec_ts 1-0048: [P] tID:0 x:276 y:1478 z:45 major:10 minor:10 tc:1 type:0 noise:0
08-03 11:01:24.695     0     0 I sec_ts 1-0048: [R] tID:0 mc:0 tc:0 lx:276 ly:1478 v:0000 cal:00 id(0,0) p:0 noise:0 lp:(0)
08-03 11:01:24.708     0     0 I aw8695_activate_store: value=1
08-03 11:01:24.716     0     0 I aw8695_vibrate: value=28, seq=1, index=1
08-03 11:01:24.763     0     0 I aw8695_activate_store: value=0
08-03 11:01:24.769  9977 10320 E SpannableStringBuilder: SPAN_EXCLUSIVE_EXCLUSIVE spans cannot have a zero length
08-03 11:01:24.773  9977 10320 E SpannableStringBuilder: SPAN_EXCLUSIVE_EXCLUSIVE spans cannot have a zero length
08-03 11:01:24.774  9977 10322 E SpannableStringBuilder: SPAN_EXCLUSIVE_EXCLUSIVE spans cannot have a zero length
08-03 11:01:24.774  9977 10322 E SpannableStringBuilder: SPAN_EXCLUSIVE_EXCLUSIVE spans cannot have a zero length
08-03 11:01:24.769     0     0 I aw8695_vibrate: value=0, seq=1, index=1
08-03 11:01:24.856  3571  3571 D Window selected text:: null
08-03 11:01:24.858  3571  3571 D Window selected text:: null
08-03 11:01:25.470     0     0 I sec_ts 1-0048: [P] tID:1 x:253 y:1725 z:34 major:9 minor:8 tc:1 type:0 noise:0
08-03 11:01:25.482     0     0 I aw8695_activate_store: value=1
08-03 11:01:25.492     0     0 I aw8695_vibrate: value=28, seq=1, index=1
08-03 11:01:25.538     0     0 I aw8695_activate_store: value=0
08-03 11:01:25.544     0     0 I aw8695_vibrate: value=0, seq=1, index=1
08-03 11:01:25.572     0     0 I sec_ts 1-0048: [R] tID:1 mc:0 tc:0 lx:253 ly:1725 v:0000 cal:00 id(0,0) p:0 noise:0 lp:(0)
08-03 11:01:25.629  4919  4926 E ocessService0:0: failed to create Unix domain socket: Operation not permitted
08-03 11:01:25.706  3571  3571 D Window selected text:: null
08-03 11:01:25.711  3571  3571 D Window selected text:: null
08-03 11:01:25.827     0     0 I sec_ts 1-0048: [P] tID:0 x:372 y:1708 z:40 major:10 minor:10 tc:1 type:0 noise:0
08-03 11:01:25.840     0     0 I aw8695_activate_store: value=1
08-03 11:01:25.847     0     0 I aw8695_vibrate: value=28, seq=1, index=1
08-03 11:01:25.884     0     0 I sec_ts 1-0048: [R] tID:0 mc:0 tc:0 lx:372 ly:1708 v:0000 cal:00 id(0,0) p:0 noise:0 lp:(0)
08-03 11:01:25.889     0     0 I aw8695_activate_store: value=0
08-03 11:01:25.901     0     0 I aw8695_vibrate: value=0, seq=1, index=1
08-03 11:01:25.978     0     0 I sec_ts 1-0048: [P] tID:0 x:379 y:1720 z:40 major:10 minor:9 tc:1 type:0 noise:0
08-03 11:01:25.989     0     0 I aw8695_activate_store: value=1
08-03 11:01:25.995     0     0 I aw8695_vibrate: value=28, seq=1, index=1
08-03 11:01:26.022  3571  3571 D Window selected text:: null
08-03 11:01:26.023  3571  3571 D Window selected text:: null
08-03 11:01:26.039     0     0 I aw8695_activate_store: value=0
08-03 11:01:26.041     0     0 I sec_ts 1-0048: [R] tID:0 mc:0 tc:0 lx:379 ly:1720 v:0000 cal:00 id(0,0) p:0 noise:0 lp:(0)
08-03 11:01:26.055     0     0 I aw8695_vibrate: value=0, seq=1, index=1
08-03 11:01:26.090  1797  1876 I ThermalEngine: Monitor:ACTIVE:REPORT-BACK-TEMP:report=1:BACK_TEMP=45066
08-03 11:01:26.090  1797  1876 I ThermalEngine: ACTION: REPORT - Sensor 'BACK_TEMP' - temperature 45066, threshold level 1, is_trigger true
08-03 11:01:26.179  3571  3571 D Window selected text:: null
08-03 11:01:26.182  3571  3571 D Window selected text:: null
08-03 11:01:26.534  9977  9991 W System  : A resource failed to call Surface.release. 
08-03 11:01:26.643     0     0 I sec_ts 1-0048: [P] tID:0 x:906 y:1690 z:42 major:10 minor:9 tc:1 type:0 noise:0
08-03 11:01:26.655     0     0 I aw8695_activate_store: value=1
08-03 11:01:26.662     0     0 I aw8695_vibrate: value=28, seq=1, index=1
08-03 11:01:26.706     0     0 I aw8695_activate_store: value=0
08-03 11:01:26.712     0     0 I sec_ts 1-0048: [R] tID:0 mc:3 tc:0 lx:893 ly:1695 v:0000 cal:00 id(0,0) p:0 noise:0 lp:(0)
08-03 11:01:26.723     0     0 I aw8695_vibrate: value=0, seq=1, index=1
08-03 11:01:26.845  3571  3571 D Window selected text:: null
08-03 11:01:26.850  3571  3571 D Window selected text:: null
08-03 11:01:26.978     0     0 I sec_ts 1-0048: [P] tID:0 x:373 y:1716 z:43 major:11 minor:10 tc:1 type:0 noise:0
08-03 11:01:26.992     0     0 I aw8695_activate_store: value=1
08-03 11:01:27.002     0     0 I aw8695_vibrate: value=28, seq=1, index=1
08-03 11:01:27.048     0     0 I aw8695_activate_store: value=0
08-03 11:01:27.052     0     0 I sec_ts 1-0048: [R] tID:0 mc:3 tc:0 lx:374 ly:1719 v:0000 cal:00 id(0,0) p:0 noise:0 lp:(0)
08-03 11:01:27.065     0     0 I aw8695_vibrate: value=0, seq=1, index=1
08-03 11:01:27.194  3571  3571 D Window selected text:: null
08-03 11:01:27.196  3571  3571 D Window selected text:: null
08-03 11:01:27.392     0     0 I sec_ts 1-0048: [P] tID:0 x:571 y:2072 z:45 major:11 minor:10 tc:1 type:0 noise:0
08-03 11:01:27.404     0     0 I aw8695_activate_store: value=1
08-03 11:01:27.411     0     0 I aw8695_vibrate: value=28, seq=1, index=1
08-03 11:01:27.456     0     0 I aw8695_activate_store: value=0
08-03 11:01:27.461     0     0 I aw8695_vibrate: value=0, seq=1, index=1
08-03 11:01:27.494     0     0 I sec_ts 1-0048: [R] tID:0 mc:3 tc:0 lx:620 ly:1999 v:0000 cal:00 id(0,0) p:0 noise:0 lp:(0)
08-03 11:01:27.533  9977 10320 E SpannableStringBuilder: SPAN_EXCLUSIVE_EXCLUSIVE spans cannot have a zero length
08-03 11:01:27.534  9977 10320 E SpannableStringBuilder: SPAN_EXCLUSIVE_EXCLUSIVE spans cannot have a zero length
08-03 11:01:27.560  9977 10322 E SpannableStringBuilder: SPAN_EXCLUSIVE_EXCLUSIVE spans cannot have a zero length
08-03 11:01:27.560  9977 10322 E SpannableStringBuilder: SPAN_EXCLUSIVE_EXCLUSIVE spans cannot have a zero length
08-03 11:01:27.629  4919  4926 E ocessService0:0: failed to create Unix domain socket: Operation not permitted
08-03 11:01:27.638  3571  3571 D Window selected text:: null
08-03 11:01:27.640  3571  3571 D Window selected text:: null
08-03 11:01:27.710     0     0 I sec_ts 1-0048: [P] tID:0 x:897 y:1712 z:42 major:11 minor:10 tc:1 type:0 noise:0
08-03 11:01:27.723     0     0 I aw8695_activate_store: value=1
08-03 11:01:27.730     0     0 I aw8695_vibrate: value=28, seq=1, index=1
08-03 11:01:27.775     0     0 I aw8695_activate_store: value=0
08-03 11:01:27.783     0     0 I aw8695_vibrate: value=0, seq=1, index=1
08-03 11:01:27.801     0     0 I sec_ts 1-0048: [R] tID:0 mc:5 tc:0 lx:886 ly:1713 v:0000 cal:00 id(0,0) p:0 noise:0 lp:(0)
08-03 11:01:27.937  3571  3571 D Window selected text:: null
08-03 11:01:27.941  3571  3571 D Window selected text:: null
08-03 11:01:28.056     0     0 I sec_ts 1-0048: [P] tID:1 x:374 y:1748 z:36 major:9 minor:7 tc:1 type:0 noise:0
08-03 11:01:28.069     0     0 I aw8695_activate_store: value=1
08-03 11:01:28.076     0     0 I aw8695_vibrate: value=28, seq=1, index=1
08-03 11:01:28.080     0     0 I sec_ts 1-0048: [R] tID:1 mc:0 tc:0 lx:374 ly:1748 v:0000 cal:00 id(0,0) p:0 noise:0 lp:(0)
08-03 11:01:28.135     0     0 I aw8695_activate_store: value=0
08-03 11:01:28.142     0     0 I aw8695_vibrate: value=0, seq=1, index=1
08-03 11:01:28.220  3571  3571 D Window selected text:: null
08-03 11:01:28.221  3571  3571 D Window selected text:: null
08-03 11:01:28.523     0     0 I pm7250b_charger: SMBMMI: mmi_chrg_usb_vin_config: DP DM pulse count = 2
08-03 11:01:28.531     0     0 I pm7250b_charger: SMBMMI: mmi_basic_charge_sm: batt_mv = 4156, batt_ma 2, batt_soc 81, batt_temp 41, usb_mv 4416, dc_mv 0, cp 1, vp 1 dp 0
08-03 11:01:28.545     0     0 I pm7250b_charger: SMBMMI: mmi_basic_charge_sm: Step State = NORMAL, Temp Zone 3, Health 1
08-03 11:01:28.548     0     0 I sec_ts 1-0048: [P] tID:0 x:538 y:2098 z:38 major:10 minor:8 tc:1 type:0 noise:0
08-03 11:01:28.555     0     0 I pm7250b_charger: SMBMMI: mmi_basic_charge_sm: IMPOSED: FV = 4450000, CDIS = 0, FCC = 2000000, USBICL = 3000000
08-03 11:01:28.580     0     0 I aw8695_activate_store: value=1
08-03 11:01:28.581     0     0 W healthd : battery l=81 v=4065 t=41.5 h=2 st=2 c=-406189 fc=4660000 cc=0 chg=a
08-03 11:01:28.589     0     0 I aw8695_vibrate: value=28, seq=1, index=1
08-03 11:01:28.603  2406  3324 D PowerUI : can't show warning due to - plugged: true status unknown: false
08-03 11:01:28.635     0     0 I aw8695_activate_store: value=0
08-03 11:01:28.642     0     0 I aw8695_vibrate: value=0, seq=1, index=1
08-03 11:01:28.661     0     0 I sec_ts 1-0048: [R] tID:0 mc:0 tc:0 lx:538 ly:2098 v:0000 cal:00 id(0,0) p:0 noise:0 lp:(0)
08-03 11:01:28.690  9977 10320 E SpannableStringBuilder: SPAN_EXCLUSIVE_EXCLUSIVE spans cannot have a zero length
08-03 11:01:28.690  9977 10320 E SpannableStringBuilder: SPAN_EXCLUSIVE_EXCLUSIVE spans cannot have a zero length
08-03 11:01:28.726  9977 10054 E SpannableStringBuilder: SPAN_EXCLUSIVE_EXCLUSIVE spans cannot have a zero length
08-03 11:01:28.726  9977 10054 E SpannableStringBuilder: SPAN_EXCLUSIVE_EXCLUSIVE spans cannot have a zero length
08-03 11:01:28.796  3571  3571 D Window selected text:: null
08-03 11:01:28.799  3571  3571 D Window selected text:: null
08-03 11:01:29.031     0     0 I sec_ts 1-0048: [P] tID:1 x:122 y:1840 z:32 major:9 minor:8 tc:1 type:0 noise:0
08-03 11:01:29.043     0     0 I aw8695_activate_store: value=1
08-03 11:01:29.044     0     0 W sdcardfs: 171 user.relatime: invalid format
08-03 11:01:29.049     0     0 I aw8695_vibrate: value=28, seq=1, index=1
08-03 11:01:29.095     0     0 I aw8695_activate_store: value=0
08-03 11:01:29.103     0     0 I aw8695_vibrate: value=0, seq=1, index=1
08-03 11:01:29.114     0     0 I sec_ts 1-0048: [R] tID:1 mc:4 tc:0 lx:123 ly:1838 v:0000 cal:00 id(0,0) p:0 noise:0 lp:(0)
08-03 11:01:29.246  3571  3571 D Window selected text:: null
08-03 11:01:29.251  3571  3571 D Window selected text:: null
08-03 11:01:29.442     0     0 I sec_ts 1-0048: [P] tID:0 x:721 y:1992 z:43 major:10 minor:9 tc:1 type:0 noise:0
08-03 11:01:29.455     0     0 I aw8695_activate_store: value=1
08-03 11:01:29.463     0     0 I aw8695_vibrate: value=28, seq=1, index=1
08-03 11:01:29.505     0     0 I aw8695_activate_store: value=0
08-03 11:01:29.512     0     0 I aw8695_vibrate: value=0, seq=1, index=1
08-03 11:01:29.538     0     0 I sec_ts 1-0048: [R] tID:0 mc:9 tc:0 lx:715 ly:1999 v:0000 cal:00 id(0,0) p:0 noise:0 lp:(0)
08-03 11:01:29.629  4919  4926 E ocessService0:0: failed to create Unix domain socket: Operation not permitted
08-03 11:01:29.674  3571  3571 D Window selected text:: null
08-03 11:01:29.670     0     0 I sec_ts 1-0048: [P] tID:0 x:550 y:2119 z:43 major:10 minor:10 tc:1 type:0 noise:0
08-03 11:01:29.681  3571  3571 D Window selected text:: null
08-03 11:01:29.684     0     0 I aw8695_activate_store: value=1
08-03 11:01:29.691     0     0 I aw8695_vibrate: value=28, seq=1, index=1
08-03 11:01:29.735     0     0 I aw8695_activate_store: value=0
08-03 11:01:29.742     0     0 I aw8695_vibrate: value=0, seq=1, index=1
08-03 11:01:29.773     0     0 I sec_ts 1-0048: [R] tID:0 mc:9 tc:0 lx:538 ly:2119 v:0000 cal:00 id(0,0) p:0 noise:0 lp:(0)
08-03 11:01:29.801  9977 10320 E SpannableStringBuilder: SPAN_EXCLUSIVE_EXCLUSIVE spans cannot have a zero length
08-03 11:01:29.802  9977 10320 E SpannableStringBuilder: SPAN_EXCLUSIVE_EXCLUSIVE spans cannot have a zero length
08-03 11:01:29.831  9977 10054 E SpannableStringBuilder: SPAN_EXCLUSIVE_EXCLUSIVE spans cannot have a zero length
08-03 11:01:29.831  9977 10054 E SpannableStringBuilder: SPAN_EXCLUSIVE_EXCLUSIVE spans cannot have a zero length
08-03 11:01:29.907  3571  3571 D Window selected text:: null
08-03 11:01:29.909  3571  3571 D Window selected text:: null
08-03 11:01:29.946     0     0 I sec_ts 1-0048: [P] tID:1 x:92 y:1973 z:36 major:12 minor:8 tc:1 type:0 noise:0
08-03 11:01:29.959     0     0 I aw8695_activate_store: value=1
08-03 11:01:29.965     0     0 I aw8695_vibrate: value=28, seq=1, index=1
08-03 11:01:30.012     0     0 I aw8695_activate_store: value=0
08-03 11:01:30.019     0     0 I sec_ts 1-0048: [R] tID:1 mc:0 tc:0 lx:92 ly:1973 v:0000 cal:00 id(0,0) p:0 noise:0 lp:(0)
08-03 11:01:30.030     0     0 I aw8695_vibrate: value=0, seq=1, index=1
08-03 11:01:30.354     0     0 I sec_ts 1-0048: [P] tID:1 x:108 y:1863 z:40 major:11 minor:7 tc:1 type:0 noise:0
08-03 11:01:30.367     0     0 I aw8695_activate_store: value=1
08-03 11:01:30.373     0     0 I aw8695_vibrate: value=28, seq=1, index=1
08-03 11:01:30.418     0     0 I aw8695_activate_store: value=0
08-03 11:01:30.425     0     0 I aw8695_vibrate: value=0, seq=1, index=1
