08-03 11:02:08.636  9977 10002 D GeckoIdleService: Get idle time: time since reset 1220 msec
08-03 11:02:08.636  9977 10002 D GeckoIdleService: Idle timer callback: current idle time 1220 msec
08-03 11:02:08.636  9977 10002 D GeckoIdleService: next timeout 3779 msec from now
08-03 11:02:08.636  9977 10002 D GeckoIdleService: SetTimerExpiryIfBefore: next timeout 3779 msec from now
08-03 11:02:08.636  9977 10002 D GeckoIdleService: reset timer expiry to 3789 msec from now
08-03 11:02:08.737     0     0 I sec_ts 1-0048: [P] tID:0 x:900 y:1798 z:41 major:10 minor:10 tc:1 type:0 noise:0
08-03 11:02:08.914  3571  3571 D stopWindow: findFocus not editable
08-03 11:02:09.119  3571  3571 D stopWindow: findFocus not editable
08-03 11:02:09.482     0     0 I pm7250b_charger: SMBMMI: mmi_chrg_usb_vin_config: DP DM pulse count = 2
08-03 11:02:09.490     0     0 I pm7250b_charger: SMBMMI: mmi_basic_charge_sm: batt_mv = 4062, batt_ma 484, batt_soc 81, batt_temp 41, usb_mv 4444, dc_mv 0, cp 1, vp 1 dp 0
08-03 11:02:09.505     0     0 I pm7250b_charger: SMBMMI: mmi_basic_charge_sm: Step State = NORMAL, Temp Zone 3, Health 1
08-03 11:02:09.522  3571  3571 D stopWindow: findFocus not editable
08-03 11:02:09.515     0     0 I pm7250b_charger: SMBMMI: mmi_basic_charge_sm: IMPOSED: FV = 4450000, CDIS = 0, FCC = 2000000, USBICL = 3000000
08-03 11:02:09.537     0     0 W healthd : battery l=81 v=4062 t=41.6 h=2 st=2 c=-484924 fc=4660000 cc=0 chg=a
08-03 11:02:09.551  2406  3324 D PowerUI : can't show warning due to - plugged: true status unknown: false
08-03 11:02:09.639  4919  4926 E ocessService0:0: failed to create Unix domain socket: Operation not permitted
08-03 11:02:09.715     0     0 I sec_ts 1-0048: [R] tID:0 mc:170 tc:0 lx:975 ly:1150 v:0000 cal:00 id(0,0) p:0 noise:0 lp:(0)
08-03 11:02:09.733  3571  3571 D stopWindow: findFocus not editable
08-03 11:02:09.820     0     0 I timerfd_poll: comm:hvdcp_opti pid:2227 exp:4811060
08-03 11:02:09.835  3571  3571 D stopWindow: findFocus not editable
08-03 11:02:09.957  3571  3571 D stopWindow: findFocus not editable
08-03 11:02:10.147     0     0 I qcom_rpmh DRV: apps_rsc TCS Busy, retrying RPMH message send: addr=0x50000
08-03 11:02:10.534     0     0 W sdcardfs: 171 user.relatime: invalid format
08-03 11:02:10.602     0     0 I pm7250b_charger: wdog_bark_irq_handler: IRQ: wdog-bark
08-03 11:02:10.620     0     0 I pm7250b_charger: default_irq_handler: IRQ: aicl-done
08-03 11:02:10.620     0     0 I pm7250b_charger: default_irq_handler: IRQ: usbin-collapse
08-03 11:02:11.403  3571  3571 D Window selected text:: null
08-03 11:02:11.407  3571  3571 D stopWindow: findFocus not editable
08-03 11:02:11.640  4919  4926 E ocessService0:0: failed to create Unix domain socket: Operation not permitted
08-03 11:02:11.640     0     0 I pm7250b_charger: smblib_icl_change_work: icl_settled=750000
08-03 11:02:11.653     0     0 W healthd : battery l=81 v=4110 t=41.6 h=2 st=2 c=-226440 fc=4660000 cc=0 chg=a
08-03 11:02:11.669  2406  2994 D PowerUI : can't show warning due to - plugged: true status unknown: false
08-03 11:02:11.919  3658  3692 I MediaProvider: Scanned external_primary due to REASON_DEMAND, found 1 items in 35ms, 0 inserts 0 updates 0 deletes
08-03 11:02:11.926  3658  3692 I MediaProvider: Open with lower FS for /storage/emulated/0/Torrents. Uid: 10058
08-03 11:02:12.011     0     0 I pm7250b_charger: default_irq_handler: IRQ: usbin-collapse
08-03 11:02:12.012     0     0 I pm7250b_charger: default_irq_handler: IRQ: aicl-done
08-03 11:02:12.018     0     0 I pm7250b_charger: default_irq_handler: IRQ: usbin-collapse
08-03 11:02:12.121     0     0 W         : Report pwrkey press event at: 2023-08-03 15:02:12 UTC
08-03 11:02:12.128     0     0 I PMIC input: code=116, status=0x05
08-03 11:02:12.132     0     0 I pm7250b_charger: default_irq_handler: IRQ: usbin-collapse
08-03 11:02:12.132     0     0 I pm7250b_charger: default_irq_handler: IRQ: aicl-done
08-03 11:02:12.137  1461  1555 D CompatibilityChangeReporter: Compat change id reported: 173031413; UID 1000; state: ENABLED
08-03 11:02:12.137  1461  1555 D CompatibilityChangeReporter: Compat change id reported: 173031413; UID 1000; state: DISABLED
08-03 11:02:12.139     0     0 I pm7250b_charger: default_irq_handler: IRQ: usbin-collapse
08-03 11:02:12.139     0     0 I pm7250b_charger: default_irq_handler: IRQ: usbin-collapse
08-03 11:02:12.145     0     0 I pm7250b_charger: default_irq_handler: IRQ: aicl-done
08-03 11:02:12.173     0     0 I pm7250b_charger: default_irq_handler: IRQ: usbin-collapse
08-03 11:02:12.174     0     0 I pm7250b_charger: default_irq_handler: IRQ: aicl-done
08-03 11:02:12.180     0     0 I pm7250b_charger: default_irq_handler: IRQ: usbin-collapse
08-03 11:02:12.194     0     0 I pm7250b_charger: default_irq_handler: IRQ: usbin-collapse
08-03 11:02:12.195     0     0 I pm7250b_charger: default_irq_handler: IRQ: aicl-done
08-03 11:02:12.201     0     0 I pm7250b_charger: default_irq_handler: IRQ: usbin-collapse
08-03 11:02:12.290     0     0 W         : Report pwrkey release event at: 2023-08-03 15:02:12 UTC
08-03 11:02:12.297     0     0 I PMIC input: code=116, status=0x04
08-03 11:02:12.303  1461  1461 I SideFpsEventHandler: notifyPowerPressed
08-03 11:02:12.303  1461  1461 I FingerprintManager: onPowerPressed
08-03 11:02:12.304  1461  1461 D WindowManager: powerPress: eventTime=4813372 interactive=true count=1 beganFromNonInteractive=false mShortPressOnPowerBehavior=1
08-03 11:02:12.305  1461  1461 I PowerGroup: Powering off display group due to power_button (groupId= 0, uid= 1000, millisSinceLastUserActivity=2478, lastUserActivityEvent=touch)...
08-03 11:02:12.305  1461  1461 I PowerManagerService: Going to sleep due to power_button (uid 1000, screenOffTimeout=120000, activityTimeoutWM=-1, maxDimRatio=0.20000005, maxDimDur=7000)...
08-03 11:02:12.308  1461  1461 E Fingerprint21: onPowerPressed not supported for HIDL clients
08-03 11:02:12.310   904   904 I SDM     : HWCDisplay::GetColorModeCount: Supported color mode count = 3
08-03 11:02:12.310   904   904 I SDM     : HWCDisplay::GetColorModes: Color mode = 0 is supported
08-03 11:02:12.310   904   904 I SDM     : HWCDisplay::GetColorModes: Color mode = 7 is supported
08-03 11:02:12.310   904   904 I SDM     : HWCDisplay::GetColorModes: Color mode = 9 is supported
08-03 11:02:12.312  1461  1461 I ActivityManager: Killing 11254:com.android.cellbroadcastreceiver.module/u0a132 (adj 995): empty for 1919s
08-03 11:02:12.325  1461  1601 I libprocessgroup: Successfully killed process cgroup uid 10132 pid 11254 in 11ms
08-03 11:02:12.325  1318  1318 D AudioFlinger: AUDIO_OUTPUT_FLAG_FAST denied: sharedBuffer=0xb400007c91735570 frameCount=0 mFrameCount=192 format=0x1 mFormat=0x5 isLinear=1 channelMask=0x3 sampleRate=44100 mSampleRate=48000 hasFastMixer=1 tid=13147 fastTrackAvailMask=0xfe
08-03 11:02:12.328  1318  1318 D AF::TrackHandle: OpPlayAudio: track:89 usage:13 not muted
08-03 11:02:12.331  1217  3447 D audio_hw_primary: start_output_stream: enter: stream(0xf2c00010)usecase(1: low-latency-playback) devices(0x2) is_haptic_usecase(0)
08-03 11:02:12.332  1217  3447 E audio_hw_extn: audio_extn_perf_lock_acquire: Incorrect params, Failed to acquire perf lock, err 
08-03 11:02:12.332  1217  3447 D audio_hw_primary: select_devices for use case (low-latency-playback)
08-03 11:02:12.332  1217  3447 I msm8974_platform: platform_check_and_set_codec_backend_cfg:becf: afe: bitwidth 16, samplerate 48000 channels 2, backend_idx 0 usecase = 1 device (speaker)
08-03 11:02:12.332  1217  3447 D msm8974_platform: platform_split_snd_device: snd_device(2) num devices(1) new_snd_devices(0)
08-03 11:02:12.332  1217  3447 I msm8974_platform: platform_check_and_set_codec_backend_cfg: new_snd_devices[0] is 2
08-03 11:02:12.332  1217  3447 I msm8974_platform: platform_check_codec_backend_cfg:becf: afe: bitwidth 16, samplerate 48000 channels 2, backend_idx 0 usecase = 1 device (speaker)
08-03 11:02:12.332  1217  3447 D audio_hw_extn: audio_extn_enable_hifi_filter: mixer_value set 0
08-03 11:02:12.332  1217  3447 D msm8974_platform: platform_check_codec_backend_cfg:becf: updated afe: bitwidth 16, samplerate 48000 channels 2,backend_idx 0 usecase = 1 device (speaker)
08-03 11:02:12.332  1217  3447 D msm8974_platform: platform_check_codec_backend_cfg:becf: afe: playback on codec device not supporting native playback set default Sample Rate(48k)
08-03 11:02:12.332  1217  3447 I msm8974_platform: platform_check_codec_backend_cfg:becf: afe: Codec selected backend: 0 updated bit width: 16 and sample rate: 48000
08-03 11:02:12.332  1217  3447 D audio_hw_primary: check_usecases_codec_backend:becf: force routing 0
08-03 11:02:12.332  1217  3447 E msm8974_platform: platform_check_backends_match: Invalid snd_device = 
08-03 11:02:12.332  1217  3447 D audio_hw_primary: check_usecases_codec_backend:becf: (78) check_usecases curr device: speaker, usecase device: backends match 0
08-03 11:02:12.332  1217  3447 D audio_hw_primary: check_usecases_codec_backend:becf: check_usecases num.of Usecases to switch 0
08-03 11:02:12.332  1217  3447 D hardware_info: hw_info_append_hw_type : device_name = speaker
08-03 11:02:12.332  1217  3447 D msm8974_platform: platform_split_snd_device: snd_device(2) num devices(0) new_snd_devices(0)
08-03 11:02:12.332  1217  3447 D audio_hw_primary: enable_snd_device: snd_device(2: speaker)
08-03 11:02:12.332  1217  3447 D msm8974_platform: platform_get_island_cfg_on_device:island cfg status on snd_device = (speaker 0)
08-03 11:02:12.332  1217  3447 D audio_route: Apply path: speaker
08-03 11:02:12.338  1217  3447 I audio_hw_utils: audio_extn_utils_update_stream_output_app_type_cfg Allowing 24 and above bits playback on speaker ONLY at default sampling rate
08-03 11:02:12.338  1217  3447 W audio_hw_utils: audio_extn_utils_update_stream_output_app_type_cfg: App type could not be selected. Falling back to default
08-03 11:02:12.338  1217  3447 D audio_hw_utils: audio_extn_utils_send_app_type_cfg: usecase->out_snd_device speaker
08-03 11:02:12.338  1217  3447 D msm8974_platform: platform_split_snd_device: snd_device(2) num devices(0) new_snd_devices(0)
08-03 11:02:12.338  1217  3447 D audio_hw_utils: audio_extn_btsco_get_sample_rate:Not a BT SCO device, need not update sampling rate
08-03 11:02:12.338  1217  3447 I audio_hw_utils: send_app_type_cfg_for_device PLAYBACK app_type 69936, acdb_dev_id 14, sample_rate 48000, snd_device_be_idx 178
08-03 11:02:12.339  1217  3447 D msm8974_platform: platform_split_snd_device: snd_device(2) num devices(1) new_snd_devices(0)
08-03 11:02:12.339  1217  3447 D audio_hw_utils: audio_extn_btsco_get_sample_rate:Not a BT SCO device, need not update sampling rate
08-03 11:02:12.339  1217  3447 D ACDB-LOADER: ACDB -> send_audio_cal, acdb_id = 14, path = 0, app id = 0x11130, sample rate = 48000, afe_sample_rate = 48000
08-03 11:02:12.339  1217  3447 D ACDB-LOADER: ACDB -> send_asm_topology
08-03 11:02:12.339  1217  3447 D ACDB-LOADER: ACDB -> ACDB_CMD_GET_AUDPROC_STREAM_TOPOLOGY_ID
08-03 11:02:12.339  1217  3447 D ACDB-LOADER: ACDB -> send_adm_topology
08-03 11:02:12.339  1217  3447 D ACDB-LOADER: ACDB -> ACDB_CMD_GET_AUDPROC_COMMON_TOPOLOGY_ID
08-03 11:02:12.339  1217  3447 D ACDB-LOADER: ACDB -> send_audtable
08-03 11:02:12.339  1217  3447 D ACDB-LOADER: ACDB -> ACDB_CMD_GET_AUDPROC_INSTANCE_COMMON_TABLE_SIZE
08-03 11:02:12.340  1217  3447 D ACDB-LOADER: ACDB -> ACDB_CMD_GET_AUDPROC_INSTANCE_COMMON_TABLE
08-03 11:02:12.340  1217  3447 D ACDB-LOADER: ACDB -> AUDIO_SET_AUDPROC_CAL cal_type[11] acdb_id[14] app_type[69936]
08-03 11:02:12.340  1217  3447 D ACDB-LOADER: ACDB -> send_audvoltable
08-03 11:02:12.340  1217  3447 D ACDB-LOADER: ACDB -> ACDB_CMD_GET_AUDPROC_INSTANCE_GAIN_DEP_STEP_TABLE_SIZE
08-03 11:02:12.340  1217  3447 D ACDB-LOADER: ACDB -> ACDB_CMD_GET_AUDPROC_INSTANCE_GAIN_DEP_STEP_TABLE, vol index 0
08-03 11:02:12.340  1217  3447 D ACDB-LOADER: ACDB -> AUDIO_SET_VOL_CAL cal type = 12
08-03 11:02:12.340  1217  3447 D ACDB-LOADER: ACDB -> ACDB_CMD_GET_AUDPROC_INSTANCE_STREAM_TABLE_SIZE
08-03 11:02:12.340  1217  3447 D ACDB-LOADER: ACDB -> send_audstrmtable
08-03 11:02:12.340  1217  3447 D ACDB-LOADER: ACDB -> ACDB_CMD_GET_AUDPROC_INSTANCE_STREAM_TABLE
08-03 11:02:12.340  1217  3447 D ACDB-LOADER: ACDB -> audstrm_cal->cal_type.cal_data.cal_size = 20
08-03 11:02:12.340  1217  3447 D ACDB-LOADER: ACDB -> send_afe_topology
08-03 11:02:12.340  1217  3447 D ACDB-LOADER: ACDB -> ACDB_CMD_GET_AFE_TOPOLOGY_ID
08-03 11:02:12.340  1217  3447 D ACDB-LOADER: ACDB -> GET_AFE_TOPOLOGY_ID for adcd_id 14, Topology Id 112fc
08-03 11:02:12.340  1217  3447 D ACDB-LOADER: ACDB -> send_afe_cal
08-03 11:02:12.340  1217  3447 D ACDB-LOADER: ACDB -> ACDB_CMD_GET_AFE_INSTANCE_COMMON_TABLE_SIZE
08-03 11:02:12.340  1217  3447 D android.hardware.audio.service: Failed to fetch the lookup information of the device 0000000E 
08-03 11:02:12.340  1217  3447 D ACDB-LOADER: Error: ACDB_CMD_GET_AFE_INSTANCE_COMMON_TABLE_SIZE Returned = -19
08-03 11:02:12.340  1217  3447 D ACDB-LOADER: ACDB -> ACDB_CMD_GET_AFE_INSTANCE_COMMON_TABLE
08-03 11:02:12.340  1217  3447 D android.hardware.audio.service: Failed to fetch the lookup information of the device 0000000E 
08-03 11:02:12.340  1217  3447 D ACDB-LOADER: Error: ACDB AFE returned = -19
08-03 11:02:12.340  1217  3447 D ACDB-LOADER: ACDB -> AUDIO_SET_AFE_CAL cal_type[16] acdb_id[14]
08-03 11:02:12.340  1217  3447 D ACDB-LOADER: ACDB -> send_hw_delay : acdb_id = 14 path = 0
08-03 11:02:12.340  1217  3447 D ACDB-LOADER: ACDB -> ACDB_AVSYNC_INFO: ACDB_CMD_GET_DEVICE_PROPERTY
08-03 11:02:12.340  1217  3447 D msm8974_platform: platform_split_snd_device: snd_device(2) num devices(0) new_snd_devices(0)
08-03 11:02:12.340  1217  3447 I msm8974_platform: platform_get_custom_mtmx_params: no matching param with id 0 ip_ch 2 op_ch 2 uc_id 1 snd_dev 2
08-03 11:02:12.340  1217  3447 D audio_hw_primary: enable_audio_route: apply mixer and update path: low-latency-playback speaker
08-03 11:02:12.340  1217  3447 D audio_route: Apply path: low-latency-playback speaker
08-03 11:02:12.340  1217  3447 D audio_hw_primary: select_devices: done
08-03 11:02:12.347  2406  2406 I vol.VolumeDialogImpl: mDialog.dismiss() reason: volume_controller from: com.android.systemui.volume.VolumeDialogImpl$9.onDismissRequested:2
08-03 11:02:12.349  1096  1096 I Zygote  : Process 11254 exited due to signal 9 (Killed)
08-03 11:02:12.354  1461  1647 I DisplayPowerController[0]: BrightnessEvent: disp=0, physDisp=local:4630947043778501761, brt=1.0, initBrt=1.0, rcmdBrt=NaN, preBrt=NaN, lux=0.0, preLux=0.0, hbmMax=1.0, hbmMode=off, rbcStrength=50, powerFactor=1.0, thrmMax=1.0, wasShortTermModelActive=false, flags=, reason=manual, autoBrightness=false
08-03 11:02:12.355     0     0 E cs35l41 spi0.0: Timout waiting for DSP to set mbox cmd
08-03 11:02:12.357     0     0 I sec_ts 1-0048: sec_ts_read_event: STATUS 1d 69 1 0 0 0 0 0
08-03 11:02:12.368     0     0 E cs35l41 spi0.0: Failed to set mailbox(cmd: 2, sts: 1)
08-03 11:02:12.374     0     0 E cs35l41 spi0.0: ASoC: POST_PMU: SPK DSP1 event failed: -42
08-03 11:02:12.388     0     0 E cs35l41 spi0.1: Timout waiting for DSP to set mbox cmd
08-03 11:02:12.394     0     0 E cs35l41 spi0.1: Failed to set mailbox(cmd: 2, sts: 1)
08-03 11:02:12.401     0     0 E cs35l41 spi0.1: ASoC: POST_PMU: RCV DSP1 event failed: -42
08-03 11:02:12.410     0     0 I __afe_port_start: port id: 0x1018
08-03 11:02:12.414     0     0 I afe_find_cal_topo_id_by_port: port id: 0x1018, dev_acdb_id: 14
08-03 11:02:12.421     0     0 I afe_find_cal_topo_id_by_port: top_id:112fc acdb_id:14 afe_port_id:0x1018
08-03 11:02:12.425  9977 10002 D GeckoIdleService: Get idle time: time since reset 2696 msec
08-03 11:02:12.425  9977 10002 D GeckoIdleService: Idle timer callback: current idle time 2696 msec
08-03 11:02:12.425  9977 10002 D GeckoIdleService: next timeout 2303 msec from now
08-03 11:02:12.425  9977 10002 D GeckoIdleService: SetTimerExpiryIfBefore: next timeout 2303 msec from now
08-03 11:02:12.425  9977 10002 D GeckoIdleService: reset timer expiry to 2313 msec from now
08-03 11:02:12.429     0     0 I afe_get_cal_topology_id: port_id = 0x1018 acdb_id = 14 topology_id = 0x112fc cal_type_index=8 ret=0
08-03 11:02:12.453  1223  2158 I slpi-TCS3708: ALS lux 97.008240, bright 326, algo 1, pnl idx 2, 90 Hz, poll 10 ms, lux_s 1.000000, aT 1376, aG 2214, pwm 0, HBt:2
08-03 11:02:12.440     0     0 I afe_send_port_topology_id: AFE set topology id 0x112fc  enable for port 0x1018 ret 0
08-03 11:02:12.449     0     0 I send_afe_cal_type: cal_index is 0
08-03 11:02:12.453     0     0 I send_afe_cal_type: dev_acdb_id[53] is 14
08-03 11:02:12.459     0     0 I afe_find_cal: cal_index 0 port_id 0x1018 port_index 53
08-03 11:02:12.465     0     0 I afe_find_cal: acdb_id 14 dev_acdb_id 14 sample_rate 48000 afe_sample_rates 48000
08-03 11:02:12.474     0     0 I afe_find_cal: cal block is a match, size is 0
08-03 11:02:12.479     0     0 I send_afe_cal_type: Sending cal_index cal 0
08-03 11:02:12.484     0     0 E send_afe_cal_type: No cal sent for cal_index 0, port_id = 0x1018! ret -22
08-03 11:02:12.493     0     0 I afe_send_hw_delay: port_id 0x1018 rate 48000 delay_usec 0 status 0
08-03 11:02:12.513  1217  3447 D msm8974_platform: platform_set_channel_map mixer_ctl_name:Playback Channel Map9
08-03 11:02:12.513  1217  3447 D msm8974_platform: platform_set_channel_map: set mapping(1 2 0 0 0 0 0 0) for channel:2
08-03 11:02:12.516  1217  3447 E audio_hw_extn: audio_extn_perf_lock_release: Perf lock release error 
08-03 11:02:12.516  1217  3447 D audio_hw_primary: start_output_stream: exit
08-03 11:02:12.571  1223 12246 E sensors-hal: handle_sns_client_event:62, mot_disprot_event: now=4813810733919 ts=4813649287312, type=16, status=3
08-03 11:02:12.653  1223  2158 I slpi-TCS3708: ALS lux 127.106064, bright 326, algo 1, pnl idx 2, 90 Hz, poll 10 ms, lux_s 1.000000, aT 1376, aG 2214, pwm 0, HBt:0
08-03 11:02:12.777  1461  1647 I DisplayPowerController[0]: Blocking screen off
08-03 11:02:12.777  1461  1647 I DisplayPowerController[0]: Unblocked screen off after 1 ms
08-03 11:02:12.777     0     0 I [drm:dsi_display_set_backlight] [msm-dsi-info]: bl_level changed from 2047 to 0
08-03 11:02:12.786     0     0 I [drm:dsi_panel_set_backlight] [msm-dsi-info]: backlight type:2 lvl:0
08-03 11:02:12.795  1461  1647 D ActivityTaskManager: Top Process State changed to PROCESS_STATE_TOP_SLEEPING
08-03 11:02:12.799  1461  1647 V DisplayPowerController[0]: Brightness [0.0] reason changing to: 'screen_off', previous reason: 'manual'.
08-03 11:02:12.799  1461  1647 I DisplayPowerController[0]: BrightnessEvent: disp=0, physDisp=local:4630947043778501761, brt=0.0, initBrt=1.0, rcmdBrt=NaN, preBrt=NaN, lux=0.0, preLux=0.0, hbmMax=1.0, hbmMode=off, rbcStrength=50, powerFactor=1.0, thrmMax=1.0, wasShortTermModelActive=false, flags=, reason=screen_off, autoBrightness=false
08-03 11:02:12.799  1461  1647 I DisplayPowerController[0]: BrightnessEvent: disp=0, physDisp=local:4630947043778501761, brt=0.0, initBrt=0.0, rcmdBrt=NaN, preBrt=NaN, lux=0.0, preLux=0.0, hbmMax=1.0, hbmMode=off, rbcStrength=50, powerFactor=1.0, thrmMax=1.0, wasShortTermModelActive=false, flags=, reason=screen_off, autoBrightness=false
08-03 11:02:12.801  1223  1223 I sensors-hal: activate:209, android.sensor.device_orientation/271 en=0
08-03 11:02:12.802  1223  1223 I sensors-hal: activate:220, android.sensor.device_orientation/271 en=0 completed
08-03 11:02:12.802  2406  2406 D CentralSurfaces: updateQsExpansionEnabled - QS Expand enabled: true
08-03 11:02:12.805   902   902 D SurfaceFlinger: Setting power mode 0 on display 4630947043778501761
08-03 11:02:12.807   904   904 I SDM     : DisplayBase::SetDisplayState: Set state = 0, display 29-0, teardown = 0
08-03 11:02:12.809  1461  1557 I DisplayDeviceRepository: Display device changed state: "Built-in Screen", OFF
08-03 11:02:12.811  9977  9977 I MemoryController: onTrimMemory(20)
08-03 11:02:12.811  9977  9977 I FenixApplication: onTrimMemory(), level=20, main=true
08-03 11:02:12.812  1461  1557 I InputManager-JNI: Viewport [0] to add: local:4630947043778501761, isActive: false
08-03 11:02:12.813  1461  2236 I InputReader: Reconfiguring input devices, changes=DISPLAY_INFO | 
08-03 11:02:12.814  1461  2236 I InputReader: Disabling samsung_mmi.primary (device 5) because the associated viewport is not active
08-03 11:02:12.814  1461  2236 I InputReader: Device reconfigured: id=5, name='samsung_mmi.primary', size 1080x2340, orientation 0, mode 0, display id 0
08-03 11:02:12.815  1461  1558 W SurfaceControl: Invalid layer stack -1
08-03 11:02:12.815  1461  1558 I DisplayDevice: [0] Layerstack set to -1 for local:4630947043778501761
08-03 11:02:12.818  1223  1223 I sensors-hal: activate:209, android.sensor.light/51 en=0
08-03 11:02:12.819  1223  1223 I sensors-hal: activate:220, android.sensor.light/51 en=0 completed
08-03 11:02:12.818     0     0 I [drm:dsi_display_set_backlight] [msm-dsi-info]: bl_level changed from 0 to 0
08-03 11:02:12.826     0     0 I         : [name=HBM] [status=0]
08-03 11:02:12.826     0     0 I [drm:dsi_panel_set_backlight] [msm-dsi-info]: backlight type:2 lvl:0
08-03 11:02:12.832     0     0 I [drm:dsi_panel_set_hbm] [msm-dsi-info]: (mode=0): requested value=0 is same. Do nothing
08-03 11:02:12.837     0     0 I touchscreen primary: ts_mmi_panel_off: try to enter Deepsleep mode
08-03 11:02:12.847  1217  3447 W audio_hw_primary: out_write: underrun(352) frames_by_time(435) > out->last_fifo_frames_remaining(192)
08-03 11:02:12.848  2139  2204 E RIL-MOTEXT: Oem Hook header type 0, requestCode 0x0
08-03 11:02:12.850  3249  3271 I QcrilOemhookMsgTunnel: [0]processOemHookResponse serial no: -1 error: 0length=1
08-03 11:02:12.850  3249  3271 E QcrilOemhookMsgTunnel: [0]Unexpected serial number in solicited response!serial: -1 error: 0
08-03 11:02:12.854     0     0 E sec_ts 1-0048: sec_ts_set_lowpowermode: EXIT(0)
08-03 11:02:12.860     0     0 E sec_ts 1-0048: sec_ts_set_lowpowermode: setting gesture mode (1)
08-03 11:02:12.868     0     0 I sec_ts 1-0048: sec_ts_read_event: STATUS 1d 61 6 1 2 0 0 0
08-03 11:02:12.893     0     0 I pm7250b_charger: wdog_snarl_irq_handler: IRQ: wdog-snarl
08-03 11:02:12.900     0     0 E         : batt power supply prop 4 not supported
08-03 11:02:12.912     0     0 W healthd : battery l=81 v=4046 t=41.6 h=2 st=2 c=-520630 fc=4660000 cc=0 chg=a
08-03 11:02:12.920     0     0 I sec_ts 1-0048: sec_ts_set_lowpowermode: power mode - write(4) read(4)
08-03 11:02:12.928     0     0 I sec_ts 1-0048: sec_ts_set_lowpowermode: end 0
08-03 11:02:12.934     0     0 I touchscreen primary: ts_mmi_panel_off: done
08-03 11:02:12.939     0     0 I sec_ts 1-0048: sec_ts_pinctrl_configure: SUSPEND
08-03 11:02:12.949  2406  2989 D PowerUI : can't show warning due to - plugged: true status unknown: false
08-03 11:02:12.951     0     0 I [drm:dsi_display_disable] [msm-dsi-info]: dsi_display_disable(DSI-1)+
08-03 11:02:12.958     0     0 I [drm:dsi_panel_disable] [msm-dsi-info]: (mipi_mot_cmd_boe_1080p_667)+
08-03 11:02:13.091     0     0 E sec_ts 1-0048: sec_ts_power: off: avdd:off, dvdd:off
08-03 11:02:13.097     0     0 I         : display 0000000047dd5ac2, name qcom,mdss_dsi_mot_boe_667_1080p_cmd_v0 is_dsi_mot_primary(0)
08-03 11:02:13.107     0     0 I [drm:dsi_panel_post_unprepare] [msm-dsi-info]: (mipi_mot_cmd_boe_1080p_667)+
08-03 11:02:13.122   902   902 D SurfaceFlinger: Finished setting power mode 0 on display 4630947043778501761
08-03 11:02:13.122  1461  2384 D SurfaceControl: Excessive delay in setPowerMode()
08-03 11:02:13.123  1461  1557 I DisplayDeviceRepository: Display device changed state: "Built-in Screen", OFF
08-03 11:02:13.123  1461  1647 I DisplayPowerController[0]: BrightnessEvent: disp=0, physDisp=local:4630947043778501761, brt=0.0, initBrt=0.0, rcmdBrt=NaN, preBrt=NaN, lux=0.0, preLux=0.0, hbmMax=1.0, hbmMode=off, rbcStrength=50, powerFactor=1.0, thrmMax=1.0, wasShortTermModelActive=false, flags=, reason=screen_off, autoBrightness=false
08-03 11:02:13.124  1461  1647 I DreamManagerService: Entering dreamland.
08-03 11:02:13.125  1461  1647 I PowerManagerService: Dozing...
08-03 11:02:13.127  1461  1554 I DreamController: Starting dream: name=ComponentInfo{com.android.systemui/com.android.systemui.doze.DozeService}, isPreviewMode=false, canDoze=true, userId=0, reason='power manager request'
08-03 11:02:13.129  2406  2406 I vol.VolumeDialogImpl: mDialog.dismiss() reason: volume_controller from: com.android.systemui.volume.VolumeDialogImpl$9.onDismissRequested:2
08-03 11:02:13.130  1461  1554 D AutofillManagerService: Close system dialogs
08-03 11:02:13.137  2406  2406 D SbStateController: setState: requested state KEYGUARD!= upcomingState: SHADE. This usually means the status bar state transition was interrupted before the upcoming state could be applied.
08-03 11:02:13.139  2406  2406 D CentralSurfaces: updateQsExpansionEnabled - QS Expand enabled: false
08-03 11:02:13.139  2406  2406 D CentralSurfaces: updateQsExpansionEnabled - QS Expand enabled: false
08-03 11:02:13.146  2406  2406 D CentralSurfaces: updateQsExpansionEnabled - QS Expand enabled: false
08-03 11:02:13.149  2406  2406 W OnBackInvokedCallback: OnBackInvokedCallback is not enabled for the application.
08-03 11:02:13.149  2406  2406 W OnBackInvokedCallback: Set 'android:enableOnBackInvokedCallback="true"' in the application manifest.
08-03 11:02:13.149  2406  2406 D CentralSurfaces: Received new disable state: enaihbcrso.qingr (unchanged)
08-03 11:02:13.149  2406  2406 D CentralSurfaces: Received new disable state: enaihbcrso.qingr (unchanged)
08-03 11:02:13.152  1461  1647 I DisplayPowerController[0]: BrightnessEvent: disp=0, physDisp=local:4630947043778501761, brt=0.0, initBrt=0.0, rcmdBrt=NaN, preBrt=NaN, lux=0.0, preLux=0.0, hbmMax=1.0, hbmMode=off, rbcStrength=50, powerFactor=1.0, thrmMax=1.0, wasShortTermModelActive=false, flags=, reason=screen_off, autoBrightness=false
08-03 11:02:13.155  1223  1223 I sensors-hal: activate:209, android.sensor.accelerometer/11 en=0
08-03 11:02:13.156  1223  1223 I sensors-hal: activate:220, android.sensor.accelerometer/11 en=0 completed
08-03 11:02:13.156  1461  1461 I PowerManagerService: onFlip(): Face up.
08-03 11:02:13.160  2406  2508 E OpenGLRenderer: Unable to match the desired swap behavior.
08-03 11:02:13.161  1217  1888 D audio_hw_primary: adev_set_parameters: enter: screen_state=off
08-03 11:02:13.161  1217  1888 D audio_hw_hfp: hfp_set_parameters: enter
08-03 11:02:13.161  1217  1888 D audio_hw_extn: audio_extn_fm_set_parameters: Enter
08-03 11:02:13.161  1217  1888 E soundtrigger: audio_extn_sound_trigger_set_parameters: str_params NULL
08-03 11:02:13.167  2406  2406 D CentralSurfaces: Received new disable state: enaihbcrso.qingr (unchanged)
08-03 11:02:13.168  2406  2406 W View    : requestLayout() improperly called by com.android.systemui.util.AutoMarqueeTextView{d4df60f V.ED..... ..S...ID 0,42-194,96 #7f0a054f app:id/qs_carrier_text} during layout: running second layout pass
08-03 11:02:13.168  2406  2406 W View    : requestLayout() improperly called by com.android.keyguard.CarrierText{c1a22f6 V.ED..... ......ID 164,0-659,115 #7f0a0350 app:id/keyguard_carrier_text} during layout: running second layout pass
08-03 11:02:13.179  1461  1461 D BiometricService: Sensor ID(0), oemStrength: 15, updatedStrength: 15, modality 2, state: 0, cookie: 0, sensorId 0, hasEnrollments: false cannot participate in Keystore operations
08-03 11:02:13.180   894  8309 I keystore2: keystore2::authorization: on_lock_screen_event(LockScreenEvent(1), user_id=0, password.is_some()=false, unlocking_sids=Some([]))
08-03 11:02:13.181   894  8309 I keystore2: keystore2::super_key: Locking screen bound for user 0 sids []
08-03 11:02:13.185  2406  2406 D CentralSurfaces: Received new disable state: enaihbcrso.qingr (unchanged)
08-03 11:02:13.185  2406  2406 D CentralSurfaces: Received new disable state: enaihbcrso.qingr (unchanged)
08-03 11:02:13.185  2406  2406 D CentralSurfaces: Received new disable state: enaihbcrso.qingr (unchanged)
08-03 11:02:13.185  2406  2406 D CentralSurfaces: Received new disable state: enaihbcrso.qingr (unchanged)
08-03 11:02:13.191  2406  2406 D SbStateController: setIsDreaming:true
08-03 11:02:13.192  2406  2406 D CentralSurfaces: Received new disable state: Old: enaihbcrso.qingr | New: enaiHbcRso.qingr (changed: HR.)
08-03 11:02:13.193  2406  2406 D CentralSurfaces: Received new disable state: enaiHbcRso.qingr (unchanged)
08-03 11:02:13.193  2406  2406 D CentralSurfaces: Received new disable state: enaiHbcRso.qingr (unchanged)
08-03 11:02:13.193  2406  2406 D CentralSurfaces: Received new disable state: enaiHbcRso.qingr (unchanged)
08-03 11:02:13.198  2645  2645 I OverviewComponentObserver: updateOverviewTargets: mIsHomeDisabled=true, isDefaultHomeNull=false, mIsDefaultHome=false
08-03 11:02:13.206  1461  1557 W AccessibilityWindowsPopulator: The displayInfo of this displayId (0) called back from the surface fligner is null
08-03 11:02:13.207  2406  2406 I vol.VolumeDialogImpl: mDialog.dismiss() reason: screen_off from: com.android.systemui.volume.VolumeDialogImpl$9.onScreenOff:3
08-03 11:02:13.207  2406  2406 D vol.VolumeDialogImpl: dismissH: isAnimatingDismiss
08-03 11:02:13.208  1461  9166 D SystemServerTiming: getUserSwitchability-0
08-03 11:02:13.208  1461  9166 D SystemServerTiming: TM.isInCall
08-03 11:02:13.209  1461  9166 V SystemServerTiming: TM.isInCall took to complete: 0ms
08-03 11:02:13.209  1461  9166 D SystemServerTiming: hasUserRestriction-DISALLOW_USER_SWITCH
08-03 11:02:13.209  1461  9166 V SystemServerTiming: hasUserRestriction-DISALLOW_USER_SWITCH took to complete: 0ms
08-03 11:02:13.209  1461  9166 D SystemServerTiming: getInt-ALLOW_USER_SWITCHING_WHEN_SYSTEM_USER_LOCKED
08-03 11:02:13.209  1461  9166 V SystemServerTiming: getInt-ALLOW_USER_SWITCHING_WHEN_SYSTEM_USER_LOCKED took to complete: 0ms
08-03 11:02:13.209  1461  9166 D SystemServerTiming: isUserUnlocked-USER_SYSTEM
08-03 11:02:13.209  1461  9166 V SystemServerTiming: isUserUnlocked-USER_SYSTEM took to complete: 0ms
08-03 11:02:13.209  1461  9166 V SystemServerTiming: getUserSwitchability-0 took to complete: 0ms
08-03 11:02:13.217  2641  2641 D wpa_supplicant: Not a TWT command
08-03 11:02:13.218  2641  2641 D wpa_supplicant: wpa_driver_nl80211_driver_cmd SETSUSPENDMODE 1 len = 0, 4096
08-03 11:02:13.218  1461  9740 D SystemServerTiming: getUserSwitchability-0
08-03 11:02:13.218  1461  9740 D SystemServerTiming: TM.isInCall
08-03 11:02:13.218  1461  9166 D SystemServerTiming: getUserSwitchability-0
08-03 11:02:13.218  1461  9166 D SystemServerTiming: TM.isInCall
08-03 11:02:13.218  1461  9740 V SystemServerTiming: TM.isInCall took to complete: 1ms
08-03 11:02:13.218  1461  9740 D SystemServerTiming: hasUserRestriction-DISALLOW_USER_SWITCH
08-03 11:02:13.218  1461  9166 V SystemServerTiming: TM.isInCall took to complete: 1ms
08-03 11:02:13.218  1461  9740 V SystemServerTiming: hasUserRestriction-DISALLOW_USER_SWITCH took to complete: 0ms
08-03 11:02:13.218  1461  9740 D SystemServerTiming: getInt-ALLOW_USER_SWITCHING_WHEN_SYSTEM_USER_LOCKED
08-03 11:02:13.219  1461  9166 D SystemServerTiming: hasUserRestriction-DISALLOW_USER_SWITCH
08-03 11:02:13.219  1461  9166 V SystemServerTiming: hasUserRestriction-DISALLOW_USER_SWITCH took to complete: 0ms
08-03 11:02:13.219  1461  9166 D SystemServerTiming: getInt-ALLOW_USER_SWITCHING_WHEN_SYSTEM_USER_LOCKED
08-03 11:02:13.219  1461  9166 V SystemServerTiming: getInt-ALLOW_USER_SWITCHING_WHEN_SYSTEM_USER_LOCKED took to complete: 0ms
08-03 11:02:13.219  1461  9166 D SystemServerTiming: isUserUnlocked-USER_SYSTEM
08-03 11:02:13.219  1461  9166 V SystemServerTiming: isUserUnlocked-USER_SYSTEM took to complete: 0ms
08-03 11:02:13.219  1461  9166 V SystemServerTiming: getUserSwitchability-0 took to complete: 1ms
08-03 11:02:13.219  1461  9740 V SystemServerTiming: getInt-ALLOW_USER_SWITCHING_WHEN_SYSTEM_USER_LOCKED took to complete: 0ms
08-03 11:02:13.219  1461  9740 D SystemServerTiming: isUserUnlocked-USER_SYSTEM
08-03 11:02:13.219  1461  9740 V SystemServerTiming: isUserUnlocked-USER_SYSTEM took to complete: 0ms
08-03 11:02:13.219  1461  9740 V SystemServerTiming: getUserSwitchability-0 took to complete: 1ms
08-03 11:02:13.221  2406  2406 I QAWController: Re-creating the QAW client to avoid stale.
08-03 11:02:13.222  1461  1557 W AccessibilityWindowsPopulator: The displayInfo of this displayId (0) called back from the surface fligner is null
08-03 11:02:13.223  2406  2471 E QuickAccessWalletKeyguardQuickAffordanceConfig: Wallet card retrieval error, message: "null"
08-03 11:02:13.224  3519  3519 D NfcService: MSG_APPLY_SCREEN_STATE 2
08-03 11:02:13.224  2406  2471 D ControlsListingControllerImpl: Subscribing callback, service count: 0
08-03 11:02:13.225  2406  2471 E QuickAccessWalletKeyguardQuickAffordanceConfig: Wallet card retrieval error, message: "null"
08-03 11:02:13.226  2406  2471 E QuickAccessWalletKeyguardQuickAffordanceConfig: Wallet card retrieval error, message: "null"
08-03 11:02:13.227  2406  2471 D ControlsListingControllerImpl: Subscribing callback, service count: 0
08-03 11:02:13.229  3558  3558 D MotoActions-StowSensor: Enabling
08-03 11:02:13.232  1223  1223 I sensors-hal: batch:242, com.motorola.sensor.stowed/65568, period=200000000, max_latency=0
08-03 11:02:13.232  1223  1223 I sensors-hal: set_config:63, sample_period_ns is adjusted to 0 based on min/max delay_ns
08-03 11:02:13.232  1223  1223 I sensors-hal: batch:251, com.motorola.sensor.stowed/65568, period=200000000, max_latency=0 request completed
08-03 11:02:13.232  1223  1223 I sensors-hal: activate:209, com.motorola.sensor.stowed/65568 en=1
08-03 11:02:13.233  1223  1223 I sensors-hal: get_qmi_debug_flag:241, support_qmi_debug : false
08-03 11:02:13.235  1223  1223 I sensors-hal: activate:220, com.motorola.sensor.stowed/65568 en=1 completed
08-03 11:02:13.235  1223 13154 I sensors-hal: ssc_conn_resp_cb:662, resp_value = 0
08-03 11:02:13.236  3558  3558 D MotoActions-FlatUpSensor: Enabling
08-03 11:02:13.238  1223 13154 I sensors-hal: handle_indication_realtime:466,  SCHED_FIFO(10) for qmi_cbk
08-03 11:02:13.238  1223  2158 D slpi    : TCS3708 Prox pdata: 24 off -69 offR 3 full 245 NearBy 0, Lth 55, Hth 70, temp cur:38.86, recal:36.08, rfull:260, lux:137.79, luxth:10000.00
08-03 11:02:13.238  1223 13154 E SensorsMultiHal: Decrementing wakelock ref count by 1 when count is 0
08-03 11:02:13.238  1461 10865 W AccessibilityWindowsPopulator: The displayInfo of this displayId (0) called back from the surface fligner is null
08-03 11:02:13.238  1223 13154 E SensorsMultiHal: Decrementing wakelock ref count by 1 when count is 0
08-03 11:02:13.239  2406  2471 D ControlsListingControllerImpl: Subscribing callback, service count: 0
08-03 11:02:13.240  1223  1223 I sensors-hal: batch:242, com.motorola.sensor.flat_up/65548, period=200000000, max_latency=0
08-03 11:02:13.240  1223  1223 I sensors-hal: set_config:63, sample_period_ns is adjusted to 0 based on min/max delay_ns
08-03 11:02:13.240  1223  1223 I sensors-hal: batch:251, com.motorola.sensor.flat_up/65548, period=200000000, max_latency=0 request completed
08-03 11:02:13.240  1223  1223 I sensors-hal: activate:209, com.motorola.sensor.flat_up/65548 en=1
08-03 11:02:13.241  1223  1223 I sensors-hal: get_qmi_debug_flag:241, support_qmi_debug : false
08-03 11:02:13.242  1223  1223 I sensors-hal: activate:220, com.motorola.sensor.flat_up/65548 en=1 completed
08-03 11:02:13.242  1223 13157 I sensors-hal: ssc_conn_resp_cb:662, resp_value = 0
08-03 11:02:13.242  1223 13157 I sensors-hal: handle_indication_realtime:466,  SCHED_FIFO(10) for qmi_cbk
08-03 11:02:13.243  1223 13157 E SensorsMultiHal: Decrementing wakelock ref count by 1 when count is 0
08-03 11:02:13.243  1223 13157 E SensorsMultiHal: Decrementing wakelock ref count by 1 when count is 0
08-03 11:02:13.244  3558  3558 D MotoActions-StowSensor: event: false
08-03 11:02:13.244  3558  3558 D MotoActions-FlatUpSensor: event: true mLastFlatUp=false mIsStowed=false
08-03 11:02:13.247  1461  1557 W AccessibilityWindowsPopulator: The displayInfo of this displayId (0) called back from the surface fligner is null
08-03 11:02:13.257  1461  9740 D ActivityManager: sync unfroze 2937 com.android.settings
08-03 11:02:13.344  3571  3571 D nothing : system black list
08-03 11:02:13.436  1461  1554 I UsbPortManager: USB HAL HIDL version: 13
08-03 11:02:13.436  1461  1554 D UsbDeviceManager: applyOemOverride usbfunctions=adb bootmode=normal
08-03 11:02:13.436  1461  1554 I UsbDeviceManager: Setting USB config to adb
08-03 11:02:13.438     0     0 I init    : processing action (sys.usb.config=* && sys.usb.configfs=1) from (/vendor/etc/init/hw/init.qcom.usb.rc:174)
08-03 11:02:13.452 12276 12282 I adbd    : USB event: FUNCTIONFS_UNBIND
08-03 11:02:13.452 12276 12282 I adbd    : UsbFfs: connection terminated: monitor thread finished
08-03 11:02:13.453 12276 12276 I adbd    : UsbFfs: already offline
08-03 11:02:13.453 12276 12276 I adbd    : destroying transport UsbFfs
08-03 11:02:13.453 12276 12276 I adbd    : UsbFfsConnection being destroyed
08-03 11:02:13.452     0     0 I init    : processing action (sys.usb.config=none && sys.usb.configfs=1) from (/vendor/etc/init/hw/init.qcom.usb.rc:177)
08-03 11:02:13.464     0     0 I init    : Command 'rm /config/usb_gadget/g1/configs/b.1/f3' action=sys.usb.config=none && sys.usb.configfs=1 (/vendor/etc/init/hw/init.qcom.usb.rc:180) took 0ms and failed: unlink() failed: No such file or directory
08-03 11:02:13.504  9977  9977 I SessionStorage/AutoSave: Save: Background
08-03 11:02:13.485     0     0 I init    : Command 'rm /config/usb_gadget/g1/configs/b.1/f4' action=sys.usb.config=none && sys.usb.configfs=1 (/vendor/etc/init/hw/init.qcom.usb.rc:181) took 0ms and failed: unlink() failed: No such file or directory
08-03 11:02:13.506     0     0 I init    : Command 'rm /config/usb_gadget/g1/configs/b.1/f5' action=sys.usb.config=none && sys.usb.configfs=1 (/vendor/etc/init/hw/init.qcom.usb.rc:182) took 0ms and failed: unlink() failed: No such file or directory
08-03 11:02:13.515  9977 10001 I libglean_ffi: glean_core::metrics::ping: Glean disabled: not submitting any pings.
08-03 11:02:13.515  9977 10001 I libglean_ffi: glean_core::core: baseline ping not submitted on inactive
08-03 11:02:13.515  9977 10001 I libglean_ffi: glean_core::metrics::ping: Glean disabled: not submitting any pings.
08-03 11:02:13.515  9977 10001 I libglean_ffi: glean_core::core: events ping not submitted on inactive
08-03 11:02:13.526     0     0 I init    : Command 'rm /config/usb_gadget/g1/configs/b.1/f6' action=sys.usb.config=none && sys.usb.configfs=1 (/vendor/etc/init/hw/init.qcom.usb.rc:183) took 0ms and failed: unlink() failed: No such file or directory
08-03 11:02:13.543 12276 12280 I adbd    : opening control endpoint /dev/usb-ffs/adb/ep0
08-03 11:02:13.543     0     0 I         : read descriptors
08-03 11:02:13.547     0     0 I init    : Command 'rm /config/usb_gadget/g1/configs/b.1/f7' action=sys.usb.config=none && sys.usb.configfs=1 (/vendor/etc/init/hw/init.qcom.usb.rc:184) took 0ms and failed: unlink() failed: No such file or directory
08-03 11:02:13.556  1461  9740 D ConnectivityService: requestNetwork for uid/pid:10205/9977 activeRequest: null callbackRequest: 376 [NetworkRequest [ REQUEST id=377, [ Capabilities: INTERNET&NOT_RESTRICTED&TRUSTED&NOT_VCN_MANAGED Uid: 10205 RequestorUid: 10205 RequestorPkg: io.github.forkmaintainers.iceraven UnderlyingNetworks: Null] ]] callback flags: 0 order: 2147483647
08-03 11:02:13.556  1461  2337 D ConnectivityService: NetReassign [377 : null → 100]
08-03 11:02:13.558  1461  2328 D WifiNetworkFactory: got request NetworkRequest [ REQUEST id=377, [ Capabilities: INTERNET&NOT_RESTRICTED&TRUSTED&NOT_VCN_MANAGED Uid: 10205 RequestorUid: 10205 RequestorPkg: io.github.forkmaintainers.iceraven UnderlyingNetworks: Null] ]
08-03 11:02:13.558  1461  2328 D UntrustedWifiNetworkFactory: got request NetworkRequest [ REQUEST id=377, [ Capabilities: INTERNET&NOT_RESTRICTED&TRUSTED&NOT_VCN_MANAGED Uid: 10205 RequestorUid: 10205 RequestorPkg: io.github.forkmaintainers.iceraven UnderlyingNetworks: Null] ]
08-03 11:02:13.558  1461  2328 D OemPaidWifiNetworkFactory: got request NetworkRequest [ REQUEST id=377, [ Capabilities: INTERNET&NOT_RESTRICTED&TRUSTED&NOT_VCN_MANAGED Uid: 10205 RequestorUid: 10205 RequestorPkg: io.github.forkmaintainers.iceraven UnderlyingNetworks: Null] ]
08-03 11:02:13.558  1461  2328 D MultiInternetWifiNetworkFactory: got request NetworkRequest [ REQUEST id=377, [ Capabilities: INTERNET&NOT_RESTRICTED&TRUSTED&NOT_VCN_MANAGED Uid: 10205 RequestorUid: 10205 RequestorPkg: io.github.forkmaintainers.iceraven UnderlyingNetworks: Null] ]
08-03 11:02:13.559  2907  2907 D PhoneSwitcherNetworkRequstListener: got request NetworkRequest [ REQUEST id=377, [ Capabilities: INTERNET&NOT_RESTRICTED&TRUSTED&NOT_VCN_MANAGED Uid: 10205 RequestorUid: 10205 RequestorPkg: io.github.forkmaintainers.iceraven UnderlyingNetworks: Null] ]
08-03 11:02:13.560  9977 10371 I libglean_ffi: glean_core::upload: No more pings to upload! You are done.
08-03 11:02:13.562  9977 10043 I WM-WorkerWrapper: Worker result SUCCESS for Work [ id=958f819b-9b0f-4535-864e-260323dd25f3, tags={ mozilla.telemetry.glean.scheduler.PingUploadWorker, mozac_service_glean_ping_upload_worker } ]
08-03 11:02:13.550     0     0 I         : read strings
08-03 11:02:13.570     0     0 I init    : Command 'rm /config/usb_gadget/g1/configs/b.1/f8' action=sys.usb.config=none && sys.usb.configfs=1 (/vendor/etc/init/hw/init.qcom.usb.rc:185) took 0ms and failed: unlink() failed: No such file or directory
08-03 11:02:13.573 12276 12280 I adbd    : UsbFfsConnection constructed
08-03 11:02:13.574 12276 13160 I adbd    : UsbFfs-monitor thread spawned
08-03 11:02:13.593     0     0 I init    : Command 'rm /config/usb_gadget/g1/configs/b.1/f9' action=sys.usb.config=none && sys.usb.configfs=1 (/vendor/etc/init/hw/init.qcom.usb.rc:186) took 0ms and failed: unlink() failed: No such file or directory
08-03 11:02:13.613     0     0 I init    : processing action (sys.usb.config=none && sys.usb.configfs=1) from (/system/etc/init/hw/init.usb.configfs.rc:1)
08-03 11:02:13.640  4919  4926 E ocessService0:0: failed to create Unix domain socket: Operation not permitted
08-03 11:02:13.641  9977 10006 I SessionPrioritizationMiddleware: Update the tab 5df9cc3e-3be2-4b7f-814c-79408632c024 priority to HIGH
08-03 11:02:13.641  9977 10006 I SessionPrioritizationMiddleware: Tab 5df9cc3e-3be2-4b7f-814c-79408632c024 will return to DEFAULT priority after 180000 ms
08-03 11:02:13.626     0     0 I init    : Command 'write /config/usb_gadget/g1/UDC none' action=sys.usb.config=none && sys.usb.configfs=1 (/system/etc/init/hw/init.usb.configfs.rc:2) took 0ms and failed: Unable to write to file '/config/usb_gadget/g1/UDC': Unable to write file contents: No such device
08-03 11:02:13.651     0     0 I init    : Sending signal 9 to service 'adbd' (pid 12276) process group...
08-03 11:02:13.664     0     0 I libprocessgroup: Successfully killed process cgroup uid 0 pid 12276 in 5ms
08-03 11:02:13.681  1461  3214 W AdbDebuggingManager: Read failed with count -1
08-03 11:02:13.688     0     0 I init    : Service 'adbd' (pid 12276) received signal 9
08-03 11:02:13.696     0     0 I init    : Command 'rm /config/usb_gadget/g1/configs/b.1/f1' action=sys.usb.config=none && sys.usb.configfs=1 (/system/etc/init/hw/init.usb.configfs.rc:8) took 0ms and failed: unlink() failed: No such file or directory
08-03 11:02:13.717     0     0 I init    : Command 'rm /config/usb_gadget/g1/configs/b.1/f2' action=sys.usb.config=none && sys.usb.configfs=1 (/system/etc/init/hw/init.usb.configfs.rc:9) took 0ms and failed: unlink() failed: No such file or directory
08-03 11:02:13.738     0     0 I init    : Command 'rm /config/usb_gadget/g1/configs/b.1/f3' action=sys.usb.config=none && sys.usb.configfs=1 (/system/etc/init/hw/init.usb.configfs.rc:10) took 0ms and failed: unlink() failed: No such file or directory
08-03 11:02:13.738  1217  3447 W audio_hw_primary: out_get_presentation_position: avail:384 > kernel_buffer_size:384 clamping!
08-03 11:02:13.759  1217  3447 W audio_hw_primary: out_write: underrun(353) frames_by_time(1943) > out->last_fifo_frames_remaining(0)
08-03 11:02:13.758     0     0 I init    : Command 'rmdir /config/usb_gadget/g1/functions/rndis.gs4' action=sys.usb.config=none && sys.usb.configfs=1 (/system/etc/init/hw/init.usb.configfs.rc:11) took 0ms and failed: rmdir() failed: No such file or directory
08-03 11:02:13.780  1217  3447 W audio_hw_primary: out_get_presentation_position: avail:384 > kernel_buffer_size:384 clamping!
08-03 11:02:13.781  1217  3447 W audio_hw_primary: out_write: underrun(354) frames_by_time(1032) > out->last_fifo_frames_remaining(0)
08-03 11:02:13.781  1217  3447 W audio_hw_primary: out_get_presentation_position: avail:384 > kernel_buffer_size:384 clamping!
08-03 11:02:13.792  1217  3447 W audio_hw_primary: out_write: underrun(355) frames_by_time(518) > out->last_fifo_frames_remaining(0)
08-03 11:02:13.781     0     0 I init    : processing action (init.svc.adbd=stopped) from (/system/etc/init/hw/init.usb.configfs.rc:14)
08-03 11:02:13.792  1217  3447 W audio_hw_primary: out_get_presentation_position: avail:384 > kernel_buffer_size:384 clamping!
08-03 11:02:13.793  1217  3447 W audio_hw_primary: out_write: underrun(356) frames_by_time(14) > out->last_fifo_frames_remaining(0)
08-03 11:02:13.797  1217  3447 W audio_hw_primary: out_write: underrun(357) frames_by_time(229) > out->last_fifo_frames_remaining(192)
08-03 11:02:13.792     0     0 I init    : processing action (sys.usb.config=* && sys.usb.configfs=1) from (/vendor/etc/init/hw/init.qcom.usb.rc:174)
08-03 11:02:13.805  1217  3447 W audio_hw_primary: out_write: underrun(358) frames_by_time(408) > out->last_fifo_frames_remaining(384)
08-03 11:02:13.804     0     0 I init    : Command 'rm /config/usb_gadget/g1/os_desc/b.1' action=sys.usb.config=* && sys.usb.configfs=1 (/vendor/etc/init/hw/init.qcom.usb.rc:175) took 0ms and failed: unlink() failed: No such file or directory
08-03 11:02:13.824     0     0 I init    : processing action (sys.usb.config=adb && sys.usb.configfs=1) from (/vendor/etc/init/hw/init.qcom.usb.rc:1729)
08-03 11:02:13.836  1217  3447 W audio_hw_primary: out_get_presentation_position: avail:384 > kernel_buffer_size:384 clamping!
08-03 11:02:13.836  1217  3447 W audio_hw_primary: out_write: underrun(359) frames_by_time(541) > out->last_fifo_frames_remaining(0)
08-03 11:02:13.841  1217  3447 W audio_hw_primary: out_write: underrun(360) frames_by_time(740) > out->last_fifo_frames_remaining(192)
08-03 11:02:13.837     0     0 I init    : processing action (sys.usb.config=adb && sys.usb.configfs=1) from (/system/etc/init/hw/init.usb.configfs.rc:17)
08-03 11:02:13.849     0     0 I init    : starting service 'adbd'...
08-03 11:02:13.854     0     0 I init    : Created socket '/dev/socket/adbd', mode 660, user 1000, group 1000
08-03 11:02:13.875 13162 13162 I adbd    : persist.adb.watchdog set to ''
08-03 11:02:13.875 13162 13162 I adbd    : persist.sys.test_harness set to ''
08-03 11:02:13.875 13162 13162 I adbd    : adb watchdog timeout set to 600 seconds
08-03 11:02:13.875 13162 13164 I adbd    : Waiting for persist.adb.tls_server.enable=1
08-03 11:02:13.875 13162 13166 I adbd    : opening control endpoint /dev/usb-ffs/adb/ep0
08-03 11:02:13.875 13162 13162 I adbd    : adbd started
08-03 11:02:13.875     0     0 I         : read descriptors
08-03 11:02:13.878     0     0 I         : read strings
08-03 11:02:13.882 13162 13166 I adbd    : UsbFfsConnection constructed
08-03 11:02:13.882 13162 13168 I adbd    : UsbFfs-monitor thread spawned
08-03 11:02:13.881     0     0 I init    : processing action (sys.usb.config=adb && sys.usb.configfs=1 && sys.usb.ffs.ready=1) from (/system/etc/init/hw/init.usb.configfs.rc:20)
08-03 11:02:13.897 13162 13168 I adbd    : USB event: FUNCTIONFS_BIND
08-03 11:02:13.897     0     0 I android_work: did not send uevent (0 0 0000000000000000)
08-03 11:02:13.943  1461  1554 W Looper  : Slow dispatch took 511ms android.fg h=com.android.server.usb.UsbDeviceManager$UsbHandlerLegacy c=null m=13
08-03 11:02:13.944  1461  1554 W Looper  : Slow delivery took 262ms android.fg h=com.android.server.adb.AdbDebuggingManager$AdbDebuggingHandler c=null m=27
08-03 11:02:14.184 13162 13167 I adbd    : jdwp connection from 1461
08-03 11:02:14.184 13162 13167 I adbd    : jdwp connection from 2851
08-03 11:02:14.184 13162 13167 I adbd    : jdwp connection from 3249
08-03 11:02:14.184 13162 13167 I adbd    : jdwp connection from 2907
08-03 11:02:14.184 13162 13167 I adbd    : jdwp connection from 2949
08-03 11:02:14.184 13162 13167 I adbd    : jdwp connection from 2645
08-03 11:02:14.185 13162 13167 I adbd    : jdwp connection from 2806
08-03 11:02:14.185 13162 13167 I adbd    : jdwp connection from 6496
08-03 11:02:14.185 13162 13167 I adbd    : jdwp connection from 6840
08-03 11:02:14.185 13162 13167 I adbd    : jdwp connection from 11318
08-03 11:02:14.185 13162 13167 I adbd    : jdwp connection from 3558
08-03 11:02:14.185 13162 13167 I adbd    : jdwp connection from 3605
08-03 11:02:14.185 13162 13167 I adbd    : jdwp connection from 9783
08-03 11:02:14.186 13162 13167 I adbd    : jdwp connection from 3502
08-03 11:02:14.186 13162 13167 I adbd    : jdwp connection from 3571
08-03 11:02:14.186 13162 13167 I adbd    : jdwp connection from 3165
08-03 11:02:14.186 13162 13167 I adbd    : jdwp connection from 2752
08-03 11:02:14.186 13162 13167 I adbd    : jdwp connection from 9977
08-03 11:02:14.186 13162 13167 I adbd    : jdwp connection from 2887
08-03 11:02:14.186 13162 13167 I adbd    : jdwp connection from 4799
08-03 11:02:14.187 13162 13167 I adbd    : jdwp connection from 7537
