08-03 09:59:49.386  1461  8951 W ActivityManager: Foreground service started from background can not have location/camera/microphone access: service hu.tagsoft.ttorrent.noads/hu.tagsoft.ttorrent.torrentservice.TorrentService
08-03 09:59:51.390  1461  9076 W ActivityManager: Foreground service started from background can not have location/camera/microphone access: service hu.tagsoft.ttorrent.noads/hu.tagsoft.ttorrent.torrentservice.TorrentService
08-03 09:59:53.395  1461  9076 W ActivityManager: Foreground service started from background can not have location/camera/microphone access: service hu.tagsoft.ttorrent.noads/hu.tagsoft.ttorrent.torrentservice.TorrentService
08-03 09:59:55.398  1461  3325 W ActivityManager: Foreground service started from background can not have location/camera/microphone access: service hu.tagsoft.ttorrent.noads/hu.tagsoft.ttorrent.torrentservice.TorrentService
08-03 09:59:57.403  1461  3325 W ActivityManager: Foreground service started from background can not have location/camera/microphone access: service hu.tagsoft.ttorrent.noads/hu.tagsoft.ttorrent.torrentservice.TorrentService
08-03 09:59:59.406  1461  3325 W ActivityManager: Foreground service started from background can not have location/camera/microphone access: service hu.tagsoft.ttorrent.noads/hu.tagsoft.ttorrent.torrentservice.TorrentService
08-03 10:00:01.410  1461  9167 W ActivityManager: Foreground service started from background can not have location/camera/microphone access: service hu.tagsoft.ttorrent.noads/hu.tagsoft.ttorrent.torrentservice.TorrentService
08-03 10:00:03.413  1461  3325 W ActivityManager: Foreground service started from background can not have location/camera/microphone access: service hu.tagsoft.ttorrent.noads/hu.tagsoft.ttorrent.torrentservice.TorrentService
08-03 10:00:04.411  1461  3325 D OomAdjuster: Not killing cached processes
08-03 10:00:05.417  1461  3325 W ActivityManager: Foreground service started from background can not have location/camera/microphone access: service hu.tagsoft.ttorrent.noads/hu.tagsoft.ttorrent.torrentservice.TorrentService
08-03 10:00:07.421  1461  8951 W ActivityManager: Foreground service started from background can not have location/camera/microphone access: service hu.tagsoft.ttorrent.noads/hu.tagsoft.ttorrent.torrentservice.TorrentService
08-03 10:00:09.425  1461  8951 W ActivityManager: Foreground service started from background can not have location/camera/microphone access: service hu.tagsoft.ttorrent.noads/hu.tagsoft.ttorrent.torrentservice.TorrentService
08-03 10:00:11.429  1461  3325 W ActivityManager: Foreground service started from background can not have location/camera/microphone access: service hu.tagsoft.ttorrent.noads/hu.tagsoft.ttorrent.torrentservice.TorrentService
08-03 10:00:13.432  1461  2833 W ActivityManager: Foreground service started from background can not have location/camera/microphone access: service hu.tagsoft.ttorrent.noads/hu.tagsoft.ttorrent.torrentservice.TorrentService
08-03 10:00:15.436  1461  3325 W ActivityManager: Foreground service started from background can not have location/camera/microphone access: service hu.tagsoft.ttorrent.noads/hu.tagsoft.ttorrent.torrentservice.TorrentService
08-03 10:00:17.440  1461  9167 W ActivityManager: Foreground service started from background can not have location/camera/microphone access: service hu.tagsoft.ttorrent.noads/hu.tagsoft.ttorrent.torrentservice.TorrentService
08-03 10:00:19.444  1461  9076 W ActivityManager: Foreground service started from background can not have location/camera/microphone access: service hu.tagsoft.ttorrent.noads/hu.tagsoft.ttorrent.torrentservice.TorrentService
08-03 10:00:19.729  1461  1564 D OomAdjuster: Not killing cached processes
08-03 10:00:21.448  1461  9076 W ActivityManager: Foreground service started from background can not have location/camera/microphone access: service hu.tagsoft.ttorrent.noads/hu.tagsoft.ttorrent.torrentservice.TorrentService
08-03 10:00:23.452  1461  9076 W ActivityManager: Foreground service started from background can not have location/camera/microphone access: service hu.tagsoft.ttorrent.noads/hu.tagsoft.ttorrent.torrentservice.TorrentService
08-03 10:00:25.455  1461  9076 W ActivityManager: Foreground service started from background can not have location/camera/microphone access: service hu.tagsoft.ttorrent.noads/hu.tagsoft.ttorrent.torrentservice.TorrentService
08-03 10:00:27.459  1461  3325 W ActivityManager: Foreground service started from background can not have location/camera/microphone access: service hu.tagsoft.ttorrent.noads/hu.tagsoft.ttorrent.torrentservice.TorrentService
08-03 10:00:29.462  1461  8951 W ActivityManager: Foreground service started from background can not have location/camera/microphone access: service hu.tagsoft.ttorrent.noads/hu.tagsoft.ttorrent.torrentservice.TorrentService
08-03 10:00:31.465  1461  9076 W ActivityManager: Foreground service started from background can not have location/camera/microphone access: service hu.tagsoft.ttorrent.noads/hu.tagsoft.ttorrent.torrentservice.TorrentService
08-03 10:00:32.829  1461  9167 D OomAdjuster: Not killing cached processes
08-03 10:00:33.470  1461  9076 W ActivityManager: Foreground service started from background can not have location/camera/microphone access: service hu.tagsoft.ttorrent.noads/hu.tagsoft.ttorrent.torrentservice.TorrentService
08-03 10:00:35.473  1461  9167 W ActivityManager: Foreground service started from background can not have location/camera/microphone access: service hu.tagsoft.ttorrent.noads/hu.tagsoft.ttorrent.torrentservice.TorrentService
08-03 10:00:37.479  1461  9076 W ActivityManager: Foreground service started from background can not have location/camera/microphone access: service hu.tagsoft.ttorrent.noads/hu.tagsoft.ttorrent.torrentservice.TorrentService
08-03 10:00:39.485  1461  3325 W ActivityManager: Foreground service started from background can not have location/camera/microphone access: service hu.tagsoft.ttorrent.noads/hu.tagsoft.ttorrent.torrentservice.TorrentService
08-03 10:00:41.491  1461  9076 W ActivityManager: Foreground service started from background can not have location/camera/microphone access: service hu.tagsoft.ttorrent.noads/hu.tagsoft.ttorrent.torrentservice.TorrentService
08-03 10:00:43.496  1461  9076 W ActivityManager: Foreground service started from background can not have location/camera/microphone access: service hu.tagsoft.ttorrent.noads/hu.tagsoft.ttorrent.torrentservice.TorrentService
08-03 10:00:45.501  1461  9076 W ActivityManager: Foreground service started from background can not have location/camera/microphone access: service hu.tagsoft.ttorrent.noads/hu.tagsoft.ttorrent.torrentservice.TorrentService
08-03 10:00:47.507  1461  9167 W ActivityManager: Foreground service started from background can not have location/camera/microphone access: service hu.tagsoft.ttorrent.noads/hu.tagsoft.ttorrent.torrentservice.TorrentService
08-03 10:00:49.516  1461  8951 W ActivityManager: Foreground service started from background can not have location/camera/microphone access: service hu.tagsoft.ttorrent.noads/hu.tagsoft.ttorrent.torrentservice.TorrentService
08-03 10:00:51.521  1461  3325 W ActivityManager: Foreground service started from background can not have location/camera/microphone access: service hu.tagsoft.ttorrent.noads/hu.tagsoft.ttorrent.torrentservice.TorrentService
08-03 10:00:53.525  1461  8951 W ActivityManager: Foreground service started from background can not have location/camera/microphone access: service hu.tagsoft.ttorrent.noads/hu.tagsoft.ttorrent.torrentservice.TorrentService
08-03 10:00:55.527  1461  9167 W ActivityManager: Foreground service started from background can not have location/camera/microphone access: service hu.tagsoft.ttorrent.noads/hu.tagsoft.ttorrent.torrentservice.TorrentService
08-03 10:00:57.530  1461  8951 W ActivityManager: Foreground service started from background can not have location/camera/microphone access: service hu.tagsoft.ttorrent.noads/hu.tagsoft.ttorrent.torrentservice.TorrentService
08-03 10:00:59.534  1461  8951 W ActivityManager: Foreground service started from background can not have location/camera/microphone access: service hu.tagsoft.ttorrent.noads/hu.tagsoft.ttorrent.torrentservice.TorrentService
08-03 10:01:01.537  1461  9076 W ActivityManager: Foreground service started from background can not have location/camera/microphone access: service hu.tagsoft.ttorrent.noads/hu.tagsoft.ttorrent.torrentservice.TorrentService
08-03 10:01:03.541  1461  8951 W ActivityManager: Foreground service started from background can not have location/camera/microphone access: service hu.tagsoft.ttorrent.noads/hu.tagsoft.ttorrent.torrentservice.TorrentService
08-03 10:01:05.546  1461  8951 W ActivityManager: Foreground service started from background can not have location/camera/microphone access: service hu.tagsoft.ttorrent.noads/hu.tagsoft.ttorrent.torrentservice.TorrentService
08-03 10:01:07.550  1461  8951 W ActivityManager: Foreground service started from background can not have location/camera/microphone access: service hu.tagsoft.ttorrent.noads/hu.tagsoft.ttorrent.torrentservice.TorrentService
08-03 10:01:09.555  1461  8951 W ActivityManager: Foreground service started from background can not have location/camera/microphone access: service hu.tagsoft.ttorrent.noads/hu.tagsoft.ttorrent.torrentservice.TorrentService
08-03 10:01:11.562  1461  9166 W ActivityManager: Foreground service started from background can not have location/camera/microphone access: service hu.tagsoft.ttorrent.noads/hu.tagsoft.ttorrent.torrentservice.TorrentService
08-03 10:01:13.571  1461  9166 W ActivityManager: Foreground service started from background can not have location/camera/microphone access: service hu.tagsoft.ttorrent.noads/hu.tagsoft.ttorrent.torrentservice.TorrentService
08-03 10:01:15.152  1461  1608 D KernelCpuUidUserSysTimeReader: Removing uids 99003-99003
08-03 10:01:15.579  1461  9166 W ActivityManager: Foreground service started from background can not have location/camera/microphone access: service hu.tagsoft.ttorrent.noads/hu.tagsoft.ttorrent.torrentservice.TorrentService
08-03 10:01:17.584  1461  9166 W ActivityManager: Foreground service started from background can not have location/camera/microphone access: service hu.tagsoft.ttorrent.noads/hu.tagsoft.ttorrent.torrentservice.TorrentService
08-03 10:01:19.589  1461  9076 W ActivityManager: Foreground service started from background can not have location/camera/microphone access: service hu.tagsoft.ttorrent.noads/hu.tagsoft.ttorrent.torrentservice.TorrentService
08-03 10:01:21.591  1461  9166 W ActivityManager: Foreground service started from background can not have location/camera/microphone access: service hu.tagsoft.ttorrent.noads/hu.tagsoft.ttorrent.torrentservice.TorrentService
08-03 10:01:23.595  1461  9167 W ActivityManager: Foreground service started from background can not have location/camera/microphone access: service hu.tagsoft.ttorrent.noads/hu.tagsoft.ttorrent.torrentservice.TorrentService
08-03 10:01:25.602  1461  9166 W ActivityManager: Foreground service started from background can not have location/camera/microphone access: service hu.tagsoft.ttorrent.noads/hu.tagsoft.ttorrent.torrentservice.TorrentService
08-03 10:01:27.608  1461  9167 W ActivityManager: Foreground service started from background can not have location/camera/microphone access: service hu.tagsoft.ttorrent.noads/hu.tagsoft.ttorrent.torrentservice.TorrentService
08-03 10:01:29.614  1461  2833 W ActivityManager: Foreground service started from background can not have location/camera/microphone access: service hu.tagsoft.ttorrent.noads/hu.tagsoft.ttorrent.torrentservice.TorrentService
08-03 10:01:31.620  1461  2833 W ActivityManager: Foreground service started from background can not have location/camera/microphone access: service hu.tagsoft.ttorrent.noads/hu.tagsoft.ttorrent.torrentservice.TorrentService
08-03 10:01:33.625  1461  8951 W ActivityManager: Foreground service started from background can not have location/camera/microphone access: service hu.tagsoft.ttorrent.noads/hu.tagsoft.ttorrent.torrentservice.TorrentService
08-03 10:01:35.629  1461  3325 W ActivityManager: Foreground service started from background can not have location/camera/microphone access: service hu.tagsoft.ttorrent.noads/hu.tagsoft.ttorrent.torrentservice.TorrentService
08-03 10:01:37.632  1461  9166 W ActivityManager: Foreground service started from background can not have location/camera/microphone access: service hu.tagsoft.ttorrent.noads/hu.tagsoft.ttorrent.torrentservice.TorrentService
08-03 10:01:39.641  1461  9076 W ActivityManager: Foreground service started from background can not have location/camera/microphone access: service hu.tagsoft.ttorrent.noads/hu.tagsoft.ttorrent.torrentservice.TorrentService
08-03 10:01:41.649  1461  9166 W ActivityManager: Foreground service started from background can not have location/camera/microphone access: service hu.tagsoft.ttorrent.noads/hu.tagsoft.ttorrent.torrentservice.TorrentService
08-03 10:01:43.655  1461  9166 W ActivityManager: Foreground service started from background can not have location/camera/microphone access: service hu.tagsoft.ttorrent.noads/hu.tagsoft.ttorrent.torrentservice.TorrentService
08-03 10:01:45.659  1461  9166 W ActivityManager: Foreground service started from background can not have location/camera/microphone access: service hu.tagsoft.ttorrent.noads/hu.tagsoft.ttorrent.torrentservice.TorrentService
08-03 10:01:46.243  1461  9166 D CoreBackPreview: Window{9e72e3e u0 PopupWindow:c27f8ec}: Setting back callback OnBackInvokedCallbackInfo{mCallback=android.window.IOnBackInvokedCallback$Stub$Proxy@4bb59ec, mPriority=0}
08-03 10:01:46.260  1461  3325 D CoreBackPreview: Window{9e72e3e u0 PopupWindow:c27f8ec}: Setting back callback null
08-03 10:01:46.276  1461  3325 D CoreBackPreview: Window{1056431 u0 PopupWindow:c27f8ec}: Setting back callback OnBackInvokedCallbackInfo{mCallback=android.window.IOnBackInvokedCallback$Stub$Proxy@659a897, mPriority=0}
08-03 10:01:46.528  1461  9166 D CoreBackPreview: Window{1056431 u0 PopupWindow:c27f8ec}: Setting back callback null
08-03 10:01:46.759  1461  1461 W AccessibilityManagerService:  wait for adding window timeout: 33
08-03 10:01:46.785  1461  1461 W AccessibilityManagerService:  wait for adding window timeout: 34
08-03 10:01:47.664  1461  9166 W ActivityManager: Foreground service started from background can not have location/camera/microphone access: service hu.tagsoft.ttorrent.noads/hu.tagsoft.ttorrent.torrentservice.TorrentService
08-03 10:01:49.666  1461  9166 W ActivityManager: Foreground service started from background can not have location/camera/microphone access: service hu.tagsoft.ttorrent.noads/hu.tagsoft.ttorrent.torrentservice.TorrentService
08-03 10:01:51.672  1461  9166 W ActivityManager: Foreground service started from background can not have location/camera/microphone access: service hu.tagsoft.ttorrent.noads/hu.tagsoft.ttorrent.torrentservice.TorrentService
08-03 10:01:53.681  1461  3325 W ActivityManager: Foreground service started from background can not have location/camera/microphone access: service hu.tagsoft.ttorrent.noads/hu.tagsoft.ttorrent.torrentservice.TorrentService
08-03 10:01:55.692  1461  3325 W ActivityManager: Foreground service started from background can not have location/camera/microphone access: service hu.tagsoft.ttorrent.noads/hu.tagsoft.ttorrent.torrentservice.TorrentService
08-03 10:01:57.699  1461  3325 W ActivityManager: Foreground service started from background can not have location/camera/microphone access: service hu.tagsoft.ttorrent.noads/hu.tagsoft.ttorrent.torrentservice.TorrentService
08-03 10:01:59.705  1461  2833 W ActivityManager: Foreground service started from background can not have location/camera/microphone access: service hu.tagsoft.ttorrent.noads/hu.tagsoft.ttorrent.torrentservice.TorrentService
08-03 10:02:01.709  1461  8951 W ActivityManager: Foreground service started from background can not have location/camera/microphone access: service hu.tagsoft.ttorrent.noads/hu.tagsoft.ttorrent.torrentservice.TorrentService
08-03 10:02:03.714  1461  9167 W ActivityManager: Foreground service started from background can not have location/camera/microphone access: service hu.tagsoft.ttorrent.noads/hu.tagsoft.ttorrent.torrentservice.TorrentService
08-03 10:02:05.719  1461  9167 W ActivityManager: Foreground service started from background can not have location/camera/microphone access: service hu.tagsoft.ttorrent.noads/hu.tagsoft.ttorrent.torrentservice.TorrentService
08-03 10:02:06.008  1461  8951 D CoreBackPreview: Window{4079cb9 u0 PopupWindow:5709e04}: Setting back callback OnBackInvokedCallbackInfo{mCallback=android.window.IOnBackInvokedCallback$Stub$Proxy@e54a85f, mPriority=0}
08-03 10:02:06.024  1461  8951 D CoreBackPreview: Window{4079cb9 u0 PopupWindow:5709e04}: Setting back callback null
08-03 10:02:06.030  1461  9166 D CoreBackPreview: Window{ff06d98 u0 PopupWindow:5709e04}: Setting back callback OnBackInvokedCallbackInfo{mCallback=android.window.IOnBackInvokedCallback$Stub$Proxy@99679d6, mPriority=0}
08-03 10:02:06.302  1461  9166 D CoreBackPreview: Window{ff06d98 u0 PopupWindow:5709e04}: Setting back callback null
08-03 10:02:06.519  1461  1461 W AccessibilityManagerService:  wait for adding window timeout: 35
08-03 10:02:06.537  1461  1461 W AccessibilityManagerService:  wait for adding window timeout: 36
08-03 10:02:07.725  1461  9166 W ActivityManager: Foreground service started from background can not have location/camera/microphone access: service hu.tagsoft.ttorrent.noads/hu.tagsoft.ttorrent.torrentservice.TorrentService
08-03 10:02:09.731  1461  9166 W ActivityManager: Foreground service started from background can not have location/camera/microphone access: service hu.tagsoft.ttorrent.noads/hu.tagsoft.ttorrent.torrentservice.TorrentService
08-03 10:02:11.739  1461  9166 W ActivityManager: Foreground service started from background can not have location/camera/microphone access: service hu.tagsoft.ttorrent.noads/hu.tagsoft.ttorrent.torrentservice.TorrentService
08-03 10:02:13.747  1461  3325 W ActivityManager: Foreground service started from background can not have location/camera/microphone access: service hu.tagsoft.ttorrent.noads/hu.tagsoft.ttorrent.torrentservice.TorrentService
08-03 10:02:15.756  1461  9166 W ActivityManager: Foreground service started from background can not have location/camera/microphone access: service hu.tagsoft.ttorrent.noads/hu.tagsoft.ttorrent.torrentservice.TorrentService
08-03 10:02:16.579  1461  1562 I UsageStatsService: User[0] Flushing usage stats to disk
08-03 10:02:17.764  1461  8951 W ActivityManager: Foreground service started from background can not have location/camera/microphone access: service hu.tagsoft.ttorrent.noads/hu.tagsoft.ttorrent.torrentservice.TorrentService
08-03 10:02:19.773  1461  9166 W ActivityManager: Foreground service started from background can not have location/camera/microphone access: service hu.tagsoft.ttorrent.noads/hu.tagsoft.ttorrent.torrentservice.TorrentService
08-03 10:02:21.783  1461  9166 W ActivityManager: Foreground service started from background can not have location/camera/microphone access: service hu.tagsoft.ttorrent.noads/hu.tagsoft.ttorrent.torrentservice.TorrentService
08-03 10:02:23.788  1461  9166 W ActivityManager: Foreground service started from background can not have location/camera/microphone access: service hu.tagsoft.ttorrent.noads/hu.tagsoft.ttorrent.torrentservice.TorrentService
08-03 10:02:25.793  1461  3325 W ActivityManager: Foreground service started from background can not have location/camera/microphone access: service hu.tagsoft.ttorrent.noads/hu.tagsoft.ttorrent.torrentservice.TorrentService
08-03 10:02:27.802  1461  9076 W ActivityManager: Foreground service started from background can not have location/camera/microphone access: service hu.tagsoft.ttorrent.noads/hu.tagsoft.ttorrent.torrentservice.TorrentService
08-03 10:02:29.808  1461  3325 W ActivityManager: Foreground service started from background can not have location/camera/microphone access: service hu.tagsoft.ttorrent.noads/hu.tagsoft.ttorrent.torrentservice.TorrentService
08-03 10:02:31.814  1461  9076 W ActivityManager: Foreground service started from background can not have location/camera/microphone access: service hu.tagsoft.ttorrent.noads/hu.tagsoft.ttorrent.torrentservice.TorrentService
08-03 10:02:33.822  1461  9167 W ActivityManager: Foreground service started from background can not have location/camera/microphone access: service hu.tagsoft.ttorrent.noads/hu.tagsoft.ttorrent.torrentservice.TorrentService
08-03 10:02:35.828  1461  8951 W ActivityManager: Foreground service started from background can not have location/camera/microphone access: service hu.tagsoft.ttorrent.noads/hu.tagsoft.ttorrent.torrentservice.TorrentService
08-03 10:02:37.835  1461  9167 W ActivityManager: Foreground service started from background can not have location/camera/microphone access: service hu.tagsoft.ttorrent.noads/hu.tagsoft.ttorrent.torrentservice.TorrentService
08-03 10:02:39.843  1461  9166 W ActivityManager: Foreground service started from background can not have location/camera/microphone access: service hu.tagsoft.ttorrent.noads/hu.tagsoft.ttorrent.torrentservice.TorrentService
08-03 10:02:41.850  1461  8951 W ActivityManager: Foreground service started from background can not have location/camera/microphone access: service hu.tagsoft.ttorrent.noads/hu.tagsoft.ttorrent.torrentservice.TorrentService
08-03 10:02:43.855  1461  9167 W ActivityManager: Foreground service started from background can not have location/camera/microphone access: service hu.tagsoft.ttorrent.noads/hu.tagsoft.ttorrent.torrentservice.TorrentService
08-03 10:02:45.862  1461  9167 W ActivityManager: Foreground service started from background can not have location/camera/microphone access: service hu.tagsoft.ttorrent.noads/hu.tagsoft.ttorrent.torrentservice.TorrentService
08-03 10:02:47.871  1461  9167 W ActivityManager: Foreground service started from background can not have location/camera/microphone access: service hu.tagsoft.ttorrent.noads/hu.tagsoft.ttorrent.torrentservice.TorrentService
08-03 10:02:49.879  1461  9167 W ActivityManager: Foreground service started from background can not have location/camera/microphone access: service hu.tagsoft.ttorrent.noads/hu.tagsoft.ttorrent.torrentservice.TorrentService
08-03 10:02:51.884  1461  2833 W ActivityManager: Foreground service started from background can not have location/camera/microphone access: service hu.tagsoft.ttorrent.noads/hu.tagsoft.ttorrent.torrentservice.TorrentService
08-03 10:02:53.892  1461  9166 W ActivityManager: Foreground service started from background can not have location/camera/microphone access: service hu.tagsoft.ttorrent.noads/hu.tagsoft.ttorrent.torrentservice.TorrentService
08-03 10:02:55.896  1461  8951 W ActivityManager: Foreground service started from background can not have location/camera/microphone access: service hu.tagsoft.ttorrent.noads/hu.tagsoft.ttorrent.torrentservice.TorrentService
08-03 10:02:57.903  1461  9166 W ActivityManager: Foreground service started from background can not have location/camera/microphone access: service hu.tagsoft.ttorrent.noads/hu.tagsoft.ttorrent.torrentservice.TorrentService
08-03 10:02:59.910  1461  9076 W ActivityManager: Foreground service started from background can not have location/camera/microphone access: service hu.tagsoft.ttorrent.noads/hu.tagsoft.ttorrent.torrentservice.TorrentService
08-03 10:03:01.915  1461  9167 W ActivityManager: Foreground service started from background can not have location/camera/microphone access: service hu.tagsoft.ttorrent.noads/hu.tagsoft.ttorrent.torrentservice.TorrentService
08-03 10:03:03.921  1461  9076 W ActivityManager: Foreground service started from background can not have location/camera/microphone access: service hu.tagsoft.ttorrent.noads/hu.tagsoft.ttorrent.torrentservice.TorrentService
08-03 10:03:05.928  1461  9076 W ActivityManager: Foreground service started from background can not have location/camera/microphone access: service hu.tagsoft.ttorrent.noads/hu.tagsoft.ttorrent.torrentservice.TorrentService
08-03 10:03:07.933  1461  9076 W ActivityManager: Foreground service started from background can not have location/camera/microphone access: service hu.tagsoft.ttorrent.noads/hu.tagsoft.ttorrent.torrentservice.TorrentService
08-03 10:03:09.940  1461  8951 W ActivityManager: Foreground service started from background can not have location/camera/microphone access: service hu.tagsoft.ttorrent.noads/hu.tagsoft.ttorrent.torrentservice.TorrentService
08-03 10:03:11.948  1461  9166 W ActivityManager: Foreground service started from background can not have location/camera/microphone access: service hu.tagsoft.ttorrent.noads/hu.tagsoft.ttorrent.torrentservice.TorrentService
08-03 10:03:13.956  1461  9166 W ActivityManager: Foreground service started from background can not have location/camera/microphone access: service hu.tagsoft.ttorrent.noads/hu.tagsoft.ttorrent.torrentservice.TorrentService
08-03 10:03:15.961  1461  9076 W ActivityManager: Foreground service started from background can not have location/camera/microphone access: service hu.tagsoft.ttorrent.noads/hu.tagsoft.ttorrent.torrentservice.TorrentService
08-03 10:03:17.966  1461  9076 W ActivityManager: Foreground service started from background can not have location/camera/microphone access: service hu.tagsoft.ttorrent.noads/hu.tagsoft.ttorrent.torrentservice.TorrentService
08-03 10:03:19.971  1461  9166 W ActivityManager: Foreground service started from background can not have location/camera/microphone access: service hu.tagsoft.ttorrent.noads/hu.tagsoft.ttorrent.torrentservice.TorrentService
08-03 10:03:21.978  1461  8951 W ActivityManager: Foreground service started from background can not have location/camera/microphone access: service hu.tagsoft.ttorrent.noads/hu.tagsoft.ttorrent.torrentservice.TorrentService
08-03 10:03:23.918  1461  2165 D CompatibilityChangeReporter: Compat change id reported: 218533173; UID 10133; state: ENABLED
08-03 10:03:23.982  1461  3325 W ActivityManager: Foreground service started from background can not have location/camera/microphone access: service hu.tagsoft.ttorrent.noads/hu.tagsoft.ttorrent.torrentservice.TorrentService
08-03 10:03:25.986  1461  8951 W ActivityManager: Foreground service started from background can not have location/camera/microphone access: service hu.tagsoft.ttorrent.noads/hu.tagsoft.ttorrent.torrentservice.TorrentService
08-03 10:03:27.990  1461  9166 W ActivityManager: Foreground service started from background can not have location/camera/microphone access: service hu.tagsoft.ttorrent.noads/hu.tagsoft.ttorrent.torrentservice.TorrentService
08-03 10:03:28.201  1461  1608 W BatteryExternalStatsWorker: error reading Bluetooth stats: 9
08-03 10:03:29.994  1461  8951 W ActivityManager: Foreground service started from background can not have location/camera/microphone access: service hu.tagsoft.ttorrent.noads/hu.tagsoft.ttorrent.torrentservice.TorrentService
08-03 10:03:31.997  1461  9167 W ActivityManager: Foreground service started from background can not have location/camera/microphone access: service hu.tagsoft.ttorrent.noads/hu.tagsoft.ttorrent.torrentservice.TorrentService
08-03 10:03:34.005  1461  9167 W ActivityManager: Foreground service started from background can not have location/camera/microphone access: service hu.tagsoft.ttorrent.noads/hu.tagsoft.ttorrent.torrentservice.TorrentService
08-03 10:03:36.009  1461  2833 W ActivityManager: Foreground service started from background can not have location/camera/microphone access: service hu.tagsoft.ttorrent.noads/hu.tagsoft.ttorrent.torrentservice.TorrentService
08-03 10:03:38.013  1461  9167 W ActivityManager: Foreground service started from background can not have location/camera/microphone access: service hu.tagsoft.ttorrent.noads/hu.tagsoft.ttorrent.torrentservice.TorrentService
08-03 10:03:40.016  1461  3325 W ActivityManager: Foreground service started from background can not have location/camera/microphone access: service hu.tagsoft.ttorrent.noads/hu.tagsoft.ttorrent.torrentservice.TorrentService
08-03 10:03:42.020  1461  9076 W ActivityManager: Foreground service started from background can not have location/camera/microphone access: service hu.tagsoft.ttorrent.noads/hu.tagsoft.ttorrent.torrentservice.TorrentService
08-03 10:03:44.024  1461  9167 W ActivityManager: Foreground service started from background can not have location/camera/microphone access: service hu.tagsoft.ttorrent.noads/hu.tagsoft.ttorrent.torrentservice.TorrentService
08-03 10:03:46.028  1461  9167 W ActivityManager: Foreground service started from background can not have location/camera/microphone access: service hu.tagsoft.ttorrent.noads/hu.tagsoft.ttorrent.torrentservice.TorrentService
08-03 10:03:48.033  1461  3325 W ActivityManager: Foreground service started from background can not have location/camera/microphone access: service hu.tagsoft.ttorrent.noads/hu.tagsoft.ttorrent.torrentservice.TorrentService
08-03 10:03:50.039  1461  3325 W ActivityManager: Foreground service started from background can not have location/camera/microphone access: service hu.tagsoft.ttorrent.noads/hu.tagsoft.ttorrent.torrentservice.TorrentService
08-03 10:03:52.049  1461  9076 W ActivityManager: Foreground service started from background can not have location/camera/microphone access: service hu.tagsoft.ttorrent.noads/hu.tagsoft.ttorrent.torrentservice.TorrentService
08-03 10:03:54.054  1461  9167 W ActivityManager: Foreground service started from background can not have location/camera/microphone access: service hu.tagsoft.ttorrent.noads/hu.tagsoft.ttorrent.torrentservice.TorrentService
08-03 10:03:56.057  1461  9166 W ActivityManager: Foreground service started from background can not have location/camera/microphone access: service hu.tagsoft.ttorrent.noads/hu.tagsoft.ttorrent.torrentservice.TorrentService
08-03 10:03:58.062  1461  9076 W ActivityManager: Foreground service started from background can not have location/camera/microphone access: service hu.tagsoft.ttorrent.noads/hu.tagsoft.ttorrent.torrentservice.TorrentService
08-03 10:04:00.066  1461  9167 W ActivityManager: Foreground service started from background can not have location/camera/microphone access: service hu.tagsoft.ttorrent.noads/hu.tagsoft.ttorrent.torrentservice.TorrentService
08-03 10:04:02.070  1461  9167 W ActivityManager: Foreground service started from background can not have location/camera/microphone access: service hu.tagsoft.ttorrent.noads/hu.tagsoft.ttorrent.torrentservice.TorrentService
08-03 10:04:04.072  1461  3325 W ActivityManager: Foreground service started from background can not have location/camera/microphone access: service hu.tagsoft.ttorrent.noads/hu.tagsoft.ttorrent.torrentservice.TorrentService
08-03 10:04:04.108  1461  3325 I ActivityManager: Killing 7358:de.appzer.Pushsafer/u0a278 (adj 985): empty #17
08-03 10:04:04.109  1461  3325 I ActivityManager: Killing 7971:org.mozilla.fennec_fdroid/u0a213 (adj 985): empty #18
08-03 10:04:04.110  1461  3325 I ActivityManager: Killing 8046:org.swiftapps.swiftbackup/u0a169 (adj 995): empty #19
08-03 10:04:04.110  1461  3325 I ActivityManager: Killing 5050:org.fdroid.fdroid/u0a214 (adj 995): empty #20
08-03 10:04:04.111  1461  3325 I ActivityManager: Killing 7167:com.workday.workdroidapp/u0a272 (adj 999): empty #21
08-03 10:04:04.111  1461  3325 I ActivityManager: Killing 7916:org.androidpn.client/u0a274 (adj 999): empty #22
08-03 10:04:04.111  1461  3325 I ActivityManager: Killing 7226:com.android.webview:sandboxed_process0:org.chromium.content.app.SandboxedProcessService0:0/u0a272i5 (adj 999): empty #23
08-03 10:04:04.111  1461  3325 I ActivityManager: Killing 7123:com.utorrent.client/u0a136 (adj 999): empty #24
08-03 10:04:04.112  1461  3325 I ActivityManager: Killing 6989:com.shazam.android/u0a322 (adj 999): empty #25
08-03 10:04:04.113  1461  3325 I ActivityManager: Killing 7514:flar2.devcheck/u0a225 (adj 999): empty #26
08-03 10:04:04.113  1461  3325 I ActivityManager: Killing 7482:flar2.devcheck:Monitors/u0a225 (adj 999): empty #27
08-03 10:04:04.113  1461  3325 I ActivityManager: Killing 7261:com.yt3dl.music/u0a140 (adj 999): empty #28
08-03 10:04:04.114  1461  3325 I ActivityManager: Killing 4697:com.whatsapp/u0a151 (adj 905): empty #29
08-03 10:04:04.115  1461  3325 I ActivityManager: Killing 7089:com.utility.autoapporganizer/u0a244 (adj 999): empty #30
08-03 10:04:04.115  1461  3325 I ActivityManager: Killing 7050:com.socialnmobile.dictapps.notepad.color.note/u0a230 (adj 999): empty #31
08-03 10:04:04.116  1461  3325 I ActivityManager: Killing 6969:com.powertrix.booster/u0a254 (adj 999): empty #32
08-03 10:04:04.116  1461  3325 I ActivityManager: Killing 6188:com.calm.android/u0a302 (adj 999): empty #33
08-03 10:04:04.117  1461  3325 I ActivityManager: Killing 6801:com.palmtronix.shreddit.v1/u0a173 (adj 999): empty #34
08-03 10:04:04.118  1461  3325 I ActivityManager: Killing 3688:com.nll.cb/u0a153 (adj 999): empty #35
08-03 10:04:04.118  1461  3325 I ActivityManager: Killing 6619:com.microsoft.appmanager/u0a303 (adj 999): empty #36
08-03 10:04:04.119  1461  3325 I ActivityManager: Killing 3855:com.nll.helper/u0a157 (adj 999): empty #37
08-03 10:04:04.119  1461  3325 I ActivityManager: Killing 5871:com.adobe.psmobile/u0a178 (adj 999): empty #38
08-03 10:04:04.120  1461  3325 I ActivityManager: Killing 6597:com.gamecircus.PrizeClaw/u0a9 (adj 999): empty #39
08-03 10:04:04.120  1461  3325 I ActivityManager: Killing 4633:com.buak.Link2SD/u0a197 (adj 999): empty #40
08-03 10:04:04.121  1461  3325 I ActivityManager: Killing 6243:com.topjohnwu.magisk/u0a133 (adj 999): empty #41
08-03 10:04:04.121  1461  3325 I ActivityManager: Killing 5482:com.android.providers.calendar/u0a53 (adj 999): empty #42
08-03 10:04:04.121  1461  3325 I ActivityManager: Killing 3224:com.android.deskclock/u0a107 (adj 999): empty #43
08-03 10:04:04.122  1461  3325 I ActivityManager: Killing 5168:org.videolan.vlc/u0a314 (adj 999): empty #44
08-03 10:04:04.122  1461  3325 I ActivityManager: Killing 4392:com.espn.score_center/u0a217 (adj 999): empty #45
08-03 10:04:04.124  1461  3325 I ActivityManager: Killing 4963:com.android.webview:sandboxed_process0:org.chromium.content.app.SandboxedProcessService0:0/u0a217i2 (adj 999): empty #46
08-03 10:04:04.124  1461  3325 I ActivityManager: Killing 5629:cm.aptoide.pt/u0a247 (adj 999): empty #47
08-03 10:04:04.125  1461  3325 I ActivityManager: Killing 5592:org.lineageos.updater/u0a114 (adj 999): empty #48
08-03 10:04:04.126  1461  3325 I ActivityManager: Killing 4655:com.dataviz.docstogo/u0a222 (adj 999): empty #49
08-03 10:04:04.126  1461  3325 I ActivityManager: Killing 3383:org.lineageos.lineageparts/1000 (adj 999): empty #50
08-03 10:04:04.126  1461  3325 I ActivityManager: Killing 3721:android.process.media/u0a52 (adj 999): empty #51
08-03 10:04:04.127  1461  3325 I ActivityManager: Killing 4143:com.android.externalstorage/u0a58 (adj 999): empty #52
08-03 10:04:04.127  1461  3325 I ActivityManager: Killing 5575:org.calyxos.backup.contacts/u0a103 (adj 999): empty #53
08-03 10:04:04.127  1461  3325 I ActivityManager: Killing 5527:com.android.statementservice/u0a50 (adj 999): empty #54
08-03 10:04:04.128  1461  3325 I ActivityManager: Killing 5552:com.motorola.camera2/u0a92 (adj 999): empty #55
08-03 10:04:04.128  1461  3325 I ActivityManager: Killing 5510:com.android.shell/2000 (adj 999): empty #56
08-03 10:04:04.128  1461  3325 I ActivityManager: Killing 5463:com.android.packageinstaller/u0a56 (adj 999): empty #57
08-03 10:04:04.128  1461  3325 I ActivityManager: Killing 5445:com.android.onetimeinitializer/u0a86 (adj 999): empty #58
08-03 10:04:04.129  1461  3325 I ActivityManager: Killing 4335:com.android.imsserviceentitlement/u0a88 (adj 999): empty #59
08-03 10:04:04.129  1461  3325 I ActivityManager: Killing 5428:com.android.managedprovisioning/u0a62 (adj 999): empty #60
08-03 10:04:04.129  1461  3325 I ActivityManager: Killing 5408:com.android.hotwordenrollment.xgoogle/u0a90 (adj 999): empty #61
08-03 10:04:04.129  1461  3325 I ActivityManager: Killing 5370:com.android.dynsystem:dynsystem/1000 (adj 999): empty #62
08-03 10:04:04.130  1461  3325 I ActivityManager: Killing 5377:com.android.hotwordenrollment.okgoogle/u0a93 (adj 999): empty #63
08-03 10:04:04.130  1461  3325 I ActivityManager: Killing 5352:com.android.dynsystem/1000 (adj 999): empty #64
08-03 10:04:04.130  1461  3325 I ActivityManager: Killing 5319:com.android.contacts/u0a91 (adj 999): empty #65
08-03 10:04:04.130  1461  3325 I ActivityManager: Killing 3121:com.android.cellbroadcastreceiver.module/u0a132 (adj 999): empty #66
08-03 10:04:04.130  1461  3325 I ActivityManager: Killing 4566:com.android.webview:webview_apk/u0a100 (adj 999): empty #67
08-03 10:04:04.131  1461  3325 I ActivityManager: Killing 4400:com.stevesoltys.seedvault/u0a120 (adj 999): empty #68
08-03 10:04:04.131  1461  3325 I ActivityManager: Killing 4324:com.android.localtransport/1000 (adj 999): empty #69
08-03 10:04:04.131  1461  3325 I ActivityManager: Killing 4298:com.al.dlnaserver/u0a224 (adj 999): empty #70
08-03 10:04:04.131  1461  3325 I ActivityManager: Killing 4173:com.android.dialer/u0a94 (adj 999): empty #71
08-03 10:04:04.132  1461  3325 I ActivityManager: Killing 3945:com.android.printspooler/u0a82 (adj 999): empty #72
08-03 10:04:04.132  1461  3325 I ActivityManager: Killing 3575:com.android.keychain/1000 (adj 999): empty #73
08-03 10:04:04.132  1461  3325 I ActivityManager: Killing 3346:com.qualcomm.timeservice/u0a83 (adj 999): empty #74
08-03 10:04:04.133  1461  3325 I ActivityManager: Killing 3281:com.ceco.r.gravitybox/u0a266 (adj 999): empty #75
08-03 10:04:04.212  1461  3325 W ActivityManager: Scheduling restart of crashed service com.workday.workdroidapp/org.chromium.content.app.SandboxedProcessService0:0 in 1000ms for connection
08-03 10:04:04.230  1461  9076 W ActivityManager: Scheduling restart of crashed service com.espn.score_center/org.chromium.content.app.SandboxedProcessService0:0 in 10981ms for connection
08-03 10:04:04.478  1461  2425 W ActivityManager: Scheduling restart of crashed service com.nll.helper/.server.RemoteService in 20734ms for connection
08-03 10:04:04.480  1461  2325 D CompatibilityChangeReporter: Compat change id reported: 218533173; UID 10157; state: ENABLED
08-03 10:04:04.608  1461  2832 I ActivityManager: Process org.mozilla.fennec_fdroid:tab32 (pid 8104) has died: fg  SVC 
08-03 10:04:04.633  1461  1601 I ActivityManager: Process PhantomProcessRecord {aa14387 8146:8046:sh/u0a169} died
08-03 10:04:04.634  1461  1601 I ActivityManager: Process PhantomProcessRecord {aa712b4 6204:4633:su/u0a197} died
08-03 10:04:04.634  1461  1601 I ActivityManager: Process PhantomProcessRecord {c0dfedd 6267:6243:su/u0a133} died
08-03 10:04:04.848  1461  1601 I ActivityManager: Process PhantomProcessRecord {3b72c95 5778:5629:sh/u0a247} died
08-03 10:04:04.849  1461  9737 I ActivityManager: Killing 8077:com.android.webview:sandboxed_process0:org.chromium.content.app.SandboxedProcessService0:0/u0a140i6 (adj 0): isolated not needed
08-03 10:04:06.076  1461  9737 W ActivityManager: Foreground service started from background can not have location/camera/microphone access: service hu.tagsoft.ttorrent.noads/hu.tagsoft.ttorrent.torrentservice.TorrentService
08-03 10:04:08.086  1461  9076 W ActivityManager: Foreground service started from background can not have location/camera/microphone access: service hu.tagsoft.ttorrent.noads/hu.tagsoft.ttorrent.torrentservice.TorrentService
08-03 10:04:10.092  1461  9076 W ActivityManager: Foreground service started from background can not have location/camera/microphone access: service hu.tagsoft.ttorrent.noads/hu.tagsoft.ttorrent.torrentservice.TorrentService
08-03 10:04:12.099  1461  9738 W ActivityManager: Foreground service started from background can not have location/camera/microphone access: service hu.tagsoft.ttorrent.noads/hu.tagsoft.ttorrent.torrentservice.TorrentService
08-03 10:04:14.105  1461  9738 W ActivityManager: Foreground service started from background can not have location/camera/microphone access: service hu.tagsoft.ttorrent.noads/hu.tagsoft.ttorrent.torrentservice.TorrentService
08-03 10:04:16.114  1461  3325 W ActivityManager: Foreground service started from background can not have location/camera/microphone access: service hu.tagsoft.ttorrent.noads/hu.tagsoft.ttorrent.torrentservice.TorrentService
08-03 10:04:18.119  1461  9076 W ActivityManager: Foreground service started from background can not have location/camera/microphone access: service hu.tagsoft.ttorrent.noads/hu.tagsoft.ttorrent.torrentservice.TorrentService
08-03 10:04:20.123  1461  9738 W ActivityManager: Foreground service started from background can not have location/camera/microphone access: service hu.tagsoft.ttorrent.noads/hu.tagsoft.ttorrent.torrentservice.TorrentService
08-03 10:04:22.126  1461  3325 W ActivityManager: Foreground service started from background can not have location/camera/microphone access: service hu.tagsoft.ttorrent.noads/hu.tagsoft.ttorrent.torrentservice.TorrentService
08-03 10:04:24.131  1461  9739 W ActivityManager: Foreground service started from background can not have location/camera/microphone access: service hu.tagsoft.ttorrent.noads/hu.tagsoft.ttorrent.torrentservice.TorrentService
08-03 10:04:26.137  1461  9738 W ActivityManager: Foreground service started from background can not have location/camera/microphone access: service hu.tagsoft.ttorrent.noads/hu.tagsoft.ttorrent.torrentservice.TorrentService
08-03 10:04:28.142  1461  9738 W ActivityManager: Foreground service started from background can not have location/camera/microphone access: service hu.tagsoft.ttorrent.noads/hu.tagsoft.ttorrent.torrentservice.TorrentService
08-03 10:04:30.147  1461  9737 W ActivityManager: Foreground service started from background can not have location/camera/microphone access: service hu.tagsoft.ttorrent.noads/hu.tagsoft.ttorrent.torrentservice.TorrentService
08-03 10:04:32.152  1461  1508 W ActivityManager: Foreground service started from background can not have location/camera/microphone access: service hu.tagsoft.ttorrent.noads/hu.tagsoft.ttorrent.torrentservice.TorrentService
08-03 10:04:34.159  1461  9738 W ActivityManager: Foreground service started from background can not have location/camera/microphone access: service hu.tagsoft.ttorrent.noads/hu.tagsoft.ttorrent.torrentservice.TorrentService
08-03 10:04:36.166  1461  1508 W ActivityManager: Foreground service started from background can not have location/camera/microphone access: service hu.tagsoft.ttorrent.noads/hu.tagsoft.ttorrent.torrentservice.TorrentService
08-03 10:04:38.170  1461  9739 W ActivityManager: Foreground service started from background can not have location/camera/microphone access: service hu.tagsoft.ttorrent.noads/hu.tagsoft.ttorrent.torrentservice.TorrentService
08-03 10:04:40.176  1461  9737 W ActivityManager: Foreground service started from background can not have location/camera/microphone access: service hu.tagsoft.ttorrent.noads/hu.tagsoft.ttorrent.torrentservice.TorrentService
08-03 10:04:42.181  1461  9737 W ActivityManager: Foreground service started from background can not have location/camera/microphone access: service hu.tagsoft.ttorrent.noads/hu.tagsoft.ttorrent.torrentservice.TorrentService
08-03 10:04:43.524  1461  2209 D ActivityManager: freezing 7313 com.zacharee1.systemuituner
08-03 10:04:43.532  1461  2209 D ActivityManager: freezing 4534 com.android.webview:webview_service
08-03 10:04:43.540  1461  2209 D ActivityManager: freezing 7838 org.adaway
08-03 10:04:43.544  1461  2209 D ActivityManager: freezing 7389 exchange.ondemand.randstad.worker
08-03 10:04:43.547  1461  2209 D ActivityManager: freezing 7432 feniksenia.app.speakerlouder90
08-03 10:04:43.549  1461  2209 D ActivityManager: freezing 8210 org.xbmc.kodi
08-03 10:04:43.552  1461  2209 D ActivityManager: freezing 5803 com.AvailTec.PalmTran
08-03 10:04:43.554  1461  2209 D ActivityManager: freezing 7670 net.superblock.pushover
08-03 10:04:43.557  1461  2209 D ActivityManager: freezing 7748 notify.me.app
08-03 10:04:43.559  1461  2209 D ActivityManager: freezing 3094 com.android.permissioncontroller
08-03 10:04:43.561  1461  2209 D ActivityManager: freezing 6524 com.employbridge.westaff
08-03 10:04:43.565  1461  2209 D ActivityManager: freezing 3165 android.process.acore
08-03 10:04:43.567  1461  2209 D ActivityManager: freezing 2937 com.android.settings
08-03 10:04:43.570  1461  2209 D ActivityManager: freezing 8232 xyz.klinker.messenger
08-03 10:04:44.186  1461  3325 W ActivityManager: Foreground service started from background can not have location/camera/microphone access: service hu.tagsoft.ttorrent.noads/hu.tagsoft.ttorrent.torrentservice.TorrentService
08-03 10:04:46.194  1461  9737 W ActivityManager: Foreground service started from background can not have location/camera/microphone access: service hu.tagsoft.ttorrent.noads/hu.tagsoft.ttorrent.torrentservice.TorrentService
08-03 10:04:48.200  1461  9737 W ActivityManager: Foreground service started from background can not have location/camera/microphone access: service hu.tagsoft.ttorrent.noads/hu.tagsoft.ttorrent.torrentservice.TorrentService
08-03 10:04:50.209  1461  9737 W ActivityManager: Foreground service started from background can not have location/camera/microphone access: service hu.tagsoft.ttorrent.noads/hu.tagsoft.ttorrent.torrentservice.TorrentService
08-03 10:04:52.213  1461  9076 W ActivityManager: Foreground service started from background can not have location/camera/microphone access: service hu.tagsoft.ttorrent.noads/hu.tagsoft.ttorrent.torrentservice.TorrentService
08-03 10:04:54.218  1461  9076 W ActivityManager: Foreground service started from background can not have location/camera/microphone access: service hu.tagsoft.ttorrent.noads/hu.tagsoft.ttorrent.torrentservice.TorrentService
08-03 10:04:56.221  1461  9737 W ActivityManager: Foreground service started from background can not have location/camera/microphone access: service hu.tagsoft.ttorrent.noads/hu.tagsoft.ttorrent.torrentservice.TorrentService
08-03 10:04:58.226  1461  9737 W ActivityManager: Foreground service started from background can not have location/camera/microphone access: service hu.tagsoft.ttorrent.noads/hu.tagsoft.ttorrent.torrentservice.TorrentService
08-03 10:05:00.229  1461  9737 W ActivityManager: Foreground service started from background can not have location/camera/microphone access: service hu.tagsoft.ttorrent.noads/hu.tagsoft.ttorrent.torrentservice.TorrentService
08-03 10:05:00.316  1461  1554 D AutofillManagerService: Close system dialogs
08-03 10:05:00.319  1461  1555 I ActivityTaskManager: START u0 {act=android.intent.action.MAIN cat=[android.intent.category.HOME] flg=0x10000100 cmp=ginlemon.flowerfree/ginlemon.flower.HomeScreen (has extras)} from uid 0
08-03 10:05:00.370  1461  9737 D CoreBackPreview: Window{6077f66 u0 io.github.forkmaintainers.iceraven/io.github.forkmaintainers.iceraven.App}: Setting back callback OnBackInvokedCallbackInfo{mCallback=android.window.IOnBackInvokedCallback$Stub$Proxy@2f23732, mPriority=0}
08-03 10:05:01.039  1461  1508 D CoreBackPreview: Window{e8a6c0b u0 com.catchingnow.undo}: Setting back callback null
08-03 10:05:01.042  1461  1557 W NotificationHistory: Attempted to remove channel for locked/gone/disabled user 0
08-03 10:05:01.235  1461  1508 D CompatibilityChangeReporter: Compat change id reported: 161252188; UID 10153; state: DISABLED
08-03 10:05:01.236  1461  1508 I ActivityTaskManager: START u0 {act=android.intent.action.MAIN cat=[android.intent.category.LAUNCHER] flg=0x10000000 cmp=com.nll.cb/.RedAlias} from uid 10281
08-03 10:05:01.236  1461  1508 D CompatibilityChangeReporter: Compat change id reported: 265464455; UID 10153; state: DISABLED
08-03 10:05:01.237  1461  1508 D CompatibilityChangeReporter: Compat change id reported: 265452344; UID 10153; state: DISABLED
08-03 10:05:01.237  1461  1508 D CompatibilityChangeReporter: Compat change id reported: 266124927; UID 10153; state: DISABLED
08-03 10:05:01.237  1461  1508 D CompatibilityChangeReporter: Compat change id reported: 265451093; UID 10153; state: DISABLED
08-03 10:05:01.237  1461  1508 D CompatibilityChangeReporter: Compat change id reported: 265456536; UID 10153; state: DISABLED
08-03 10:05:01.238  1461  1508 D CompatibilityChangeReporter: Compat change id reported: 255940284; UID 10153; state: DISABLED
08-03 10:05:01.238  1461  1508 D CompatibilityChangeReporter: Compat change id reported: 236283604; UID 10153; state: DISABLED
08-03 10:05:01.238  1461  1508 D CompatibilityChangeReporter: Compat change id reported: 263959004; UID 10153; state: DISABLED
08-03 10:05:01.238  1461  1508 D CompatibilityChangeReporter: Compat change id reported: 264304459; UID 10153; state: DISABLED
08-03 10:05:01.238  1461  1508 D CompatibilityChangeReporter: Compat change id reported: 264301586; UID 10153; state: DISABLED
08-03 10:05:01.239  1461  1508 D CompatibilityChangeReporter: Compat change id reported: 254631730; UID 10153; state: DISABLED
08-03 10:05:01.239  1461  1508 D CompatibilityChangeReporter: Compat change id reported: 273509367; UID 10153; state: DISABLED
08-03 10:05:01.239  1461  1508 D CompatibilityChangeReporter: Compat change id reported: 263259275; UID 10153; state: DISABLED
08-03 10:05:01.254  1461  1508 D CompatibilityChangeReporter: Compat change id reported: 194480991; UID 10153; state: ENABLED
