08-03 09:54:00.331  1461  1508 W ActivityManager: Foreground service started from background can not have location/camera/microphone access: service hu.tagsoft.ttorrent.noads/hu.tagsoft.ttorrent.torrentservice.TorrentService
08-03 09:54:01.814  1461  2165 D OomAdjuster: Not killing cached processes
08-03 09:54:01.819  1461  2165 D CompatibilityChangeReporter: Compat change id reported: 218533173; UID 10200; state: DISABLED
08-03 09:54:02.346  1461  3325 W ActivityManager: Foreground service started from background can not have location/camera/microphone access: service hu.tagsoft.ttorrent.noads/hu.tagsoft.ttorrent.torrentservice.TorrentService
08-03 09:54:02.531  1461  2165 D CompatibilityChangeReporter: Compat change id reported: 218533173; UID 10276; state: DISABLED
08-03 09:54:04.358  1461  2636 W ActivityManager: Foreground service started from background can not have location/camera/microphone access: service hu.tagsoft.ttorrent.noads/hu.tagsoft.ttorrent.torrentservice.TorrentService
08-03 09:54:06.369  1461  2425 W ActivityManager: Foreground service started from background can not have location/camera/microphone access: service hu.tagsoft.ttorrent.noads/hu.tagsoft.ttorrent.torrentservice.TorrentService
08-03 09:54:08.093  1461  2636 D CoreBackPreview: Window{ddc21e9 u0 xyz.klinker.messenger/xyz.klinker.messenger.activity.MessengerActivity}: Setting back callback OnBackInvokedCallbackInfo{mCallback=android.window.IOnBackInvokedCallback$Stub$Proxy@bfe472b, mPriority=0}
08-03 09:54:08.376  1461  2636 W ActivityManager: Foreground service started from background can not have location/camera/microphone access: service hu.tagsoft.ttorrent.noads/hu.tagsoft.ttorrent.torrentservice.TorrentService
08-03 09:54:08.895  1461  1562 W NotificationHistory: Attempted to remove conversation for locked/gone/disabled user 0
08-03 09:54:08.899  1461  1508 E ShortcutService: Invalid icon type in shortcut 442571692270992. Bitmaps are not allowed in long-lived shortcuts. Use Resource icons, or Uri-based icons instead.
08-03 09:54:08.966  1461  2636 E ShortcutService: Invalid icon type in shortcut 442571692270992. Bitmaps are not allowed in long-lived shortcuts. Use Resource icons, or Uri-based icons instead.
08-03 09:54:10.031  1461  2425 D CoreBackPreview: Window{ddc21e9 u0 xyz.klinker.messenger/xyz.klinker.messenger.activity.MessengerActivity}: Setting back callback null
08-03 09:54:10.047  1461  1557 V WindowManager: Unknown focus tokens, dropping reportFocusChanged
08-03 09:54:10.382  1461  2933 W ActivityManager: Foreground service started from background can not have location/camera/microphone access: service hu.tagsoft.ttorrent.noads/hu.tagsoft.ttorrent.torrentservice.TorrentService
08-03 09:54:10.450  1461  1564 D OomAdjuster: Not killing cached processes
08-03 09:54:10.556  1461  3325 D CompatibilityChangeReporter: Compat change id reported: 149924527; UID 10257; state: ENABLED
08-03 09:54:10.556  1461  3325 D CompatibilityChangeReporter: Compat change id reported: 132649864; UID 10257; state: DISABLED
08-03 09:54:10.807  1461  1461 W NotificationHistory: Attempted to add notif for locked/gone/disabled user 0
08-03 09:54:10.808  1461  1461 E NotificationService: Muting recently noisy 0|xyz.klinker.messenger|-1961176519|null|10257
08-03 09:54:10.808  1461  1461 E NotificationService: Muting recently noisy 0|xyz.klinker.messenger|-1961176519|null|10257
08-03 09:54:12.390  1461  2161 W ActivityManager: Foreground service started from background can not have location/camera/microphone access: service hu.tagsoft.ttorrent.noads/hu.tagsoft.ttorrent.torrentservice.TorrentService
08-03 09:54:13.487  1461  3325 D SystemServerTiming: getUserSwitchability-0
08-03 09:54:13.487  1461  2161 D SystemServerTiming: getUserSwitchability-0
08-03 09:54:13.488  1461  3325 D SystemServerTiming: TM.isInCall
08-03 09:54:13.488  1461  2161 D SystemServerTiming: TM.isInCall
08-03 09:54:13.489  1461  3325 V SystemServerTiming: TM.isInCall took to complete: 1ms
08-03 09:54:13.489  1461  3325 D SystemServerTiming: hasUserRestriction-DISALLOW_USER_SWITCH
08-03 09:54:13.489  1461  3325 V SystemServerTiming: hasUserRestriction-DISALLOW_USER_SWITCH took to complete: 0ms
08-03 09:54:13.489  1461  3325 D SystemServerTiming: getInt-ALLOW_USER_SWITCHING_WHEN_SYSTEM_USER_LOCKED
08-03 09:54:13.489  1461  2161 V SystemServerTiming: TM.isInCall took to complete: 2ms
08-03 09:54:13.489  1461  2161 D SystemServerTiming: hasUserRestriction-DISALLOW_USER_SWITCH
08-03 09:54:13.489  1461  2161 V SystemServerTiming: hasUserRestriction-DISALLOW_USER_SWITCH took to complete: 0ms
08-03 09:54:13.489  1461  2161 D SystemServerTiming: getInt-ALLOW_USER_SWITCHING_WHEN_SYSTEM_USER_LOCKED
08-03 09:54:13.490  1461  3325 V SystemServerTiming: getInt-ALLOW_USER_SWITCHING_WHEN_SYSTEM_USER_LOCKED took to complete: 0ms
08-03 09:54:13.490  1461  3325 D SystemServerTiming: isUserUnlocked-USER_SYSTEM
08-03 09:54:13.490  1461  3325 V SystemServerTiming: isUserUnlocked-USER_SYSTEM took to complete: 0ms
08-03 09:54:13.490  1461  3325 V SystemServerTiming: getUserSwitchability-0 took to complete: 3ms
08-03 09:54:13.490  1461  2161 V SystemServerTiming: getInt-ALLOW_USER_SWITCHING_WHEN_SYSTEM_USER_LOCKED took to complete: 0ms
08-03 09:54:13.490  1461  2161 D SystemServerTiming: isUserUnlocked-USER_SYSTEM
08-03 09:54:13.490  1461  2161 V SystemServerTiming: isUserUnlocked-USER_SYSTEM took to complete: 0ms
08-03 09:54:13.490  1461  2161 V SystemServerTiming: getUserSwitchability-0 took to complete: 3ms
08-03 09:54:14.396  1461  2493 W ActivityManager: Foreground service started from background can not have location/camera/microphone access: service hu.tagsoft.ttorrent.noads/hu.tagsoft.ttorrent.torrentservice.TorrentService
08-03 09:54:15.517  1461  2161 D OomAdjuster: Not killing cached processes
08-03 09:54:16.403  1461  2493 W ActivityManager: Foreground service started from background can not have location/camera/microphone access: service hu.tagsoft.ttorrent.noads/hu.tagsoft.ttorrent.torrentservice.TorrentService
08-03 09:54:17.921  1461  1554 D AutofillManagerService: Close system dialogs
08-03 09:54:17.923  1461  1555 I ActivityTaskManager: START u0 {act=android.intent.action.MAIN cat=[android.intent.category.HOME] flg=0x10000100 cmp=ginlemon.flowerfree/ginlemon.flower.HomeScreen (has extras)} from uid 0
08-03 09:54:18.250  1461  1562 D AppWidgetServiceImpl: Provider info from ComponentInfo{com.android.gallery3d/com.android.gallery3d.gadget.PhotoAppWidgetProvider} won't be persisted.
08-03 09:54:18.250  1461  1562 D AppWidgetServiceImpl: Provider info from ComponentInfo{com.android.systemui/com.android.systemui.people.widget.PeopleSpaceWidgetProvider} won't be persisted.
08-03 09:54:18.250  1461  1562 D AppWidgetServiceImpl: Provider info from ComponentInfo{org.lineageos.eleven/org.lineageos.eleven.appwidgets.AppWidgetSmall} won't be persisted.
08-03 09:54:18.250  1461  1562 D AppWidgetServiceImpl: Provider info from ComponentInfo{org.lineageos.eleven/org.lineageos.eleven.appwidgets.AppWidgetLarge} won't be persisted.
08-03 09:54:18.250  1461  1562 D AppWidgetServiceImpl: Provider info from ComponentInfo{org.lineageos.eleven/org.lineageos.eleven.appwidgets.AppWidgetLargeAlternate} won't be persisted.
08-03 09:54:18.250  1461  1562 D AppWidgetServiceImpl: Provider info from ComponentInfo{org.lineageos.etar/com.android.calendar.widget.CalendarAppWidgetProvider} won't be persisted.
08-03 09:54:18.250  1461  1562 D AppWidgetServiceImpl: Provider info from ComponentInfo{cm.aptoide.pt/cm.aptoide.pt.widget.SearchWidgetProvider} won't be persisted.
08-03 09:54:18.250  1461  1562 D AppWidgetServiceImpl: Provider info from ComponentInfo{com.al.dlnaserver/com.al.dlnaserver.customs.AppWidget} won't be persisted.
08-03 09:54:18.250  1461  1562 D AppWidgetServiceImpl: Provider info from ComponentInfo{com.almalence.opencam/com.almalence.widget.OpenCameraWidgetProvider} won't be persisted.
08-03 09:54:18.250  1461  1562 D AppWidgetServiceImpl: Provider info from ComponentInfo{com.almalence.opencam/com.almalence.widget.OpenCameraSolidWidgetProvider} won't be persisted.
08-03 09:54:18.250  1461  1562 D AppWidgetServiceImpl: Provider info from ComponentInfo{com.almalence.opencam/com.almalence.widget.OpenCameraFullSolidWidgetProvider} won't be persisted.
08-03 09:54:18.250  1461  1562 D AppWidgetServiceImpl: Provider info from ComponentInfo{com.android.chrome/org.chromium.chrome.browser.quickactionsearchwidget.QuickActionSearchWidgetProvider$QuickActionSearchWidgetProviderSearch} won't be persisted.
08-03 09:54:18.250  1461  1562 D AppWidgetServiceImpl: Provider info from ComponentInfo{com.android.chrome/org.chromium.chrome.browser.quickactionsearchwidget.QuickActionSearchWidgetProvider$QuickActionSearchWidgetProviderDino} won't be persisted.
08-03 09:54:18.250  1461  1562 D AppWidgetServiceImpl: Provider info from ComponentInfo{com.android.chrome/com.google.android.apps.chrome.appwidget.bookmarks.BookmarkThumbnailWidgetProvider} won't be persisted.
08-03 09:54:18.250  1461  1562 D AppWidgetServiceImpl: Provider info from ComponentInfo{com.android.chrome/org.chromium.chrome.browser.searchwidget.SearchWidgetProvider} won't be persisted.
08-03 09:54:18.250  1461  1562 D AppWidgetServiceImpl: Provider info from ComponentInfo{com.appgeneration.itunerfree/com.appgeneration.ituner.widget.MyTunerWidgetProvider} won't be persisted.
08-03 09:54:18.250  1461  1562 D AppWidgetServiceImpl: Provider info from ComponentInfo{com.brave.browser/org.chromium.chrome.browser.quickactionsearchwidget.QuickActionSearchWidgetProvider$QuickActionSearchWidgetProviderSearch} won't be persisted.
08-03 09:54:18.250  1461  1562 D AppWidgetServiceImpl: Provider info from ComponentInfo{com.brave.browser/org.chromium.chrome.browser.quickactionsearchwidget.QuickActionSearchWidgetProvider$QuickActionSearchWidgetProviderDino} won't be persisted.
08-03 09:54:18.250  1461  1562 D AppWidgetServiceImpl: Provider info from ComponentInfo{com.brave.browser/com.google.android.apps.chrome.appwidget.bookmarks.BookmarkThumbnailWidgetProvider} won't be persisted.
08-03 09:54:18.250  1461  1562 D AppWidgetServiceImpl: Provider info from ComponentInfo{com.brave.browser/org.chromium.chrome.browser.searchwidget.SearchWidgetProvider} won't be persisted.
08-03 09:54:18.250  1461  1562 D AppWidgetServiceImpl: Provider info from ComponentInfo{com.brave.browser/org.chromium.chrome.browser.widget.quickactionsearchandbookmark.QuickActionSearchAndBookmarkWidgetProvider} won't be persisted.
08-03 09:54:18.250  1461  1562 D AppWidgetServiceImpl: Provider info from ComponentInfo{com.buak.Link2SD/com.buak.Link2SD.clearcache.ClearCacheWidgetProvider} won't be persisted.
08-03 09:54:18.250  1461  1562 D AppWidgetServiceImpl: Provider info from ComponentInfo{com.buak.Link2SD/com.buak.Link2SD.widget.RebootWidgetProvider} won't be persisted.
08-03 09:54:18.250  1461  1562 D AppWidgetServiceImpl: Provider info from ComponentInfo{com.calm.android/com.calm.android.widgets.DailyCalmWidget} won't be persisted.
08-03 09:54:18.250  1461  1562 D AppWidgetServiceImpl: Provider info from ComponentInfo{com.calm.android/com.calm.android.widgets.RecommendedSleepStoryWidget} won't be persisted.
08-03 09:54:18.250  1461  1562 D AppWidgetServiceImpl: Provider info from ComponentInfo{com.catchingnow.tinyclipboardmanager/com.catchingnow.tinyclipboardmanager.uitools.AppWidget} won't be persisted.
08-03 09:54:18.250  1461  1562 D AppWidgetServiceImpl: Provider info from ComponentInfo{com.nextradioapp.nextradio/com.nextradioapp.nextradio.widgetnotifications.Widget2RowsLarge} won't be persisted.
08-03 09:54:18.251  1461  1562 D AppWidgetServiceImpl: Provider info from ComponentInfo{com.nextradioapp.nextradio/com.nextradioapp.nextradio.widgetnotifications.Widget2Rows} won't be persisted.
08-03 09:54:18.251  1461  1562 D AppWidgetServiceImpl: Provider info from ComponentInfo{com.nextradioapp.nextradio/com.nextradioapp.nextradio.widgetnotifications.Widget2RowsSmall} won't be persisted.
08-03 09:54:18.251  1461  1562 D AppWidgetServiceImpl: Provider info from ComponentInfo{com.piriform.ccleaner/com.avast.android.cleaner.widget.ProjectAppWidgetProvider} won't be persisted.
08-03 09:54:18.251  1461  1562 D AppWidgetServiceImpl: Provider info from ComponentInfo{com.shazam.android/com.shazam.popup.android.appwidget.ShazamOnStartupWidgetProvider} won't be persisted.
08-03 09:54:18.251  1461  1562 D AppWidgetServiceImpl: Provider info from ComponentInfo{com.shazam.android/com.shazam.popup.android.appwidget.WidgetProvider} won't be persisted.
08-03 09:54:18.251  1461  1562 D AppWidgetServiceImpl: Provider info from ComponentInfo{com.utility.autoapporganizer/com.utility.autoapporganizer.AAOAppWidgetProvider} won't be persisted.
08-03 09:54:18.251  1461  1562 D AppWidgetServiceImpl: Provider info from ComponentInfo{com.whatsapp/com.whatsapp.appwidget.WidgetProvider} won't be persisted.
08-03 09:54:18.251  1461  1562 D AppWidgetServiceImpl: Provider info from ComponentInfo{de.appzer.Pushsafer/de.appzer.Pushsafer.PushsaferWidget} won't be persisted.
08-03 09:54:18.251  1461  1562 D AppWidgetServiceImpl: Provider info from ComponentInfo{de.appzer.Pushsafer/de.appzer.Pushsafer.PushsaferWidgetIcon} won't be persisted.
08-03 09:54:18.251  1461  1562 D AppWidgetServiceImpl: Provider info from ComponentInfo{io.github.forkmaintainers.iceraven/org.mozilla.gecko.search.SearchWidgetProvider} won't be persisted.
08-03 09:54:18.251  1461  1562 D AppWidgetServiceImpl: Provider info from ComponentInfo{net.superblock.pushover/net.superblock.pushover.widget.PushoverWidgetProvider} won't be persisted.
08-03 09:54:18.251  1461  1562 D AppWidgetServiceImpl: Provider info from ComponentInfo{org.leetzone.android.yatsewidgetfree/org.leetzone.android.yatsewidget.ui.widget.Widget11v1} won't be persisted.
08-03 09:54:18.251  1461  1562 D AppWidgetServiceImpl: Provider info from ComponentInfo{org.leetzone.android.yatsewidgetfree/org.leetzone.android.yatsewidget.ui.widget.Widget11v2} won't be persisted.
08-03 09:54:18.251  1461  1562 D AppWidgetServiceImpl: Provider info from ComponentInfo{org.leetzone.android.yatsewidgetfree/org.leetzone.android.yatsewidget.ui.widget.Widget41v1} won't be persisted.
08-03 09:54:18.251  1461  1562 D AppWidgetServiceImpl: Provider info from ComponentInfo{org.leetzone.android.yatsewidgetfree/org.leetzone.android.yatsewidget.ui.widget.Widget21v1} won't be persisted.
08-03 09:54:18.251  1461  1562 D AppWidgetServiceImpl: Provider info from ComponentInfo{org.leetzone.android.yatsewidgetfree/org.leetzone.android.yatsewidget.ui.widget.Widget43v1} won't be persisted.
08-03 09:54:18.251  1461  1562 D AppWidgetServiceImpl: Provider info from ComponentInfo{org.leetzone.android.yatsewidgetfree/org.leetzone.android.yatsewidget.ui.widget.Widget42v1} won't be persisted.
08-03 09:54:18.251  1461  1562 D AppWidgetServiceImpl: Provider info from ComponentInfo{org.leetzone.android.yatsewidgetfree/org.leetzone.android.yatsewidget.ui.widget.Widget42v2} won't be persisted.
08-03 09:54:18.251  1461  1562 D AppWidgetServiceImpl: Provider info from ComponentInfo{org.leetzone.android.yatsewidgetfree/org.leetzone.android.yatsewidget.ui.widget.WidgetMoviesv1} won't be persisted.
08-03 09:54:18.251  1461  1562 D AppWidgetServiceImpl: Provider info from ComponentInfo{org.leetzone.android.yatsewidgetfree/org.leetzone.android.yatsewidget.ui.widget.WidgetEpisodesv1} won't be persisted.
08-03 09:54:18.251  1461  1562 D AppWidgetServiceImpl: Provider info from ComponentInfo{org.leetzone.android.yatsewidgetfree/org.leetzone.android.yatsewidget.ui.widget.WidgetFavouritesv1} won't be persisted.
08-03 09:54:18.251  1461  1562 D AppWidgetServiceImpl: Provider info from ComponentInfo{org.leetzone.android.yatsewidgetfree/org.leetzone.android.yatsewidget.ui.widget.WidgetVoiceCommandv1} won't be persisted.
08-03 09:54:18.251  1461  1562 D AppWidgetServiceImpl: Provider info from ComponentInfo{org.malwarebytes.antimalware/org.malwarebytes.antimalware.widget.WidgetProvider} won't be persisted.
08-03 09:54:18.251  1461  1562 D AppWidgetServiceImpl: Provider info from ComponentInfo{org.mozilla.fennec_fdroid/org.mozilla.gecko.search.SearchWidgetProvider} won't be persisted.
08-03 09:54:18.251  1461  1562 D AppWidgetServiceImpl: Provider info from ComponentInfo{org.videolan.vlc/org.videolan.vlc.widget.MiniPlayerAppWidgetProvider} won't be persisted.
08-03 09:54:18.251  1461  1562 D AppWidgetServiceImpl: Provider info from ComponentInfo{os.tools.scriptmanager/os.tools.widget.SMWidgetProvider} won't be persisted.
08-03 09:54:18.251  1461  1562 D AppWidgetServiceImpl: Provider info from ComponentInfo{os.tools.smwidgets/os.tools.smwidgets.SMWidgetProvider} won't be persisted.
08-03 09:54:18.251  1461  1562 D AppWidgetServiceImpl: Provider info from ComponentInfo{uk.co.aifactory.fialfree/uk.co.aifactory.fialfree.Widget} won't be persisted.
08-03 09:54:18.266  1461  1562 D AppWidgetServiceImpl: Provider info from ComponentInfo{com.android.gallery3d/com.android.gallery3d.gadget.PhotoAppWidgetProvider} won't be persisted.
08-03 09:54:18.266  1461  1562 D AppWidgetServiceImpl: Provider info from ComponentInfo{com.android.systemui/com.android.systemui.people.widget.PeopleSpaceWidgetProvider} won't be persisted.
08-03 09:54:18.266  1461  1562 D AppWidgetServiceImpl: Provider info from ComponentInfo{org.lineageos.eleven/org.lineageos.eleven.appwidgets.AppWidgetSmall} won't be persisted.
08-03 09:54:18.266  1461  1562 D AppWidgetServiceImpl: Provider info from ComponentInfo{org.lineageos.eleven/org.lineageos.eleven.appwidgets.AppWidgetLarge} won't be persisted.
08-03 09:54:18.266  1461  1562 D AppWidgetServiceImpl: Provider info from ComponentInfo{org.lineageos.eleven/org.lineageos.eleven.appwidgets.AppWidgetLargeAlternate} won't be persisted.
08-03 09:54:18.266  1461  1562 D AppWidgetServiceImpl: Provider info from ComponentInfo{org.lineageos.etar/com.android.calendar.widget.CalendarAppWidgetProvider} won't be persisted.
08-03 09:54:18.266  1461  1562 D AppWidgetServiceImpl: Provider info from ComponentInfo{cm.aptoide.pt/cm.aptoide.pt.widget.SearchWidgetProvider} won't be persisted.
08-03 09:54:18.266  1461  1562 D AppWidgetServiceImpl: Provider info from ComponentInfo{com.al.dlnaserver/com.al.dlnaserver.customs.AppWidget} won't be persisted.
08-03 09:54:18.266  1461  1562 D AppWidgetServiceImpl: Provider info from ComponentInfo{com.almalence.opencam/com.almalence.widget.OpenCameraWidgetProvider} won't be persisted.
08-03 09:54:18.266  1461  1562 D AppWidgetServiceImpl: Provider info from ComponentInfo{com.almalence.opencam/com.almalence.widget.OpenCameraSolidWidgetProvider} won't be persisted.
08-03 09:54:18.266  1461  1562 D AppWidgetServiceImpl: Provider info from ComponentInfo{com.almalence.opencam/com.almalence.widget.OpenCameraFullSolidWidgetProvider} won't be persisted.
08-03 09:54:18.266  1461  1562 D AppWidgetServiceImpl: Provider info from ComponentInfo{com.android.chrome/org.chromium.chrome.browser.quickactionsearchwidget.QuickActionSearchWidgetProvider$QuickActionSearchWidgetProviderSearch} won't be persisted.
08-03 09:54:18.266  1461  1562 D AppWidgetServiceImpl: Provider info from ComponentInfo{com.android.chrome/org.chromium.chrome.browser.quickactionsearchwidget.QuickActionSearchWidgetProvider$QuickActionSearchWidgetProviderDino} won't be persisted.
08-03 09:54:18.266  1461  1562 D AppWidgetServiceImpl: Provider info from ComponentInfo{com.android.chrome/com.google.android.apps.chrome.appwidget.bookmarks.BookmarkThumbnailWidgetProvider} won't be persisted.
08-03 09:54:18.266  1461  1562 D AppWidgetServiceImpl: Provider info from ComponentInfo{com.android.chrome/org.chromium.chrome.browser.searchwidget.SearchWidgetProvider} won't be persisted.
08-03 09:54:18.266  1461  1562 D AppWidgetServiceImpl: Provider info from ComponentInfo{com.appgeneration.itunerfree/com.appgeneration.ituner.widget.MyTunerWidgetProvider} won't be persisted.
08-03 09:54:18.266  1461  1562 D AppWidgetServiceImpl: Provider info from ComponentInfo{com.brave.browser/org.chromium.chrome.browser.quickactionsearchwidget.QuickActionSearchWidgetProvider$QuickActionSearchWidgetProviderSearch} won't be persisted.
08-03 09:54:18.266  1461  1562 D AppWidgetServiceImpl: Provider info from ComponentInfo{com.brave.browser/org.chromium.chrome.browser.quickactionsearchwidget.QuickActionSearchWidgetProvider$QuickActionSearchWidgetProviderDino} won't be persisted.
08-03 09:54:18.266  1461  1562 D AppWidgetServiceImpl: Provider info from ComponentInfo{com.brave.browser/com.google.android.apps.chrome.appwidget.bookmarks.BookmarkThumbnailWidgetProvider} won't be persisted.
08-03 09:54:18.266  1461  1562 D AppWidgetServiceImpl: Provider info from ComponentInfo{com.brave.browser/org.chromium.chrome.browser.searchwidget.SearchWidgetProvider} won't be persisted.
08-03 09:54:18.266  1461  1562 D AppWidgetServiceImpl: Provider info from ComponentInfo{com.brave.browser/org.chromium.chrome.browser.widget.quickactionsearchandbookmark.QuickActionSearchAndBookmarkWidgetProvider} won't be persisted.
08-03 09:54:18.266  1461  1562 D AppWidgetServiceImpl: Provider info from ComponentInfo{com.buak.Link2SD/com.buak.Link2SD.clearcache.ClearCacheWidgetProvider} won't be persisted.
08-03 09:54:18.266  1461  1562 D AppWidgetServiceImpl: Provider info from ComponentInfo{com.buak.Link2SD/com.buak.Link2SD.widget.RebootWidgetProvider} won't be persisted.
08-03 09:54:18.266  1461  1562 D AppWidgetServiceImpl: Provider info from ComponentInfo{com.calm.android/com.calm.android.widgets.DailyCalmWidget} won't be persisted.
08-03 09:54:18.266  1461  1562 D AppWidgetServiceImpl: Provider info from ComponentInfo{com.calm.android/com.calm.android.widgets.RecommendedSleepStoryWidget} won't be persisted.
08-03 09:54:18.266  1461  1562 D AppWidgetServiceImpl: Provider info from ComponentInfo{com.catchingnow.tinyclipboardmanager/com.catchingnow.tinyclipboardmanager.uitools.AppWidget} won't be persisted.
08-03 09:54:18.267  1461  1562 D AppWidgetServiceImpl: Provider info from ComponentInfo{com.nextradioapp.nextradio/com.nextradioapp.nextradio.widgetnotifications.Widget2RowsLarge} won't be persisted.
08-03 09:54:18.267  1461  1562 D AppWidgetServiceImpl: Provider info from ComponentInfo{com.nextradioapp.nextradio/com.nextradioapp.nextradio.widgetnotifications.Widget2Rows} won't be persisted.
08-03 09:54:18.267  1461  1562 D AppWidgetServiceImpl: Provider info from ComponentInfo{com.nextradioapp.nextradio/com.nextradioapp.nextradio.widgetnotifications.Widget2RowsSmall} won't be persisted.
08-03 09:54:18.267  1461  1562 D AppWidgetServiceImpl: Provider info from ComponentInfo{com.piriform.ccleaner/com.avast.android.cleaner.widget.ProjectAppWidgetProvider} won't be persisted.
08-03 09:54:18.267  1461  1562 D AppWidgetServiceImpl: Provider info from ComponentInfo{com.shazam.android/com.shazam.popup.android.appwidget.ShazamOnStartupWidgetProvider} won't be persisted.
08-03 09:54:18.267  1461  1562 D AppWidgetServiceImpl: Provider info from ComponentInfo{com.shazam.android/com.shazam.popup.android.appwidget.WidgetProvider} won't be persisted.
08-03 09:54:18.267  1461  1562 D AppWidgetServiceImpl: Provider info from ComponentInfo{com.utility.autoapporganizer/com.utility.autoapporganizer.AAOAppWidgetProvider} won't be persisted.
08-03 09:54:18.267  1461  1562 D AppWidgetServiceImpl: Provider info from ComponentInfo{com.whatsapp/com.whatsapp.appwidget.WidgetProvider} won't be persisted.
08-03 09:54:18.267  1461  1562 D AppWidgetServiceImpl: Provider info from ComponentInfo{de.appzer.Pushsafer/de.appzer.Pushsafer.PushsaferWidget} won't be persisted.
08-03 09:54:18.267  1461  1562 D AppWidgetServiceImpl: Provider info from ComponentInfo{de.appzer.Pushsafer/de.appzer.Pushsafer.PushsaferWidgetIcon} won't be persisted.
08-03 09:54:18.267  1461  1562 D AppWidgetServiceImpl: Provider info from ComponentInfo{io.github.forkmaintainers.iceraven/org.mozilla.gecko.search.SearchWidgetProvider} won't be persisted.
08-03 09:54:18.268  1461  1562 D AppWidgetServiceImpl: Provider info from ComponentInfo{net.superblock.pushover/net.superblock.pushover.widget.PushoverWidgetProvider} won't be persisted.
08-03 09:54:18.268  1461  1562 D AppWidgetServiceImpl: Provider info from ComponentInfo{org.leetzone.android.yatsewidgetfree/org.leetzone.android.yatsewidget.ui.widget.Widget11v1} won't be persisted.
08-03 09:54:18.268  1461  1562 D AppWidgetServiceImpl: Provider info from ComponentInfo{org.leetzone.android.yatsewidgetfree/org.leetzone.android.yatsewidget.ui.widget.Widget11v2} won't be persisted.
08-03 09:54:18.268  1461  1562 D AppWidgetServiceImpl: Provider info from ComponentInfo{org.leetzone.android.yatsewidgetfree/org.leetzone.android.yatsewidget.ui.widget.Widget41v1} won't be persisted.
08-03 09:54:18.268  1461  1562 D AppWidgetServiceImpl: Provider info from ComponentInfo{org.leetzone.android.yatsewidgetfree/org.leetzone.android.yatsewidget.ui.widget.Widget21v1} won't be persisted.
08-03 09:54:18.268  1461  1562 D AppWidgetServiceImpl: Provider info from ComponentInfo{org.leetzone.android.yatsewidgetfree/org.leetzone.android.yatsewidget.ui.widget.Widget43v1} won't be persisted.
08-03 09:54:18.268  1461  1562 D AppWidgetServiceImpl: Provider info from ComponentInfo{org.leetzone.android.yatsewidgetfree/org.leetzone.android.yatsewidget.ui.widget.Widget42v1} won't be persisted.
08-03 09:54:18.268  1461  1562 D AppWidgetServiceImpl: Provider info from ComponentInfo{org.leetzone.android.yatsewidgetfree/org.leetzone.android.yatsewidget.ui.widget.Widget42v2} won't be persisted.
08-03 09:54:18.268  1461  1562 D AppWidgetServiceImpl: Provider info from ComponentInfo{org.leetzone.android.yatsewidgetfree/org.leetzone.android.yatsewidget.ui.widget.WidgetMoviesv1} won't be persisted.
08-03 09:54:18.268  1461  1562 D AppWidgetServiceImpl: Provider info from ComponentInfo{org.leetzone.android.yatsewidgetfree/org.leetzone.android.yatsewidget.ui.widget.WidgetEpisodesv1} won't be persisted.
08-03 09:54:18.268  1461  1562 D AppWidgetServiceImpl: Provider info from ComponentInfo{org.leetzone.android.yatsewidgetfree/org.leetzone.android.yatsewidget.ui.widget.WidgetFavouritesv1} won't be persisted.
08-03 09:54:18.268  1461  1562 D AppWidgetServiceImpl: Provider info from ComponentInfo{org.leetzone.android.yatsewidgetfree/org.leetzone.android.yatsewidget.ui.widget.WidgetVoiceCommandv1} won't be persisted.
08-03 09:54:18.268  1461  1562 D AppWidgetServiceImpl: Provider info from ComponentInfo{org.malwarebytes.antimalware/org.malwarebytes.antimalware.widget.WidgetProvider} won't be persisted.
08-03 09:54:18.268  1461  1562 D AppWidgetServiceImpl: Provider info from ComponentInfo{org.mozilla.fennec_fdroid/org.mozilla.gecko.search.SearchWidgetProvider} won't be persisted.
08-03 09:54:18.268  1461  1562 D AppWidgetServiceImpl: Provider info from ComponentInfo{org.videolan.vlc/org.videolan.vlc.widget.MiniPlayerAppWidgetProvider} won't be persisted.
08-03 09:54:18.268  1461  1562 D AppWidgetServiceImpl: Provider info from ComponentInfo{os.tools.scriptmanager/os.tools.widget.SMWidgetProvider} won't be persisted.
08-03 09:54:18.268  1461  1562 D AppWidgetServiceImpl: Provider info from ComponentInfo{os.tools.smwidgets/os.tools.smwidgets.SMWidgetProvider} won't be persisted.
08-03 09:54:18.268  1461  1562 D AppWidgetServiceImpl: Provider info from ComponentInfo{uk.co.aifactory.fialfree/uk.co.aifactory.fialfree.Widget} won't be persisted.
08-03 09:54:18.409  1461  2636 W ActivityManager: Foreground service started from background can not have location/camera/microphone access: service hu.tagsoft.ttorrent.noads/hu.tagsoft.ttorrent.torrentservice.TorrentService
08-03 09:54:20.048  1461  2636 D CompatibilityChangeReporter: Compat change id reported: 161252188; UID 10238; state: DISABLED
08-03 09:54:20.048  1461  2636 I ActivityTaskManager: START u0 {act=android.intent.action.MAIN cat=[android.intent.category.LAUNCHER] flg=0x10000000 cmp=me.bluemail.mail/com.trtf.blue.activity.Accounts} from uid 10281
08-03 09:54:20.049  1461  2636 D CompatibilityChangeReporter: Compat change id reported: 265464455; UID 10238; state: DISABLED
08-03 09:54:20.049  1461  2636 D CompatibilityChangeReporter: Compat change id reported: 265452344; UID 10238; state: DISABLED
08-03 09:54:20.049  1461  2636 D CompatibilityChangeReporter: Compat change id reported: 266124927; UID 10238; state: DISABLED
08-03 09:54:20.049  1461  2636 D CompatibilityChangeReporter: Compat change id reported: 265451093; UID 10238; state: DISABLED
08-03 09:54:20.049  1461  2636 D CompatibilityChangeReporter: Compat change id reported: 265456536; UID 10238; state: DISABLED
08-03 09:54:20.049  1461  2636 D CompatibilityChangeReporter: Compat change id reported: 255940284; UID 10238; state: DISABLED
08-03 09:54:20.050  1461  2636 D CompatibilityChangeReporter: Compat change id reported: 236283604; UID 10238; state: DISABLED
08-03 09:54:20.050  1461  2636 D CompatibilityChangeReporter: Compat change id reported: 263959004; UID 10238; state: DISABLED
08-03 09:54:20.050  1461  2636 D CompatibilityChangeReporter: Compat change id reported: 264304459; UID 10238; state: DISABLED
08-03 09:54:20.050  1461  2636 D CompatibilityChangeReporter: Compat change id reported: 264301586; UID 10238; state: DISABLED
08-03 09:54:20.050  1461  2636 D CompatibilityChangeReporter: Compat change id reported: 254631730; UID 10238; state: DISABLED
08-03 09:54:20.050  1461  2636 D CompatibilityChangeReporter: Compat change id reported: 273509367; UID 10238; state: DISABLED
08-03 09:54:20.050  1461  2636 D CompatibilityChangeReporter: Compat change id reported: 263259275; UID 10238; state: DISABLED
08-03 09:54:20.058  1461  2636 D CompatibilityChangeReporter: Compat change id reported: 194480991; UID 10238; state: ENABLED
08-03 09:54:20.058  1461  2636 D CompatibilityChangeReporter: Compat change id reported: 174042980; UID 10238; state: DISABLED
08-03 09:54:20.062  1461  2636 D CompatibilityChangeReporter: Compat change id reported: 184838306; UID 10238; state: DISABLED
08-03 09:54:20.063  1461  2636 D CompatibilityChangeReporter: Compat change id reported: 185004937; UID 10238; state: DISABLED
08-03 09:54:20.063  1461  2636 D CompatibilityChangeReporter: Compat change id reported: 181136395; UID 10238; state: DISABLED
08-03 09:54:20.063  1461  2636 D CompatibilityChangeReporter: Compat change id reported: 174042936; UID 10238; state: DISABLED
08-03 09:54:20.064  1461  2636 D CompatibilityChangeReporter: Compat change id reported: 197654537; UID 10238; state: ENABLED
08-03 09:54:20.066  1461  2636 V SplashScreenExceptionList: SplashScreen checking exception for package me.bluemail.mail (target sdk:31) -> false
08-03 09:54:20.066  1461  2636 D CompatibilityChangeReporter: Compat change id reported: 205907456; UID 10238; state: DISABLED
08-03 09:54:20.069  1461  2636 D CompatibilityChangeReporter: Compat change id reported: 194833441; UID 10238; state: DISABLED
08-03 09:54:20.082  1461  3325 D CoreBackPreview: Window{38f2d39 u0 Splash Screen me.bluemail.mail}: Setting back callback OnBackInvokedCallbackInfo{mCallback=android.window.IOnBackInvokedCallback$Stub$Proxy@f59658a, mPriority=0}
08-03 09:54:20.110  1461  2636 I ActivityTaskManager: START u0 {act=android.intent.action.MAIN cmp=me.bluemail.mail/com.trtf.blue.activity.MessageList} from uid 10238
08-03 09:54:20.125  1461  2161 W ActivityTaskManager: Tried to set launchTime (0) < mLastActivityLaunchTime (741313)
08-03 09:54:20.323  1461  2933 D CompatibilityChangeReporter: Compat change id reported: 161145287; UID 10238; state: DISABLED
08-03 09:54:20.413  1461  2161 W ActivityManager: Foreground service started from background can not have location/camera/microphone access: service hu.tagsoft.ttorrent.noads/hu.tagsoft.ttorrent.torrentservice.TorrentService
08-03 09:54:20.491  1461  1461 D CompatibilityChangeReporter: Compat change id reported: 175319604; UID 1000; state: ENABLED
08-03 09:54:20.492  1461  1461 D CompatibilityChangeReporter: Compat change id reported: 175319604; UID 1000; state: DISABLED
08-03 09:54:20.493  1461  1461 D CompatibilityChangeReporter: Compat change id reported: 195579280; UID 1000; state: ENABLED
08-03 09:54:20.493  1461  1461 D CompatibilityChangeReporter: Compat change id reported: 195579280; UID 1000; state: DISABLED
08-03 09:54:20.495  1461  1461 D CompatibilityChangeReporter: Compat change id reported: 175319604; UID 10122; state: ENABLED
08-03 09:54:20.496  1461  1461 D CompatibilityChangeReporter: Compat change id reported: 195579280; UID 10122; state: ENABLED
08-03 09:54:20.497  1461  1461 D CompatibilityChangeReporter: Compat change id reported: 175319604; UID 10131; state: ENABLED
08-03 09:54:20.497  1461  1461 D CompatibilityChangeReporter: Compat change id reported: 195579280; UID 10131; state: DISABLED
08-03 09:54:20.510  1461  2161 D CoreBackPreview: Window{6367497 u0 me.bluemail.mail/com.trtf.blue.activity.MessageList}: Setting back callback OnBackInvokedCallbackInfo{mCallback=android.window.IOnBackInvokedCallback$Stub$Proxy@7e2be6d, mPriority=0}
08-03 09:54:20.600  1461  1461 W AccessibilityManagerService:  wait for adding window timeout: 20
08-03 09:54:20.606  1461  3325 D OomAdjuster: Not killing cached processes
08-03 09:54:20.882  1461  3325 D CompatibilityChangeReporter: Compat change id reported: 214016041; UID 10238; state: DISABLED
08-03 09:54:20.981  1461  3325 D CoreBackPreview: Window{38f2d39 u0 Splash Screen me.bluemail.mail EXITING}: Setting back callback null
08-03 09:54:21.123  1461  1557 W AccessibilityWindowsPopulator: Windows change within in 2 frames continuously over 500 ms and notify windows changed immediately
08-03 09:54:21.136  1461  1461 W JobScheduler: Job didn't exist in JobStore: de231a6 #u0a257/14871334 xyz.klinker.messenger/com.google.android.gms.measurement.AppMeasurementJobService
08-03 09:54:22.418  1461  2933 W ActivityManager: Foreground service started from background can not have location/camera/microphone access: service hu.tagsoft.ttorrent.noads/hu.tagsoft.ttorrent.torrentservice.TorrentService
08-03 09:54:22.681  1461  1554 D AutofillManagerService: Close system dialogs
08-03 09:54:22.683  1461  1555 I ActivityTaskManager: START u0 {act=android.intent.action.MAIN cat=[android.intent.category.HOME] flg=0x10000100 cmp=ginlemon.flowerfree/ginlemon.flower.HomeScreen (has extras)} from uid 0
08-03 09:54:23.015  1461  2933 D CompatibilityChangeReporter: Compat change id reported: 171306433; UID 10238; state: ENABLED
08-03 09:54:23.016  1461  2933 D CompatibilityChangeReporter: Compat change id reported: 226439802; UID 10238; state: DISABLED
08-03 09:54:23.016  1461  2161 D CompatibilityChangeReporter: Compat change id reported: 218533173; UID 10238; state: DISABLED
08-03 09:54:23.639  1461  2161 D CompatibilityChangeReporter: Compat change id reported: 161252188; UID 10205; state: DISABLED
08-03 09:54:23.639  1461  2161 I ActivityTaskManager: START u0 {act=android.intent.action.MAIN flg=0x10000000 cmp=io.github.forkmaintainers.iceraven/.App} from uid 10281
08-03 09:54:23.640  1461  2161 D CompatibilityChangeReporter: Compat change id reported: 265464455; UID 10205; state: DISABLED
08-03 09:54:23.640  1461  2161 D CompatibilityChangeReporter: Compat change id reported: 265452344; UID 10205; state: DISABLED
08-03 09:54:23.640  1461  2161 D CompatibilityChangeReporter: Compat change id reported: 266124927; UID 10205; state: DISABLED
08-03 09:54:23.640  1461  2161 D CompatibilityChangeReporter: Compat change id reported: 265451093; UID 10205; state: DISABLED
08-03 09:54:23.641  1461  2161 D CompatibilityChangeReporter: Compat change id reported: 265456536; UID 10205; state: DISABLED
08-03 09:54:23.641  1461  2161 D CompatibilityChangeReporter: Compat change id reported: 255940284; UID 10205; state: DISABLED
08-03 09:54:23.641  1461  2161 D CompatibilityChangeReporter: Compat change id reported: 236283604; UID 10205; state: DISABLED
08-03 09:54:23.641  1461  2161 D CompatibilityChangeReporter: Compat change id reported: 263959004; UID 10205; state: DISABLED
08-03 09:54:23.641  1461  2161 D CompatibilityChangeReporter: Compat change id reported: 264304459; UID 10205; state: DISABLED
08-03 09:54:23.642  1461  2161 D CompatibilityChangeReporter: Compat change id reported: 264301586; UID 10205; state: DISABLED
08-03 09:54:23.642  1461  2161 D CompatibilityChangeReporter: Compat change id reported: 254631730; UID 10205; state: DISABLED
08-03 09:54:23.642  1461  2161 D CompatibilityChangeReporter: Compat change id reported: 273509367; UID 10205; state: DISABLED
08-03 09:54:23.642  1461  2161 D CompatibilityChangeReporter: Compat change id reported: 263259275; UID 10205; state: DISABLED
08-03 09:54:23.649  1461  2161 D CompatibilityChangeReporter: Compat change id reported: 194480991; UID 10205; state: ENABLED
08-03 09:54:23.650  1461  2161 D CompatibilityChangeReporter: Compat change id reported: 174042980; UID 10205; state: DISABLED
08-03 09:54:23.655  1461  2161 D CompatibilityChangeReporter: Compat change id reported: 184838306; UID 10205; state: DISABLED
08-03 09:54:23.655  1461  2161 D CompatibilityChangeReporter: Compat change id reported: 185004937; UID 10205; state: DISABLED
08-03 09:54:23.656  1461  2161 D CompatibilityChangeReporter: Compat change id reported: 181136395; UID 10205; state: DISABLED
08-03 09:54:23.656  1461  2161 D CompatibilityChangeReporter: Compat change id reported: 174042936; UID 10205; state: DISABLED
08-03 09:54:23.657  1461  2161 D CompatibilityChangeReporter: Compat change id reported: 197654537; UID 10205; state: ENABLED
08-03 09:54:23.658  1461  2161 V SplashScreenExceptionList: SplashScreen checking exception for package io.github.forkmaintainers.iceraven (target sdk:33) -> false
08-03 09:54:23.659  1461  2161 D CompatibilityChangeReporter: Compat change id reported: 205907456; UID 10205; state: ENABLED
08-03 09:54:23.666  1461  3325 D CompatibilityChangeReporter: Compat change id reported: 168419799; UID 10205; state: DISABLED
08-03 09:54:23.666  1461  3325 D CompatibilityChangeReporter: Compat change id reported: 273564678; UID 10205; state: DISABLED
08-03 09:54:23.686  1461  3325 D CoreBackPreview: Window{c608e1 u0 Splash Screen io.github.forkmaintainers.iceraven}: Setting back callback OnBackInvokedCallbackInfo{mCallback=android.window.IOnBackInvokedCallback$Stub$Proxy@539521d, mPriority=0}
08-03 09:54:23.788  1461  2933 D CompatibilityChangeReporter: Compat change id reported: 194532703; UID 10205; state: ENABLED
08-03 09:54:23.905  1461  2933 D CompatibilityChangeReporter: Compat change id reported: 161145287; UID 10205; state: DISABLED
08-03 09:54:23.923  1461  2493 D CoreBackPreview: Window{6077f66 u0 io.github.forkmaintainers.iceraven/io.github.forkmaintainers.iceraven.App}: Setting back callback OnBackInvokedCallbackInfo{mCallback=android.window.IOnBackInvokedCallback$Stub$Proxy@a1eb354, mPriority=0}
08-03 09:54:24.060  1461  2636 D CompatibilityChangeReporter: Compat change id reported: 214016041; UID 10205; state: ENABLED
08-03 09:54:24.126  1461  2493 W JobScheduler: Job didn't exist in JobStore: c1808bc #u0a205/95771 io.github.forkmaintainers.iceraven/androidx.work.impl.background.systemjob.SystemJobService
08-03 09:54:24.194  1461  1461 W AccessibilityManagerService:  wait for adding window timeout: 22
08-03 09:54:24.398  1461  2425 D CoreBackPreview: Window{c608e1 u0 Splash Screen io.github.forkmaintainers.iceraven EXITING}: Setting back callback null
08-03 09:54:24.426  1461  3325 W ActivityManager: Foreground service started from background can not have location/camera/microphone access: service hu.tagsoft.ttorrent.noads/hu.tagsoft.ttorrent.torrentservice.TorrentService
08-03 09:54:24.597  1461  2636 W JobScheduler: Job didn't exist in JobStore: cd1ec51 #u0a205/95770 io.github.forkmaintainers.iceraven/androidx.work.impl.background.systemjob.SystemJobService
08-03 09:54:25.864  1461  2636 D CoreBackPreview: Window{3df7d4c u0 io.github.forkmaintainers.iceraven/io.github.forkmaintainers.iceraven.App}: Setting back callback OnBackInvokedCallbackInfo{mCallback=android.window.IOnBackInvokedCallback$Stub$Proxy@b64cf76, mPriority=0}
08-03 09:54:26.429  1461  2493 W ActivityManager: Foreground service started from background can not have location/camera/microphone access: service hu.tagsoft.ttorrent.noads/hu.tagsoft.ttorrent.torrentservice.TorrentService
08-03 09:54:26.842  1461  1562 D OomAdjuster: Not killing cached processes
08-03 09:54:27.825  1461  1608 W BatteryExternalStatsWorker: error reading Bluetooth stats: 9
08-03 09:54:28.433  1461  2636 W ActivityManager: Foreground service started from background can not have location/camera/microphone access: service hu.tagsoft.ttorrent.noads/hu.tagsoft.ttorrent.torrentservice.TorrentService
08-03 09:54:28.619  1461  2636 D CompatibilityChangeReporter: Compat change id reported: 149924527; UID 10158; state: ENABLED
08-03 09:54:28.620  1461  2636 D CompatibilityChangeReporter: Compat change id reported: 132649864; UID 10158; state: DISABLED
08-03 09:54:28.962  1461  2493 D CoreBackPreview: Window{3df7d4c u0 io.github.forkmaintainers.iceraven/io.github.forkmaintainers.iceraven.App}: Setting back callback null
08-03 09:54:28.983  1461  1557 V WindowManager: Unknown focus tokens, dropping reportFocusChanged
08-03 09:54:29.054  1461  2161 D CompatibilityChangeReporter: Compat change id reported: 135634846; UID 10205; state: DISABLED
08-03 09:54:29.055  1461  2161 D CompatibilityChangeReporter: Compat change id reported: 177438394; UID 10205; state: DISABLED
08-03 09:54:29.055  1461  2161 D CompatibilityChangeReporter: Compat change id reported: 135772972; UID 10205; state: DISABLED
08-03 09:54:29.055  1461  2161 D CompatibilityChangeReporter: Compat change id reported: 135754954; UID 10205; state: ENABLED
08-03 09:54:29.055  1461  1565 D CompatibilityChangeReporter: Compat change id reported: 143937733; UID 10205; state: ENABLED
08-03 09:54:29.076  1461  1565 I ActivityManager: Start proc 8807:io.github.forkmaintainers.iceraven:tab12/u0a205 for service {io.github.forkmaintainers.iceraven/org.mozilla.gecko.process.GeckoChildProcessServices$tab12}
08-03 09:54:30.373  1461  2425 D CompatibilityChangeReporter: Compat change id reported: 214016041; UID 10205; state: ENABLED
08-03 09:54:30.437  1461  2425 W ActivityManager: Foreground service started from background can not have location/camera/microphone access: service hu.tagsoft.ttorrent.noads/hu.tagsoft.ttorrent.torrentservice.TorrentService
08-03 09:54:31.949  1461  2425 D OomAdjuster: Not killing cached processes
08-03 09:54:32.444  1461  2161 W ActivityManager: Foreground service started from background can not have location/camera/microphone access: service hu.tagsoft.ttorrent.noads/hu.tagsoft.ttorrent.torrentservice.TorrentService
08-03 09:54:33.571  1461  2161 D CoreBackPreview: Window{6077f66 u0 io.github.forkmaintainers.iceraven/io.github.forkmaintainers.iceraven.App}: Setting back callback OnBackInvokedCallbackInfo{mCallback=android.window.IOnBackInvokedCallback$Stub$Proxy@7c70c1a, mPriority=0}
08-03 09:54:33.590  1461  2636 D CompatibilityChangeReporter: Compat change id reported: 168419799; UID 10203; state: DISABLED
08-03 09:54:33.590  1461  2636 D CompatibilityChangeReporter: Compat change id reported: 273564678; UID 10203; state: DISABLED
08-03 09:54:33.633  1461  2425 D CoreBackPreview: Window{9c30472 u0 com.catchingnow.undo}: Setting back callback OnBackInvokedCallbackInfo{mCallback=android.window.IOnBackInvokedCallback$Stub$Proxy@d40479, mPriority=0}
08-03 09:54:33.921  1461  1461 W NotificationHistory: Attempted to add notif for locked/gone/disabled user 0
08-03 09:54:34.448  1461  2425 W ActivityManager: Foreground service started from background can not have location/camera/microphone access: service hu.tagsoft.ttorrent.noads/hu.tagsoft.ttorrent.torrentservice.TorrentService
08-03 09:54:36.452  1461  3325 W ActivityManager: Foreground service started from background can not have location/camera/microphone access: service hu.tagsoft.ttorrent.noads/hu.tagsoft.ttorrent.torrentservice.TorrentService
08-03 09:54:37.206   894  8576 I keystore2: keystore2::watchdog: Watchdog thread idle -> terminating. Have a great day.
08-03 09:54:38.455  1461  2425 W ActivityManager: Foreground service started from background can not have location/camera/microphone access: service hu.tagsoft.ttorrent.noads/hu.tagsoft.ttorrent.torrentservice.TorrentService
08-03 09:54:38.524  1461  2425 D OomAdjuster: Not killing cached processes
08-03 09:54:40.458  1461  2493 W ActivityManager: Foreground service started from background can not have location/camera/microphone access: service hu.tagsoft.ttorrent.noads/hu.tagsoft.ttorrent.torrentservice.TorrentService
08-03 09:54:42.463  1461  3325 W ActivityManager: Foreground service started from background can not have location/camera/microphone access: service hu.tagsoft.ttorrent.noads/hu.tagsoft.ttorrent.torrentservice.TorrentService
08-03 09:54:43.380  1461  1564 W ActivityManager: Stopping service due to app idle: u0a187 -1m20s65ms com.appgeneration.itunerfree/com.mobfox.android.dmp.services.MobFoxService
08-03 09:54:43.478  1461  2493 I ActivityManager: Process com.appgeneration.itunerfree (pid 6005) has died: fg  SVC 
08-03 09:54:43.480  1461  2493 I ActivityManager: Killing 6135:com.android.webview:sandboxed_process0:org.chromium.content.app.SandboxedProcessService0:0/u0a187i3 (adj 0): isolated not needed
08-03 09:54:43.487  1461  2493 D ActivityManager: sync unfroze 3281 com.ceco.r.gravitybox
08-03 09:54:43.490  1461  2493 D ActivityManager: sync unfroze 3346 com.qualcomm.timeservice
08-03 09:54:43.575  1461  2635 D OomAdjuster: Not killing cached processes
08-03 09:54:44.467  1461  2635 W ActivityManager: Foreground service started from background can not have location/camera/microphone access: service hu.tagsoft.ttorrent.noads/hu.tagsoft.ttorrent.torrentservice.TorrentService
08-03 09:54:46.471  1461  2635 W ActivityManager: Foreground service started from background can not have location/camera/microphone access: service hu.tagsoft.ttorrent.noads/hu.tagsoft.ttorrent.torrentservice.TorrentService
08-03 09:54:48.475  1461  2635 W ActivityManager: Foreground service started from background can not have location/camera/microphone access: service hu.tagsoft.ttorrent.noads/hu.tagsoft.ttorrent.torrentservice.TorrentService
08-03 09:54:50.482  1461  2635 W ActivityManager: Foreground service started from background can not have location/camera/microphone access: service hu.tagsoft.ttorrent.noads/hu.tagsoft.ttorrent.torrentservice.TorrentService
08-03 09:54:52.488  1461  2832 W ActivityManager: Foreground service started from background can not have location/camera/microphone access: service hu.tagsoft.ttorrent.noads/hu.tagsoft.ttorrent.torrentservice.TorrentService
08-03 09:54:54.493  1461  2493 W ActivityManager: Foreground service started from background can not have location/camera/microphone access: service hu.tagsoft.ttorrent.noads/hu.tagsoft.ttorrent.torrentservice.TorrentService
08-03 09:54:56.499  1461  1507 W ActivityManager: Foreground service started from background can not have location/camera/microphone access: service hu.tagsoft.ttorrent.noads/hu.tagsoft.ttorrent.torrentservice.TorrentService
08-03 09:54:58.503  1461  1507 W ActivityManager: Foreground service started from background can not have location/camera/microphone access: service hu.tagsoft.ttorrent.noads/hu.tagsoft.ttorrent.torrentservice.TorrentService
08-03 09:55:00.506  1461  2833 W ActivityManager: Foreground service started from background can not have location/camera/microphone access: service hu.tagsoft.ttorrent.noads/hu.tagsoft.ttorrent.torrentservice.TorrentService
08-03 09:55:02.512  1461  2493 W ActivityManager: Foreground service started from background can not have location/camera/microphone access: service hu.tagsoft.ttorrent.noads/hu.tagsoft.ttorrent.torrentservice.TorrentService
08-03 09:55:04.516  1461  2833 W ActivityManager: Foreground service started from background can not have location/camera/microphone access: service hu.tagsoft.ttorrent.noads/hu.tagsoft.ttorrent.torrentservice.TorrentService
08-03 09:55:06.520  1461  1507 W ActivityManager: Foreground service started from background can not have location/camera/microphone access: service hu.tagsoft.ttorrent.noads/hu.tagsoft.ttorrent.torrentservice.TorrentService
08-03 09:55:08.527  1461  2493 W ActivityManager: Foreground service started from background can not have location/camera/microphone access: service hu.tagsoft.ttorrent.noads/hu.tagsoft.ttorrent.torrentservice.TorrentService
08-03 09:55:10.532  1461  1507 W ActivityManager: Foreground service started from background can not have location/camera/microphone access: service hu.tagsoft.ttorrent.noads/hu.tagsoft.ttorrent.torrentservice.TorrentService
08-03 09:55:12.538  1461  2832 W ActivityManager: Foreground service started from background can not have location/camera/microphone access: service hu.tagsoft.ttorrent.noads/hu.tagsoft.ttorrent.torrentservice.TorrentService
08-03 09:55:14.545  1461  2833 W ActivityManager: Foreground service started from background can not have location/camera/microphone access: service hu.tagsoft.ttorrent.noads/hu.tagsoft.ttorrent.torrentservice.TorrentService
08-03 09:55:16.552  1461  9076 W ActivityManager: Foreground service started from background can not have location/camera/microphone access: service hu.tagsoft.ttorrent.noads/hu.tagsoft.ttorrent.torrentservice.TorrentService
08-03 09:55:18.557  1461  9076 W ActivityManager: Foreground service started from background can not have location/camera/microphone access: service hu.tagsoft.ttorrent.noads/hu.tagsoft.ttorrent.torrentservice.TorrentService
