08-03 10:51:32.657     0     0 I sec_ts 1-0048: [R] tID:1 mc:0 tc:0 lx:535 ly:1868 v:0000 cal:00 id(0,0) p:0 noise:0 lp:(0)
08-03 10:51:32.673     0     0 I aw8695_activate_store: value=0
08-03 10:51:32.680     0     0 I aw8695_vibrate: value=0, seq=1, index=1
08-03 10:51:32.851     0     0 I pm7250b_charger: default_irq_handler: IRQ: usbin-collapse
08-03 10:51:32.852     0     0 I pm7250b_charger: default_irq_handler: IRQ: aicl-done
08-03 10:51:32.858     0     0 I pm7250b_charger: default_irq_handler: IRQ: usbin-collapse
08-03 10:51:33.014     0     0 W sdcardfs: 171 user.relatime: invalid format
08-03 10:51:33.634     0     0 I sec_ts 1-0048: [P] tID:0 x:470 y:1982 z:35 major:9 minor:8 tc:1 type:0 noise:0
08-03 10:51:33.646     0     0 I aw8695_activate_store: value=1
08-03 10:51:33.652     0     0 I aw8695_vibrate: value=28, seq=1, index=1
08-03 10:51:33.667     0     0 I sec_ts 1-0048: [R] tID:0 mc:3 tc:0 lx:466 ly:1984 v:0000 cal:00 id(0,0) p:0 noise:0 lp:(0)
08-03 10:51:33.695     0     0 I aw8695_activate_store: value=0
08-03 10:51:33.701     0     0 I aw8695_vibrate: value=0, seq=1, index=1
08-03 10:51:33.853     0     0 I pm7250b_charger: smblib_icl_change_work: icl_settled=450000
08-03 10:51:33.865     0     0 W healthd : battery l=82 v=4089 t=40.6 h=2 st=2 c=-327759 fc=4660000 cc=0 chg=a
08-03 10:51:33.878  2406  2995 D PowerUI : can't show warning due to - plugged: true status unknown: false
08-03 10:51:33.924     0     0 I sec_ts 1-0048: [P] tID:1 x:91 y:1839 z:35 major:12 minor:6 tc:1 type:0 noise:0
08-03 10:51:33.936     0     0 I aw8695_activate_store: value=1
08-03 10:51:33.942     0     0 I aw8695_vibrate: value=28, seq=1, index=1
08-03 10:51:33.980     0     0 I sec_ts 1-0048: [R] tID:1 mc:0 tc:0 lx:91 ly:1839 v:0000 cal:00 id(0,0) p:0 noise:0 lp:(0)
08-03 10:51:33.986     0     0 I aw8695_activate_store: value=0
08-03 10:51:34.000     0     0 I aw8695_vibrate: value=0, seq=1, index=1
08-03 10:51:34.242     0     0 I sec_ts 1-0048: [P] tID:1 x:510 y:1688 z:41 major:11 minor:9 tc:1 type:0 noise:0
08-03 10:51:34.254     0     0 I aw8695_activate_store: value=1
08-03 10:51:34.261     0     0 I aw8695_vibrate: value=28, seq=1, index=1
08-03 10:51:34.287     0     0 I sec_ts 1-0048: [R] tID:1 mc:4 tc:0 lx:506 ly:1690 v:0000 cal:00 id(0,0) p:0 noise:0 lp:(0)
08-03 10:51:34.305     0     0 I aw8695_activate_store: value=0
08-03 10:51:34.311     0     0 I aw8695_vibrate: value=0, seq=1, index=1
08-03 10:51:34.476     0     0 I pm7250b_charger: wdog_snarl_irq_handler: IRQ: wdog-snarl
08-03 10:51:34.483     0     0 E         : batt power supply prop 4 not supported
08-03 10:51:34.494     0     0 W healthd : battery l=82 v=4103 t=40.6 h=2 st=2 c=-300903 fc=4660000 cc=0 chg=a
08-03 10:51:34.507  2406  3186 D PowerUI : can't show warning due to - plugged: true status unknown: false
08-03 10:51:34.604     0     0 I pm7250b_charger: SMBMMI: mmi_chrg_usb_vin_config: DP DM pulse count = 2
08-03 10:51:34.612     0     0 I pm7250b_charger: SMBMMI: mmi_basic_charge_sm: batt_mv = 4102, batt_ma 307, batt_soc 82, batt_temp 40, usb_mv 4403, dc_mv 0, cp 1, vp 1 dp 0
08-03 10:51:34.626     0     0 I pm7250b_charger: SMBMMI: mmi_basic_charge_sm: Step State = NORMAL, Temp Zone 3, Health 1
08-03 10:51:34.635     0     0 I pm7250b_charger: SMBMMI: mmi_basic_charge_sm: IMPOSED: FV = 4450000, CDIS = 0, FCC = 2000000, USBICL = 3000000
08-03 10:51:34.665     0     0 W healthd : battery l=82 v=4102 t=40.6 h=2 st=2 c=-307007 fc=4660000 cc=0 chg=a
08-03 10:51:39.648     0     0 I timerfd_poll: comm:hvdcp_opti pid:2227 exp:4180887
08-03 10:51:39.722     0     0 I pm7250b_charger: SMBMMI: mmi_chrg_usb_vin_config: DP DM pulse count = 2
08-03 10:51:39.731     0     0 I pm7250b_charger: SMBMMI: mmi_basic_charge_sm: batt_mv = 4112, batt_ma 287, batt_soc 82, batt_temp 40, usb_mv 4423, dc_mv 0, cp 1, vp 1 dp 0
08-03 10:51:39.746     0     0 I pm7250b_charger: SMBMMI: mmi_basic_charge_sm: Step State = NORMAL, Temp Zone 3, Health 1
08-03 10:51:39.755     0     0 I pm7250b_charger: SMBMMI: mmi_basic_charge_sm: IMPOSED: FV = 4450000, CDIS = 0, FCC = 2000000, USBICL = 3000000
08-03 10:51:39.777     0     0 W healthd : battery l=82 v=4121 t=40.6 h=2 st=2 c=-329284 fc=4660000 cc=0 chg=a
08-03 10:51:39.792  2406  3322 D PowerUI : can't show warning due to - plugged: true status unknown: false
08-03 10:51:39.787     0     0 I timerfd_poll: comm:health@2.1-serv pid:1237 exp:4181023
08-03 10:51:39.796     0     0 W healthd : battery l=82 v=4121 t=40.6 h=2 st=2 c=-329284 fc=4660000 cc=0 chg=a
08-03 10:51:41.568     0     0 W sdcardfs: 171 user.relatime: invalid format
08-03 10:51:42.661     0     0 I pm7250b_charger: wdog_snarl_irq_handler: IRQ: wdog-snarl
08-03 10:51:42.668     0     0 E         : batt power supply prop 4 not supported
08-03 10:51:42.681     0     0 W healthd : battery l=82 v=4141 t=40.6 h=2 st=2 c=-111694 fc=4660000 cc=0 chg=a
08-03 10:51:42.698  2406  3046 D PowerUI : can't show warning due to - plugged: true status unknown: false
08-03 10:51:44.334     0     0 I timerfd_poll: comm:hvdcp_opti pid:2223 exp:4185574
08-03 10:51:44.842     0     0 I pm7250b_charger: SMBMMI: mmi_chrg_usb_vin_config: DP DM pulse count = 2
08-03 10:51:44.851     0     0 I pm7250b_charger: SMBMMI: mmi_basic_charge_sm: batt_mv = 4064, batt_ma 504, batt_soc 82, batt_temp 40, usb_mv 4443, dc_mv 0, cp 1, vp 1 dp 0
08-03 10:51:44.865     0     0 I pm7250b_charger: SMBMMI: mmi_basic_charge_sm: Step State = NORMAL, Temp Zone 3, Health 1
08-03 10:51:44.874     0     0 I pm7250b_charger: SMBMMI: mmi_basic_charge_sm: IMPOSED: FV = 4450000, CDIS = 0, FCC = 2000000, USBICL = 3000000
08-03 10:51:44.893     0     0 W healthd : battery l=82 v=4053 t=40.6 h=2 st=2 c=-543823 fc=4660000 cc=0 chg=a
08-03 10:51:44.908  2406  3045 D PowerUI : can't show warning due to - plugged: true status unknown: false
08-03 10:51:45.948     0     0 I pm7250b_charger: default_irq_handler: IRQ: usbin-collapse
08-03 10:51:45.949     0     0 I pm7250b_charger: default_irq_handler: IRQ: aicl-done
08-03 10:51:45.954     0     0 I pm7250b_charger: default_irq_handler: IRQ: usbin-collapse
08-03 10:51:46.253     0     0 W sdcardfs: 171 user.relatime: invalid format
08-03 10:51:46.749     0     0 W sdcardfs: 171 user.relatime: invalid format
08-03 10:51:46.946     0     0 I pm7250b_charger: smblib_icl_change_work: icl_settled=500000
08-03 10:51:46.958     0     0 W healthd : battery l=82 v=4071 t=40.6 h=2 st=2 c=-459900 fc=4660000 cc=0 chg=a
08-03 10:51:46.986  2406  3324 D PowerUI : can't show warning due to - plugged: true status unknown: false
08-03 10:51:47.454     0     0 I pm7250b_charger: default_irq_handler: IRQ: usbin-collapse
08-03 10:51:47.461     0     0 I pm7250b_charger: default_irq_handler: IRQ: aicl-done
08-03 10:51:47.468     0     0 I pm7250b_charger: default_irq_handler: IRQ: usbin-collapse
08-03 10:51:49.962     0     0 I pm7250b_charger: SMBMMI: mmi_chrg_usb_vin_config: DP DM pulse count = 2
08-03 10:51:49.970     0     0 I pm7250b_charger: SMBMMI: mmi_basic_charge_sm: batt_mv = 4138, batt_ma 106, batt_soc 82, batt_temp 40, usb_mv 4379, dc_mv 0, cp 1, vp 1 dp 0
08-03 10:51:49.985     0     0 I pm7250b_charger: SMBMMI: mmi_basic_charge_sm: Step State = NORMAL, Temp Zone 3, Health 1
08-03 10:51:49.994     0     0 I pm7250b_charger: SMBMMI: mmi_basic_charge_sm: IMPOSED: FV = 4450000, CDIS = 0, FCC = 2000000, USBICL = 3000000
08-03 10:51:50.016     0     0 W healthd : battery l=82 v=4133 t=40.6 h=2 st=2 c=-117797 fc=4660000 cc=0 chg=a
08-03 10:51:50.032  2406  2994 D PowerUI : can't show warning due to - plugged: true status unknown: false
08-03 10:51:50.847     0     0 I pm7250b_charger: wdog_snarl_irq_handler: IRQ: wdog-snarl
08-03 10:51:50.854     0     0 E         : batt power supply prop 4 not supported
08-03 10:51:50.870     0     0 W healthd : battery l=82 v=4125 t=40.6 h=2 st=2 c=-246277 fc=4660000 cc=0 chg=a
08-03 10:51:50.894  2406  2989 D PowerUI : can't show warning due to - plugged: true status unknown: false
08-03 10:51:53.280     0     0 W sdcardfs: 171 user.relatime: invalid format
08-03 10:51:53.401  1461  1557 I ActivityTaskManager: Config changes=20000480 {1.0 310mcc240mnc [en_US] ldltr sw376dp w735dp h376dp 460dpi nrml long land finger -keyb/v/h -nav/h winConfig={ mBounds=Rect(0, 0 - 2340, 1080) mAppBounds=Rect(90, 0 - 2202, 1080) mMaxBounds=Rect(0, 0 - 2340, 1080) mDisplayRotation=ROTATION_90 mWindowingMode=fullscreen mDisplayWindowingMode=fullscreen mActivityType=undefined mAlwaysOnTop=undefined mRotation=ROTATION_90} as.2 s.366 fontWeightAdjustment=0}
08-03 10:51:53.403  1461  1557 W ActivityTaskManager: Current config: {1.0 310mcc240mnc [en_US] ldltr sw376dp w376dp h735dp 460dpi nrml long port finger -keyb/v/h -nav/h winConfig={ mBounds=Rect(0, 0 - 1080, 2340) mAppBounds=Rect(0, 90 - 1080, 2202) mMaxBounds=Rect(0, 0 - 1080, 2340) mDisplayRotation=ROTATION_0 mWindowingMode=fullscreen mDisplayWindowingMode=fullscreen mActivityType=undefined mAlwaysOnTop=undefined mRotation=ROTATION_0} as.2 s.366 fontWeightAdjustment=0} unchanged for IME proc com.touchtype.swiftkey
08-03 10:51:53.406  1461  1557 I WindowManager: Override config changes=20000480 {1.0 310mcc240mnc [en_US] ldltr sw376dp w735dp h376dp 460dpi nrml long land finger -keyb/v/h -nav/h winConfig={ mBounds=Rect(0, 0 - 2340, 1080) mAppBounds=Rect(90, 0 - 2202, 1080) mMaxBounds=Rect(0, 0 - 2340, 1080) mDisplayRotation=ROTATION_90 mWindowingMode=fullscreen mDisplayWindowingMode=fullscreen mActivityType=undefined mAlwaysOnTop=undefined mRotation=ROTATION_90} as.2 s.366 fontWeightAdjustment=0} for displayId=0
08-03 10:51:53.411  1461  1557 V ActivityTaskManager: Sending to IME proc com.touchtype.swiftkey new config {1.0 310mcc240mnc [en_US] ldltr sw376dp w735dp h376dp 460dpi nrml long land finger -keyb/v/h -nav/h winConfig={ mBounds=Rect(0, 0 - 2340, 1080) mAppBounds=Rect(90, 0 - 2202, 1080) mMaxBounds=Rect(0, 0 - 2340, 1080) mDisplayRotation=ROTATION_90 mWindowingMode=fullscreen mDisplayWindowingMode=fullscreen mActivityType=undefined mAlwaysOnTop=undefined mRotation=ROTATION_90} as.2 s.408 fontWeightAdjustment=0}
08-03 10:51:53.413  1461  1557 D CompatibilityChangeReporter: Compat change id reported: 184838306; UID 10205; state: DISABLED
08-03 10:51:53.413  1461  1557 D CompatibilityChangeReporter: Compat change id reported: 185004937; UID 10205; state: DISABLED
08-03 10:51:53.450  1461  2832 I WindowManager: finishDrawing of orientation change: Window{820f6b3 u0 com.catchingnow.undo} 27ms
08-03 10:51:53.459  1461  2493 I WindowManager: finishDrawing of orientation change: Window{956fa6c u0 io.github.forkmaintainers.iceraven/io.github.forkmaintainers.iceraven.App} 36ms
08-03 10:51:53.459  1461  2493 D CoreBackPreview: Window{956fa6c u0 io.github.forkmaintainers.iceraven/io.github.forkmaintainers.iceraven.App}: Setting back callback OnBackInvokedCallbackInfo{mCallback=android.window.IOnBackInvokedCallback$Stub$Proxy@f46b741, mPriority=0}
08-03 10:51:53.492  1461 10359 D CoreBackPreview: Window{956fa6c u0 io.github.forkmaintainers.iceraven/io.github.forkmaintainers.iceraven.App}: Setting back callback OnBackInvokedCallbackInfo{mCallback=android.window.IOnBackInvokedCallback$Stub$Proxy@b3c5a27, mPriority=0}
08-03 10:51:53.626  1461  2161 I WindowManager: finishDrawing of orientation change: Window{592c2dc u0 StatusBar} 203ms
08-03 10:51:53.628  2406  2406 V WindowManagerShell: Display changed: 0
08-03 10:51:53.628  1461  2161 I WindowManager: finishDrawing of orientation change: Window{2739e24 u0 NavigationBar0} 205ms
08-03 10:51:53.668  1461  2635 I WindowManager: finishDrawing of orientation change: Window{c955614 u0 InputMethod} 245ms
08-03 10:51:53.681  1461  1558 I WindowManager: Screen frozen for +303ms due to Window{2739e24 u0 NavigationBar0}
08-03 10:51:53.780  1461  2832 D CoreBackPreview: Window{956fa6c u0 io.github.forkmaintainers.iceraven/io.github.forkmaintainers.iceraven.App}: Setting back callback OnBackInvokedCallbackInfo{mCallback=android.window.IOnBackInvokedCallback$Stub$Proxy@3db51b3, mPriority=0}
08-03 10:51:54.077     0     0 W sdcardfs: 171 user.relatime: invalid format
08-03 10:51:54.197  1461  1557 I ActivityTaskManager: Config changes=20000480 {1.0 310mcc240mnc [en_US] ldltr sw376dp w376dp h735dp 460dpi nrml long port finger -keyb/v/h -nav/h winConfig={ mBounds=Rect(0, 0 - 1080, 2340) mAppBounds=Rect(0, 90 - 1080, 2202) mMaxBounds=Rect(0, 0 - 1080, 2340) mDisplayRotation=ROTATION_0 mWindowingMode=fullscreen mDisplayWindowingMode=fullscreen mActivityType=undefined mAlwaysOnTop=undefined mRotation=ROTATION_0} as.2 s.415 fontWeightAdjustment=0}
08-03 10:51:54.200  1461  1557 W ActivityTaskManager: Current config: {1.0 310mcc240mnc [en_US] ldltr sw376dp w735dp h376dp 460dpi nrml long land finger -keyb/v/h -nav/h winConfig={ mBounds=Rect(0, 0 - 2340, 1080) mAppBounds=Rect(90, 0 - 2202, 1080) mMaxBounds=Rect(0, 0 - 2340, 1080) mDisplayRotation=ROTATION_90 mWindowingMode=fullscreen mDisplayWindowingMode=fullscreen mActivityType=undefined mAlwaysOnTop=undefined mRotation=ROTATION_90} as.2 s.415 fontWeightAdjustment=0} unchanged for IME proc com.touchtype.swiftkey
08-03 10:51:54.202  1461  1557 I WindowManager: Override config changes=20000480 {1.0 310mcc240mnc [en_US] ldltr sw376dp w376dp h735dp 460dpi nrml long port finger -keyb/v/h -nav/h winConfig={ mBounds=Rect(0, 0 - 1080, 2340) mAppBounds=Rect(0, 90 - 1080, 2202) mMaxBounds=Rect(0, 0 - 1080, 2340) mDisplayRotation=ROTATION_0 mWindowingMode=fullscreen mDisplayWindowingMode=fullscreen mActivityType=undefined mAlwaysOnTop=undefined mRotation=ROTATION_0} as.2 s.415 fontWeightAdjustment=0} for displayId=0
08-03 10:51:54.203  1461  1557 V ActivityTaskManager: Sending to IME proc com.touchtype.swiftkey new config {1.0 310mcc240mnc [en_US] ldltr sw376dp w376dp h735dp 460dpi nrml long port finger -keyb/v/h -nav/h winConfig={ mBounds=Rect(0, 0 - 1080, 2340) mAppBounds=Rect(0, 90 - 1080, 2202) mMaxBounds=Rect(0, 0 - 1080, 2340) mDisplayRotation=ROTATION_0 mWindowingMode=fullscreen mDisplayWindowingMode=fullscreen mActivityType=undefined mAlwaysOnTop=undefined mRotation=ROTATION_0} as.2 s.457 fontWeightAdjustment=0}
08-03 10:51:54.235  2406  2406 V WindowManagerShell: Display changed: 0
08-03 10:51:54.237  1461 10360 I WindowManager: finishDrawing of orientation change: Window{820f6b3 u0 com.catchingnow.undo} 25ms
08-03 10:51:54.258  1461 10360 I WindowManager: finishDrawing of orientation change: Window{956fa6c u0 io.github.forkmaintainers.iceraven/io.github.forkmaintainers.iceraven.App} 47ms
08-03 10:51:54.346  1461  3325 I WindowManager: finishDrawing of orientation change: Window{c955614 u0 InputMethod} 135ms
08-03 10:51:54.369  1461  1558 I WindowManager: Screen frozen for +192ms due to Window{820f6b3 u0 com.catchingnow.undo}
08-03 10:51:54.397  1461 10360 I WindowManager: finishDrawing of orientation change: Window{592c2dc u0 StatusBar} 186ms
08-03 10:51:54.398  1461 10360 I WindowManager: finishDrawing of orientation change: Window{2739e24 u0 NavigationBar0} 186ms
08-03 10:51:55.090     0     0 I pm7250b_charger: SMBMMI: mmi_chrg_usb_vin_config: DP DM pulse count = 2
08-03 10:51:55.094     0     0 W sdcardfs: 171 user.relatime: invalid format
08-03 10:51:55.099     0     0 I pm7250b_charger: SMBMMI: mmi_basic_charge_sm: batt_mv = 4077, batt_ma 361, batt_soc 82, batt_temp 40, usb_mv 4421, dc_mv 0, cp 1, vp 1 dp 0
08-03 10:51:55.118     0     0 I pm7250b_charger: SMBMMI: mmi_basic_charge_sm: Step State = NORMAL, Temp Zone 3, Health 1
08-03 10:51:55.127     0     0 I pm7250b_charger: SMBMMI: mmi_basic_charge_sm: IMPOSED: FV = 4450000, CDIS = 0, FCC = 2000000, USBICL = 3000000
08-03 10:51:55.144     0     0 W healthd : battery l=82 v=4079 t=40.6 h=2 st=2 c=-674133 fc=4660000 cc=0 chg=a
08-03 10:51:55.158  2406  2995 D PowerUI : can't show warning due to - plugged: true status unknown: false
08-03 10:51:56.319     0     0 I sec_ts 1-0048: [P] tID:0 x:717 y:1823 z:58 major:12 minor:12 tc:1 type:0 noise:0
08-03 10:51:56.899     0     0 I sec_ts 1-0048: [R] tID:0 mc:82 tc:0 lx:823 ly:1148 v:0000 cal:00 id(0,0) p:0 noise:0 lp:(0)
08-03 10:51:57.425     0     0 I sec_ts 1-0048: [P] tID:0 x:825 y:1810 z:46 major:11 minor:11 tc:1 type:0 noise:0
08-03 10:51:57.971     0     0 I sec_ts 1-0048: [R] tID:0 mc:72 tc:0 lx:831 ly:1345 v:0000 cal:00 id(0,0) p:0 noise:0 lp:(0)
08-03 10:51:58.513     0     0 I sec_ts 1-0048: [P] tID:1 x:761 y:1707 z:43 major:11 minor:11 tc:1 type:0 noise:0
08-03 10:51:58.670     0     0 I sec_ts 1-0048: [R] tID:1 mc:15 tc:0 lx:682 ly:2112 v:0000 cal:00 id(0,0) p:0 noise:0 lp:(0)
08-03 10:51:58.749  1461  2832 D CoreBackPreview: Window{956fa6c u0 io.github.forkmaintainers.iceraven/io.github.forkmaintainers.iceraven.App}: Setting back callback OnBackInvokedCallbackInfo{mCallback=android.window.IOnBackInvokedCallback$Stub$Proxy@cd30bc4, mPriority=0}
08-03 10:51:58.778     0     0 W sdcardfs: 171 user.relatime: invalid format
08-03 10:51:59.032     0     0 I pm7250b_charger: wdog_snarl_irq_handler: IRQ: wdog-snarl
08-03 10:51:59.039     0     0 E         : batt power supply prop 4 not supported
08-03 10:51:59.057     0     0 W healthd : battery l=82 v=3995 t=40.7 h=2 st=2 c=-875549 fc=4660000 cc=0 chg=a
08-03 10:51:59.073  2406  3186 D PowerUI : can't show warning due to - plugged: true status unknown: false
08-03 10:52:00.043     0     0 I sec_ts 1-0048: [P] tID:0 x:863 y:786 z:38 major:10 minor:9 tc:1 type:0 noise:0
08-03 10:52:00.137     0     0 W sdcardfs: 171 user.relatime: invalid format
08-03 10:52:00.202     0     0 I pm7250b_charger: SMBMMI: mmi_chrg_usb_vin_config: DP DM pulse count = 2
08-03 10:52:00.211     0     0 I pm7250b_charger: SMBMMI: mmi_basic_charge_sm: batt_mv = 4069, batt_ma 554, batt_soc 82, batt_temp 40, usb_mv 4417, dc_mv 0, cp 1, vp 1 dp 0
08-03 10:52:00.225     0     0 I pm7250b_charger: SMBMMI: mmi_basic_charge_sm: Step State = NORMAL, Temp Zone 3, Health 1
08-03 10:52:00.235     0     0 I pm7250b_charger: SMBMMI: mmi_basic_charge_sm: IMPOSED: FV = 4450000, CDIS = 0, FCC = 2000000, USBICL = 3000000
08-03 10:52:00.255     0     0 W healthd : battery l=82 v=4069 t=40.7 h=2 st=2 c=-554504 fc=4660000 cc=0 chg=a
08-03 10:52:00.272  2406  3322 D PowerUI : can't show warning due to - plugged: true status unknown: false
08-03 10:52:00.361     0     0 I pm7250b_charger: default_irq_handler: IRQ: input-current-limiting
08-03 10:52:00.361     0     0 I pm7250b_charger: default_irq_handler: IRQ: aicl-done
08-03 10:52:00.369     0     0 I pm7250b_charger: default_irq_handler: IRQ: input-current-limiting
08-03 10:52:00.998     0     0 I sec_ts 1-0048: [R] tID:0 mc:135 tc:0 lx:887 ly:551 v:0000 cal:00 id(0,0) p:0 noise:0 lp:(0)
08-03 10:52:01.373     0     0 I pm7250b_charger: smblib_icl_change_work: icl_settled=450000
08-03 10:52:01.383     0     0 W healthd : battery l=82 v=4054 t=40.7 h=2 st=2 c=-447388 fc=4660000 cc=0 chg=a
08-03 10:52:01.401  2406  3046 D PowerUI : can't show warning due to - plugged: true status unknown: false
08-03 10:52:01.763     0     0 W sdcardfs: 171 user.relatime: invalid format
08-03 10:52:01.948     0     0 I sec_ts 1-0048: [P] tID:2 x:312 y:881 z:42 major:10 minor:9 tc:1 type:0 noise:0
08-03 10:52:02.004     0     0 I sec_ts 1-0048: [R] tID:2 mc:0 tc:0 lx:312 ly:881 v:0000 cal:00 id(0,0) p:0 noise:0 lp:(0)
08-03 10:52:03.278     0     0 W sdcardfs: 171 user.relatime: invalid format
08-03 10:52:04.599     0     0 W sdcardfs: 171 user.relatime: invalid format
08-03 10:52:05.323     0     0 I pm7250b_charger: SMBMMI: mmi_chrg_usb_vin_config: DP DM pulse count = 2
08-03 10:52:05.331     0     0 I pm7250b_charger: SMBMMI: mmi_basic_charge_sm: batt_mv = 4093, batt_ma 396, batt_soc 82, batt_temp 40, usb_mv 4443, dc_mv 0, cp 1, vp 1 dp 0
08-03 10:52:05.345     0     0 I pm7250b_charger: SMBMMI: mmi_basic_charge_sm: Step State = NORMAL, Temp Zone 3, Health 1
08-03 10:52:05.355     0     0 I pm7250b_charger: SMBMMI: mmi_basic_charge_sm: IMPOSED: FV = 4450000, CDIS = 0, FCC = 2000000, USBICL = 3000000
08-03 10:52:05.373     0     0 W healthd : battery l=82 v=4093 t=40.7 h=2 st=2 c=-396728 fc=4660000 cc=0 chg=a
08-03 10:52:05.388  2406  3045 D PowerUI : can't show warning due to - plugged: true status unknown: false
08-03 10:52:05.806     0     0 I sec_ts 1-0048: [P] tID:3 x:435 y:1998 z:39 major:10 minor:9 tc:1 type:0 noise:0
08-03 10:52:05.821     0     0 I aw8695_activate_store: value=1
08-03 10:52:05.827     0     0 I aw8695_vibrate: value=28, seq=1, index=1
08-03 10:52:05.872     0     0 I aw8695_activate_store: value=0
08-03 10:52:05.878     0     0 I sec_ts 1-0048: [R] tID:3 mc:8 tc:0 lx:425 ly:2003 v:0000 cal:00 id(0,0) p:0 noise:0 lp:(0)
08-03 10:52:05.888     0     0 I aw8695_vibrate: value=0, seq=1, index=1
08-03 10:52:05.938  1461  2493 D CoreBackPreview: Window{d8c7792 u0 PopupWindow:75c5d86}: Setting back callback OnBackInvokedCallbackInfo{mCallback=android.window.IOnBackInvokedCallback$Stub$Proxy@caf560, mPriority=0}
08-03 10:52:05.957  1461  2493 D CoreBackPreview: Window{d8c7792 u0 PopupWindow:75c5d86}: Setting back callback null
08-03 10:52:05.966  1461 10360 D CoreBackPreview: Window{46a0ed5 u0 PopupWindow:75c5d86}: Setting back callback OnBackInvokedCallbackInfo{mCallback=android.window.IOnBackInvokedCallback$Stub$Proxy@d124ddb, mPriority=0}
08-03 10:52:06.169     0     0 I sec_ts 1-0048: [P] tID:2 x:113 y:1850 z:42 major:12 minor:9 tc:1 type:0 noise:0
08-03 10:52:06.182     0     0 I aw8695_activate_store: value=1
08-03 10:52:06.193     0     0 I aw8695_vibrate: value=28, seq=1, index=1
08-03 10:52:06.230  1461  3325 D CoreBackPreview: Window{46a0ed5 u0 PopupWindow:75c5d86}: Setting back callback null
08-03 10:52:06.235     0     0 I sec_ts 1-0048: [R] tID:2 mc:0 tc:0 lx:113 ly:1850 v:0000 cal:00 id(0,0) p:0 noise:0 lp:(0)
08-03 10:52:06.246     0     0 I aw8695_activate_store: value=0
08-03 10:52:06.253     0     0 I aw8695_vibrate: value=0, seq=1, index=1
08-03 10:52:06.454  1461  1461 W AccessibilityManagerService:  wait for adding window timeout: 98
08-03 10:52:06.497     0     0 I sec_ts 1-0048: [P] tID:1 x:476 y:1688 z:48 major:11 minor:9 tc:1 type:0 noise:0
08-03 10:52:06.509     0     0 I aw8695_activate_store: value=1
08-03 10:52:06.516     0     0 I aw8695_vibrate: value=28, seq=1, index=1
08-03 10:52:06.547     0     0 I sec_ts 1-0048: [R] tID:1 mc:3 tc:0 lx:470 ly:1691 v:0000 cal:00 id(0,0) p:0 noise:0 lp:(0)
08-03 10:52:06.563     0     0 I aw8695_activate_store: value=0
08-03 10:52:06.569     0     0 I aw8695_vibrate: value=0, seq=1, index=1
08-03 10:52:07.218     0     0 I pm7250b_charger: wdog_snarl_irq_handler: IRQ: wdog-snarl
08-03 10:52:07.224     0     0 E         : batt power supply prop 4 not supported
08-03 10:52:07.236     0     0 W healthd : battery l=82 v=4131 t=40.7 h=2 st=2 c=-153198 fc=4660000 cc=0 chg=a
08-03 10:52:07.251  2406  3324 D PowerUI : can't show warning due to - plugged: true status unknown: false
08-03 10:52:07.914     0     0 I sec_ts 1-0048: [P] tID:1 x:261 y:2151 z:39 major:10 minor:8 tc:1 type:0 noise:0
08-03 10:52:07.927     0     0 I aw8695_activate_store: value=1
08-03 10:52:07.933     0     0 I aw8695_vibrate: value=28, seq=1, index=1
08-03 10:52:07.976     0     0 I aw8695_activate_store: value=0
08-03 10:52:07.982     0     0 I aw8695_vibrate: value=0, seq=1, index=1
08-03 10:52:08.007     0     0 I sec_ts 1-0048: [R] tID:1 mc:6 tc:0 lx:259 ly:2143 v:0000 cal:00 id(0,0) p:0 noise:0 lp:(0)
08-03 10:52:08.176     0     0 I sec_ts 1-0048: [P] tID:1 x:504 y:2169 z:39 major:10 minor:9 tc:1 type:0 noise:0
08-03 10:52:08.189     0     0 I aw8695_activate_store: value=1
08-03 10:52:08.196     0     0 I aw8695_vibrate: value=28, seq=1, index=1
08-03 10:52:08.215     0     0 I sec_ts 1-0048: [R] tID:1 mc:3 tc:0 lx:505 ly:2166 v:0000 cal:00 id(0,0) p:0 noise:0 lp:(0)
08-03 10:52:08.242     0     0 I aw8695_activate_store: value=0
08-03 10:52:08.251     0     0 I aw8695_vibrate: value=0, seq=1, index=1
08-03 10:52:08.528     0     0 I sec_ts 1-0048: [P] tID:1 x:632 y:2002 z:45 major:11 minor:10 tc:1 type:0 noise:0
08-03 10:52:08.541     0     0 I aw8695_activate_store: value=1
08-03 10:52:08.547     0     0 I aw8695_vibrate: value=28, seq=1, index=1
08-03 10:52:08.592     0     0 I aw8695_activate_store: value=0
08-03 10:52:08.598     0     0 I aw8695_vibrate: value=0, seq=1, index=1
08-03 10:52:08.603     0     0 I sec_ts 1-0048: [R] tID:1 mc:0 tc:0 lx:632 ly:2002 v:0000 cal:00 id(0,0) p:0 noise:0 lp:(0)
08-03 10:52:08.885     0     0 I sec_ts 1-0048: [P] tID:0 x:713 y:1660 z:43 major:12 minor:10 tc:1 type:0 noise:0
08-03 10:52:08.898     0     0 I aw8695_activate_store: value=1
08-03 10:52:08.905     0     0 I aw8695_vibrate: value=28, seq=1, index=1
08-03 10:52:08.948     0     0 I aw8695_activate_store: value=0
08-03 10:52:08.952     0     0 I sec_ts 1-0048: [R] tID:0 mc:5 tc:0 lx:707 ly:1664 v:0000 cal:00 id(0,0) p:0 noise:0 lp:(0)
08-03 10:52:08.971     0     0 I aw8695_vibrate: value=0, seq=1, index=1
08-03 10:52:09.235     0     0 I sec_ts 1-0048: [P] tID:1 x:496 y:1699 z:42 major:11 minor:9 tc:1 type:0 noise:0
08-03 10:52:09.248     0     0 I aw8695_activate_store: value=1
08-03 10:52:09.260     0     0 I aw8695_vibrate: value=28, seq=1, index=1
08-03 10:52:09.305     0     0 I aw8695_activate_store: value=0
08-03 10:52:09.311     0     0 I aw8695_vibrate: value=0, seq=1, index=1
08-03 10:52:09.314     0     0 I sec_ts 1-0048: [R] tID:1 mc:6 tc:0 lx:494 ly:1702 v:0000 cal:00 id(0,0) p:0 noise:0 lp:(0)
08-03 10:52:09.655     0     0 I timerfd_poll: comm:hvdcp_opti pid:2227 exp:4210894
08-03 10:52:10.007     0     0 I sec_ts 1-0048: [P] tID:1 x:626 y:2143 z:39 major:10 minor:10 tc:1 type:0 noise:0
08-03 10:52:10.021     0     0 I aw8695_activate_store: value=1
08-03 10:52:10.027     0     0 I aw8695_vibrate: value=28, seq=1, index=1
08-03 10:52:10.069     0     0 I aw8695_activate_store: value=0
08-03 10:52:10.076     0     0 I aw8695_vibrate: value=0, seq=1, index=1
08-03 10:52:10.096     0     0 I sec_ts 1-0048: [R] tID:1 mc:1 tc:0 lx:625 ly:2144 v:0000 cal:00 id(0,0) p:0 noise:0 lp:(0)
08-03 10:52:10.443     0     0 I pm7250b_charger: SMBMMI: mmi_chrg_usb_vin_config: DP DM pulse count = 2
08-03 10:52:10.451     0     0 I pm7250b_charger: SMBMMI: mmi_basic_charge_sm: batt_mv = 4131, batt_ma 159, batt_soc 82, batt_temp 40, usb_mv 4442, dc_mv 0, cp 1, vp 1 dp 0
08-03 10:52:10.465     0     0 I pm7250b_charger: SMBMMI: mmi_basic_charge_sm: Step State = NORMAL, Temp Zone 3, Health 1
08-03 10:52:10.475     0     0 I pm7250b_charger: SMBMMI: mmi_basic_charge_sm: IMPOSED: FV = 4450000, CDIS = 0, FCC = 2000000, USBICL = 3000000
08-03 10:52:10.514     0     0 W healthd : battery l=82 v=4131 t=40.7 h=2 st=2 c=-159301 fc=4660000 cc=0 chg=a
08-03 10:52:10.528  2406  2994 D PowerUI : can't show warning due to - plugged: true status unknown: false
08-03 10:52:12.582     0     0 W sdcardfs: 171 user.relatime: invalid format
08-03 10:52:13.457     0     0 I pm7250b_charger: default_irq_handler: IRQ: input-current-limiting
08-03 10:52:13.457     0     0 I pm7250b_charger: default_irq_handler: IRQ: aicl-done
08-03 10:52:13.465     0     0 I pm7250b_charger: default_irq_handler: IRQ: input-current-limiting
08-03 10:52:14.081     0     0 W sdcardfs: 171 user.relatime: invalid format
08-03 10:52:14.466     0     0 I pm7250b_charger: smblib_icl_change_work: icl_settled=450000
08-03 10:52:14.478     0     0 W healthd : battery l=82 v=4097 t=40.8 h=2 st=2 c=-227050 fc=4660000 cc=0 chg=a
08-03 10:52:14.493  2406  2989 D PowerUI : can't show warning due to - plugged: true status unknown: false
08-03 10:52:15.404     0     0 I pm7250b_charger: wdog_snarl_irq_handler: IRQ: wdog-snarl
08-03 10:52:15.410     0     0 E         : batt power supply prop 4 not supported
08-03 10:52:15.426     0     0 W healthd : battery l=82 v=4068 t=40.8 h=2 st=2 c=-529175 fc=4660000 cc=0 chg=a
08-03 10:52:15.439  2406  2995 D PowerUI : can't show warning due to - plugged: true status unknown: false
08-03 10:52:15.564     0     0 I pm7250b_charger: SMBMMI: mmi_chrg_usb_vin_config: DP DM pulse count = 2
08-03 10:52:15.573     0     0 I pm7250b_charger: SMBMMI: mmi_basic_charge_sm: batt_mv = 4064, batt_ma 501, batt_soc 82, batt_temp 40, usb_mv 4485, dc_mv 0, cp 1, vp 1 dp 0
08-03 10:52:15.588     0     0 I pm7250b_charger: SMBMMI: mmi_basic_charge_sm: Step State = NORMAL, Temp Zone 3, Health 1
08-03 10:52:15.597     0     0 I pm7250b_charger: SMBMMI: mmi_basic_charge_sm: IMPOSED: FV = 4450000, CDIS = 0, FCC = 2000000, USBICL = 3000000
08-03 10:52:15.617     0     0 W healthd : battery l=82 v=4034 t=40.8 h=2 st=2 c=-652161 fc=4660000 cc=0 chg=a
08-03 10:52:15.631  2406  3186 D PowerUI : can't show warning due to - plugged: true status unknown: false
08-03 10:52:15.789     0     0 W sdcardfs: 171 user.relatime: invalid format
08-03 10:52:17.080     0     0 W sdcardfs: 171 user.relatime: invalid format
08-03 10:52:18.360     0     0 W sdcardfs: 171 user.relatime: invalid format
08-03 10:52:20.683     0     0 I pm7250b_charger: SMBMMI: mmi_chrg_usb_vin_config: DP DM pulse count = 2
08-03 10:52:20.691     0     0 I pm7250b_charger: SMBMMI: mmi_basic_charge_sm: batt_mv = 4122, batt_ma 192, batt_soc 82, batt_temp 40, usb_mv 4386, dc_mv 0, cp 1, vp 1 dp 0
08-03 10:52:20.705     0     0 I pm7250b_charger: SMBMMI: mmi_basic_charge_sm: Step State = NORMAL, Temp Zone 3, Health 1
08-03 10:52:20.715     0     0 I pm7250b_charger: SMBMMI: mmi_basic_charge_sm: IMPOSED: FV = 4450000, CDIS = 0, FCC = 2000000, USBICL = 3000000
08-03 10:52:20.733     0     0 W healthd : battery l=82 v=4110 t=40.8 h=2 st=2 c=-257568 fc=4660000 cc=0 chg=a
08-03 10:52:20.754  2406  3322 D PowerUI : can't show warning due to - plugged: true status unknown: false
08-03 10:52:21.288     0     0 W sdcardfs: 171 user.relatime: invalid format
08-03 10:52:21.297     0     0 I pm7250b_charger: wdog_bark_irq_handler: IRQ: wdog-bark
08-03 10:52:22.726     0     0 W sdcardfs: 171 user.relatime: invalid format
08-03 10:52:22.837     0     0 I sec_ts 1-0048: [P] tID:3 x:98 y:1987 z:45 major:11 minor:8 tc:1 type:0 noise:0
08-03 10:52:22.854     0     0 I aw8695_activate_store: value=1
08-03 10:52:22.874     0     0 I aw8695_vibrate: value=28, seq=1, index=1
08-03 10:52:22.898     0     0 I sec_ts 1-0048: [R] tID:3 mc:0 tc:0 lx:98 ly:1987 v:0000 cal:00 id(0,0) p:0 noise:0 lp:(0)
08-03 10:52:22.915     0     0 I aw8695_activate_store: value=0
08-03 10:52:22.925     0     0 I aw8695_vibrate: value=0, seq=1, index=1
08-03 10:52:23.589     0     0 I pm7250b_charger: wdog_snarl_irq_handler: IRQ: wdog-snarl
08-03 10:52:23.596     0     0 E         : batt power supply prop 4 not supported
08-03 10:52:23.606     0     0 W healthd : battery l=82 v=4130 t=40.8 h=2 st=2 c=-132141 fc=4660000 cc=0 chg=a
08-03 10:52:23.629  2406  3046 D PowerUI : can't show warning due to - plugged: true status unknown: false
08-03 10:52:24.891     0     0 I pm7250b_charger: default_irq_handler: IRQ: usbin-collapse
08-03 10:52:24.892     0     0 I pm7250b_charger: default_irq_handler: IRQ: aicl-done
08-03 10:52:24.898     0     0 I pm7250b_charger: default_irq_handler: IRQ: usbin-collapse
08-03 10:52:25.467     0     0 I sec_ts 1-0048: [P] tID:2 x:99 y:2015 z:27 major:9 minor:5 tc:1 type:0 noise:0
08-03 10:52:25.482     0     0 I aw8695_activate_store: value=1
08-03 10:52:25.488     0     0 I aw8695_vibrate: value=28, seq=1, index=1
08-03 10:52:25.532     0     0 I aw8695_activate_store: value=0
08-03 10:52:25.532     0     0 I sec_ts 1-0048: [R] tID:2 mc:2 tc:0 lx:99 ly:2011 v:0000 cal:00 id(0,0) p:0 noise:0 lp:(0)
08-03 10:52:25.547     0     0 I aw8695_vibrate: value=0, seq=1, index=1
08-03 10:52:25.802     0     0 I pm7250b_charger: SMBMMI: mmi_chrg_usb_vin_config: DP DM pulse count = 2
08-03 10:52:25.811     0     0 I pm7250b_charger: SMBMMI: mmi_basic_charge_sm: batt_mv = 4104, batt_ma 275, batt_soc 82, batt_temp 40, usb_mv 4381, dc_mv 0, cp 1, vp 1 dp 0
08-03 10:52:25.825     0     0 I pm7250b_charger: SMBMMI: mmi_basic_charge_sm: Step State = NORMAL, Temp Zone 3, Health 1
08-03 10:52:25.834     0     0 I pm7250b_charger: SMBMMI: mmi_basic_charge_sm: IMPOSED: FV = 4450000, CDIS = 0, FCC = 2000000, USBICL = 3000000
08-03 10:52:25.851     0     0 W healthd : battery l=82 v=4085 t=40.8 h=2 st=2 c=-380859 fc=4660000 cc=0 chg=a
08-03 10:52:25.865  2406  3045 D PowerUI : can't show warning due to - plugged: true status unknown: false
08-03 10:52:25.975     0     0 I sec_ts 1-0048: [P] tID:2 x:97 y:1983 z:33 major:11 minor:7 tc:1 type:0 noise:0
08-03 10:52:25.989     0     0 I aw8695_activate_store: value=1
08-03 10:52:26.001     0     0 I aw8695_vibrate: value=28, seq=1, index=1
08-03 10:52:26.031     0     0 I sec_ts 1-0048: [R] tID:2 mc:0 tc:0 lx:97 ly:1983 v:0000 cal:00 id(0,0) p:0 noise:0 lp:(0)
08-03 10:52:26.049     0     0 I aw8695_activate_store: value=0
08-03 10:52:26.056     0     0 I aw8695_vibrate: value=0, seq=1, index=1
08-03 10:52:27.810     0     0 W sdcardfs: 171 user.relatime: invalid format
08-03 10:52:29.099     0     0 W sdcardfs: 171 user.relatime: invalid format
08-03 10:52:30.936     0     0 I pm7250b_charger: SMBMMI: mmi_chrg_usb_vin_config: DP DM pulse count = 2
08-03 10:52:30.944     0     0 I pm7250b_charger: SMBMMI: mmi_basic_charge_sm: batt_mv = 4076, batt_ma 481, batt_soc 82, batt_temp 40, usb_mv 4410, dc_mv 0, cp 1, vp 1 dp 0
08-03 10:52:30.958     0     0 I pm7250b_charger: SMBMMI: mmi_basic_charge_sm: Step State = NORMAL, Temp Zone 3, Health 1
08-03 10:52:30.967     0     0 I pm7250b_charger: SMBMMI: mmi_basic_charge_sm: IMPOSED: FV = 4450000, CDIS = 0, FCC = 2000000, USBICL = 3000000
08-03 10:52:30.985     0     0 W healthd : battery l=82 v=4128 t=40.8 h=2 st=2 c=-158386 fc=4660000 cc=0 chg=a
08-03 10:52:31.001  2406  3324 D PowerUI : can't show warning due to - plugged: true status unknown: false
08-03 10:52:31.775     0     0 I pm7250b_charger: wdog_snarl_irq_handler: IRQ: wdog-snarl
08-03 10:52:31.782     0     0 E         : batt power supply prop 4 not supported
08-03 10:52:31.795     0     0 W healthd : battery l=82 v=4131 t=40.8 h=2 st=2 c=-164795 fc=4660000 cc=0 chg=a
08-03 10:52:31.811  2406  2994 D PowerUI : can't show warning due to - plugged: true status unknown: false
08-03 10:52:33.317     0     0 W sdcardfs: 171 user.relatime: invalid format
08-03 10:52:34.568     0     0 I sec_ts 1-0048: [P] tID:3 x:272 y:1727 z:36 major:10 minor:9 tc:1 type:0 noise:0
08-03 10:52:34.582     0     0 I aw8695_activate_store: value=1
08-03 10:52:34.588     0     0 I aw8695_vibrate: value=28, seq=1, index=1
08-03 10:52:34.601     0     0 I sec_ts 1-0048: [R] tID:3 mc:0 tc:0 lx:272 ly:1727 v:0000 cal:00 id(0,0) p:0 noise:0 lp:(0)
08-03 10:52:34.644     0     0 I aw8695_activate_store: value=0
08-03 10:52:34.651     0     0 I aw8695_vibrate: value=0, seq=1, index=1
08-03 10:52:34.953     0     0 I sec_ts 1-0048: [P] tID:1 x:525 y:1981 z:38 major:10 minor:9 tc:1 type:0 noise:0
08-03 10:52:34.966     0     0 I aw8695_activate_store: value=1
08-03 10:52:34.973     0     0 I aw8695_vibrate: value=28, seq=1, index=1
08-03 10:52:35.016     0     0 I aw8695_activate_store: value=0
08-03 10:52:35.022     0     0 I aw8695_vibrate: value=0, seq=1, index=1
08-03 10:52:35.047     0     0 I sec_ts 1-0048: [R] tID:1 mc:0 tc:0 lx:525 ly:1981 v:0000 cal:00 id(0,0) p:0 noise:0 lp:(0)
08-03 10:52:35.610     0     0 W sdcardfs: 171 user.relatime: invalid format
08-03 10:52:35.795     0     0 I sec_ts 1-0048: [P] tID:2 x:249 y:1718 z:39 major:10 minor:10 tc:1 type:0 noise:0
08-03 10:52:35.808     0     0 I aw8695_activate_store: value=1
08-03 10:52:35.814     0     0 I aw8695_vibrate: value=28, seq=1, index=1
08-03 10:52:35.851     0     0 I sec_ts 1-0048: [R] tID:2 mc:0 tc:0 lx:249 ly:1718 v:0000 cal:00 id(0,0) p:0 noise:0 lp:(0)
08-03 10:52:35.859     0     0 I aw8695_activate_store: value=0
08-03 10:52:35.867     0     0 I aw8695_vibrate: value=0, seq=1, index=1
08-03 10:52:36.042     0     0 I pm7250b_charger: SMBMMI: mmi_chrg_usb_vin_config: DP DM pulse count = 2
08-03 10:52:36.051     0     0 I pm7250b_charger: SMBMMI: mmi_basic_charge_sm: batt_mv = 4127, batt_ma 194, batt_soc 82, batt_temp 40, usb_mv 4393, dc_mv 0, cp 1, vp 1 dp 0
08-03 10:52:36.065     0     0 I pm7250b_charger: SMBMMI: mmi_basic_charge_sm: Step State = NORMAL, Temp Zone 3, Health 1
08-03 10:52:36.074     0     0 I pm7250b_charger: SMBMMI: mmi_basic_charge_sm: IMPOSED: FV = 4450000, CDIS = 0, FCC = 2000000, USBICL = 3000000
08-03 10:52:36.092     0     0 W healthd : battery l=82 v=4127 t=40.8 h=2 st=2 c=-194091 fc=4660000 cc=0 chg=a
08-03 10:52:36.108  2406  2989 D PowerUI : can't show warning due to - plugged: true status unknown: false
08-03 10:52:36.108     0     0 I sec_ts 1-0048: [P] tID:2 x:327 y:1698 z:38 major:10 minor:9 tc:1 type:0 noise:0
08-03 10:52:36.121     0     0 I aw8695_activate_store: value=1
08-03 10:52:36.127     0     0 I aw8695_vibrate: value=28, seq=1, index=1
08-03 10:52:36.157     0     0 I sec_ts 1-0048: [R] tID:2 mc:0 tc:0 lx:327 ly:1698 v:0000 cal:00 id(0,0) p:0 noise:0 lp:(0)
08-03 10:52:36.172     0     0 I aw8695_activate_store: value=0
08-03 10:52:36.182     0     0 I aw8695_vibrate: value=0, seq=1, index=1
08-03 10:52:36.554     0     0 I sec_ts 1-0048: [P] tID:1 x:586 y:1705 z:41 major:11 minor:9 tc:1 type:0 noise:0
08-03 10:52:36.568     0     0 I aw8695_activate_store: value=1
08-03 10:52:36.575     0     0 I aw8695_vibrate: value=28, seq=1, index=1
08-03 10:52:36.623     0     0 I aw8695_activate_store: value=0
08-03 10:52:36.630     0     0 I aw8695_vibrate: value=0, seq=1, index=1
08-03 10:52:36.666     0     0 I sec_ts 1-0048: [R] tID:1 mc:0 tc:0 lx:586 ly:1705 v:0000 cal:00 id(0,0) p:0 noise:0 lp:(0)
08-03 10:52:37.021     0     0 I pm7250b_charger: default_irq_handler: IRQ: usbin-collapse
08-03 10:52:37.023     0     0 I pm7250b_charger: default_irq_handler: IRQ: aicl-done
08-03 10:52:37.028     0     0 I pm7250b_charger: default_irq_handler: IRQ: usbin-collapse
08-03 10:52:37.420     0     0 I sec_ts 1-0048: [P] tID:1 x:499 y:1722 z:46 major:11 minor:10 tc:1 type:0 noise:0
08-03 10:52:37.433     0     0 I aw8695_activate_store: value=1
08-03 10:52:37.442     0     0 I aw8695_vibrate: value=28, seq=1, index=1
08-03 10:52:37.470     0     0 I sec_ts 1-0048: [R] tID:1 mc:1 tc:0 lx:501 ly:1722 v:0000 cal:00 id(0,0) p:0 noise:0 lp:(0)
08-03 10:52:37.486     0     0 I aw8695_activate_store: value=0
08-03 10:52:37.495     0     0 I aw8695_vibrate: value=0, seq=1, index=1
08-03 10:52:37.710     0     0 I sec_ts 1-0048: [P] tID:0 x:637 y:1849 z:37 major:10 minor:8 tc:1 type:0 noise:0
08-03 10:52:37.723     0     0 I aw8695_activate_store: value=1
08-03 10:52:37.730     0     0 I aw8695_vibrate: value=28, seq=1, index=1
08-03 10:52:37.772     0     0 I aw8695_activate_store: value=0
08-03 10:52:37.778     0     0 I aw8695_vibrate: value=0, seq=1, index=1
08-03 10:52:37.780     0     0 I sec_ts 1-0048: [R] tID:0 mc:8 tc:0 lx:641 ly:1855 v:0000 cal:00 id(0,0) p:0 noise:0 lp:(0)
08-03 10:52:38.039     0     0 I pm7250b_charger: smblib_icl_change_work: icl_settled=400000
08-03 10:52:38.050     0     0 W healthd : battery l=82 v=4107 t=40.8 h=2 st=2 c=-274963 fc=4660000 cc=0 chg=a
08-03 10:52:38.064  2406  2995 D PowerUI : can't show warning due to - plugged: true status unknown: false
08-03 10:52:38.112     0     0 I sec_ts 1-0048: [P] tID:0 x:831 y:1683 z:39 major:10 minor:9 tc:1 type:0 noise:0
08-03 10:52:38.123     0     0 I aw8695_activate_store: value=1
08-03 10:52:38.129     0     0 I aw8695_vibrate: value=28, seq=1, index=1
08-03 10:52:38.167     0     0 I sec_ts 1-0048: [R] tID:0 mc:6 tc:0 lx:822 ly:1692 v:0000 cal:00 id(0,0) p:0 noise:0 lp:(0)
08-03 10:52:38.172     0     0 I aw8695_activate_store: value=0
08-03 10:52:38.185     0     0 I aw8695_vibrate: value=0, seq=1, index=1
08-03 10:52:38.315     0     0 W sdcardfs: 171 user.relatime: invalid format
08-03 10:52:38.366     0     0 I sec_ts 1-0048: [P] tID:0 x:710 y:1972 z:39 major:10 minor:8 tc:1 type:0 noise:0
08-03 10:52:38.379     0     0 I aw8695_activate_store: value=1
08-03 10:52:38.385     0     0 I aw8695_vibrate: value=28, seq=1, index=1
08-03 10:52:38.429     0     0 I aw8695_activate_store: value=0
08-03 10:52:38.437     0     0 I aw8695_vibrate: value=0, seq=1, index=1
08-03 10:52:38.447     0     0 I sec_ts 1-0048: [R] tID:0 mc:0 tc:0 lx:710 ly:1972 v:0000 cal:00 id(0,0) p:0 noise:0 lp:(0)
08-03 10:52:38.619     0     0 I sec_ts 1-0048: [P] tID:1 x:558 y:1881 z:50 major:12 minor:11 tc:1 type:0 noise:0
08-03 10:52:38.632     0     0 I aw8695_activate_store: value=1
08-03 10:52:38.638     0     0 I aw8695_vibrate: value=28, seq=1, index=1
08-03 10:52:38.689     0     0 I aw8695_activate_store: value=0
08-03 10:52:38.696     0     0 I aw8695_vibrate: value=0, seq=1, index=1
08-03 10:52:38.696     0     0 I sec_ts 1-0048: [R] tID:1 mc:8 tc:0 lx:548 ly:1886 v:0000 cal:00 id(0,0) p:0 noise:0 lp:(0)
08-03 10:52:39.662     0     0 I timerfd_poll: comm:hvdcp_opti pid:2227 exp:4240902
08-03 10:52:39.784     0     0 I timerfd_poll: comm:health@2.1-serv pid:1237 exp:4241023
08-03 10:52:39.793     0     0 W healthd : battery l=82 v=4111 t=40.8 h=2 st=2 c=-438843 fc=4660000 cc=0 chg=a
08-03 10:52:39.807  2406  3186 D PowerUI : can't show warning due to - plugged: true status unknown: false
08-03 10:52:39.962     0     0 I pm7250b_charger: wdog_snarl_irq_handler: IRQ: wdog-snarl
08-03 10:52:39.969     0     0 E         : batt power supply prop 4 not supported
08-03 10:52:39.980     0     0 W healthd : battery l=82 v=4111 t=40.8 h=2 st=2 c=-264892 fc=4660000 cc=0 chg=a
08-03 10:52:40.110     0     0 W sdcardfs: 171 user.relatime: invalid format
08-03 10:52:41.166     0     0 I pm7250b_charger: SMBMMI: mmi_chrg_usb_vin_config: DP DM pulse count = 2
08-03 10:52:41.174     0     0 I pm7250b_charger: SMBMMI: mmi_basic_charge_sm: batt_mv = 4082, batt_ma 411, batt_soc 82, batt_temp 40, usb_mv 4399, dc_mv 0, cp 1, vp 1 dp 0
08-03 10:52:41.188     0     0 I pm7250b_charger: SMBMMI: mmi_basic_charge_sm: Step State = NORMAL, Temp Zone 3, Health 1
08-03 10:52:41.198     0     0 I pm7250b_charger: SMBMMI: mmi_basic_charge_sm: IMPOSED: FV = 4450000, CDIS = 0, FCC = 2000000, USBICL = 3000000
08-03 10:52:41.216     0     0 W healthd : battery l=82 v=4082 t=40.8 h=2 st=2 c=-411682 fc=4660000 cc=0 chg=a
08-03 10:52:41.230  2406  3322 D PowerUI : can't show warning due to - plugged: true status unknown: false
08-03 10:52:42.320     0     0 W sdcardfs: 171 user.relatime: invalid format
08-03 10:52:43.405     0     0 I sec_ts 1-0048: [P] tID:3 x:652 y:2125 z:37 major:10 minor:9 tc:1 type:0 noise:0
08-03 10:52:43.419     0     0 I aw8695_activate_store: value=1
08-03 10:52:43.426     0     0 I aw8695_vibrate: value=28, seq=1, index=1
08-03 10:52:43.469     0     0 I aw8695_activate_store: value=0
08-03 10:52:43.476     0     0 I aw8695_vibrate: value=0, seq=1, index=1
08-03 10:52:43.499     0     0 I sec_ts 1-0048: [R] tID:3 mc:0 tc:0 lx:652 ly:2125 v:0000 cal:00 id(0,0) p:0 noise:0 lp:(0)
08-03 10:52:43.755     0     0 I sec_ts 1-0048: [P] tID:3 x:830 y:1687 z:33 major:10 minor:8 tc:1 type:0 noise:0
08-03 10:52:43.768     0     0 I aw8695_activate_store: value=1
08-03 10:52:43.776     0     0 I aw8695_vibrate: value=28, seq=1, index=1
08-03 10:52:43.819     0     0 I aw8695_activate_store: value=0
08-03 10:52:43.825     0     0 I aw8695_vibrate: value=0, seq=1, index=1
08-03 10:52:43.868     0     0 I sec_ts 1-0048: [R] tID:3 mc:11 tc:0 lx:771 ly:1715 v:0000 cal:00 id(0,0) p:0 noise:0 lp:(0)
08-03 10:52:44.120     0     0 I sec_ts 1-0048: [P] tID:1 x:215 y:1861 z:46 major:11 minor:10 tc:1 type:0 noise:0
08-03 10:52:44.133     0     0 I aw8695_activate_store: value=1
08-03 10:52:44.139     0     0 I aw8695_vibrate: value=28, seq=1, index=1
08-03 10:52:44.181     0     0 I sec_ts 1-0048: [R] tID:1 mc:0 tc:0 lx:215 ly:1861 v:0000 cal:00 id(0,0) p:0 noise:0 lp:(0)
08-03 10:52:44.182     0     0 I aw8695_activate_store: value=0
08-03 10:52:44.198     0     0 I aw8695_vibrate: value=0, seq=1, index=1
08-03 10:52:44.344     0     0 I timerfd_poll: comm:hvdcp_opti pid:2223 exp:4245583
08-03 10:52:44.667     0     0 I sec_ts 1-0048: [P] tID:1 x:566 y:2094 z:37 major:10 minor:9 tc:1 type:0 noise:0
08-03 10:52:44.679     0     0 I aw8695_activate_store: value=1
08-03 10:52:44.685     0     0 I aw8695_vibrate: value=28, seq=1, index=1
08-03 10:52:44.729     0     0 I aw8695_activate_store: value=0
08-03 10:52:44.734     0     0 I sec_ts 1-0048: [R] tID:1 mc:0 tc:0 lx:566 ly:2094 v:0000 cal:00 id(0,0) p:0 noise:0 lp:(0)
08-03 10:52:44.749     0     0 I aw8695_vibrate: value=0, seq=1, index=1
08-03 10:52:44.963     0     0 I sec_ts 1-0048: [P] tID:0 x:828 y:1649 z:42 major:10 minor:10 tc:1 type:0 noise:0
08-03 10:52:44.975     0     0 I aw8695_activate_store: value=1
08-03 10:52:44.981     0     0 I aw8695_vibrate: value=28, seq=1, index=1
08-03 10:52:45.029     0     0 I aw8695_activate_store: value=0
08-03 10:52:45.035     0     0 I aw8695_vibrate: value=0, seq=1, index=1
08-03 10:52:45.039     0     0 I sec_ts 1-0048: [R] tID:0 mc:5 tc:0 lx:807 ly:1679 v:0000 cal:00 id(0,0) p:0 noise:0 lp:(0)
08-03 10:52:45.259     0     0 I sec_ts 1-0048: [P] tID:0 x:712 y:1981 z:38 major:10 minor:8 tc:1 type:0 noise:0
08-03 10:52:45.271     0     0 I aw8695_activate_store: value=1
08-03 10:52:45.281     0     0 I aw8695_vibrate: value=28, seq=1, index=1
08-03 10:52:45.320     0     0 I sec_ts 1-0048: [R] tID:0 mc:0 tc:0 lx:712 ly:1981 v:0000 cal:00 id(0,0) p:0 noise:0 lp:(0)
08-03 10:52:45.326     0     0 I aw8695_activate_store: value=0
08-03 10:52:45.342     0     0 I aw8695_vibrate: value=0, seq=1, index=1
08-03 10:52:45.639     0     0 I sec_ts 1-0048: [P] tID:1 x:639 y:2131 z:45 major:11 minor:10 tc:1 type:0 noise:0
08-03 10:52:45.651     0     0 I aw8695_activate_store: value=1
08-03 10:52:45.661     0     0 I aw8695_vibrate: value=28, seq=1, index=1
08-03 10:52:45.706     0     0 I aw8695_activate_store: value=0
08-03 10:52:45.712     0     0 I aw8695_vibrate: value=0, seq=1, index=1
08-03 10:52:45.739     0     0 I sec_ts 1-0048: [R] tID:1 mc:8 tc:0 lx:638 ly:2135 v:0000 cal:00 id(0,0) p:0 noise:0 lp:(0)
08-03 10:52:46.282     0     0 I pm7250b_charger: SMBMMI: mmi_chrg_usb_vin_config: DP DM pulse count = 2
08-03 10:52:46.291     0     0 I pm7250b_charger: SMBMMI: mmi_basic_charge_sm: batt_mv = 4018, batt_ma 753, batt_soc 82, batt_temp 40, usb_mv 4412, dc_mv 0, cp 1, vp 1 dp 0
08-03 10:52:46.305     0     0 I pm7250b_charger: SMBMMI: mmi_basic_charge_sm: Step State = NORMAL, Temp Zone 3, Health 1
08-03 10:52:46.314     0     0 I pm7250b_charger: SMBMMI: mmi_basic_charge_sm: IMPOSED: FV = 4450000, CDIS = 0, FCC = 2000000, USBICL = 3000000
08-03 10:52:46.355     0     0 W healthd : battery l=82 v=4018 t=40.8 h=2 st=2 c=-753784 fc=4660000 cc=0 chg=a
08-03 10:52:46.368  2406  3046 D PowerUI : can't show warning due to - plugged: true status unknown: false
08-03 10:52:46.688     0     0 I sec_ts 1-0048: sec_ts_read_event: STATUS 1d 69 2 0 0 0 0 0
08-03 10:52:46.801     0     0 I sec_ts 1-0048: [P] tID:3 x:70 y:1546 z:31 major:9 minor:5 tc:1 type:0 noise:0
08-03 10:52:46.813     0     0 I aw8695_activate_store: value=1
08-03 10:52:46.824     0     0 I aw8695_vibrate: value=28, seq=1, index=1
08-03 10:52:46.865     0     0 I aw8695_activate_store: value=0
08-03 10:52:46.872     0     0 I aw8695_vibrate: value=0, seq=1, index=1
08-03 10:52:46.968     0     0 I sec_ts 1-0048: [R] tID:3 mc:3 tc:0 lx:69 ly:1546 v:0000 cal:00 id(0,0) p:0 noise:0 lp:(0)
08-03 10:52:47.845     0     0 I sec_ts 1-0048: sec_ts_read_event: STATUS 1d 69 1 0 0 0 0 0
08-03 10:52:48.119     0     0 I sec_ts 1-0048: [P] tID:2 x:1005 y:2028 z:33 major:11 minor:7 tc:1 type:0 noise:0
08-03 10:52:48.132     0     0 I aw8695_activate_store: value=1
08-03 10:52:48.138     0     0 I aw8695_vibrate: value=28, seq=1, index=1
08-03 10:52:48.147     0     0 I pm7250b_charger: wdog_snarl_irq_handler: IRQ: wdog-snarl
08-03 10:52:48.154     0     0 E         : batt power supply prop 4 not supported
08-03 10:52:48.157     0     0 I sec_ts 1-0048: [R] tID:2 mc:0 tc:0 lx:1005 ly:2028 v:0000 cal:00 id(0,0) p:0 noise:0 lp:(0)
08-03 10:52:48.174     0     0 W healthd : battery l=82 v=4088 t=40.8 h=2 st=2 c=-456543 fc=4660000 cc=0 chg=a
08-03 10:52:48.182     0     0 I aw8695_activate_store: value=0
08-03 10:52:48.191  2406  3045 D PowerUI : can't show warning due to - plugged: true status unknown: false
08-03 10:52:48.189     0     0 I aw8695_vibrate: value=0, seq=1, index=1
08-03 10:52:48.269     0     0 I sec_ts 1-0048: [P] tID:2 x:1001 y:2001 z:33 major:9 minor:7 tc:1 type:0 noise:0
08-03 10:52:48.282     0     0 I aw8695_activate_store: value=1
08-03 10:52:48.288     0     0 I aw8695_vibrate: value=28, seq=1, index=1
08-03 10:52:48.332     0     0 I aw8695_activate_store: value=0
08-03 10:52:48.338     0     0 I aw8695_vibrate: value=0, seq=1, index=1
08-03 10:52:48.342     0     0 I sec_ts 1-0048: [R] tID:2 mc:0 tc:0 lx:1001 ly:2001 v:0000 cal:00 id(0,0) p:0 noise:0 lp:(0)
08-03 10:52:48.409     0     0 I sec_ts 1-0048: [P] tID:2 x:997 y:2002 z:33 major:9 minor:7 tc:1 type:0 noise:0
08-03 10:52:48.422     0     0 I aw8695_activate_store: value=1
08-03 10:52:48.428     0     0 I aw8695_vibrate: value=28, seq=1, index=1
08-03 10:52:48.472     0     0 I aw8695_activate_store: value=0
08-03 10:52:48.478     0     0 I aw8695_vibrate: value=0, seq=1, index=1
08-03 10:52:48.487     0     0 I sec_ts 1-0048: [R] tID:2 mc:0 tc:0 lx:997 ly:2002 v:0000 cal:00 id(0,0) p:0 noise:0 lp:(0)
08-03 10:52:48.576     0     0 I sec_ts 1-0048: [P] tID:2 x:993 y:1993 z:30 major:9 minor:8 tc:1 type:0 noise:0
08-03 10:52:48.588     0     0 I aw8695_activate_store: value=1
08-03 10:52:48.596     0     0 I aw8695_vibrate: value=28, seq=1, index=1
08-03 10:52:48.638     0     0 I aw8695_activate_store: value=0
