08-03 10:55:23.728     0     0 I sec_ts 1-0048: [P] tID:0 x:996 y:1977 z:35 major:10 minor:7 tc:1 type:0 noise:0
08-03 10:55:23.742     0     0 I aw8695_activate_store: value=1
08-03 10:55:23.748     0     0 I aw8695_vibrate: value=28, seq=1, index=1
08-03 10:55:23.785     0     0 I sec_ts 1-0048: [R] tID:0 mc:0 tc:0 lx:996 ly:1977 v:0000 cal:00 id(0,0) p:0 noise:0 lp:(0)
08-03 10:55:23.795     0     0 I aw8695_activate_store: value=0
08-03 10:55:23.802     0     0 I aw8695_vibrate: value=0, seq=1, index=1
08-03 10:55:23.922     0     0 I sec_ts 1-0048: [P] tID:0 x:986 y:1973 z:30 major:9 minor:7 tc:1 type:0 noise:0
08-03 10:55:23.934     0     0 I aw8695_activate_store: value=1
08-03 10:55:23.940     0     0 I aw8695_vibrate: value=28, seq=1, index=1
08-03 10:55:23.963     0     0 I sec_ts 1-0048: sec_ts_read_event: STATUS 1d 69 0 0 0 0 0 0
08-03 10:55:23.982     0     0 I aw8695_activate_store: value=0
08-03 10:55:23.991     0     0 I aw8695_vibrate: value=0, seq=1, index=1
08-03 10:55:23.997     0     0 I sec_ts 1-0048: [R] tID:0 mc:0 tc:0 lx:986 ly:1973 v:0000 cal:00 id(0,0) p:0 noise:0 lp:(0)
08-03 10:55:24.101     0     0 I sec_ts 1-0048: [P] tID:0 x:987 y:1981 z:35 major:10 minor:7 tc:1 type:0 noise:0
08-03 10:55:24.114     0     0 I aw8695_activate_store: value=1
08-03 10:55:24.121     0     0 I aw8695_vibrate: value=28, seq=1, index=1
08-03 10:55:24.159     0     0 I sec_ts 1-0048: [R] tID:0 mc:0 tc:0 lx:987 ly:1981 v:0000 cal:00 id(0,0) p:0 noise:0 lp:(0)
08-03 10:55:24.163     0     0 I aw8695_activate_store: value=0
08-03 10:55:24.177     0     0 I aw8695_vibrate: value=0, seq=1, index=1
08-03 10:55:24.257     0     0 I sec_ts 1-0048: [P] tID:0 x:984 y:1982 z:34 major:10 minor:7 tc:1 type:0 noise:0
08-03 10:55:24.271     0     0 I aw8695_activate_store: value=1
08-03 10:55:24.277     0     0 I aw8695_vibrate: value=28, seq=1, index=1
08-03 10:55:24.322     0     0 I aw8695_activate_store: value=0
08-03 10:55:24.328     0     0 I aw8695_vibrate: value=0, seq=1, index=1
08-03 10:55:24.337     0     0 I sec_ts 1-0048: [R] tID:0 mc:0 tc:0 lx:984 ly:1982 v:0000 cal:00 id(0,0) p:0 noise:0 lp:(0)
08-03 10:55:24.528     0     0 W sdcardfs: 171 user.relatime: invalid format
08-03 10:55:24.924     0     0 I sec_ts 1-0048: [P] tID:1 x:113 y:1860 z:24 major:9 minor:6 tc:1 type:0 noise:0
08-03 10:55:24.936     0     0 I aw8695_activate_store: value=1
08-03 10:55:24.942     0     0 I aw8695_vibrate: value=28, seq=1, index=1
08-03 10:55:24.989     0     0 I aw8695_activate_store: value=0
08-03 10:55:24.996     0     0 I aw8695_vibrate: value=0, seq=1, index=1
08-03 10:55:25.006     0     0 I pm7250b_charger: SMBMMI: mmi_chrg_usb_vin_config: DP DM pulse count = 2
08-03 10:55:25.007     0     0 I sec_ts 1-0048: [R] tID:1 mc:6 tc:0 lx:120 ly:1856 v:0000 cal:00 id(0,0) p:0 noise:0 lp:(0)
08-03 10:55:25.014     0     0 I pm7250b_charger: SMBMMI: mmi_basic_charge_sm: batt_mv = 4114, batt_ma 303, batt_soc 82, batt_temp 41, usb_mv 4405, dc_mv 0, cp 1, vp 1 dp 0
08-03 10:55:25.038     0     0 I pm7250b_charger: SMBMMI: mmi_basic_charge_sm: Step State = NORMAL, Temp Zone 3, Health 1
08-03 10:55:25.047     0     0 I pm7250b_charger: SMBMMI: mmi_basic_charge_sm: IMPOSED: FV = 4450000, CDIS = 0, FCC = 2000000, USBICL = 3000000
08-03 10:55:25.067     0     0 W healthd : battery l=82 v=4105 t=41.2 h=2 st=2 c=-287475 fc=4660000 cc=0 chg=a
08-03 10:55:25.081  2406  3322 D PowerUI : can't show warning due to - plugged: true status unknown: false
08-03 10:55:25.514     0     0 I sec_ts 1-0048: [P] tID:1 x:547 y:2110 z:50 major:11 minor:10 tc:1 type:0 noise:0
08-03 10:55:25.527     0     0 I aw8695_activate_store: value=1
08-03 10:55:25.533     0     0 I aw8695_vibrate: value=28, seq=1, index=1
08-03 10:55:25.575     0     0 I aw8695_activate_store: value=0
08-03 10:55:25.581     0     0 I aw8695_vibrate: value=0, seq=1, index=1
08-03 10:55:25.605     0     0 I sec_ts 1-0048: [R] tID:1 mc:0 tc:0 lx:547 ly:2110 v:0000 cal:00 id(0,0) p:0 noise:0 lp:(0)
08-03 10:55:26.016     0     0 I sec_ts 1-0048: [P] tID:0 x:861 y:2014 z:44 major:10 minor:8 tc:1 type:0 noise:0
08-03 10:55:26.030     0     0 I aw8695_activate_store: value=1
08-03 10:55:26.036     0     0 I aw8695_vibrate: value=28, seq=1, index=1
08-03 10:55:26.082     0     0 I aw8695_activate_store: value=0
08-03 10:55:26.085     0     0 I sec_ts 1-0048: [R] tID:0 mc:0 tc:0 lx:861 ly:2014 v:0000 cal:00 id(0,0) p:0 noise:0 lp:(0)
08-03 10:55:26.099     0     0 I aw8695_vibrate: value=0, seq=1, index=1
08-03 10:55:26.881     0     0 W sdcardfs: 171 user.relatime: invalid format
08-03 10:55:27.419     0     0 I sec_ts 1-0048: [P] tID:0 x:602 y:1734 z:40 major:9 minor:8 tc:1 type:0 noise:0
08-03 10:55:27.432     0     0 I aw8695_activate_store: value=1
08-03 10:55:27.438     0     0 I aw8695_vibrate: value=28, seq=1, index=1
08-03 10:55:27.483     0     0 I aw8695_activate_store: value=0
08-03 10:55:27.489     0     0 I aw8695_vibrate: value=0, seq=1, index=1
08-03 10:55:27.530     0     0 I sec_ts 1-0048: [R] tID:0 mc:8 tc:0 lx:594 ly:1747 v:0000 cal:00 id(0,0) p:0 noise:0 lp:(0)
08-03 10:55:28.585     0     0 I pm7250b_charger: default_irq_handler: IRQ: usbin-collapse
08-03 10:55:28.587     0     0 I pm7250b_charger: default_irq_handler: IRQ: aicl-done
08-03 10:55:28.592     0     0 I pm7250b_charger: default_irq_handler: IRQ: usbin-collapse
08-03 10:55:28.720     0     0 I pm7250b_charger: default_irq_handler: IRQ: usbin-collapse
08-03 10:55:28.721     0     0 I pm7250b_charger: default_irq_handler: IRQ: aicl-done
08-03 10:55:28.727     0     0 I pm7250b_charger: default_irq_handler: IRQ: usbin-collapse
08-03 10:55:29.586     0     0 I pm7250b_charger: smblib_icl_change_work: icl_settled=450000
08-03 10:55:29.598     0     0 W healthd : battery l=82 v=4064 t=41.2 h=2 st=2 c=-664978 fc=4660000 cc=0 chg=a
08-03 10:55:29.615  2406  3046 D PowerUI : can't show warning due to - plugged: true status unknown: false
08-03 10:55:29.668     0     0 I sec_ts 1-0048: [P] tID:1 x:234 y:1839 z:33 major:10 minor:8 tc:1 type:0 noise:0
08-03 10:55:29.685     0     0 I aw8695_activate_store: value=1
08-03 10:55:29.693     0     0 I aw8695_vibrate: value=28, seq=1, index=1
08-03 10:55:29.739     0     0 I aw8695_activate_store: value=0
08-03 10:55:29.746     0     0 I aw8695_vibrate: value=0, seq=1, index=1
08-03 10:55:29.751     0     0 I sec_ts 1-0048: [R] tID:1 mc:6 tc:0 lx:235 ly:1837 v:0000 cal:00 id(0,0) p:0 noise:0 lp:(0)
08-03 10:55:29.834     0     0 W sdcardfs: 171 user.relatime: invalid format
08-03 10:55:30.051     0     0 I sec_ts 1-0048: [P] tID:0 x:487 y:1710 z:40 major:10 minor:8 tc:1 type:0 noise:0
08-03 10:55:30.063     0     0 I aw8695_activate_store: value=1
08-03 10:55:30.071     0     0 I aw8695_vibrate: value=28, seq=1, index=1
08-03 10:55:30.112     0     0 I aw8695_activate_store: value=0
08-03 10:55:30.119     0     0 I aw8695_vibrate: value=0, seq=1, index=1
08-03 10:55:30.122     0     0 I pm7250b_charger: SMBMMI: mmi_chrg_usb_vin_config: DP DM pulse count = 2
08-03 10:55:30.132     0     0 I pm7250b_charger: SMBMMI: mmi_basic_charge_sm: batt_mv = 4087, batt_ma 294, batt_soc 82, batt_temp 41, usb_mv 4333, dc_mv 0, cp 1, vp 1 dp 0
08-03 10:55:30.146     0     0 I pm7250b_charger: SMBMMI: mmi_basic_charge_sm: Step State = NORMAL, Temp Zone 3, Health 1
08-03 10:55:30.153     0     0 I sec_ts 1-0048: [R] tID:0 mc:7 tc:0 lx:459 ly:1721 v:0000 cal:00 id(0,0) p:0 noise:0 lp:(0)
08-03 10:55:30.155     0     0 I pm7250b_charger: SMBMMI: mmi_basic_charge_sm: IMPOSED: FV = 4450000, CDIS = 0, FCC = 2000000, USBICL = 3000000
08-03 10:55:30.186     0     0 W healthd : battery l=82 v=4086 t=41.2 h=2 st=2 c=-393677 fc=4660000 cc=0 chg=a
08-03 10:55:30.202  2406  3045 D PowerUI : can't show warning due to - plugged: true status unknown: false
08-03 10:55:30.318     0     0 I sec_ts 1-0048: [P] tID:1 x:259 y:1724 z:41 major:11 minor:10 tc:1 type:0 noise:0
08-03 10:55:30.332     0     0 I aw8695_activate_store: value=1
08-03 10:55:30.338     0     0 I aw8695_vibrate: value=28, seq=1, index=1
08-03 10:55:30.383     0     0 I aw8695_activate_store: value=0
08-03 10:55:30.389     0     0 I aw8695_vibrate: value=0, seq=1, index=1
08-03 10:55:30.426     0     0 I sec_ts 1-0048: [R] tID:1 mc:2 tc:0 lx:262 ly:1723 v:0000 cal:00 id(0,0) p:0 noise:0 lp:(0)
08-03 10:55:30.597     0     0 I sec_ts 1-0048: [P] tID:1 x:368 y:1717 z:42 major:11 minor:10 tc:1 type:0 noise:0
08-03 10:55:30.611     0     0 I aw8695_activate_store: value=1
08-03 10:55:30.618     0     0 I aw8695_vibrate: value=28, seq=1, index=1
08-03 10:55:30.655     0     0 I sec_ts 1-0048: [R] tID:1 mc:0 tc:0 lx:368 ly:1717 v:0000 cal:00 id(0,0) p:0 noise:0 lp:(0)
08-03 10:55:30.667     0     0 I aw8695_activate_store: value=0
08-03 10:55:30.674     0     0 I aw8695_vibrate: value=0, seq=1, index=1
08-03 10:55:31.022     0     0 I sec_ts 1-0048: [P] tID:0 x:795 y:1704 z:37 major:9 minor:8 tc:1 type:0 noise:0
08-03 10:55:31.035     0     0 I aw8695_activate_store: value=1
08-03 10:55:31.041     0     0 I aw8695_vibrate: value=28, seq=1, index=1
08-03 10:55:31.086     0     0 I aw8695_activate_store: value=0
08-03 10:55:31.092     0     0 I aw8695_vibrate: value=0, seq=1, index=1
08-03 10:55:31.096     0     0 I sec_ts 1-0048: [R] tID:0 mc:0 tc:0 lx:795 ly:1704 v:0000 cal:00 id(0,0) p:0 noise:0 lp:(0)
08-03 10:55:31.390     0     0 I sec_ts 1-0048: [P] tID:0 x:884 y:1697 z:38 major:10 minor:8 tc:1 type:0 noise:0
08-03 10:55:31.403     0     0 I aw8695_activate_store: value=1
08-03 10:55:31.411     0     0 I aw8695_vibrate: value=28, seq=1, index=1
08-03 10:55:31.452     0     0 I aw8695_activate_store: value=0
08-03 10:55:31.459     0     0 I aw8695_vibrate: value=0, seq=1, index=1
08-03 10:55:31.498     0     0 I sec_ts 1-0048: [R] tID:0 mc:0 tc:0 lx:884 ly:1697 v:0000 cal:00 id(0,0) p:0 noise:0 lp:(0)
08-03 10:55:31.636     0     0 I sec_ts 1-0048: [P] tID:0 x:677 y:1716 z:38 major:10 minor:9 tc:1 type:0 noise:0
08-03 10:55:31.650     0     0 I aw8695_activate_store: value=1
08-03 10:55:31.656     0     0 I aw8695_vibrate: value=28, seq=1, index=1
08-03 10:55:31.699     0     0 I aw8695_activate_store: value=0
08-03 10:55:31.705     0     0 I sec_ts 1-0048: [R] tID:0 mc:6 tc:0 lx:615 ly:1743 v:0000 cal:00 id(0,0) p:0 noise:0 lp:(0)
08-03 10:55:31.716     0     0 I aw8695_vibrate: value=0, seq=1, index=1
08-03 10:55:31.853     0     0 I pm7250b_charger: wdog_snarl_irq_handler: IRQ: wdog-snarl
08-03 10:55:31.859     0     0 E         : batt power supply prop 4 not supported
08-03 10:55:31.871     0     0 W healthd : battery l=82 v=4116 t=41.2 h=2 st=2 c=-246277 fc=4660000 cc=0 chg=a
08-03 10:55:31.885  2406  3324 D PowerUI : can't show warning due to - plugged: true status unknown: false
08-03 10:55:32.001     0     0 I sec_ts 1-0048: [P] tID:1 x:218 y:1884 z:33 major:9 minor:9 tc:1 type:0 noise:0
08-03 10:55:32.015     0     0 I aw8695_activate_store: value=1
08-03 10:55:32.021     0     0 I aw8695_vibrate: value=28, seq=1, index=1
08-03 10:55:32.065     0     0 I aw8695_activate_store: value=0
08-03 10:55:32.068     0     0 I sec_ts 1-0048: [R] tID:1 mc:2 tc:0 lx:220 ly:1883 v:0000 cal:00 id(0,0) p:0 noise:0 lp:(0)
08-03 10:55:32.088     0     0 I aw8695_vibrate: value=0, seq=1, index=1
08-03 10:55:32.545     0     0 W sdcardfs: 171 user.relatime: invalid format
08-03 10:55:32.630     0     0 I sec_ts 1-0048: [P] tID:0 x:593 y:2088 z:46 major:10 minor:9 tc:1 type:0 noise:0
08-03 10:55:32.643     0     0 I aw8695_activate_store: value=1
08-03 10:55:32.649     0     0 I aw8695_vibrate: value=28, seq=1, index=1
08-03 10:55:32.671     0     0 I sec_ts 1-0048: [R] tID:0 mc:0 tc:0 lx:593 ly:2088 v:0000 cal:00 id(0,0) p:0 noise:0 lp:(0)
08-03 10:55:32.692     0     0 I aw8695_activate_store: value=0
08-03 10:55:32.698     0     0 I aw8695_vibrate: value=0, seq=1, index=1
08-03 10:55:33.300     0     0 I sec_ts 1-0048: [P] tID:0 x:622 y:1996 z:44 major:10 minor:10 tc:1 type:0 noise:0
08-03 10:55:33.314     0     0 I aw8695_activate_store: value=1
08-03 10:55:33.323     0     0 I aw8695_vibrate: value=28, seq=1, index=1
08-03 10:55:33.366     0     0 I aw8695_activate_store: value=0
08-03 10:55:33.372     0     0 I aw8695_vibrate: value=0, seq=1, index=1
08-03 10:55:33.397     0     0 I sec_ts 1-0048: [R] tID:0 mc:0 tc:0 lx:622 ly:1996 v:0000 cal:00 id(0,0) p:0 noise:0 lp:(0)
08-03 10:55:33.567     0     0 I sec_ts 1-0048: [P] tID:0 x:712 y:1714 z:42 major:10 minor:9 tc:1 type:0 noise:0
08-03 10:55:33.579     0     0 I aw8695_activate_store: value=1
08-03 10:55:33.585     0     0 I aw8695_vibrate: value=28, seq=1, index=1
08-03 10:55:33.614     0     0 I sec_ts 1-0048: [R] tID:0 mc:0 tc:0 lx:712 ly:1714 v:0000 cal:00 id(0,0) p:0 noise:0 lp:(0)
08-03 10:55:33.630     0     0 I aw8695_activate_store: value=0
08-03 10:55:33.638     0     0 I aw8695_vibrate: value=0, seq=1, index=1
08-03 10:55:33.875     0     0 I sec_ts 1-0048: [P] tID:0 x:429 y:1852 z:39 major:10 minor:9 tc:1 type:0 noise:0
08-03 10:55:33.887     0     0 I aw8695_activate_store: value=1
08-03 10:55:33.899     0     0 I aw8695_vibrate: value=28, seq=1, index=1
08-03 10:55:33.933     0     0 I sec_ts 1-0048: [R] tID:0 mc:0 tc:0 lx:429 ly:1852 v:0000 cal:00 id(0,0) p:0 noise:0 lp:(0)
08-03 10:55:33.945     0     0 I aw8695_activate_store: value=0
08-03 10:55:33.953     0     0 I aw8695_vibrate: value=0, seq=1, index=1
08-03 10:55:34.986     0     0 I sec_ts 1-0048: [P] tID:0 x:997 y:1964 z:31 major:9 minor:7 tc:1 type:0 noise:0
08-03 10:55:34.999     0     0 I aw8695_activate_store: value=1
08-03 10:55:35.008     0     0 I aw8695_vibrate: value=28, seq=1, index=1
08-03 10:55:35.052     0     0 I aw8695_activate_store: value=0
08-03 10:55:35.055     0     0 I sec_ts 1-0048: [R] tID:0 mc:0 tc:0 lx:997 ly:1964 v:0000 cal:00 id(0,0) p:0 noise:0 lp:(0)
08-03 10:55:35.073     0     0 I aw8695_vibrate: value=0, seq=1, index=1
08-03 10:55:35.252     0     0 I pm7250b_charger: SMBMMI: mmi_chrg_usb_vin_config: DP DM pulse count = 2
08-03 10:55:35.260     0     0 I pm7250b_charger: SMBMMI: mmi_basic_charge_sm: batt_mv = 4126, batt_ma 283, batt_soc 82, batt_temp 41, usb_mv 4444, dc_mv 0, cp 1, vp 1 dp 0
08-03 10:55:35.274     0     0 I pm7250b_charger: SMBMMI: mmi_basic_charge_sm: Step State = NORMAL, Temp Zone 3, Health 1
08-03 10:55:35.284     0     0 I pm7250b_charger: SMBMMI: mmi_basic_charge_sm: IMPOSED: FV = 4450000, CDIS = 0, FCC = 2000000, USBICL = 3000000
08-03 10:55:35.302     0     0 W healthd : battery l=82 v=4118 t=41.2 h=2 st=2 c=-151672 fc=4660000 cc=0 chg=a
08-03 10:55:35.316  2406  2994 D PowerUI : can't show warning due to - plugged: true status unknown: false
08-03 10:55:36.427     0     0 I sec_ts 1-0048: [P] tID:1 x:529 y:1850 z:36 major:11 minor:8 tc:1 type:0 noise:0
08-03 10:55:36.441     0     0 I aw8695_activate_store: value=1
08-03 10:55:36.447     0     0 I aw8695_vibrate: value=28, seq=1, index=1
08-03 10:55:36.493     0     0 I aw8695_activate_store: value=0
08-03 10:55:36.495     0     0 I sec_ts 1-0048: [R] tID:1 mc:0 tc:0 lx:529 ly:1850 v:0000 cal:00 id(0,0) p:0 noise:0 lp:(0)
08-03 10:55:36.517     0     0 I aw8695_vibrate: value=0, seq=1, index=1
08-03 10:55:36.538     0     0 W sdcardfs: 171 user.relatime: invalid format
08-03 10:55:36.672     0     0 I sec_ts 1-0048: [P] tID:1 x:543 y:2070 z:45 major:10 minor:9 tc:1 type:0 noise:0
08-03 10:55:36.685     0     0 I aw8695_activate_store: value=1
08-03 10:55:36.691     0     0 I aw8695_vibrate: value=28, seq=1, index=1
08-03 10:55:36.735     0     0 I aw8695_activate_store: value=0
08-03 10:55:36.742     0     0 I aw8695_vibrate: value=0, seq=1, index=1
08-03 10:55:36.752     0     0 I sec_ts 1-0048: [R] tID:1 mc:12 tc:0 lx:520 ly:2059 v:0000 cal:00 id(0,0) p:0 noise:0 lp:(0)
08-03 10:55:37.002     0     0 I sec_ts 1-0048: [P] tID:1 x:415 y:1708 z:40 major:10 minor:9 tc:1 type:0 noise:0
08-03 10:55:37.016     0     0 I aw8695_activate_store: value=1
08-03 10:55:37.023     0     0 I aw8695_vibrate: value=28, seq=1, index=1
08-03 10:55:37.065     0     0 I aw8695_activate_store: value=0
08-03 10:55:37.072     0     0 I aw8695_vibrate: value=0, seq=1, index=1
08-03 10:55:37.082     0     0 I sec_ts 1-0048: [R] tID:1 mc:9 tc:0 lx:401 ly:1715 v:0000 cal:00 id(0,0) p:0 noise:0 lp:(0)
08-03 10:55:37.238     0     0 I sec_ts 1-0048: [P] tID:1 x:274 y:1713 z:37 major:10 minor:8 tc:1 type:0 noise:0
08-03 10:55:37.251     0     0 I aw8695_activate_store: value=1
08-03 10:55:37.259     0     0 I aw8695_vibrate: value=28, seq=1, index=1
08-03 10:55:37.302     0     0 I aw8695_activate_store: value=0
08-03 10:55:37.309     0     0 I aw8695_vibrate: value=0, seq=1, index=1
08-03 10:55:37.317     0     0 I sec_ts 1-0048: [R] tID:1 mc:3 tc:0 lx:273 ly:1715 v:0000 cal:00 id(0,0) p:0 noise:0 lp:(0)
08-03 10:55:37.746     0     0 I pm7250b_charger: wdog_bark_irq_handler: IRQ: wdog-bark
08-03 10:55:37.968     0     0 I sec_ts 1-0048: [P] tID:0 x:989 y:1750 z:27 major:7 minor:5 tc:1 type:0 noise:0
08-03 10:55:37.981     0     0 I aw8695_activate_store: value=1
08-03 10:55:37.990     0     0 I aw8695_vibrate: value=28, seq=1, index=1
08-03 10:55:38.014     0     0 I sec_ts 1-0048: [R] tID:0 mc:0 tc:0 lx:989 ly:1750 v:0000 cal:00 id(0,0) p:0 noise:0 lp:(0)
08-03 10:55:38.032     0     0 I aw8695_activate_store: value=0
08-03 10:55:38.039     0     0 I aw8695_vibrate: value=0, seq=1, index=1
08-03 10:55:38.070     0     0 I sec_ts 1-0048: [P] tID:0 x:988 y:1745 z:31 major:9 minor:8 tc:1 type:0 noise:0
08-03 10:55:38.082     0     0 I aw8695_activate_store: value=1
08-03 10:55:38.088     0     0 I aw8695_vibrate: value=28, seq=1, index=1
08-03 10:55:38.132     0     0 I aw8695_activate_store: value=0
08-03 10:55:38.139     0     0 I aw8695_vibrate: value=0, seq=1, index=1
08-03 10:55:38.148     0     0 I sec_ts 1-0048: [R] tID:0 mc:0 tc:0 lx:988 ly:1745 v:0000 cal:00 id(0,0) p:0 noise:0 lp:(0)
08-03 10:55:39.224     0     0 I sec_ts 1-0048: [P] tID:0 x:992 y:1960 z:32 major:10 minor:7 tc:1 type:0 noise:0
08-03 10:55:39.237     0     0 I aw8695_activate_store: value=1
08-03 10:55:39.248     0     0 I aw8695_vibrate: value=28, seq=1, index=1
08-03 10:55:39.294     0     0 I aw8695_activate_store: value=0
08-03 10:55:39.300     0     0 I aw8695_vibrate: value=0, seq=1, index=1
08-03 10:55:39.338     0     0 I sec_ts 1-0048: [R] tID:0 mc:2 tc:0 lx:991 ly:1962 v:0000 cal:00 id(0,0) p:0 noise:0 lp:(0)
08-03 10:55:39.709     0     0 I timerfd_poll: comm:hvdcp_opti pid:2227 exp:4420948
08-03 10:55:39.784     0     0 I timerfd_poll: comm:health@2.1-serv pid:1237 exp:4421023
08-03 10:55:39.793     0     0 W healthd : battery l=82 v=4127 t=41.2 h=2 st=2 c=-126037 fc=4660000 cc=0 chg=a
08-03 10:55:39.808  2406  2989 D PowerUI : can't show warning due to - plugged: true status unknown: false
08-03 10:55:39.961     0     0 I sec_ts 1-0048: [P] tID:0 x:917 y:1711 z:42 major:11 minor:9 tc:1 type:0 noise:0
08-03 10:55:39.973     0     0 I aw8695_activate_store: value=1
08-03 10:55:39.980     0     0 I aw8695_vibrate: value=28, seq=1, index=1
08-03 10:55:40.026     0     0 I aw8695_activate_store: value=0
08-03 10:55:40.032     0     0 I aw8695_vibrate: value=0, seq=1, index=1
08-03 10:55:40.036     0     0 I sec_ts 1-0048: [R] tID:0 mc:10 tc:0 lx:888 ly:1721 v:0000 cal:00 id(0,0) p:0 noise:0 lp:(0)
08-03 10:55:40.047     0     0 I pm7250b_charger: wdog_snarl_irq_handler: IRQ: wdog-snarl
08-03 10:55:40.054     0     0 E         : batt power supply prop 4 not supported
08-03 10:55:40.075     0     0 W healthd : battery l=82 v=4071 t=41.2 h=2 st=2 c=-373535 fc=4660000 cc=0 chg=a
08-03 10:55:40.088  2406  2995 D PowerUI : can't show warning due to - plugged: true status unknown: false
08-03 10:55:40.365     0     0 I pm7250b_charger: SMBMMI: mmi_chrg_usb_vin_config: DP DM pulse count = 2
08-03 10:55:40.375     0     0 I pm7250b_charger: SMBMMI: mmi_basic_charge_sm: batt_mv = 4116, batt_ma 228, batt_soc 82, batt_temp 41, usb_mv 4468, dc_mv 0, cp 1, vp 1 dp 0
08-03 10:55:40.389     0     0 I pm7250b_charger: SMBMMI: mmi_basic_charge_sm: Step State = NORMAL, Temp Zone 3, Health 1
08-03 10:55:40.390     0     0 I sec_ts 1-0048: [P] tID:1 x:353 y:1721 z:33 major:10 minor:8 tc:1 type:0 noise:0
08-03 10:55:40.398     0     0 I pm7250b_charger: SMBMMI: mmi_basic_charge_sm: IMPOSED: FV = 4450000, CDIS = 0, FCC = 2000000, USBICL = 3000000
08-03 10:55:40.410     0     0 I aw8695_activate_store: value=1
08-03 10:55:40.425     0     0 W healthd : battery l=82 v=4116 t=41.2 h=2 st=2 c=-228882 fc=4660000 cc=0 chg=a
08-03 10:55:40.426     0     0 I aw8695_vibrate: value=28, seq=1, index=1
08-03 10:55:40.442  2406  3186 D PowerUI : can't show warning due to - plugged: true status unknown: false
08-03 10:55:40.477     0     0 I sec_ts 1-0048: [R] tID:1 mc:0 tc:0 lx:353 ly:1721 v:0000 cal:00 id(0,0) p:0 noise:0 lp:(0)
08-03 10:55:40.492     0     0 I aw8695_activate_store: value=0
08-03 10:55:40.504     0     0 I aw8695_vibrate: value=0, seq=1, index=1
08-03 10:55:40.689     0     0 I sec_ts 1-0048: [P] tID:1 x:505 y:1683 z:38 major:11 minor:8 tc:1 type:0 noise:0
08-03 10:55:40.703     0     0 I aw8695_activate_store: value=1
08-03 10:55:40.711     0     0 I aw8695_vibrate: value=28, seq=1, index=1
08-03 10:55:40.750     0     0 I sec_ts 1-0048: [R] tID:1 mc:8 tc:0 lx:500 ly:1690 v:0000 cal:00 id(0,0) p:0 noise:0 lp:(0)
08-03 10:55:40.755     0     0 I aw8695_activate_store: value=0
08-03 10:55:40.771     0     0 I aw8695_vibrate: value=0, seq=1, index=1
08-03 10:55:41.687     0     0 I pm7250b_charger: default_irq_handler: IRQ: usbin-collapse
08-03 10:55:41.688     0     0 I pm7250b_charger: default_irq_handler: IRQ: aicl-done
08-03 10:55:41.693     0     0 I pm7250b_charger: default_irq_handler: IRQ: usbin-collapse
08-03 10:55:42.706     0     0 I pm7250b_charger: smblib_icl_change_work: icl_settled=500000
08-03 10:55:42.719     0     0 W healthd : battery l=82 v=4138 t=41.2 h=2 st=2 c=-40893 fc=4660000 cc=0 chg=a
08-03 10:55:42.736  2406  3322 D PowerUI : can't show warning due to - plugged: true status unknown: false
08-03 10:55:44.373     0     0 I timerfd_poll: comm:hvdcp_opti pid:2223 exp:4425612
08-03 10:55:45.483     0     0 I pm7250b_charger: SMBMMI: mmi_chrg_usb_vin_config: DP DM pulse count = 2
08-03 10:55:45.492     0     0 I pm7250b_charger: SMBMMI: mmi_basic_charge_sm: batt_mv = 4057, batt_ma 451, batt_soc 82, batt_temp 41, usb_mv 4430, dc_mv 0, cp 1, vp 1 dp 0
08-03 10:55:45.506     0     0 I pm7250b_charger: SMBMMI: mmi_basic_charge_sm: Step State = NORMAL, Temp Zone 3, Health 1
08-03 10:55:45.515     0     0 I pm7250b_charger: SMBMMI: mmi_basic_charge_sm: IMPOSED: FV = 4450000, CDIS = 0, FCC = 2000000, USBICL = 3000000
08-03 10:55:45.532     0     0 W healthd : battery l=82 v=4057 t=41.2 h=2 st=2 c=-451050 fc=4660000 cc=0 chg=a
08-03 10:55:45.547  2406  3046 D PowerUI : can't show warning due to - plugged: true status unknown: false
08-03 10:55:47.055     0     0 W sdcardfs: 171 user.relatime: invalid format
08-03 10:55:48.224     0     0 I pm7250b_charger: wdog_snarl_irq_handler: IRQ: wdog-snarl
08-03 10:55:48.231     0     0 E         : batt power supply prop 4 not supported
08-03 10:55:48.247     0     0 W healthd : battery l=82 v=4123 t=41.2 h=2 st=2 c=-152282 fc=4660000 cc=0 chg=a
08-03 10:55:48.275  2406  3045 D PowerUI : can't show warning due to - plugged: true status unknown: false
08-03 10:55:50.604     0     0 I pm7250b_charger: SMBMMI: mmi_chrg_usb_vin_config: DP DM pulse count = 2
08-03 10:55:50.612     0     0 I pm7250b_charger: SMBMMI: mmi_basic_charge_sm: batt_mv = 4057, batt_ma 694, batt_soc 82, batt_temp 41, usb_mv 4442, dc_mv 0, cp 1, vp 1 dp 0
08-03 10:55:50.626     0     0 I pm7250b_charger: SMBMMI: mmi_basic_charge_sm: Step State = NORMAL, Temp Zone 3, Health 1
08-03 10:55:50.636     0     0 I pm7250b_charger: SMBMMI: mmi_basic_charge_sm: IMPOSED: FV = 4450000, CDIS = 0, FCC = 2000000, USBICL = 3000000
08-03 10:55:50.654     0     0 W healthd : battery l=82 v=4057 t=41.2 h=2 st=2 c=-694275 fc=4660000 cc=0 chg=a
08-03 10:55:50.682  2406  3324 D PowerUI : can't show warning due to - plugged: true status unknown: false
08-03 10:55:51.054     0     0 I sec_ts 1-0048: [P] tID:1 x:630 y:2129 z:48 major:11 minor:11 tc:1 type:0 noise:0
08-03 10:55:51.068     0     0 I aw8695_activate_store: value=1
08-03 10:55:51.074     0     0 I aw8695_vibrate: value=28, seq=1, index=1
08-03 10:55:51.119     0     0 I aw8695_activate_store: value=0
08-03 10:55:51.125     0     0 I aw8695_vibrate: value=0, seq=1, index=1
08-03 10:55:51.139     0     0 I sec_ts 1-0048: [R] tID:1 mc:3 tc:0 lx:630 ly:2125 v:0000 cal:00 id(0,0) p:0 noise:0 lp:(0)
08-03 10:55:51.507     0     0 I sec_ts 1-0048: [P] tID:1 x:499 y:1699 z:42 major:10 minor:10 tc:1 type:0 noise:0
08-03 10:55:51.521     0     0 I aw8695_activate_store: value=1
08-03 10:55:51.532     0     0 I aw8695_vibrate: value=28, seq=1, index=1
08-03 10:55:51.574     0     0 I sec_ts 1-0048: [R] tID:1 mc:0 tc:0 lx:499 ly:1699 v:0000 cal:00 id(0,0) p:0 noise:0 lp:(0)
08-03 10:55:51.575     0     0 I aw8695_activate_store: value=0
08-03 10:55:51.595     0     0 I aw8695_vibrate: value=0, seq=1, index=1
08-03 10:55:51.741     0     0 I sec_ts 1-0048: [P] tID:1 x:592 y:1797 z:37 major:10 minor:8 tc:1 type:0 noise:0
08-03 10:55:51.755     0     0 I aw8695_activate_store: value=1
08-03 10:55:51.761     0     0 I aw8695_vibrate: value=28, seq=1, index=1
08-03 10:55:51.805     0     0 I aw8695_activate_store: value=0
08-03 10:55:51.814     0     0 I aw8695_vibrate: value=0, seq=1, index=1
08-03 10:55:51.831     0     0 I sec_ts 1-0048: [R] tID:1 mc:14 tc:0 lx:586 ly:1824 v:0000 cal:00 id(0,0) p:0 noise:0 lp:(0)
08-03 10:55:52.060     0     0 I sec_ts 1-0048: [P] tID:1 x:127 y:1857 z:33 major:10 minor:7 tc:1 type:0 noise:0
08-03 10:55:52.071     0     0 I aw8695_activate_store: value=1
08-03 10:55:52.078     0     0 I aw8695_vibrate: value=28, seq=1, index=1
08-03 10:55:52.104     0     0 I sec_ts 1-0048: [R] tID:1 mc:0 tc:0 lx:127 ly:1857 v:0000 cal:00 id(0,0) p:0 noise:0 lp:(0)
08-03 10:55:52.122     0     0 I aw8695_activate_store: value=0
08-03 10:55:52.129     0     0 I aw8695_vibrate: value=0, seq=1, index=1
08-03 10:55:52.417     0     0 I sec_ts 1-0048: [P] tID:1 x:479 y:1713 z:33 major:10 minor:9 tc:1 type:0 noise:0
08-03 10:55:52.430     0     0 I aw8695_activate_store: value=1
08-03 10:55:52.436     0     0 I aw8695_vibrate: value=28, seq=1, index=1
08-03 10:55:52.456     0     0 I sec_ts 1-0048: [R] tID:1 mc:0 tc:0 lx:479 ly:1713 v:0000 cal:00 id(0,0) p:0 noise:0 lp:(0)
08-03 10:55:52.495     0     0 I aw8695_activate_store: value=0
08-03 10:55:52.501     0     0 I aw8695_vibrate: value=0, seq=1, index=1
08-03 10:55:52.672     0     0 W sdcardfs: 171 user.relatime: invalid format
08-03 10:55:53.177     0     0 I sec_ts 1-0048: [P] tID:1 x:582 y:1450 z:40 major:10 minor:9 tc:1 type:0 noise:0
08-03 10:55:53.238     0     0 I sec_ts 1-0048: [R] tID:1 mc:0 tc:0 lx:582 ly:1450 v:0000 cal:00 id(0,0) p:0 noise:0 lp:(0)
08-03 10:55:53.252     0     0 I aw8695_activate_store: value=1
08-03 10:55:53.260     0     0 I aw8695_vibrate: value=28, seq=1, index=1
08-03 10:55:53.302     0     0 I aw8695_activate_store: value=0
08-03 10:55:53.309     0     0 I aw8695_vibrate: value=0, seq=1, index=1
08-03 10:55:54.789     0     0 I pm7250b_charger: default_irq_handler: IRQ: input-current-limiting
08-03 10:55:54.789     0     0 I pm7250b_charger: default_irq_handler: IRQ: aicl-done
08-03 10:55:54.797     0     0 I pm7250b_charger: default_irq_handler: IRQ: input-current-limiting
08-03 10:55:55.634     0     0 W sdcardfs: 171 user.relatime: invalid format
08-03 10:55:55.723     0     0 I pm7250b_charger: SMBMMI: mmi_chrg_usb_vin_config: DP DM pulse count = 2
08-03 10:55:55.732     0     0 I pm7250b_charger: SMBMMI: mmi_basic_charge_sm: batt_mv = 4107, batt_ma 252, batt_soc 82, batt_temp 41, usb_mv 4449, dc_mv 0, cp 1, vp 1 dp 0
08-03 10:55:55.746     0     0 I pm7250b_charger: SMBMMI: mmi_basic_charge_sm: Step State = NORMAL, Temp Zone 3, Health 1
08-03 10:55:55.756     0     0 I pm7250b_charger: SMBMMI: mmi_basic_charge_sm: IMPOSED: FV = 4450000, CDIS = 0, FCC = 2000000, USBICL = 3000000
08-03 10:55:55.781     0     0 W healthd : battery l=82 v=4105 t=41.2 h=2 st=2 c=-265808 fc=4660000 cc=0 chg=a
08-03 10:55:55.796  2406  2994 D PowerUI : can't show warning due to - plugged: true status unknown: false
08-03 10:55:55.799     0     0 I pm7250b_charger: smblib_icl_change_work: icl_settled=500000
08-03 10:55:55.813     0     0 W healthd : battery l=82 v=4105 t=41.2 h=2 st=2 c=-265808 fc=4660000 cc=0 chg=a
08-03 10:55:56.408     0     0 I pm7250b_charger: wdog_snarl_irq_handler: IRQ: wdog-snarl
08-03 10:55:56.415     0     0 E         : batt power supply prop 4 not supported
08-03 10:55:56.430     0     0 W healthd : battery l=82 v=4122 t=41.2 h=2 st=2 c=-155334 fc=4660000 cc=0 chg=a
08-03 10:55:56.449  2406  2989 D PowerUI : can't show warning due to - plugged: true status unknown: false
08-03 10:55:57.003     0     0 W sdcardfs: 171 user.relatime: invalid format
08-03 10:55:58.132     0     0 I sec_ts 1-0048: [P] tID:0 x:1009 y:1958 z:36 major:11 minor:7 tc:1 type:0 noise:0
08-03 10:55:58.147     0     0 I aw8695_activate_store: value=1
08-03 10:55:58.154     0     0 I aw8695_vibrate: value=28, seq=1, index=1
08-03 10:55:58.199     0     0 I aw8695_activate_store: value=0
08-03 10:55:58.205     0     0 I aw8695_vibrate: value=0, seq=1, index=1
08-03 10:55:58.234     0     0 I sec_ts 1-0048: [R] tID:0 mc:0 tc:0 lx:1009 ly:1958 v:0000 cal:00 id(0,0) p:0 noise:0 lp:(0)
08-03 10:55:58.311     0     0 I sec_ts 1-0048: [P] tID:0 x:1009 y:1960 z:31 major:11 minor:6 tc:1 type:0 noise:0
08-03 10:55:58.322     0     0 I aw8695_activate_store: value=1
08-03 10:55:58.328     0     0 I aw8695_vibrate: value=28, seq=1, index=1
08-03 10:55:58.372     0     0 I aw8695_activate_store: value=0
08-03 10:55:58.378     0     0 I aw8695_vibrate: value=0, seq=1, index=1
08-03 10:55:58.385     0     0 I sec_ts 1-0048: [R] tID:0 mc:0 tc:0 lx:1009 ly:1960 v:0000 cal:00 id(0,0) p:0 noise:0 lp:(0)
08-03 10:55:58.478     0     0 I sec_ts 1-0048: [P] tID:0 x:1013 y:1956 z:31 major:9 minor:5 tc:1 type:0 noise:0
08-03 10:55:58.491     0     0 I aw8695_activate_store: value=1
08-03 10:55:58.497     0     0 I aw8695_vibrate: value=28, seq=1, index=1
08-03 10:55:58.539     0     0 I aw8695_activate_store: value=0
08-03 10:55:58.545     0     0 I aw8695_vibrate: value=0, seq=1, index=1
08-03 10:55:58.558     0     0 I sec_ts 1-0048: [R] tID:0 mc:0 tc:0 lx:1013 ly:1956 v:0000 cal:00 id(0,0) p:0 noise:0 lp:(0)
08-03 10:55:58.875     0     0 I sec_ts 1-0048: [P] tID:0 x:1013 y:1967 z:29 major:11 minor:5 tc:1 type:0 noise:0
08-03 10:55:58.889     0     0 I aw8695_activate_store: value=1
08-03 10:55:58.895     0     0 I aw8695_vibrate: value=28, seq=1, index=1
08-03 10:55:58.940     0     0 I aw8695_activate_store: value=0
08-03 10:55:58.946     0     0 I aw8695_vibrate: value=0, seq=1, index=1
08-03 10:55:58.960     0     0 I sec_ts 1-0048: [R] tID:0 mc:0 tc:0 lx:1013 ly:1967 v:0000 cal:00 id(0,0) p:0 noise:0 lp:(0)
08-03 10:55:59.288     0     0 I sec_ts 1-0048: [P] tID:0 x:1015 y:1967 z:30 major:11 minor:6 tc:1 type:0 noise:0
08-03 10:55:59.301     0     0 I aw8695_activate_store: value=1
08-03 10:55:59.308     0     0 I aw8695_vibrate: value=28, seq=1, index=1
08-03 10:55:59.353     0     0 I aw8695_activate_store: value=0
08-03 10:55:59.360     0     0 I aw8695_vibrate: value=0, seq=1, index=1
08-03 10:55:59.390     0     0 I sec_ts 1-0048: [R] tID:0 mc:0 tc:0 lx:1015 ly:1967 v:0000 cal:00 id(0,0) p:0 noise:0 lp:(0)
08-03 10:55:59.723     0     0 I sec_ts 1-0048: [P] tID:0 x:1006 y:1975 z:33 major:11 minor:6 tc:1 type:0 noise:0
08-03 10:55:59.736     0     0 I aw8695_activate_store: value=1
08-03 10:55:59.744     0     0 I aw8695_vibrate: value=28, seq=1, index=1
08-03 10:55:59.790     0     0 I aw8695_activate_store: value=0
08-03 10:55:59.796     0     0 I aw8695_vibrate: value=0, seq=1, index=1
08-03 10:55:59.831     0     0 I sec_ts 1-0048: [R] tID:0 mc:0 tc:0 lx:1006 ly:1975 v:0000 cal:00 id(0,0) p:0 noise:0 lp:(0)
08-03 10:56:00.611     0     0 I sec_ts 1-0048: [P] tID:0 x:875 y:2092 z:41 major:11 minor:8 tc:1 type:0 noise:0
08-03 10:56:00.623     0     0 I aw8695_activate_store: value=1
08-03 10:56:00.629     0     0 I aw8695_vibrate: value=28, seq=1, index=1
08-03 10:56:00.674     0     0 I aw8695_activate_store: value=0
08-03 10:56:00.683     0     0 I aw8695_vibrate: value=0, seq=1, index=1
08-03 10:56:00.690     0     0 I sec_ts 1-0048: [R] tID:0 mc:3 tc:0 lx:868 ly:2096 v:0000 cal:00 id(0,0) p:0 noise:0 lp:(0)
08-03 10:56:00.842     0     0 I pm7250b_charger: SMBMMI: mmi_chrg_usb_vin_config: DP DM pulse count = 2
08-03 10:56:00.850     0     0 I pm7250b_charger: SMBMMI: mmi_basic_charge_sm: batt_mv = 4091, batt_ma 309, batt_soc 82, batt_temp 41, usb_mv 4461, dc_mv 0, cp 1, vp 1 dp 0
08-03 10:56:00.865     0     0 I pm7250b_charger: SMBMMI: mmi_basic_charge_sm: Step State = NORMAL, Temp Zone 3, Health 1
08-03 10:56:00.874     0     0 I pm7250b_charger: SMBMMI: mmi_basic_charge_sm: IMPOSED: FV = 4450000, CDIS = 0, FCC = 2000000, USBICL = 3000000
08-03 10:56:00.893     0     0 W healthd : battery l=82 v=4096 t=41.2 h=2 st=2 c=-283203 fc=4660000 cc=0 chg=a
08-03 10:56:00.905  2406  2995 D PowerUI : can't show warning due to - plugged: true status unknown: false
08-03 10:56:00.979     0     0 I sec_ts 1-0048: [P] tID:0 x:698 y:2107 z:39 major:10 minor:9 tc:1 type:0 noise:0
08-03 10:56:00.991     0     0 I aw8695_activate_store: value=1
08-03 10:56:00.999     0     0 I aw8695_vibrate: value=28, seq=1, index=1
08-03 10:56:01.042     0     0 I aw8695_activate_store: value=0
08-03 10:56:01.049     0     0 I aw8695_vibrate: value=0, seq=1, index=1
08-03 10:56:01.054     0     0 I sec_ts 1-0048: [R] tID:0 mc:1 tc:0 lx:697 ly:2107 v:0000 cal:00 id(0,0) p:0 noise:0 lp:(0)
08-03 10:56:02.998     0     0 W sdcardfs: 171 user.relatime: invalid format
08-03 10:56:03.282     0     0 I sec_ts 1-0048: sec_ts_read_event: STATUS 1d 69 1 0 0 0 0 0
08-03 10:56:04.129     0     0 I sec_ts 1-0048: sec_ts_read_event: STATUS 1d 69 2 0 0 0 0 0
08-03 10:56:04.324     0     0 I sec_ts 1-0048: [P] tID:4 x:103 y:2001 z:41 major:10 minor:8 tc:1 type:0 noise:0
08-03 10:56:04.343     0     0 I aw8695_activate_store: value=1
08-03 10:56:04.351     0     0 I aw8695_vibrate: value=28, seq=1, index=1
08-03 10:56:04.398     0     0 I aw8695_activate_store: value=0
08-03 10:56:04.405     0     0 I aw8695_vibrate: value=0, seq=1, index=1
08-03 10:56:04.408     0     0 I sec_ts 1-0048: [R] tID:4 mc:3 tc:0 lx:106 ly:1996 v:0000 cal:00 id(0,0) p:0 noise:0 lp:(0)
08-03 10:56:04.591     0     0 W sdcardfs: 171 user.relatime: invalid format
08-03 10:56:04.594     0     0 I pm7250b_charger: wdog_snarl_irq_handler: IRQ: wdog-snarl
08-03 10:56:04.603     0     0 E         : batt power supply prop 4 not supported
08-03 10:56:04.616     0     0 W healthd : battery l=82 v=4070 t=41.2 h=2 st=2 c=-430603 fc=4660000 cc=0 chg=a
08-03 10:56:04.629  2406  3186 D PowerUI : can't show warning due to - plugged: true status unknown: false
08-03 10:56:05.234     0     0 I sec_ts 1-0048: [P] tID:0 x:895 y:1711 z:36 major:10 minor:9 tc:1 type:0 noise:0
08-03 10:56:05.247     0     0 I aw8695_activate_store: value=1
08-03 10:56:05.256     0     0 I aw8695_vibrate: value=28, seq=1, index=1
08-03 10:56:05.263     0     0 I sec_ts 1-0048: sec_ts_read_event: STATUS 1d 69 1 0 0 0 0 0
08-03 10:56:05.284     0     0 I sec_ts 1-0048: [R] tID:0 mc:4 tc:0 lx:886 ly:1719 v:0000 cal:00 id(0,0) p:0 noise:0 lp:(0)
08-03 10:56:05.306     0     0 I aw8695_activate_store: value=0
08-03 10:56:05.314     0     0 I aw8695_vibrate: value=0, seq=1, index=1
08-03 10:56:05.589     0     0 W sdcardfs: 171 user.relatime: invalid format
08-03 10:56:05.595     0     0 I sec_ts 1-0048: [P] tID:1 x:573 y:1981 z:39 major:10 minor:10 tc:1 type:0 noise:0
08-03 10:56:05.608     0     0 I aw8695_activate_store: value=1
08-03 10:56:05.615     0     0 I aw8695_vibrate: value=28, seq=1, index=1
08-03 10:56:05.659     0     0 I aw8695_activate_store: value=0
08-03 10:56:05.665     0     0 I aw8695_vibrate: value=0, seq=1, index=1
08-03 10:56:05.675     0     0 I sec_ts 1-0048: [R] tID:1 mc:9 tc:0 lx:543 ly:1974 v:0000 cal:00 id(0,0) p:0 noise:0 lp:(0)
08-03 10:56:05.949     0     0 I sec_ts 1-0048: [P] tID:1 x:258 y:1684 z:39 major:10 minor:9 tc:1 type:0 noise:0
08-03 10:56:05.963     0     0 I aw8695_activate_store: value=1
08-03 10:56:05.968     0     0 I pm7250b_charger: SMBMMI: mmi_chrg_usb_vin_config: DP DM pulse count = 2
08-03 10:56:05.969     0     0 I aw8695_vibrate: value=28, seq=1, index=1
08-03 10:56:05.977     0     0 I pm7250b_charger: SMBMMI: mmi_basic_charge_sm: batt_mv = 4136, batt_ma 82, batt_soc 82, batt_temp 41, usb_mv 4459, dc_mv 0, cp 1, vp 1 dp 0
08-03 10:56:05.995     0     0 I pm7250b_charger: SMBMMI: mmi_basic_charge_sm: Step State = NORMAL, Temp Zone 3, Health 1
08-03 10:56:06.004     0     0 I pm7250b_charger: SMBMMI: mmi_basic_charge_sm: IMPOSED: FV = 4450000, CDIS = 0, FCC = 2000000, USBICL = 3000000
08-03 10:56:06.021     0     0 I sec_ts 1-0048: [R] tID:1 mc:0 tc:0 lx:258 ly:1684 v:0000 cal:00 id(0,0) p:0 noise:0 lp:(0)
08-03 10:56:06.022     0     0 W healthd : battery l=82 v=4122 t=41.2 h=2 st=2 c=-182190 fc=4660000 cc=0 chg=a
08-03 10:56:06.031     0     0 I aw8695_activate_store: value=0
08-03 10:56:06.045  2406  3322 D PowerUI : can't show warning due to - plugged: true status unknown: false
08-03 10:56:06.047     0     0 I aw8695_vibrate: value=0, seq=1, index=1
08-03 10:56:06.189     0     0 I sec_ts 1-0048: [P] tID:1 x:410 y:1687 z:37 major:9 minor:8 tc:1 type:0 noise:0
08-03 10:56:06.201     0     0 I aw8695_activate_store: value=1
08-03 10:56:06.208     0     0 I aw8695_vibrate: value=28, seq=1, index=1
08-03 10:56:06.252     0     0 I aw8695_activate_store: value=0
08-03 10:56:06.259     0     0 I aw8695_vibrate: value=0, seq=1, index=1
08-03 10:56:06.273     0     0 I sec_ts 1-0048: [R] tID:1 mc:9 tc:0 lx:415 ly:1691 v:0000 cal:00 id(0,0) p:0 noise:0 lp:(0)
08-03 10:56:06.780     0     0 I sec_ts 1-0048: [P] tID:0 x:573 y:2086 z:44 major:10 minor:9 tc:1 type:0 noise:0
08-03 10:56:06.794     0     0 I aw8695_activate_store: value=1
08-03 10:56:06.804     0     0 I aw8695_vibrate: value=28, seq=1, index=1
08-03 10:56:06.845     0     0 I aw8695_activate_store: value=0
08-03 10:56:06.848     0     0 I sec_ts 1-0048: [R] tID:0 mc:2 tc:0 lx:571 ly:2083 v:0000 cal:00 id(0,0) p:0 noise:0 lp:(0)
08-03 10:56:06.862     0     0 I aw8695_vibrate: value=0, seq=1, index=1
08-03 10:56:06.959     0     0 W sdcardfs: 171 user.relatime: invalid format
08-03 10:56:07.100     0     0 I sec_ts 1-0048: [P] tID:1 x:465 y:1702 z:37 major:10 minor:9 tc:1 type:0 noise:0
08-03 10:56:07.112     0     0 I aw8695_activate_store: value=1
08-03 10:56:07.118     0     0 I aw8695_vibrate: value=28, seq=1, index=1
08-03 10:56:07.162     0     0 I aw8695_activate_store: value=0
08-03 10:56:07.169     0     0 I aw8695_vibrate: value=0, seq=1, index=1
08-03 10:56:07.183     0     0 I sec_ts 1-0048: [R] tID:1 mc:0 tc:0 lx:465 ly:1702 v:0000 cal:00 id(0,0) p:0 noise:0 lp:(0)
08-03 10:56:07.322     0     0 I sec_ts 1-0048: [P] tID:1 x:656 y:1791 z:37 major:9 minor:9 tc:1 type:0 noise:0
08-03 10:56:07.335     0     0 I aw8695_activate_store: value=1
08-03 10:56:07.344     0     0 I aw8695_vibrate: value=28, seq=1, index=1
08-03 10:56:07.362     0     0 I sec_ts 1-0048: [R] tID:1 mc:0 tc:0 lx:656 ly:1791 v:0000 cal:00 id(0,0) p:0 noise:0 lp:(0)
08-03 10:56:07.385     0     0 I aw8695_activate_store: value=0
08-03 10:56:07.391     0     0 I aw8695_vibrate: value=0, seq=1, index=1
08-03 10:56:07.591     0     0 I sec_ts 1-0048: [P] tID:1 x:275 y:1702 z:46 major:11 minor:10 tc:1 type:0 noise:0
08-03 10:56:07.604     0     0 I aw8695_activate_store: value=1
08-03 10:56:07.610     0     0 I aw8695_vibrate: value=28, seq=1, index=1
08-03 10:56:07.652     0     0 I sec_ts 1-0048: [R] tID:1 mc:0 tc:0 lx:275 ly:1702 v:0000 cal:00 id(0,0) p:0 noise:0 lp:(0)
08-03 10:56:07.656     0     0 I aw8695_activate_store: value=0
08-03 10:56:07.671     0     0 I aw8695_vibrate: value=0, seq=1, index=1
08-03 10:56:07.887     0     0 I pm7250b_charger: default_irq_handler: IRQ: input-current-limiting
08-03 10:56:07.887     0     0 I pm7250b_charger: default_irq_handler: IRQ: aicl-done
08-03 10:56:07.894     0     0 I pm7250b_charger: default_irq_handler: IRQ: input-current-limiting
08-03 10:56:08.077     0     0 I sec_ts 1-0048: [P] tID:0 x:588 y:2088 z:38 major:10 minor:9 tc:1 type:0 noise:0
08-03 10:56:08.089     0     0 I aw8695_activate_store: value=1
08-03 10:56:08.095     0     0 I aw8695_vibrate: value=28, seq=1, index=1
08-03 10:56:08.141     0     0 I aw8695_activate_store: value=0
08-03 10:56:08.149     0     0 I aw8695_vibrate: value=0, seq=1, index=1
08-03 10:56:08.160     0     0 I sec_ts 1-0048: [R] tID:0 mc:0 tc:0 lx:588 ly:2088 v:0000 cal:00 id(0,0) p:0 noise:0 lp:(0)
08-03 10:56:08.562     0     0 I sec_ts 1-0048: [P] tID:0 x:981 y:1828 z:33 major:9 minor:7 tc:1 type:0 noise:0
08-03 10:56:08.574     0     0 I aw8695_activate_store: value=1
08-03 10:56:08.580     0     0 I aw8695_vibrate: value=28, seq=1, index=1
08-03 10:56:08.629     0     0 I aw8695_activate_store: value=0
08-03 10:56:08.635     0     0 I sec_ts 1-0048: [R] tID:0 mc:8 tc:0 lx:943 ly:1858 v:0000 cal:00 id(0,0) p:0 noise:0 lp:(0)
08-03 10:56:08.645     0     0 I aw8695_vibrate: value=0, seq=1, index=1
08-03 10:56:08.893     0     0 I pm7250b_charger: smblib_icl_change_work: icl_settled=550000
08-03 10:56:08.897     0     0 I sec_ts 1-0048: sec_ts_read_event: STATUS 1d 69 0 0 0 0 0 0
08-03 10:56:08.909     0     0 W healthd : battery l=82 v=4089 t=41.2 h=2 st=2 c=-368957 fc=4660000 cc=0 chg=a
08-03 10:56:08.922  2406  3046 D PowerUI : can't show warning due to - plugged: true status unknown: false
08-03 10:56:08.964     0     0 I sec_ts 1-0048: [P] tID:1 x:129 y:1855 z:30 major:8 minor:6 tc:1 type:0 noise:0
08-03 10:56:08.976     0     0 I aw8695_activate_store: value=1
08-03 10:56:08.982     0     0 I aw8695_vibrate: value=28, seq=1, index=1
08-03 10:56:09.026     0     0 I aw8695_activate_store: value=0
08-03 10:56:09.032     0     0 I aw8695_vibrate: value=0, seq=1, index=1
08-03 10:56:09.059     0     0 I sec_ts 1-0048: [R] tID:1 mc:0 tc:0 lx:129 ly:1855 v:0000 cal:00 id(0,0) p:0 noise:0 lp:(0)
08-03 10:56:09.305     0     0 I sec_ts 1-0048: [P] tID:1 x:217 y:1843 z:36 major:10 minor:9 tc:1 type:0 noise:0
08-03 10:56:09.318     0     0 I aw8695_activate_store: value=1
08-03 10:56:09.326     0     0 I aw8695_vibrate: value=28, seq=1, index=1
08-03 10:56:09.355     0     0 I sec_ts 1-0048: [R] tID:1 mc:0 tc:0 lx:217 ly:1843 v:0000 cal:00 id(0,0) p:0 noise:0 lp:(0)
08-03 10:56:09.369     0     0 I aw8695_activate_store: value=0
08-03 10:56:09.375     0     0 I aw8695_vibrate: value=0, seq=1, index=1
08-03 10:56:09.711     0     0 I sec_ts 1-0048: [P] tID:1 x:483 y:1716 z:40 major:10 minor:10 tc:1 type:0 noise:0
08-03 10:56:09.716     0     0 I timerfd_poll: comm:hvdcp_opti pid:2227 exp:4450955
08-03 10:56:09.727     0     0 I aw8695_activate_store: value=1
08-03 10:56:09.733     0     0 I aw8695_vibrate: value=28, seq=1, index=1
08-03 10:56:09.779     0     0 I aw8695_activate_store: value=0
08-03 10:56:09.785     0     0 I aw8695_vibrate: value=0, seq=1, index=1
08-03 10:56:09.790     0     0 I sec_ts 1-0048: [R] tID:1 mc:0 tc:0 lx:483 ly:1716 v:0000 cal:00 id(0,0) p:0 noise:0 lp:(0)
08-03 10:56:10.538     0     0 W sdcardfs: 171 user.relatime: invalid format
08-03 10:56:11.094     0     0 I pm7250b_charger: SMBMMI: mmi_chrg_usb_vin_config: DP DM pulse count = 2
08-03 10:56:11.102     0     0 I pm7250b_charger: SMBMMI: mmi_basic_charge_sm: batt_mv = 4091, batt_ma 317, batt_soc 82, batt_temp 41, usb_mv 4334, dc_mv 0, cp 1, vp 1 dp 0
08-03 10:56:11.116     0     0 I pm7250b_charger: SMBMMI: mmi_basic_charge_sm: Step State = NORMAL, Temp Zone 3, Health 1
08-03 10:56:11.126     0     0 I pm7250b_charger: SMBMMI: mmi_basic_charge_sm: IMPOSED: FV = 4450000, CDIS = 0, FCC = 2000000, USBICL = 3000000
08-03 10:56:11.144     0     0 W healthd : battery l=82 v=4020 t=41.2 h=2 st=2 c=-752258 fc=4660000 cc=0 chg=a
08-03 10:56:11.158  2406  3045 D PowerUI : can't show warning due to - plugged: true status unknown: false
08-03 10:56:12.779     0     0 I pm7250b_charger: wdog_snarl_irq_handler: IRQ: wdog-snarl
08-03 10:56:12.785     0     0 E         : batt power supply prop 4 not supported
08-03 10:56:12.798     0     0 W healthd : battery l=82 v=4098 t=41.2 h=2 st=2 c=-307922 fc=4660000 cc=0 chg=a
08-03 10:56:12.814  2406  3324 D PowerUI : can't show warning due to - plugged: true status unknown: false
08-03 10:56:14.390     0     0 W sdcardfs: 171 user.relatime: invalid format
08-03 10:56:16.204     0     0 I pm7250b_charger: SMBMMI: mmi_chrg_usb_vin_config: DP DM pulse count = 2
08-03 10:56:16.216     0     0 I pm7250b_charger: SMBMMI: mmi_basic_charge_sm: batt_mv = 4055, batt_ma 507, batt_soc 82, batt_temp 41, usb_mv 4360, dc_mv 0, cp 1, vp 1 dp 0
08-03 10:56:16.230     0     0 I pm7250b_charger: SMBMMI: mmi_basic_charge_sm: Step State = NORMAL, Temp Zone 3, Health 1
08-03 10:56:16.239     0     0 I pm7250b_charger: SMBMMI: mmi_basic_charge_sm: IMPOSED: FV = 4450000, CDIS = 0, FCC = 2000000, USBICL = 3000000
08-03 10:56:16.266     0     0 W healthd : battery l=82 v=4055 t=41.2 h=2 st=2 c=-507507 fc=4660000 cc=0 chg=a
08-03 10:56:16.281  2406  2994 D PowerUI : can't show warning due to - plugged: true status unknown: false
08-03 10:56:17.609     0     0 W sdcardfs: 171 user.relatime: invalid format
08-03 10:56:18.454     0     0 I sec_ts 1-0048: [P] tID:1 x:598 y:2108 z:37 major:11 minor:8 tc:1 type:0 noise:0
08-03 10:56:18.468     0     0 I aw8695_activate_store: value=1
08-03 10:56:18.475     0     0 I aw8695_vibrate: value=28, seq=1, index=1
08-03 10:56:18.519     0     0 I aw8695_activate_store: value=0
08-03 10:56:18.526     0     0 I aw8695_vibrate: value=0, seq=1, index=1
08-03 10:56:18.564     0     0 I sec_ts 1-0048: [R] tID:1 mc:0 tc:0 lx:598 ly:2108 v:0000 cal:00 id(0,0) p:0 noise:0 lp:(0)
08-03 10:56:18.916     0     0 I sec_ts 1-0048: [P] tID:1 x:438 y:1869 z:40 major:10 minor:9 tc:1 type:0 noise:0
08-03 10:56:18.929     0     0 I aw8695_activate_store: value=1
08-03 10:56:18.935     0     0 I aw8695_vibrate: value=28, seq=1, index=1
08-03 10:56:18.982     0     0 I aw8695_activate_store: value=0
08-03 10:56:18.988     0     0 I aw8695_vibrate: value=0, seq=1, index=1
08-03 10:56:18.994     0     0 I sec_ts 1-0048: [R] tID:1 mc:0 tc:0 lx:438 ly:1869 v:0000 cal:00 id(0,0) p:0 noise:0 lp:(0)
08-03 10:56:19.234     0     0 I sec_ts 1-0048: [P] tID:1 x:282 y:1719 z:35 major:9 minor:9 tc:1 type:0 noise:0
08-03 10:56:19.247     0     0 I aw8695_activate_store: value=1
08-03 10:56:19.254     0     0 I aw8695_vibrate: value=28, seq=1, index=1
08-03 10:56:19.295     0     0 I aw8695_activate_store: value=0
08-03 10:56:19.302     0     0 I aw8695_vibrate: value=0, seq=1, index=1
08-03 10:56:19.340     0     0 I sec_ts 1-0048: [R] tID:1 mc:0 tc:0 lx:282 ly:1719 v:0000 cal:00 id(0,0) p:0 noise:0 lp:(0)
08-03 10:56:19.491     0     0 I sec_ts 1-0048: [P] tID:1 x:180 y:1685 z:37 major:9 minor:9 tc:1 type:0 noise:0
08-03 10:56:19.505     0     0 I aw8695_activate_store: value=1
08-03 10:56:19.511     0     0 I aw8695_vibrate: value=28, seq=1, index=1
08-03 10:56:19.547     0     0 I sec_ts 1-0048: [R] tID:1 mc:0 tc:0 lx:180 ly:1685 v:0000 cal:00 id(0,0) p:0 noise:0 lp:(0)
08-03 10:56:19.556     0     0 I aw8695_activate_store: value=0
08-03 10:56:19.570     0     0 I aw8695_vibrate: value=0, seq=1, index=1
08-03 10:56:19.988     0     0 I sec_ts 1-0048: [P] tID:1 x:536 y:2064 z:33 major:10 minor:9 tc:1 type:0 noise:0
08-03 10:56:20.001     0     0 I aw8695_activate_store: value=1
08-03 10:56:20.007     0     0 I aw8695_vibrate: value=28, seq=1, index=1
08-03 10:56:20.049     0     0 I aw8695_activate_store: value=0
08-03 10:56:20.050     0     0 I sec_ts 1-0048: [R] tID:1 mc:5 tc:0 lx:532 ly:2069 v:0000 cal:00 id(0,0) p:0 noise:0 lp:(0)
08-03 10:56:20.068     0     0 I aw8695_vibrate: value=0, seq=1, index=1
08-03 10:56:20.102     0     0 W sdcardfs: 171 user.relatime: invalid format
08-03 10:56:20.474     0     0 I sec_ts 1-0048: [P] tID:1 x:317 y:1844 z:39 major:9 minor:9 tc:1 type:0 noise:0
08-03 10:56:20.487     0     0 I aw8695_activate_store: value=1
08-03 10:56:20.494     0     0 I aw8695_vibrate: value=28, seq=1, index=1
08-03 10:56:20.535     0     0 I aw8695_activate_store: value=0
08-03 10:56:20.541     0     0 I sec_ts 1-0048: [R] tID:1 mc:0 tc:0 lx:317 ly:1844 v:0000 cal:00 id(0,0) p:0 noise:0 lp:(0)
08-03 10:56:20.551     0     0 I aw8695_vibrate: value=0, seq=1, index=1
08-03 10:56:20.787     0     0 I sec_ts 1-0048: [P] tID:1 x:109 y:1873 z:24 major:8 minor:6 tc:1 type:0 noise:0
08-03 10:56:20.799     0     0 I aw8695_activate_store: value=1
08-03 10:56:20.806     0     0 I aw8695_vibrate: value=28, seq=1, index=1
08-03 10:56:20.843     0     0 I sec_ts 1-0048: [R] tID:1 mc:0 tc:0 lx:109 ly:1873 v:0000 cal:00 id(0,0) p:0 noise:0 lp:(0)
08-03 10:56:20.853     0     0 I aw8695_activate_store: value=0
08-03 10:56:20.864     0     0 I aw8695_vibrate: value=0, seq=1, index=1
08-03 10:56:20.963     0     0 I pm7250b_charger: wdog_snarl_irq_handler: IRQ: wdog-snarl
08-03 10:56:20.969     0     0 I pm7250b_charger: default_irq_handler: IRQ: usbin-collapse
08-03 10:56:20.970     0     0 I pm7250b_charger: default_irq_handler: IRQ: usbin-collapse
08-03 10:56:20.970     0     0 I pm7250b_charger: default_irq_handler: IRQ: aicl-done
08-03 10:56:20.976     0     0 E         : batt power supply prop 4 not supported
08-03 10:56:21.008     0     0 W healthd : battery l=82 v=4111 t=41.2 h=2 st=2 c=-242004 fc=4660000 cc=0 chg=a
