08-03 10:49:26.842  2406  2989 D PowerUI : can't show warning due to - plugged: true status unknown: false
08-03 10:49:27.063     0     0 W sdcardfs: 171 user.relatime: invalid format
08-03 10:49:29.026     0     0 I sec_ts 1-0048: [P] tID:1 x:85 y:2134 z:33 major:10 minor:8 tc:1 type:0 noise:0
08-03 10:49:29.040     0     0 I aw8695_activate_store: value=1
08-03 10:49:29.045     0     0 I aw8695_vibrate: value=28, seq=1, index=1
08-03 10:49:29.059     0     0 W sdcardfs: 171 user.relatime: invalid format
08-03 10:49:29.087     0     0 I sec_ts 1-0048: [R] tID:1 mc:2 tc:0 lx:86 ly:2131 v:0000 cal:00 id(0,0) p:0 noise:0 lp:(0)
08-03 10:49:29.088     0     0 I aw8695_activate_store: value=0
08-03 10:49:29.102     0     0 I aw8695_vibrate: value=0, seq=1, index=1
08-03 10:49:29.585     0     0 I sec_ts 1-0048: [P] tID:1 x:240 y:1845 z:37 major:9 minor:9 tc:1 type:0 noise:0
08-03 10:49:29.597     0     0 I aw8695_activate_store: value=1
08-03 10:49:29.603     0     0 I aw8695_vibrate: value=28, seq=1, index=1
08-03 10:49:29.646     0     0 I sec_ts 1-0048: [R] tID:1 mc:0 tc:0 lx:240 ly:1845 v:0000 cal:00 id(0,0) p:0 noise:0 lp:(0)
08-03 10:49:29.646     0     0 I aw8695_activate_store: value=0
08-03 10:49:29.663     0     0 I aw8695_vibrate: value=0, seq=1, index=1
08-03 10:49:29.959     0     0 I sec_ts 1-0048: [P] tID:1 x:318 y:1661 z:37 major:9 minor:8 tc:1 type:0 noise:0
08-03 10:49:29.973     0     0 I aw8695_activate_store: value=1
08-03 10:49:29.983     0     0 I aw8695_vibrate: value=28, seq=1, index=1
08-03 10:49:30.025     0     0 I aw8695_activate_store: value=0
08-03 10:49:30.032     0     0 I aw8695_vibrate: value=0, seq=1, index=1
08-03 10:49:30.081     0     0 I sec_ts 1-0048: [R] tID:1 mc:14 tc:0 lx:302 ly:1678 v:0000 cal:00 id(0,0) p:0 noise:0 lp:(0)
08-03 10:49:30.171     0     0 I sec_ts 1-0048: [P] tID:1 x:279 y:1686 z:30 major:8 minor:8 tc:1 type:0 noise:0
08-03 10:49:30.184     0     0 I aw8695_activate_store: value=1
08-03 10:49:30.191     0     0 I aw8695_vibrate: value=28, seq=1, index=1
08-03 10:49:30.215     0     0 I sec_ts 1-0048: [R] tID:1 mc:2 tc:0 lx:278 ly:1687 v:0000 cal:00 id(0,0) p:0 noise:0 lp:(0)
08-03 10:49:30.235     0     0 I aw8695_activate_store: value=0
08-03 10:49:30.241     0     0 I aw8695_vibrate: value=0, seq=1, index=1
08-03 10:49:31.683     0     0 I pm7250b_charger: wdog_snarl_irq_handler: IRQ: wdog-snarl
08-03 10:49:31.689     0     0 E         : batt power supply prop 4 not supported
08-03 10:49:31.712     0     0 W healthd : battery l=83 v=4134 t=40.3 h=2 st=2 c=-188903 fc=4660000 cc=0 chg=a
08-03 10:49:31.729  2406  2995 D PowerUI : can't show warning due to - plugged: true status unknown: false
08-03 10:49:31.725     0     0 I pm7250b_charger: SMBMMI: mmi_chrg_usb_vin_config: DP DM pulse count = 2
08-03 10:49:31.733     0     0 I pm7250b_charger: SMBMMI: mmi_basic_charge_sm: batt_mv = 4134, batt_ma 188, batt_soc 83, batt_temp 40, usb_mv 4542, dc_mv 0, cp 1, vp 1 dp 0
08-03 10:49:31.747     0     0 I pm7250b_charger: SMBMMI: mmi_basic_charge_sm: Step State = NORMAL, Temp Zone 3, Health 1
08-03 10:49:31.756     0     0 I pm7250b_charger: SMBMMI: mmi_basic_charge_sm: IMPOSED: FV = 4450000, CDIS = 0, FCC = 2000000, USBICL = 3000000
08-03 10:49:31.774     0     0 W healthd : battery l=83 v=4134 t=40.3 h=2 st=2 c=-188903 fc=4660000 cc=0 chg=a
08-03 10:49:32.064     0     0 I sec_ts 1-0048: [P] tID:0 x:943 y:685 z:44 major:11 minor:10 tc:1 type:0 noise:0
08-03 10:49:32.555     0     0 I sec_ts 1-0048: [R] tID:0 mc:64 tc:0 lx:971 ly:540 v:0000 cal:00 id(0,0) p:0 noise:0 lp:(0)
08-03 10:49:36.843     0     0 I pm7250b_charger: SMBMMI: mmi_chrg_usb_vin_config: DP DM pulse count = 2
08-03 10:49:36.851     0     0 I pm7250b_charger: SMBMMI: mmi_basic_charge_sm: batt_mv = 4133, batt_ma 186, batt_soc 83, batt_temp 40, usb_mv 4506, dc_mv 0, cp 1, vp 1 dp 0
08-03 10:49:36.865     0     0 I pm7250b_charger: SMBMMI: mmi_basic_charge_sm: Step State = NORMAL, Temp Zone 3, Health 1
08-03 10:49:36.874     0     0 I pm7250b_charger: SMBMMI: mmi_basic_charge_sm: IMPOSED: FV = 4450000, CDIS = 0, FCC = 2000000, USBICL = 3000000
08-03 10:49:36.894     0     0 W healthd : battery l=83 v=4133 t=40.3 h=2 st=2 c=-186767 fc=4660000 cc=0 chg=a
08-03 10:49:36.922  2406  3186 D PowerUI : can't show warning due to - plugged: true status unknown: false
08-03 10:49:37.083     0     0 W sdcardfs: 171 user.relatime: invalid format
08-03 10:49:38.899     0     0 I pm7250b_charger: default_irq_handler: IRQ: usbin-collapse
08-03 10:49:38.900     0     0 I pm7250b_charger: default_irq_handler: IRQ: aicl-done
08-03 10:49:38.906     0     0 I pm7250b_charger: default_irq_handler: IRQ: usbin-collapse
08-03 10:49:39.621     0     0 I timerfd_poll: comm:hvdcp_opti pid:2227 exp:4060861
08-03 10:49:39.784     0     0 I timerfd_poll: comm:health@2.1-serv pid:1237 exp:4061023
08-03 10:49:39.794     0     0 W healthd : battery l=83 v=4136 t=40.3 h=2 st=2 c=-165710 fc=4660000 cc=0 chg=a
08-03 10:49:39.812  2406  3322 D PowerUI : can't show warning due to - plugged: true status unknown: false
08-03 10:49:39.870     0     0 I pm7250b_charger: wdog_snarl_irq_handler: IRQ: wdog-snarl
08-03 10:49:39.877     0     0 E         : batt power supply prop 4 not supported
08-03 10:49:39.888     0     0 W healthd : battery l=83 v=4110 t=40.3 h=2 st=2 c=-241089 fc=4660000 cc=0 chg=a
08-03 10:49:39.905  2406  3046 D PowerUI : can't show warning due to - plugged: true status unknown: false
08-03 10:49:39.906     0     0 I pm7250b_charger: smblib_icl_change_work: icl_settled=500000
08-03 10:49:39.918     0     0 W healthd : battery l=83 v=4085 t=40.3 h=2 st=2 c=-241089 fc=4660000 cc=0 chg=a
08-03 10:49:39.933  2406  3045 D PowerUI : can't show warning due to - plugged: true status unknown: false
08-03 10:49:40.480     0     0 I sec_ts 1-0048: [P] tID:3 x:599 y:805 z:39 major:9 minor:8 tc:1 type:0 noise:0
08-03 10:49:40.547     0     0 I sec_ts 1-0048: [R] tID:3 mc:3 tc:0 lx:598 ly:807 v:0000 cal:00 id(0,0) p:0 noise:0 lp:(0)
08-03 10:49:40.863     0     0 W sdcardfs: 171 user.relatime: invalid format
08-03 10:49:41.921     0     0 I sec_ts 1-0048: [P] tID:2 x:989 y:2130 z:37 major:9 minor:8 tc:1 type:0 noise:0
08-03 10:49:41.934     0     0 I aw8695_activate_store: value=1
08-03 10:49:41.943     0     0 I aw8695_vibrate: value=28, seq=1, index=1
08-03 10:49:41.962     0     0 I pm7250b_charger: SMBMMI: mmi_chrg_usb_vin_config: DP DM pulse count = 2
08-03 10:49:41.970     0     0 I pm7250b_charger: SMBMMI: mmi_basic_charge_sm: batt_mv = 4134, batt_ma 199, batt_soc 83, batt_temp 40, usb_mv 4401, dc_mv 0, cp 1, vp 1 dp 0
08-03 10:49:41.984     0     0 I pm7250b_charger: SMBMMI: mmi_basic_charge_sm: Step State = NORMAL, Temp Zone 3, Health 1
08-03 10:49:41.985     0     0 I aw8695_activate_store: value=0
08-03 10:49:41.994     0     0 I pm7250b_charger: SMBMMI: mmi_basic_charge_sm: IMPOSED: FV = 4450000, CDIS = 0, FCC = 2000000, USBICL = 3000000
08-03 10:49:42.000     0     0 I aw8695_vibrate: value=0, seq=1, index=1
08-03 10:49:42.015     0     0 I sec_ts 1-0048: [R] tID:2 mc:2 tc:0 lx:988 ly:2132 v:0000 cal:00 id(0,0) p:0 noise:0 lp:(0)
08-03 10:49:42.035     0     0 W healthd : battery l=83 v=4118 t=40.3 h=2 st=2 c=-369262 fc=4660000 cc=0 chg=a
08-03 10:49:42.048  2406  3324 D PowerUI : can't show warning due to - plugged: true status unknown: false
08-03 10:49:42.077     0     0 I sec_ts 1-0048: [P] tID:1 x:986 y:2116 z:43 major:12 minor:9 tc:1 type:0 noise:0
08-03 10:49:42.090     0     0 I aw8695_activate_store: value=1
08-03 10:49:42.096     0     0 I aw8695_vibrate: value=28, seq=1, index=1
08-03 10:49:42.142     0     0 I aw8695_activate_store: value=0
08-03 10:49:42.148     0     0 I aw8695_vibrate: value=0, seq=1, index=1
08-03 10:49:42.166     0     0 I sec_ts 1-0048: [R] tID:1 mc:0 tc:0 lx:986 ly:2116 v:0000 cal:00 id(0,0) p:0 noise:0 lp:(0)
08-03 10:49:42.731     0     0 I sec_ts 1-0048: sec_ts_read_event: STATUS 1d 69 2 0 0 0 0 0
08-03 10:49:42.739     0     0 I sec_ts 1-0048: [P] tID:2 x:89 y:1962 z:36 major:11 minor:8 tc:1 type:0 noise:0
08-03 10:49:42.754     0     0 I aw8695_activate_store: value=1
08-03 10:49:42.774     0     0 I aw8695_vibrate: value=28, seq=1, index=1
08-03 10:49:42.815     0     0 I aw8695_activate_store: value=0
08-03 10:49:42.820     0     0 I sec_ts 1-0048: [R] tID:2 mc:0 tc:0 lx:89 ly:1962 v:0000 cal:00 id(0,0) p:0 noise:0 lp:(0)
08-03 10:49:42.832     0     0 I aw8695_vibrate: value=0, seq=1, index=1
08-03 10:49:43.530     0     0 I sec_ts 1-0048: sec_ts_read_event: STATUS 1d 69 1 0 0 0 0 0
08-03 10:49:44.306     0     0 I timerfd_poll: comm:hvdcp_opti pid:2223 exp:4065545
08-03 10:49:45.089     0     0 W sdcardfs: 171 user.relatime: invalid format
08-03 10:49:47.082     0     0 I pm7250b_charger: SMBMMI: mmi_chrg_usb_vin_config: DP DM pulse count = 2
08-03 10:49:47.094     0     0 W sdcardfs: 171 user.relatime: invalid format
08-03 10:49:47.100     0     0 I pm7250b_charger: SMBMMI: mmi_basic_charge_sm: batt_mv = 4086, batt_ma 447, batt_soc 83, batt_temp 40, usb_mv 4402, dc_mv 0, cp 1, vp 1 dp 0
08-03 10:49:47.114     0     0 I pm7250b_charger: SMBMMI: mmi_basic_charge_sm: Step State = NORMAL, Temp Zone 3, Health 1
08-03 10:49:47.123     0     0 I pm7250b_charger: SMBMMI: mmi_basic_charge_sm: IMPOSED: FV = 4450000, CDIS = 0, FCC = 2000000, USBICL = 3000000
08-03 10:49:47.141     0     0 W healthd : battery l=83 v=4057 t=40.3 h=2 st=2 c=-730896 fc=4660000 cc=0 chg=a
08-03 10:49:47.154  2406  2994 D PowerUI : can't show warning due to - plugged: true status unknown: false
08-03 10:49:48.056     0     0 I pm7250b_charger: wdog_snarl_irq_handler: IRQ: wdog-snarl
08-03 10:49:48.063     0     0 E         : batt power supply prop 4 not supported
08-03 10:49:48.077     0     0 W healthd : battery l=83 v=4142 t=40.3 h=2 st=2 c=-149841 fc=4660000 cc=0 chg=a
08-03 10:49:48.091  2406  2989 D PowerUI : can't show warning due to - plugged: true status unknown: false
08-03 10:49:51.369     0     0 W sdcardfs: 171 user.relatime: invalid format
08-03 10:49:51.634     0     0 I sec_ts 1-0048: [P] tID:3 x:102 y:1978 z:28 major:8 minor:5 tc:1 type:0 noise:0
08-03 10:49:51.647     0     0 I aw8695_activate_store: value=1
08-03 10:49:51.654     0     0 I aw8695_vibrate: value=28, seq=1, index=1
08-03 10:49:51.680     0     0 I sec_ts 1-0048: [R] tID:3 mc:0 tc:0 lx:102 ly:1978 v:0000 cal:00 id(0,0) p:0 noise:0 lp:(0)
08-03 10:49:51.696     0     0 I aw8695_activate_store: value=0
08-03 10:49:51.703     0     0 I aw8695_vibrate: value=0, seq=1, index=1
08-03 10:49:51.993     0     0 I pm7250b_charger: default_irq_handler: IRQ: usbin-collapse
08-03 10:49:51.994     0     0 I pm7250b_charger: default_irq_handler: IRQ: aicl-done
08-03 10:49:51.999     0     0 I pm7250b_charger: default_irq_handler: IRQ: usbin-collapse
08-03 10:49:52.202     0     0 I pm7250b_charger: SMBMMI: mmi_chrg_usb_vin_config: DP DM pulse count = 2
08-03 10:49:52.210     0     0 I pm7250b_charger: SMBMMI: mmi_basic_charge_sm: batt_mv = 4121, batt_ma 265, batt_soc 83, batt_temp 40, usb_mv 4374, dc_mv 0, cp 1, vp 1 dp 0
08-03 10:49:52.225     0     0 I pm7250b_charger: SMBMMI: mmi_basic_charge_sm: Step State = NORMAL, Temp Zone 3, Health 1
08-03 10:49:52.234     0     0 I pm7250b_charger: SMBMMI: mmi_basic_charge_sm: IMPOSED: FV = 4450000, CDIS = 0, FCC = 2000000, USBICL = 3000000
08-03 10:49:52.253     0     0 W healthd : battery l=83 v=4138 t=40.4 h=2 st=2 c=-131530 fc=4660000 cc=0 chg=a
08-03 10:49:52.266  2406  2995 D PowerUI : can't show warning due to - plugged: true status unknown: false
08-03 10:49:52.533     0     0 I sec_ts 1-0048: [P] tID:2 x:111 y:1832 z:41 major:12 minor:8 tc:1 type:0 noise:0
08-03 10:49:52.548     0     0 I aw8695_activate_store: value=1
08-03 10:49:52.555     0     0 I aw8695_vibrate: value=28, seq=1, index=1
08-03 10:49:52.599     0     0 I aw8695_activate_store: value=0
08-03 10:49:52.600     0     0 I sec_ts 1-0048: [R] tID:2 mc:0 tc:0 lx:111 ly:1832 v:0000 cal:00 id(0,0) p:0 noise:0 lp:(0)
08-03 10:49:52.617     0     0 I aw8695_vibrate: value=0, seq=1, index=1
08-03 10:49:52.999     0     0 I pm7250b_charger: smblib_icl_change_work: icl_settled=500000
08-03 10:49:53.011     0     0 W healthd : battery l=83 v=4147 t=40.3 h=2 st=2 c=-100097 fc=4660000 cc=0 chg=a
08-03 10:49:53.025  2406  3186 D PowerUI : can't show warning due to - plugged: true status unknown: false
08-03 10:49:53.177     0     0 I sec_ts 1-0048: [P] tID:2 x:375 y:1698 z:40 major:10 minor:8 tc:1 type:0 noise:0
08-03 10:49:53.190     0     0 I aw8695_activate_store: value=1
08-03 10:49:53.196     0     0 I aw8695_vibrate: value=28, seq=1, index=1
08-03 10:49:53.240     0     0 I aw8695_activate_store: value=0
08-03 10:49:53.246     0     0 I aw8695_vibrate: value=0, seq=1, index=1
08-03 10:49:53.255     0     0 I sec_ts 1-0048: [R] tID:2 mc:0 tc:0 lx:375 ly:1698 v:0000 cal:00 id(0,0) p:0 noise:0 lp:(0)
08-03 10:49:53.412     0     0 I sec_ts 1-0048: [P] tID:2 x:269 y:1707 z:37 major:10 minor:9 tc:1 type:0 noise:0
08-03 10:49:53.425     0     0 I aw8695_activate_store: value=1
08-03 10:49:53.431     0     0 I aw8695_vibrate: value=28, seq=1, index=1
08-03 10:49:53.468     0     0 I sec_ts 1-0048: [R] tID:2 mc:0 tc:0 lx:269 ly:1707 v:0000 cal:00 id(0,0) p:0 noise:0 lp:(0)
08-03 10:49:53.475     0     0 I aw8695_activate_store: value=0
08-03 10:49:53.484     0     0 I aw8695_vibrate: value=0, seq=1, index=1
08-03 10:49:53.594     0     0 W sdcardfs: 171 user.relatime: invalid format
08-03 10:49:54.607     0     0 I sec_ts 1-0048: [P] tID:1 x:991 y:1989 z:28 major:9 minor:7 tc:1 type:0 noise:0
08-03 10:49:54.621     0     0 I aw8695_activate_store: value=1
08-03 10:49:54.627     0     0 I aw8695_vibrate: value=28, seq=1, index=1
08-03 10:49:54.672     0     0 I aw8695_activate_store: value=0
08-03 10:49:54.680     0     0 I aw8695_vibrate: value=0, seq=1, index=1
08-03 10:49:54.702     0     0 I sec_ts 1-0048: [R] tID:1 mc:1 tc:0 lx:989 ly:1989 v:0000 cal:00 id(0,0) p:0 noise:0 lp:(0)
08-03 10:49:54.780     0     0 I sec_ts 1-0048: [P] tID:0 x:974 y:1969 z:35 major:10 minor:7 tc:1 type:0 noise:0
08-03 10:49:54.793     0     0 I aw8695_activate_store: value=1
08-03 10:49:54.799     0     0 I aw8695_vibrate: value=28, seq=1, index=1
08-03 10:49:54.836     0     0 I sec_ts 1-0048: [R] tID:0 mc:0 tc:0 lx:974 ly:1969 v:0000 cal:00 id(0,0) p:0 noise:0 lp:(0)
08-03 10:49:54.848     0     0 I aw8695_activate_store: value=0
08-03 10:49:54.859     0     0 I aw8695_vibrate: value=0, seq=1, index=1
08-03 10:49:55.373     0     0 I sec_ts 1-0048: [P] tID:2 x:91 y:1978 z:34 major:11 minor:7 tc:1 type:0 noise:0
08-03 10:49:55.386     0     0 I aw8695_activate_store: value=1
08-03 10:49:55.403     0     0 I aw8695_vibrate: value=28, seq=1, index=1
08-03 10:49:55.428     0     0 I sec_ts 1-0048: [R] tID:2 mc:0 tc:0 lx:91 ly:1978 v:0000 cal:00 id(0,0) p:0 noise:0 lp:(0)
08-03 10:49:55.445     0     0 I aw8695_activate_store: value=0
08-03 10:49:55.454     0     0 I aw8695_vibrate: value=0, seq=1, index=1
08-03 10:49:56.121     0     0 I sec_ts 1-0048: [P] tID:2 x:385 y:1725 z:41 major:11 minor:10 tc:1 type:0 noise:0
08-03 10:49:56.134     0     0 I aw8695_activate_store: value=1
08-03 10:49:56.141     0     0 I aw8695_vibrate: value=28, seq=1, index=1
08-03 10:49:56.186     0     0 I aw8695_activate_store: value=0
08-03 10:49:56.193     0     0 I aw8695_vibrate: value=0, seq=1, index=1
08-03 10:49:56.221     0     0 I sec_ts 1-0048: [R] tID:2 mc:0 tc:0 lx:385 ly:1725 v:0000 cal:00 id(0,0) p:0 noise:0 lp:(0)
08-03 10:49:56.243     0     0 I pm7250b_charger: wdog_snarl_irq_handler: IRQ: wdog-snarl
08-03 10:49:56.250     0     0 E         : batt power supply prop 4 not supported
08-03 10:49:56.264     0     0 W healthd : battery l=83 v=4099 t=40.4 h=2 st=2 c=-256347 fc=4660000 cc=0 chg=a
08-03 10:49:56.278  2406  3322 D PowerUI : can't show warning due to - plugged: true status unknown: false
08-03 10:49:57.322     0     0 I pm7250b_charger: SMBMMI: mmi_chrg_usb_vin_config: DP DM pulse count = 2
08-03 10:49:57.331     0     0 I pm7250b_charger: SMBMMI: mmi_basic_charge_sm: batt_mv = 4160, batt_ma 96, batt_soc 83, batt_temp 40, usb_mv 4383, dc_mv 0, cp 1, vp 1 dp 0
08-03 10:49:57.345     0     0 I pm7250b_charger: SMBMMI: mmi_basic_charge_sm: Step State = NORMAL, Temp Zone 3, Health 1
08-03 10:49:57.354     0     0 I pm7250b_charger: SMBMMI: mmi_basic_charge_sm: IMPOSED: FV = 4450000, CDIS = 0, FCC = 2000000, USBICL = 3000000
08-03 10:49:57.372     0     0 W healthd : battery l=83 v=4156 t=40.3 h=2 st=2 c=-96740 fc=4660000 cc=0 chg=a
08-03 10:49:57.387  2406  3046 D PowerUI : can't show warning due to - plugged: true status unknown: false
08-03 10:49:57.597     0     0 W sdcardfs: 171 user.relatime: invalid format
08-03 10:49:58.266     0     0 I sec_ts 1-0048: [P] tID:0 x:1004 y:1990 z:26 major:8 minor:6 tc:1 type:0 noise:0
08-03 10:49:58.281     0     0 I aw8695_activate_store: value=1
08-03 10:49:58.289     0     0 I aw8695_vibrate: value=28, seq=1, index=1
08-03 10:49:58.327     0     0 I sec_ts 1-0048: [R] tID:0 mc:0 tc:0 lx:1004 ly:1990 v:0000 cal:00 id(0,0) p:0 noise:0 lp:(0)
08-03 10:49:58.337     0     0 I aw8695_activate_store: value=0
08-03 10:49:58.347     0     0 I aw8695_vibrate: value=0, seq=1, index=1
08-03 10:49:58.438     0     0 I sec_ts 1-0048: [P] tID:0 x:994 y:1967 z:31 major:9 minor:7 tc:1 type:0 noise:0
08-03 10:49:58.451     0     0 I aw8695_activate_store: value=1
08-03 10:49:58.457     0     0 I aw8695_vibrate: value=28, seq=1, index=1
08-03 10:49:58.483     0     0 I sec_ts 1-0048: [R] tID:0 mc:0 tc:0 lx:994 ly:1967 v:0000 cal:00 id(0,0) p:0 noise:0 lp:(0)
08-03 10:49:58.502     0     0 I aw8695_activate_store: value=0
08-03 10:49:58.510     0     0 I aw8695_vibrate: value=0, seq=1, index=1
08-03 10:49:59.199     0     0 I sec_ts 1-0048: [P] tID:0 x:89 y:1976 z:34 major:10 minor:8 tc:1 type:0 noise:0
08-03 10:49:59.214     0     0 I aw8695_activate_store: value=1
08-03 10:49:59.220     0     0 I aw8695_vibrate: value=28, seq=1, index=1
08-03 10:49:59.260     0     0 I sec_ts 1-0048: [R] tID:0 mc:0 tc:0 lx:89 ly:1976 v:0000 cal:00 id(0,0) p:0 noise:0 lp:(0)
08-03 10:49:59.263     0     0 I aw8695_activate_store: value=0
08-03 10:49:59.275     0     0 I aw8695_vibrate: value=0, seq=1, index=1
08-03 10:49:59.673     0     0 I sec_ts 1-0048: [P] tID:1 x:827 y:1686 z:46 major:11 minor:10 tc:1 type:0 noise:0
08-03 10:49:59.686     0     0 I aw8695_activate_store: value=1
08-03 10:49:59.693     0     0 I aw8695_vibrate: value=28, seq=1, index=1
08-03 10:49:59.737     0     0 I aw8695_activate_store: value=0
08-03 10:49:59.743     0     0 I aw8695_vibrate: value=0, seq=1, index=1
08-03 10:49:59.751     0     0 I sec_ts 1-0048: [R] tID:1 mc:0 tc:0 lx:827 ly:1686 v:0000 cal:00 id(0,0) p:0 noise:0 lp:(0)
08-03 10:50:00.087     0     0 I sec_ts 1-0048: [P] tID:2 x:200 y:1850 z:40 major:10 minor:10 tc:1 type:0 noise:0
08-03 10:50:00.101     0     0 I aw8695_activate_store: value=1
08-03 10:50:00.111     0     0 I aw8695_vibrate: value=28, seq=1, index=1
08-03 10:50:00.111     0     0 W sdcardfs: 171 user.relatime: invalid format
08-03 10:50:00.152     0     0 I aw8695_activate_store: value=0
08-03 10:50:00.153     0     0 I sec_ts 1-0048: [R] tID:2 mc:0 tc:0 lx:200 ly:1850 v:0000 cal:00 id(0,0) p:0 noise:0 lp:(0)
08-03 10:50:00.174     0     0 I aw8695_vibrate: value=0, seq=1, index=1
08-03 10:50:00.578     0     0 I sec_ts 1-0048: [P] tID:0 x:562 y:2090 z:40 major:10 minor:9 tc:1 type:0 noise:0
08-03 10:50:00.592     0     0 I aw8695_activate_store: value=1
08-03 10:50:00.600     0     0 I aw8695_vibrate: value=28, seq=1, index=1
08-03 10:50:00.642     0     0 I aw8695_activate_store: value=0
08-03 10:50:00.649     0     0 I aw8695_vibrate: value=0, seq=1, index=1
08-03 10:50:00.679     0     0 I sec_ts 1-0048: [R] tID:0 mc:2 tc:0 lx:588 ly:2037 v:0000 cal:00 id(0,0) p:0 noise:0 lp:(0)
08-03 10:50:00.958     0     0 I sec_ts 1-0048: [P] tID:0 x:462 y:1686 z:37 major:9 minor:9 tc:1 type:0 noise:0
08-03 10:50:00.971     0     0 I aw8695_activate_store: value=1
08-03 10:50:00.980     0     0 I aw8695_vibrate: value=28, seq=1, index=1
08-03 10:50:01.025     0     0 I sec_ts 1-0048: [R] tID:0 mc:5 tc:0 lx:466 ly:1688 v:0000 cal:00 id(0,0) p:0 noise:0 lp:(0)
08-03 10:50:01.026     0     0 I aw8695_activate_store: value=0
08-03 10:50:01.044     0     0 I aw8695_vibrate: value=0, seq=1, index=1
08-03 10:50:01.193     0     0 I sec_ts 1-0048: [P] tID:0 x:624 y:1806 z:35 major:10 minor:9 tc:1 type:0 noise:0
08-03 10:50:01.205     0     0 I aw8695_activate_store: value=1
08-03 10:50:01.211     0     0 I aw8695_vibrate: value=28, seq=1, index=1
08-03 10:50:01.257     0     0 I aw8695_activate_store: value=0
08-03 10:50:01.260     0     0 I sec_ts 1-0048: [R] tID:0 mc:3 tc:0 lx:618 ly:1807 v:0000 cal:00 id(0,0) p:0 noise:0 lp:(0)
08-03 10:50:01.278     0     0 I aw8695_vibrate: value=0, seq=1, index=1
08-03 10:50:01.551     0     0 I sec_ts 1-0048: [P] tID:0 x:254 y:1699 z:36 major:9 minor:8 tc:1 type:0 noise:0
08-03 10:50:01.565     0     0 I aw8695_activate_store: value=1
08-03 10:50:01.576     0     0 I aw8695_vibrate: value=28, seq=1, index=1
08-03 10:50:01.606     0     0 I sec_ts 1-0048: [R] tID:0 mc:0 tc:0 lx:254 ly:1699 v:0000 cal:00 id(0,0) p:0 noise:0 lp:(0)
08-03 10:50:01.619     0     0 I aw8695_activate_store: value=0
08-03 10:50:01.627     0     0 I aw8695_vibrate: value=0, seq=1, index=1
08-03 10:50:01.757     0     0 I sec_ts 1-0048: [P] tID:0 x:394 y:1694 z:36 major:9 minor:9 tc:1 type:0 noise:0
08-03 10:50:01.771     0     0 I aw8695_activate_store: value=1
08-03 10:50:01.777     0     0 I aw8695_vibrate: value=28, seq=1, index=1
08-03 10:50:01.807     0     0 I sec_ts 1-0048: [R] tID:0 mc:0 tc:0 lx:394 ly:1694 v:0000 cal:00 id(0,0) p:0 noise:0 lp:(0)
08-03 10:50:01.822     0     0 I aw8695_activate_store: value=0
08-03 10:50:01.828     0     0 I aw8695_vibrate: value=0, seq=1, index=1
08-03 10:50:01.930     0     0 I sec_ts 1-0048: [P] tID:0 x:279 y:1687 z:33 major:9 minor:8 tc:1 type:0 noise:0
08-03 10:50:01.943     0     0 I aw8695_activate_store: value=1
08-03 10:50:01.952     0     0 I aw8695_vibrate: value=28, seq=1, index=1
08-03 10:50:01.992     0     0 I sec_ts 1-0048: [R] tID:0 mc:0 tc:0 lx:279 ly:1687 v:0000 cal:00 id(0,0) p:0 noise:0 lp:(0)
08-03 10:50:02.002     0     0 I aw8695_activate_store: value=0
08-03 10:50:02.009     0     0 I aw8695_vibrate: value=0, seq=1, index=1
08-03 10:50:02.449     0     0 I pm7250b_charger: SMBMMI: mmi_chrg_usb_vin_config: DP DM pulse count = 2
08-03 10:50:02.457     0     0 I pm7250b_charger: SMBMMI: mmi_basic_charge_sm: batt_mv = 4142, batt_ma 2, batt_soc 83, batt_temp 40, usb_mv 4357, dc_mv 0, cp 1, vp 1 dp 0
08-03 10:50:02.471     0     0 I pm7250b_charger: SMBMMI: mmi_basic_charge_sm: Step State = NORMAL, Temp Zone 3, Health 1
08-03 10:50:02.481     0     0 I pm7250b_charger: SMBMMI: mmi_basic_charge_sm: IMPOSED: FV = 4450000, CDIS = 0, FCC = 2000000, USBICL = 3000000
08-03 10:50:02.500     0     0 W healthd : battery l=83 v=4159 t=40.4 h=2 st=2 c=-117187 fc=4660000 cc=0 chg=a
08-03 10:50:02.513  2406  3045 D PowerUI : can't show warning due to - plugged: true status unknown: false
08-03 10:50:02.970     0     0 I sec_ts 1-0048: [P] tID:0 x:617 y:2155 z:34 major:10 minor:8 tc:1 type:0 noise:0
08-03 10:50:02.983     0     0 I aw8695_activate_store: value=1
08-03 10:50:02.989     0     0 I aw8695_vibrate: value=28, seq=1, index=1
08-03 10:50:03.026     0     0 I sec_ts 1-0048: [R] tID:0 mc:3 tc:0 lx:611 ly:2154 v:0000 cal:00 id(0,0) p:0 noise:0 lp:(0)
08-03 10:50:03.036     0     0 I aw8695_activate_store: value=0
08-03 10:50:03.045     0     0 I aw8695_vibrate: value=0, seq=1, index=1
08-03 10:50:03.339     0     0 I sec_ts 1-0048: [P] tID:1 x:112 y:1826 z:41 major:12 minor:9 tc:1 type:0 noise:0
08-03 10:50:03.352     0     0 I aw8695_activate_store: value=1
08-03 10:50:03.359     0     0 I aw8695_vibrate: value=28, seq=1, index=1
08-03 10:50:03.394     0     0 I sec_ts 1-0048: [R] tID:1 mc:0 tc:0 lx:112 ly:1826 v:0000 cal:00 id(0,0) p:0 noise:0 lp:(0)
08-03 10:50:03.405     0     0 I aw8695_activate_store: value=0
08-03 10:50:03.415     0     0 I aw8695_vibrate: value=0, seq=1, index=1
08-03 10:50:04.205     0     0 I sec_ts 1-0048: [P] tID:0 x:703 y:2162 z:40 major:11 minor:10 tc:1 type:0 noise:0
08-03 10:50:04.218     0     0 I aw8695_activate_store: value=1
08-03 10:50:04.224     0     0 I aw8695_vibrate: value=28, seq=1, index=1
08-03 10:50:04.244     0     0 I sec_ts 1-0048: [R] tID:0 mc:3 tc:0 lx:701 ly:2166 v:0000 cal:00 id(0,0) p:0 noise:0 lp:(0)
08-03 10:50:04.269     0     0 I aw8695_activate_store: value=0
08-03 10:50:04.279     0     0 I aw8695_vibrate: value=0, seq=1, index=1
08-03 10:50:04.430     0     0 I pm7250b_charger: wdog_snarl_irq_handler: IRQ: wdog-snarl
08-03 10:50:04.437     0     0 E         : batt power supply prop 4 not supported
08-03 10:50:04.456     0     0 W healthd : battery l=83 v=4136 t=40.4 h=2 st=2 c=-153503 fc=4660000 cc=0 chg=a
08-03 10:50:04.471  2406  3324 D PowerUI : can't show warning due to - plugged: true status unknown: false
08-03 10:50:04.484     0     0 I sec_ts 1-0048: [P] tID:0 x:957 y:1855 z:36 major:10 minor:8 tc:1 type:0 noise:0
08-03 10:50:04.496     0     0 I aw8695_activate_store: value=1
08-03 10:50:04.502     0     0 I aw8695_vibrate: value=28, seq=1, index=1
08-03 10:50:04.546     0     0 I aw8695_activate_store: value=0
08-03 10:50:04.552     0     0 I aw8695_vibrate: value=0, seq=1, index=1
08-03 10:50:04.574     0     0 I sec_ts 1-0048: [R] tID:0 mc:0 tc:0 lx:957 ly:1855 v:0000 cal:00 id(0,0) p:0 noise:0 lp:(0)
08-03 10:50:05.092     0     0 I pm7250b_charger: default_irq_handler: IRQ: usbin-collapse
08-03 10:50:05.093     0     0 I pm7250b_charger: default_irq_handler: IRQ: aicl-done
08-03 10:50:05.098     0     0 I pm7250b_charger: default_irq_handler: IRQ: usbin-collapse
08-03 10:50:05.445     0     0 I sec_ts 1-0048: [P] tID:0 x:885 y:1703 z:40 major:9 minor:8 tc:1 type:0 noise:0
08-03 10:50:05.458     0     0 I aw8695_activate_store: value=1
08-03 10:50:05.464     0     0 I aw8695_vibrate: value=28, seq=1, index=1
08-03 10:50:05.509     0     0 I aw8695_activate_store: value=0
08-03 10:50:05.516     0     0 I aw8695_vibrate: value=0, seq=1, index=1
08-03 10:50:05.534     0     0 I sec_ts 1-0048: [R] tID:0 mc:0 tc:0 lx:885 ly:1703 v:0000 cal:00 id(0,0) p:0 noise:0 lp:(0)
08-03 10:50:05.769     0     0 I sec_ts 1-0048: [P] tID:0 x:544 y:1855 z:44 major:10 minor:10 tc:1 type:0 noise:0
08-03 10:50:05.782     0     0 I aw8695_activate_store: value=1
08-03 10:50:05.788     0     0 I aw8695_vibrate: value=28, seq=1, index=1
08-03 10:50:05.831     0     0 I sec_ts 1-0048: [R] tID:0 mc:0 tc:0 lx:544 ly:1855 v:0000 cal:00 id(0,0) p:0 noise:0 lp:(0)
08-03 10:50:05.832     0     0 I aw8695_activate_store: value=0
08-03 10:50:05.855     0     0 I aw8695_vibrate: value=0, seq=1, index=1
08-03 10:50:06.093     0     0 I pm7250b_charger: smblib_icl_change_work: icl_settled=500000
08-03 10:50:06.105     0     0 W healthd : battery l=83 v=4131 t=40.4 h=2 st=2 c=-203552 fc=4660000 cc=0 chg=a
08-03 10:50:06.118  2406  2994 D PowerUI : can't show warning due to - plugged: true status unknown: false
08-03 10:50:06.222     0     0 I sec_ts 1-0048: [P] tID:0 x:577 y:2034 z:38 major:10 minor:9 tc:1 type:0 noise:0
08-03 10:50:06.235     0     0 I aw8695_activate_store: value=1
08-03 10:50:06.242     0     0 I aw8695_vibrate: value=28, seq=1, index=1
08-03 10:50:06.286     0     0 I aw8695_activate_store: value=0
08-03 10:50:06.293     0     0 I aw8695_vibrate: value=0, seq=1, index=1
08-03 10:50:06.300     0     0 I sec_ts 1-0048: [R] tID:0 mc:2 tc:0 lx:567 ly:2032 v:0000 cal:00 id(0,0) p:0 noise:0 lp:(0)
08-03 10:50:06.585     0     0 I sec_ts 1-0048: [P] tID:0 x:108 y:1795 z:34 major:10 minor:6 tc:1 type:0 noise:0
08-03 10:50:06.598     0     0 I aw8695_activate_store: value=1
08-03 10:50:06.604     0     0 I aw8695_vibrate: value=28, seq=1, index=1
08-03 10:50:06.646     0     0 I sec_ts 1-0048: [R] tID:0 mc:0 tc:0 lx:108 ly:1795 v:0000 cal:00 id(0,0) p:0 noise:0 lp:(0)
08-03 10:50:06.657     0     0 I aw8695_activate_store: value=0
08-03 10:50:06.669     0     0 I aw8695_vibrate: value=0, seq=1, index=1
08-03 10:50:07.094     0     0 I sec_ts 1-0048: [P] tID:0 x:734 y:2005 z:44 major:10 minor:9 tc:1 type:0 noise:0
08-03 10:50:07.107     0     0 I aw8695_activate_store: value=1
08-03 10:50:07.113     0     0 I aw8695_vibrate: value=28, seq=1, index=1
08-03 10:50:07.114     0     0 W sdcardfs: 171 user.relatime: invalid format
08-03 10:50:07.162     0     0 I aw8695_activate_store: value=0
08-03 10:50:07.168     0     0 I aw8695_vibrate: value=0, seq=1, index=1
08-03 10:50:07.171     0     0 I sec_ts 1-0048: [R] tID:0 mc:4 tc:0 lx:733 ly:1998 v:0000 cal:00 id(0,0) p:0 noise:0 lp:(0)
08-03 10:50:07.541     0     0 I sec_ts 1-0048: [P] tID:0 x:593 y:1709 z:40 major:11 minor:9 tc:1 type:0 noise:0
08-03 10:50:07.554     0     0 I aw8695_activate_store: value=1
08-03 10:50:07.561     0     0 I aw8695_vibrate: value=28, seq=1, index=1
08-03 10:50:07.567     0     0 I pm7250b_charger: SMBMMI: mmi_chrg_usb_vin_config: DP DM pulse count = 2
08-03 10:50:07.575     0     0 I pm7250b_charger: SMBMMI: mmi_basic_charge_sm: batt_mv = 4124, batt_ma 205, batt_soc 83, batt_temp 40, usb_mv 4374, dc_mv 0, cp 1, vp 1 dp 0
08-03 10:50:07.589     0     0 I pm7250b_charger: SMBMMI: mmi_basic_charge_sm: Step State = NORMAL, Temp Zone 3, Health 1
08-03 10:50:07.590     0     0 I sec_ts 1-0048: [R] tID:0 mc:0 tc:0 lx:593 ly:1709 v:0000 cal:00 id(0,0) p:0 noise:0 lp:(0)
08-03 10:50:07.598     0     0 I pm7250b_charger: SMBMMI: mmi_basic_charge_sm: IMPOSED: FV = 4450000, CDIS = 0, FCC = 2000000, USBICL = 3000000
08-03 10:50:07.618     0     0 I aw8695_activate_store: value=0
08-03 10:50:07.626     0     0 I aw8695_vibrate: value=0, seq=1, index=1
08-03 10:50:07.634     0     0 W healthd : battery l=83 v=4124 t=40.4 h=2 st=2 c=-205383 fc=4660000 cc=0 chg=a
08-03 10:50:07.658  2406  2989 D PowerUI : can't show warning due to - plugged: true status unknown: false
08-03 10:50:08.362     0     0 I sec_ts 1-0048: [P] tID:0 x:612 y:1467 z:43 major:10 minor:9 tc:1 type:0 noise:0
08-03 10:50:08.395     0     0 I sec_ts 1-0048: [R] tID:0 mc:0 tc:0 lx:612 ly:1467 v:0000 cal:00 id(0,0) p:0 noise:0 lp:(0)
08-03 10:50:08.409     0     0 I aw8695_activate_store: value=1
08-03 10:50:08.416     0     0 I aw8695_vibrate: value=28, seq=1, index=1
08-03 10:50:08.462     0     0 I aw8695_activate_store: value=0
08-03 10:50:08.468     0     0 I aw8695_vibrate: value=0, seq=1, index=1
08-03 10:50:09.082     0     0 I sec_ts 1-0048: [P] tID:0 x:1007 y:1940 z:25 major:9 minor:5 tc:1 type:0 noise:0
08-03 10:50:09.096     0     0 I aw8695_activate_store: value=1
08-03 10:50:09.103     0     0 I aw8695_vibrate: value=28, seq=1, index=1
08-03 10:50:09.149     0     0 I aw8695_activate_store: value=0
08-03 10:50:09.155     0     0 I aw8695_vibrate: value=0, seq=1, index=1
08-03 10:50:09.205     0     0 I sec_ts 1-0048: [R] tID:0 mc:7 tc:0 lx:997 ly:1946 v:0000 cal:00 id(0,0) p:0 noise:0 lp:(0)
08-03 10:50:09.381     0     0 W sdcardfs: 171 user.relatime: invalid format
08-03 10:50:09.478     0     0 I timerfd_poll: comm:AlarmManager pid:2214 exp:4090718
08-03 10:50:09.628     0     0 I timerfd_poll: comm:hvdcp_opti pid:2227 exp:4090867
08-03 10:50:09.708     0     0 I sec_ts 1-0048: [P] tID:1 x:143 y:1720 z:55 major:15 minor:10 tc:1 type:0 noise:0
08-03 10:50:09.722     0     0 I aw8695_activate_store: value=1
08-03 10:50:09.728     0     0 I aw8695_vibrate: value=28, seq=1, index=1
08-03 10:50:09.752     0     0 I sec_ts 1-0048: [R] tID:1 mc:3 tc:0 lx:159 ly:1715 v:0000 cal:00 id(0,0) p:0 noise:0 lp:(0)
08-03 10:50:09.772     0     0 I aw8695_activate_store: value=0
08-03 10:50:09.778     0     0 I aw8695_vibrate: value=0, seq=1, index=1
08-03 10:50:10.127     0     0 I sec_ts 1-0048: [P] tID:0 x:670 y:1852 z:37 major:10 minor:8 tc:1 type:0 noise:0
08-03 10:50:10.139     0     0 I aw8695_activate_store: value=1
08-03 10:50:10.145     0     0 I aw8695_vibrate: value=28, seq=1, index=1
08-03 10:50:10.192     0     0 I aw8695_activate_store: value=0
08-03 10:50:10.193     0     0 I sec_ts 1-0048: [R] tID:0 mc:7 tc:0 lx:656 ly:1850 v:0000 cal:00 id(0,0) p:0 noise:0 lp:(0)
08-03 10:50:10.209     0     0 I aw8695_vibrate: value=0, seq=1, index=1
08-03 10:50:10.325     0     0 I pm7250b_charger: wdog_bark_irq_handler: IRQ: wdog-bark
08-03 10:50:10.507     0     0 I sec_ts 1-0048: [P] tID:0 x:249 y:1685 z:37 major:10 minor:9 tc:1 type:0 noise:0
08-03 10:50:10.520     0     0 I aw8695_activate_store: value=1
08-03 10:50:10.526     0     0 I aw8695_vibrate: value=28, seq=1, index=1
08-03 10:50:10.573     0     0 I aw8695_activate_store: value=0
08-03 10:50:10.579     0     0 I aw8695_vibrate: value=0, seq=1, index=1
08-03 10:50:10.585     0     0 I sec_ts 1-0048: [R] tID:0 mc:0 tc:0 lx:249 ly:1685 v:0000 cal:00 id(0,0) p:0 noise:0 lp:(0)
08-03 10:50:10.685     0     0 I sec_ts 1-0048: [P] tID:0 x:389 y:1660 z:39 major:10 minor:10 tc:1 type:0 noise:0
08-03 10:50:10.697     0     0 I aw8695_activate_store: value=1
08-03 10:50:10.703     0     0 I aw8695_vibrate: value=28, seq=1, index=1
08-03 10:50:10.749     0     0 I aw8695_activate_store: value=0
08-03 10:50:10.758     0     0 I aw8695_vibrate: value=0, seq=1, index=1
08-03 10:50:10.758     0     0 I sec_ts 1-0048: [R] tID:0 mc:9 tc:0 lx:394 ly:1690 v:0000 cal:00 id(0,0) p:0 noise:0 lp:(0)
08-03 10:50:10.903     0     0 I sec_ts 1-0048: [P] tID:0 x:259 y:1718 z:37 major:10 minor:9 tc:1 type:0 noise:0
08-03 10:50:10.915     0     0 I aw8695_activate_store: value=1
08-03 10:50:10.924     0     0 I aw8695_vibrate: value=28, seq=1, index=1
08-03 10:50:10.959     0     0 I sec_ts 1-0048: [R] tID:0 mc:0 tc:0 lx:259 ly:1718 v:0000 cal:00 id(0,0) p:0 noise:0 lp:(0)
08-03 10:50:10.969     0     0 I aw8695_activate_store: value=0
08-03 10:50:10.978     0     0 I aw8695_vibrate: value=0, seq=1, index=1
08-03 10:50:11.120     0     0 W sdcardfs: 171 user.relatime: invalid format
08-03 10:50:11.501     0     0 I sec_ts 1-0048: [P] tID:0 x:614 y:2087 z:39 major:10 minor:9 tc:1 type:0 noise:0
08-03 10:50:11.513     0     0 I aw8695_activate_store: value=1
08-03 10:50:11.520     0     0 I aw8695_vibrate: value=28, seq=1, index=1
08-03 10:50:11.565     0     0 I aw8695_activate_store: value=0
08-03 10:50:11.571     0     0 I aw8695_vibrate: value=0, seq=1, index=1
08-03 10:50:11.607     0     0 I sec_ts 1-0048: [R] tID:0 mc:11 tc:0 lx:619 ly:2037 v:0000 cal:00 id(0,0) p:0 noise:0 lp:(0)
08-03 10:50:12.124     0     0 W sdcardfs: 171 user.relatime: invalid format
08-03 10:50:12.223     0     0 I pm7250b_charger: default_irq_handler: IRQ: usbin-collapse
08-03 10:50:12.224     0     0 I pm7250b_charger: default_irq_handler: IRQ: aicl-done
08-03 10:50:12.229     0     0 I pm7250b_charger: default_irq_handler: IRQ: usbin-collapse
08-03 10:50:12.617     0     0 I pm7250b_charger: wdog_snarl_irq_handler: IRQ: wdog-snarl
08-03 10:50:12.624     0     0 E         : batt power supply prop 4 not supported
08-03 10:50:12.634     0     0 W healthd : battery l=83 v=4119 t=40.4 h=2 st=2 c=-252075 fc=4660000 cc=0 chg=a
08-03 10:50:12.647  2406  2995 D PowerUI : can't show warning due to - plugged: true status unknown: false
08-03 10:50:12.682     0     0 I pm7250b_charger: SMBMMI: mmi_chrg_usb_vin_config: DP DM pulse count = 2
08-03 10:50:12.690     0     0 I pm7250b_charger: SMBMMI: mmi_basic_charge_sm: batt_mv = 4085, batt_ma 467, batt_soc 83, batt_temp 40, usb_mv 4428, dc_mv 0, cp 1, vp 1 dp 0
08-03 10:50:12.705     0     0 I pm7250b_charger: SMBMMI: mmi_basic_charge_sm: Step State = NORMAL, Temp Zone 3, Health 1
08-03 10:50:12.714     0     0 I pm7250b_charger: SMBMMI: mmi_basic_charge_sm: IMPOSED: FV = 4450000, CDIS = 0, FCC = 2000000, USBICL = 3000000
08-03 10:50:12.731     0     0 W healthd : battery l=83 v=4085 t=40.4 h=2 st=2 c=-467834 fc=4660000 cc=0 chg=a
08-03 10:50:12.745  2406  3186 D PowerUI : can't show warning due to - plugged: true status unknown: false
08-03 10:50:16.631     0     0 W sdcardfs: 171 user.relatime: invalid format
08-03 10:50:17.459     0     0 I sec_ts 1-0048: sec_ts_read_event: STATUS 1d 69 2 0 0 0 0 0
08-03 10:50:17.765     0     0 I sec_ts 1-0048: sec_ts_read_event: STATUS 1d 69 1 0 0 0 0 0
08-03 10:50:17.803     0     0 I pm7250b_charger: SMBMMI: mmi_chrg_usb_vin_config: DP DM pulse count = 2
08-03 10:50:17.811     0     0 I pm7250b_charger: SMBMMI: mmi_basic_charge_sm: batt_mv = 4140, batt_ma 119, batt_soc 83, batt_temp 40, usb_mv 4390, dc_mv 0, cp 1, vp 1 dp 0
08-03 10:50:17.825     0     0 I pm7250b_charger: SMBMMI: mmi_basic_charge_sm: Step State = NORMAL, Temp Zone 3, Health 1
08-03 10:50:17.834     0     0 I pm7250b_charger: SMBMMI: mmi_basic_charge_sm: IMPOSED: FV = 4450000, CDIS = 0, FCC = 2000000, USBICL = 3000000
08-03 10:50:17.854     0     0 W healthd : battery l=83 v=4140 t=40.4 h=2 st=2 c=-119934 fc=4660000 cc=0 chg=a
08-03 10:50:17.875  2406  3322 D PowerUI : can't show warning due to - plugged: true status unknown: false
08-03 10:50:19.624     0     0 I sec_ts 1-0048: [P] tID:0 x:617 y:2156 z:35 major:10 minor:8 tc:1 type:0 noise:0
08-03 10:50:19.636     0     0 I aw8695_activate_store: value=1
08-03 10:50:19.644     0     0 I aw8695_vibrate: value=28, seq=1, index=1
08-03 10:50:19.685     0     0 I aw8695_activate_store: value=0
08-03 10:50:19.691     0     0 I aw8695_vibrate: value=0, seq=1, index=1
08-03 10:50:19.713     0     0 I sec_ts 1-0048: [R] tID:0 mc:0 tc:0 lx:617 ly:2156 v:0000 cal:00 id(0,0) p:0 noise:0 lp:(0)
08-03 10:50:20.210     0     0 I sec_ts 1-0048: [P] tID:0 x:489 y:1711 z:46 major:11 minor:11 tc:1 type:0 noise:0
08-03 10:50:20.213     0     0 W sdcardfs: 171 user.relatime: invalid format
08-03 10:50:20.227     0     0 I aw8695_activate_store: value=1
08-03 10:50:20.235     0     0 I aw8695_vibrate: value=28, seq=1, index=1
08-03 10:50:20.261     0     0 I sec_ts 1-0048: [R] tID:0 mc:0 tc:0 lx:489 ly:1711 v:0000 cal:00 id(0,0) p:0 noise:0 lp:(0)
08-03 10:50:20.280     0     0 I aw8695_activate_store: value=0
08-03 10:50:20.286     0     0 I aw8695_vibrate: value=0, seq=1, index=1
08-03 10:50:20.478     0     0 I sec_ts 1-0048: [P] tID:0 x:645 y:1828 z:41 major:11 minor:10 tc:1 type:0 noise:0
08-03 10:50:20.491     0     0 I aw8695_activate_store: value=1
08-03 10:50:20.497     0     0 I aw8695_vibrate: value=28, seq=1, index=1
08-03 10:50:20.542     0     0 I aw8695_activate_store: value=0
08-03 10:50:20.548     0     0 I aw8695_vibrate: value=0, seq=1, index=1
08-03 10:50:20.556     0     0 I sec_ts 1-0048: [R] tID:0 mc:2 tc:0 lx:642 ly:1830 v:0000 cal:00 id(0,0) p:0 noise:0 lp:(0)
08-03 10:50:20.804     0     0 I pm7250b_charger: wdog_snarl_irq_handler: IRQ: wdog-snarl
08-03 10:50:20.810     0     0 E         : batt power supply prop 4 not supported
08-03 10:50:20.825     0     0 W healthd : battery l=83 v=4137 t=40.4 h=2 st=2 c=-154724 fc=4660000 cc=0 chg=a
08-03 10:50:20.840  2406  3046 D PowerUI : can't show warning due to - plugged: true status unknown: false
08-03 10:50:20.892     0     0 I sec_ts 1-0048: [P] tID:4 x:106 y:1873 z:27 major:9 minor:7 tc:1 type:0 noise:0
08-03 10:50:20.903     0     0 I sec_ts 1-0048: [R] tID:4 mc:0 tc:0 lx:106 ly:1873 v:0000 cal:00 id(0,0) p:0 noise:0 lp:(0)
08-03 10:50:20.904     0     0 I aw8695_activate_store: value=1
08-03 10:50:20.920     0     0 I aw8695_vibrate: value=28, seq=1, index=1
08-03 10:50:20.967     0     0 I aw8695_activate_store: value=0
08-03 10:50:20.973     0     0 I aw8695_vibrate: value=0, seq=1, index=1
08-03 10:50:21.255     0     0 I sec_ts 1-0048: [P] tID:1 x:495 y:1722 z:43 major:10 minor:9 tc:1 type:0 noise:0
08-03 10:50:21.268     0     0 I aw8695_activate_store: value=1
08-03 10:50:21.279     0     0 I aw8695_vibrate: value=28, seq=1, index=1
08-03 10:50:21.294     0     0 I sec_ts 1-0048: [R] tID:1 mc:0 tc:0 lx:495 ly:1722 v:0000 cal:00 id(0,0) p:0 noise:0 lp:(0)
08-03 10:50:21.336     0     0 I aw8695_activate_store: value=0
08-03 10:50:21.342     0     0 I aw8695_vibrate: value=0, seq=1, index=1
08-03 10:50:21.774     0     0 I sec_ts 1-0048: [P] tID:0 x:588 y:2090 z:37 major:11 minor:9 tc:1 type:0 noise:0
08-03 10:50:21.787     0     0 I aw8695_activate_store: value=1
08-03 10:50:21.793     0     0 I aw8695_vibrate: value=28, seq=1, index=1
08-03 10:50:21.824     0     0 I sec_ts 1-0048: [R] tID:0 mc:0 tc:0 lx:588 ly:2090 v:0000 cal:00 id(0,0) p:0 noise:0 lp:(0)
08-03 10:50:21.840     0     0 I aw8695_activate_store: value=0
08-03 10:50:21.846     0     0 I aw8695_vibrate: value=0, seq=1, index=1
08-03 10:50:22.878     0     0 E         : batt power supply prop 4 not supported
08-03 10:50:22.888     0     0 W healthd : battery l=82 v=4100 t=40.4 h=2 st=2 c=-349426 fc=4660000 cc=0 chg=a
08-03 10:50:22.903  2406  3045 D PowerUI : can't show warning due to - plugged: true status unknown: false
08-03 10:50:22.901     0     0 W healthd : battery l=82 v=4100 t=40.4 h=2 st=2 c=-349426 fc=4660000 cc=0 chg=a
08-03 10:50:22.922     0     0 I pm7250b_charger: SMBMMI: mmi_chrg_usb_vin_config: DP DM pulse count = 2
08-03 10:50:22.931     0     0 I pm7250b_charger: SMBMMI: mmi_basic_charge_sm: batt_mv = 4100, batt_ma 349, batt_soc 82, batt_temp 40, usb_mv 4406, dc_mv 0, cp 1, vp 1 dp 0
08-03 10:50:22.945     0     0 I pm7250b_charger: SMBMMI: mmi_basic_charge_sm: Step State = NORMAL, Temp Zone 3, Health 1
08-03 10:50:22.954     0     0 I pm7250b_charger: SMBMMI: mmi_basic_charge_sm: IMPOSED: FV = 4450000, CDIS = 0, FCC = 2000000, USBICL = 3000000
08-03 10:50:22.980     0     0 W healthd : battery l=82 v=4075 t=40.4 h=2 st=2 c=-511780 fc=4660000 cc=0 chg=a
08-03 10:50:22.995  2406  3324 D PowerUI : can't show warning due to - plugged: true status unknown: false
08-03 10:50:23.745     0     0 I sec_ts 1-0048: [P] tID:2 x:429 y:1982 z:41 major:10 minor:10 tc:1 type:0 noise:0
08-03 10:50:23.758     0     0 I aw8695_activate_store: value=1
08-03 10:50:23.765     0     0 I aw8695_vibrate: value=28, seq=1, index=1
08-03 10:50:23.810     0     0 I aw8695_activate_store: value=0
08-03 10:50:23.816     0     0 I aw8695_vibrate: value=0, seq=1, index=1
08-03 10:50:23.834     0     0 I sec_ts 1-0048: [R] tID:2 mc:3 tc:0 lx:425 ly:1983 v:0000 cal:00 id(0,0) p:0 noise:0 lp:(0)
08-03 10:50:24.426     0     0 I sec_ts 1-0048: [P] tID:2 x:114 y:1843 z:40 major:11 minor:9 tc:1 type:0 noise:0
08-03 10:50:24.438     0     0 I aw8695_activate_store: value=1
08-03 10:50:24.444     0     0 I aw8695_vibrate: value=28, seq=1, index=1
08-03 10:50:24.489     0     0 I aw8695_activate_store: value=0
08-03 10:50:24.495     0     0 I aw8695_vibrate: value=0, seq=1, index=1
08-03 10:50:24.504     0     0 I sec_ts 1-0048: [R] tID:2 mc:1 tc:0 lx:114 ly:1844 v:0000 cal:00 id(0,0) p:0 noise:0 lp:(0)
08-03 10:50:24.641     0     0 W sdcardfs: 171 user.relatime: invalid format
08-03 10:50:24.740     0     0 I pm7250b_charger: default_irq_handler: IRQ: usbin-collapse
08-03 10:50:24.741     0     0 I pm7250b_charger: default_irq_handler: IRQ: aicl-done
08-03 10:50:24.747     0     0 I pm7250b_charger: default_irq_handler: IRQ: usbin-collapse
08-03 10:50:24.890     0     0 I sec_ts 1-0048: [P] tID:0 x:742 y:1999 z:49 major:10 minor:9 tc:1 type:0 noise:0
08-03 10:50:24.902     0     0 I aw8695_activate_store: value=1
08-03 10:50:24.908     0     0 I aw8695_vibrate: value=28, seq=1, index=1
08-03 10:50:24.955     0     0 I aw8695_activate_store: value=0
08-03 10:50:24.963     0     0 I aw8695_vibrate: value=0, seq=1, index=1
08-03 10:50:25.018     0     0 I sec_ts 1-0048: [R] tID:0 mc:5 tc:0 lx:739 ly:2004 v:0000 cal:00 id(0,0) p:0 noise:0 lp:(0)
08-03 10:50:25.645     0     0 W sdcardfs: 171 user.relatime: invalid format
08-03 10:50:25.654     0     0 I sec_ts 1-0048: [P] tID:1 x:629 y:2111 z:39 major:10 minor:9 tc:1 type:0 noise:0
08-03 10:50:25.666     0     0 I aw8695_activate_store: value=1
08-03 10:50:25.672     0     0 I aw8695_vibrate: value=28, seq=1, index=1
08-03 10:50:25.715     0     0 I aw8695_activate_store: value=0
08-03 10:50:25.721     0     0 I aw8695_vibrate: value=0, seq=1, index=1
08-03 10:50:25.746     0     0 I pm7250b_charger: smblib_icl_change_work: icl_settled=450000
08-03 10:50:25.755     0     0 I sec_ts 1-0048: [R] tID:1 mc:0 tc:0 lx:629 ly:2111 v:0000 cal:00 id(0,0) p:0 noise:0 lp:(0)
08-03 10:50:25.766     0     0 W healthd : battery l=82 v=4066 t=40.4 h=2 st=2 c=-640564 fc=4660000 cc=0 chg=a
08-03 10:50:25.784  2406  2994 D PowerUI : can't show warning due to - plugged: true status unknown: false
08-03 10:50:26.045     0     0 I sec_ts 1-0048: [P] tID:1 x:504 y:1698 z:40 major:10 minor:9 tc:1 type:0 noise:0
08-03 10:50:26.058     0     0 I aw8695_activate_store: value=1
08-03 10:50:26.065     0     0 I aw8695_vibrate: value=28, seq=1, index=1
08-03 10:50:26.109     0     0 I aw8695_activate_store: value=0
08-03 10:50:26.115     0     0 I aw8695_vibrate: value=0, seq=1, index=1
08-03 10:50:26.123     0     0 I sec_ts 1-0048: [R] tID:1 mc:0 tc:0 lx:504 ly:1698 v:0000 cal:00 id(0,0) p:0 noise:0 lp:(0)
08-03 10:50:26.318     0     0 I sec_ts 1-0048: [P] tID:1 x:268 y:1707 z:37 major:9 minor:8 tc:1 type:0 noise:0
08-03 10:50:26.331     0     0 I aw8695_activate_store: value=1
08-03 10:50:26.337     0     0 I aw8695_vibrate: value=28, seq=1, index=1
08-03 10:50:26.363     0     0 I sec_ts 1-0048: [R] tID:1 mc:0 tc:0 lx:268 ly:1707 v:0000 cal:00 id(0,0) p:0 noise:0 lp:(0)
08-03 10:50:26.382     0     0 I aw8695_activate_store: value=0
08-03 10:50:26.388     0     0 I aw8695_vibrate: value=0, seq=1, index=1
08-03 10:50:26.679     0     0 I sec_ts 1-0048: [P] tID:0 x:985 y:1838 z:31 major:9 minor:7 tc:1 type:0 noise:0
08-03 10:50:26.691     0     0 I aw8695_activate_store: value=1
08-03 10:50:26.697     0     0 I aw8695_vibrate: value=28, seq=1, index=1
08-03 10:50:26.739     0     0 I aw8695_activate_store: value=0
08-03 10:50:26.745     0     0 I aw8695_vibrate: value=0, seq=1, index=1
08-03 10:50:26.804     0     0 I sec_ts 1-0048: [R] tID:0 mc:6 tc:0 lx:980 ly:1844 v:0000 cal:00 id(0,0) p:0 noise:0 lp:(0)
08-03 10:50:26.865     0     0 I sec_ts 1-0048: [P] tID:0 x:964 y:1851 z:39 major:10 minor:9 tc:1 type:0 noise:0
08-03 10:50:26.877     0     0 I aw8695_activate_store: value=1
08-03 10:50:26.883     0     0 I aw8695_vibrate: value=28, seq=1, index=1
08-03 10:50:26.929     0     0 I aw8695_activate_store: value=0
08-03 10:50:26.936     0     0 I aw8695_vibrate: value=0, seq=1, index=1
08-03 10:50:26.955     0     0 I sec_ts 1-0048: [R] tID:0 mc:0 tc:0 lx:964 ly:1851 v:0000 cal:00 id(0,0) p:0 noise:0 lp:(0)
08-03 10:50:27.697     0     0 I sec_ts 1-0048: [P] tID:0 x:672 y:2143 z:42 major:11 minor:9 tc:1 type:0 noise:0
08-03 10:50:27.710     0     0 I aw8695_activate_store: value=1
08-03 10:50:27.717     0     0 I aw8695_vibrate: value=28, seq=1, index=1
08-03 10:50:27.759     0     0 I aw8695_activate_store: value=0
08-03 10:50:27.766     0     0 I aw8695_vibrate: value=0, seq=1, index=1
08-03 10:50:27.769     0     0 I sec_ts 1-0048: [R] tID:0 mc:4 tc:0 lx:665 ly:2146 v:0000 cal:00 id(0,0) p:0 noise:0 lp:(0)
08-03 10:50:27.965     0     0 I sec_ts 1-0048: [P] tID:0 x:880 y:1941 z:39 major:10 minor:9 tc:1 type:0 noise:0
08-03 10:50:27.977     0     0 I aw8695_activate_store: value=1
08-03 10:50:27.988     0     0 I aw8695_vibrate: value=28, seq=1, index=1
08-03 10:50:28.032     0     0 I aw8695_activate_store: value=0
08-03 10:50:28.037     0     0 I sec_ts 1-0048: [R] tID:0 mc:0 tc:0 lx:880 ly:1941 v:0000 cal:00 id(0,0) p:0 noise:0 lp:(0)
08-03 10:50:28.049     0     0 I aw8695_vibrate: value=0, seq=1, index=1
08-03 10:50:28.056     0     0 I pm7250b_charger: SMBMMI: mmi_chrg_usb_vin_config: DP DM pulse count = 2
08-03 10:50:28.067     0     0 I pm7250b_charger: SMBMMI: mmi_basic_charge_sm: batt_mv = 4113, batt_ma 271, batt_soc 82, batt_temp 40, usb_mv 4404, dc_mv 0, cp 1, vp 1 dp 0
08-03 10:50:28.081     0     0 I pm7250b_charger: SMBMMI: mmi_basic_charge_sm: Step State = NORMAL, Temp Zone 3, Health 1
08-03 10:50:28.091     0     0 I pm7250b_charger: SMBMMI: mmi_basic_charge_sm: IMPOSED: FV = 4450000, CDIS = 0, FCC = 2000000, USBICL = 3000000
08-03 10:50:28.108     0     0 W healthd : battery l=82 v=4088 t=40.4 h=2 st=2 c=-464477 fc=4660000 cc=0 chg=a
08-03 10:50:28.123  2406  2989 D PowerUI : can't show warning due to - plugged: true status unknown: false
08-03 10:50:28.836     0     0 I sec_ts 1-0048: [P] tID:0 x:276 y:1714 z:36 major:10 minor:9 tc:1 type:0 noise:0
08-03 10:50:28.849     0     0 I aw8695_activate_store: value=1
08-03 10:50:28.858     0     0 I aw8695_vibrate: value=28, seq=1, index=1
08-03 10:50:28.874     0     0 I sec_ts 1-0048: [R] tID:0 mc:0 tc:0 lx:276 ly:1714 v:0000 cal:00 id(0,0) p:0 noise:0 lp:(0)
08-03 10:50:28.902     0     0 I aw8695_activate_store: value=0
08-03 10:50:28.911     0     0 I aw8695_vibrate: value=0, seq=1, index=1
08-03 10:50:28.990     0     0 I pm7250b_charger: wdog_snarl_irq_handler: IRQ: wdog-snarl
08-03 10:50:28.997     0     0 E         : batt power supply prop 4 not supported
08-03 10:50:29.008     0     0 W healthd : battery l=82 v=4129 t=40.4 h=2 st=2 c=-218811 fc=4660000 cc=0 chg=a
08-03 10:50:29.023  2406  2995 D PowerUI : can't show warning due to - plugged: true status unknown: false
08-03 10:50:29.148     0     0 W sdcardfs: 171 user.relatime: invalid format
08-03 10:50:29.414     0     0 I sec_ts 1-0048: [P] tID:0 x:588 y:2095 z:36 major:10 minor:9 tc:1 type:0 noise:0
08-03 10:50:29.426     0     0 I aw8695_activate_store: value=1
08-03 10:50:29.433     0     0 I aw8695_vibrate: value=28, seq=1, index=1
08-03 10:50:29.461     0     0 I sec_ts 1-0048: [R] tID:0 mc:0 tc:0 lx:588 ly:2095 v:0000 cal:00 id(0,0) p:0 noise:0 lp:(0)
08-03 10:50:29.476     0     0 I aw8695_activate_store: value=0
