08-03 10:53:34.697     0     0 I aw8695_vibrate: value=0, seq=1, index=1
08-03 10:53:35.165     0     0 I sec_ts 1-0048: [P] tID:1 x:527 y:2081 z:37 major:10 minor:9 tc:1 type:0 noise:0
08-03 10:53:35.178     0     0 I aw8695_activate_store: value=1
08-03 10:53:35.185     0     0 I aw8695_vibrate: value=28, seq=1, index=1
08-03 10:53:35.229     0     0 I aw8695_activate_store: value=0
08-03 10:53:35.233     0     0 I sec_ts 1-0048: [R] tID:1 mc:0 tc:0 lx:527 ly:2081 v:0000 cal:00 id(0,0) p:0 noise:0 lp:(0)
08-03 10:53:35.250     0     0 I aw8695_vibrate: value=0, seq=1, index=1
08-03 10:53:36.020     0     0 I sec_ts 1-0048: [P] tID:1 x:490 y:1731 z:32 major:9 minor:9 tc:1 type:0 noise:0
08-03 10:53:36.032     0     0 I aw8695_activate_store: value=1
08-03 10:53:36.038     0     0 I aw8695_vibrate: value=28, seq=1, index=1
08-03 10:53:36.075     0     0 I sec_ts 1-0048: [R] tID:1 mc:0 tc:0 lx:490 ly:1731 v:0000 cal:00 id(0,0) p:0 noise:0 lp:(0)
08-03 10:53:36.085     0     0 I aw8695_activate_store: value=0
08-03 10:53:36.096     0     0 I aw8695_vibrate: value=0, seq=1, index=1
08-03 10:53:36.210     0     0 I sec_ts 1-0048: [P] tID:1 x:604 y:1798 z:36 major:9 minor:9 tc:1 type:0 noise:0
08-03 10:53:36.223     0     0 I aw8695_activate_store: value=1
08-03 10:53:36.229     0     0 I aw8695_vibrate: value=28, seq=1, index=1
08-03 10:53:36.276     0     0 I aw8695_activate_store: value=0
08-03 10:53:36.282     0     0 I sec_ts 1-0048: [R] tID:1 mc:1 tc:0 lx:601 ly:1798 v:0000 cal:00 id(0,0) p:0 noise:0 lp:(0)
08-03 10:53:36.294     0     0 I aw8695_vibrate: value=0, seq=1, index=1
08-03 10:53:36.528     0     0 I sec_ts 1-0048: [P] tID:1 x:265 y:1716 z:36 major:9 minor:8 tc:1 type:0 noise:0
08-03 10:53:36.542     0     0 I aw8695_activate_store: value=1
08-03 10:53:36.548     0     0 I aw8695_vibrate: value=28, seq=1, index=1
08-03 10:53:36.573     0     0 I sec_ts 1-0048: [R] tID:1 mc:0 tc:0 lx:265 ly:1716 v:0000 cal:00 id(0,0) p:0 noise:0 lp:(0)
08-03 10:53:36.592  1461  1608 W BatteryExternalStatsWorker: error reading Bluetooth stats: 9
08-03 10:53:36.597     0     0 I aw8695_activate_store: value=0
08-03 10:53:36.603     0     0 I aw8695_vibrate: value=0, seq=1, index=1
08-03 10:53:37.260     0     0 I pm7250b_charger: wdog_snarl_irq_handler: IRQ: wdog-snarl
08-03 10:53:37.267     0     0 E         : batt power supply prop 4 not supported
08-03 10:53:37.278     0     0 W healthd : battery l=82 v=4109 t=40.9 h=2 st=2 c=-310363 fc=4660000 cc=0 chg=a
08-03 10:53:37.293  2406  2989 D PowerUI : can't show warning due to - plugged: true status unknown: false
08-03 10:53:37.484     0     0 I pm7250b_charger: SMBMMI: mmi_chrg_usb_vin_config: DP DM pulse count = 2
08-03 10:53:37.492     0     0 I pm7250b_charger: SMBMMI: mmi_basic_charge_sm: batt_mv = 4131, batt_ma 124, batt_soc 82, batt_temp 40, usb_mv 4371, dc_mv 0, cp 1, vp 1 dp 0
08-03 10:53:37.499     0     0 I sec_ts 1-0048: [P] tID:3 x:596 y:2105 z:33 major:9 minor:8 tc:1 type:0 noise:0
08-03 10:53:37.506     0     0 I pm7250b_charger: SMBMMI: mmi_basic_charge_sm: Step State = NORMAL, Temp Zone 3, Health 1
08-03 10:53:37.517     0     0 I aw8695_activate_store: value=1
08-03 10:53:37.524     0     0 I pm7250b_charger: SMBMMI: mmi_basic_charge_sm: IMPOSED: FV = 4450000, CDIS = 0, FCC = 2000000, USBICL = 3000000
08-03 10:53:37.533     0     0 I aw8695_vibrate: value=28, seq=1, index=1
08-03 10:53:37.551     0     0 W healthd : battery l=82 v=4102 t=40.9 h=2 st=2 c=-254211 fc=4660000 cc=0 chg=a
08-03 10:53:37.564  2406  2995 D PowerUI : can't show warning due to - plugged: true status unknown: false
08-03 10:53:37.588     0     0 I aw8695_activate_store: value=0
08-03 10:53:37.595     0     0 I aw8695_vibrate: value=0, seq=1, index=1
08-03 10:53:37.606     0     0 I sec_ts 1-0048: [R] tID:3 mc:0 tc:0 lx:596 ly:2105 v:0000 cal:00 id(0,0) p:0 noise:0 lp:(0)
08-03 10:53:37.716     0     0 W sdcardfs: 171 user.relatime: invalid format
08-03 10:53:38.162     0     0 I sec_ts 1-0048: [P] tID:2 x:815 y:1689 z:33 major:9 minor:8 tc:1 type:0 noise:0
08-03 10:53:38.176     0     0 I aw8695_activate_store: value=1
08-03 10:53:38.186     0     0 I aw8695_vibrate: value=28, seq=1, index=1
08-03 10:53:38.229     0     0 I aw8695_activate_store: value=0
08-03 10:53:38.236     0     0 I aw8695_vibrate: value=0, seq=1, index=1
08-03 10:53:38.287     0     0 I sec_ts 1-0048: [R] tID:2 mc:15 tc:0 lx:810 ly:1714 v:0000 cal:00 id(0,0) p:0 noise:0 lp:(0)
08-03 10:53:38.482     0     0 I sec_ts 1-0048: [P] tID:2 x:713 y:1980 z:37 major:9 minor:9 tc:1 type:0 noise:0
08-03 10:53:38.495     0     0 I aw8695_activate_store: value=1
08-03 10:53:38.501     0     0 I aw8695_vibrate: value=28, seq=1, index=1
08-03 10:53:38.538     0     0 I sec_ts 1-0048: [R] tID:2 mc:0 tc:0 lx:713 ly:1980 v:0000 cal:00 id(0,0) p:0 noise:0 lp:(0)
08-03 10:53:38.548     0     0 I aw8695_activate_store: value=0
08-03 10:53:38.560     0     0 I aw8695_vibrate: value=0, seq=1, index=1
08-03 10:53:38.906     0     0 I sec_ts 1-0048: [P] tID:3 x:434 y:1879 z:36 major:10 minor:8 tc:1 type:0 noise:0
08-03 10:53:38.917     0     0 I aw8695_activate_store: value=1
08-03 10:53:38.925     0     0 I aw8695_vibrate: value=28, seq=1, index=1
08-03 10:53:38.961     0     0 I sec_ts 1-0048: [R] tID:3 mc:0 tc:0 lx:434 ly:1879 v:0000 cal:00 id(0,0) p:0 noise:0 lp:(0)
08-03 10:53:38.970     0     0 I aw8695_activate_store: value=0
08-03 10:53:38.983     0     0 I aw8695_vibrate: value=0, seq=1, index=1
08-03 10:53:39.214     0     0 I sec_ts 1-0048: [P] tID:0 x:889 y:1710 z:41 major:11 minor:10 tc:1 type:0 noise:0
08-03 10:53:39.226     0     0 I aw8695_activate_store: value=1
08-03 10:53:39.233     0     0 I aw8695_vibrate: value=28, seq=1, index=1
08-03 10:53:39.276     0     0 I aw8695_activate_store: value=0
08-03 10:53:39.282     0     0 I aw8695_vibrate: value=0, seq=1, index=1
08-03 10:53:39.325     0     0 I sec_ts 1-0048: [R] tID:0 mc:0 tc:0 lx:889 ly:1710 v:0000 cal:00 id(0,0) p:0 noise:0 lp:(0)
08-03 10:53:39.676     0     0 I timerfd_poll: comm:hvdcp_opti pid:2227 exp:4300916
08-03 10:53:39.783     0     0 I timerfd_poll: comm:health@2.1-serv pid:1237 exp:4301023
08-03 10:53:39.793     0     0 W healthd : battery l=82 v=4103 t=40.9 h=2 st=2 c=-269165 fc=4660000 cc=0 chg=a
08-03 10:53:39.807  2406  3186 D PowerUI : can't show warning due to - plugged: true status unknown: false
08-03 10:53:40.702     0     0 W sdcardfs: 171 user.relatime: invalid format
08-03 10:53:41.452     0     0 I sec_ts 1-0048: [P] tID:3 x:279 y:1465 z:53 major:11 minor:11 tc:1 type:0 noise:0
08-03 10:53:41.530     0     0 I sec_ts 1-0048: [R] tID:3 mc:0 tc:0 lx:279 ly:1465 v:0000 cal:00 id(0,0) p:0 noise:0 lp:(0)
08-03 10:53:41.543     0     0 I aw8695_activate_store: value=1
08-03 10:53:41.550     0     0 I aw8695_vibrate: value=28, seq=1, index=1
08-03 10:53:41.597     0     0 I aw8695_activate_store: value=0
08-03 10:53:41.605     0     0 I aw8695_vibrate: value=0, seq=1, index=1
08-03 10:53:42.044     0     0 I sec_ts 1-0048: [P] tID:0 x:872 y:1985 z:40 major:11 minor:10 tc:1 type:0 noise:0
08-03 10:53:42.057     0     0 I aw8695_activate_store: value=1
08-03 10:53:42.063     0     0 I aw8695_vibrate: value=28, seq=1, index=1
08-03 10:53:42.109     0     0 I aw8695_activate_store: value=0
08-03 10:53:42.116     0     0 I aw8695_vibrate: value=0, seq=1, index=1
08-03 10:53:42.117     0     0 I sec_ts 1-0048: [R] tID:0 mc:2 tc:0 lx:860 ly:1985 v:0000 cal:00 id(0,0) p:0 noise:0 lp:(0)
08-03 10:53:42.429     0     0 I sec_ts 1-0048: [P] tID:2 x:269 y:1700 z:36 major:10 minor:9 tc:1 type:0 noise:0
08-03 10:53:42.441     0     0 I aw8695_activate_store: value=1
08-03 10:53:42.448     0     0 I aw8695_vibrate: value=28, seq=1, index=1
08-03 10:53:42.468     0     0 I sec_ts 1-0048: [R] tID:2 mc:0 tc:0 lx:269 ly:1700 v:0000 cal:00 id(0,0) p:0 noise:0 lp:(0)
08-03 10:53:42.493     0     0 I aw8695_activate_store: value=0
08-03 10:53:42.500     0     0 I aw8695_vibrate: value=0, seq=1, index=1
08-03 10:53:42.506     0     0 I pm7250b_charger: default_irq_handler: IRQ: usbin-collapse
08-03 10:53:42.507     0     0 I pm7250b_charger: default_irq_handler: IRQ: aicl-done
08-03 10:53:42.513     0     0 I pm7250b_charger: default_irq_handler: IRQ: usbin-collapse
08-03 10:53:42.622     0     0 I pm7250b_charger: SMBMMI: mmi_chrg_usb_vin_config: DP DM pulse count = 2
08-03 10:53:42.631     0     0 I pm7250b_charger: SMBMMI: mmi_basic_charge_sm: batt_mv = 4082, batt_ma 499, batt_soc 82, batt_temp 40, usb_mv 4368, dc_mv 0, cp 1, vp 1 dp 0
08-03 10:53:42.645     0     0 I pm7250b_charger: SMBMMI: mmi_basic_charge_sm: Step State = NORMAL, Temp Zone 3, Health 1
08-03 10:53:42.655     0     0 I pm7250b_charger: SMBMMI: mmi_basic_charge_sm: IMPOSED: FV = 4450000, CDIS = 0, FCC = 2000000, USBICL = 3000000
08-03 10:53:42.673     0     0 W healthd : battery l=82 v=4106 t=40.9 h=2 st=2 c=-298156 fc=4660000 cc=0 chg=a
08-03 10:53:42.687  2406  3322 D PowerUI : can't show warning due to - plugged: true status unknown: false
08-03 10:53:43.025  1461  2209 D ActivityManager: freezing 2937 com.android.settings
08-03 10:53:43.405     0     0 W sdcardfs: 171 user.relatime: invalid format
08-03 10:53:43.474     0     0 I sec_ts 1-0048: [P] tID:1 x:115 y:1886 z:27 major:9 minor:5 tc:1 type:0 noise:0
08-03 10:53:43.487     0     0 I aw8695_activate_store: value=1
08-03 10:53:43.493     0     0 I aw8695_vibrate: value=28, seq=1, index=1
08-03 10:53:43.506     0     0 I pm7250b_charger: smblib_icl_change_work: icl_settled=500000
08-03 10:53:43.512     0     0 I sec_ts 1-0048: [R] tID:1 mc:0 tc:0 lx:115 ly:1886 v:0000 cal:00 id(0,0) p:0 noise:0 lp:(0)
08-03 10:53:43.525     0     0 W healthd : battery l=82 v=4042 t=40.9 h=2 st=2 c=-553589 fc=4660000 cc=0 chg=a
08-03 10:53:43.536     0     0 I aw8695_activate_store: value=0
08-03 10:53:43.543     0     0 I aw8695_vibrate: value=0, seq=1, index=1
08-03 10:53:43.547  2406  3046 D PowerUI : can't show warning due to - plugged: true status unknown: false
08-03 10:53:43.862     0     0 I sec_ts 1-0048: [P] tID:0 x:706 y:1985 z:39 major:10 minor:9 tc:1 type:0 noise:0
08-03 10:53:43.874     0     0 I aw8695_activate_store: value=1
08-03 10:53:43.881     0     0 I aw8695_vibrate: value=28, seq=1, index=1
08-03 10:53:43.925     0     0 I aw8695_activate_store: value=0
08-03 10:53:43.932     0     0 I aw8695_vibrate: value=0, seq=1, index=1
08-03 10:53:43.937     0     0 I sec_ts 1-0048: [R] tID:0 mc:10 tc:0 lx:700 ly:1995 v:0000 cal:00 id(0,0) p:0 noise:0 lp:(0)
08-03 10:53:44.233     0     0 I sec_ts 1-0048: [P] tID:3 x:218 y:1836 z:33 major:10 minor:9 tc:1 type:0 noise:0
08-03 10:53:44.247     0     0 I aw8695_activate_store: value=1
08-03 10:53:44.254     0     0 I aw8695_vibrate: value=28, seq=1, index=1
08-03 10:53:44.288     0     0 I sec_ts 1-0048: [R] tID:3 mc:0 tc:0 lx:218 ly:1836 v:0000 cal:00 id(0,0) p:0 noise:0 lp:(0)
08-03 10:53:44.299     0     0 I aw8695_activate_store: value=0
08-03 10:53:44.305     0     0 I aw8695_vibrate: value=0, seq=1, index=1
08-03 10:53:44.353     0     0 I timerfd_poll: comm:hvdcp_opti pid:2223 exp:4305593
08-03 10:53:44.914     0     0 I sec_ts 1-0048: [P] tID:2 x:572 y:2091 z:37 major:10 minor:9 tc:1 type:0 noise:0
08-03 10:53:44.927     0     0 I aw8695_activate_store: value=1
08-03 10:53:44.933     0     0 I aw8695_vibrate: value=28, seq=1, index=1
08-03 10:53:44.978     0     0 I aw8695_activate_store: value=0
08-03 10:53:44.985     0     0 I aw8695_vibrate: value=0, seq=1, index=1
08-03 10:53:45.009     0     0 I sec_ts 1-0048: [R] tID:2 mc:6 tc:0 lx:572 ly:2089 v:0000 cal:00 id(0,0) p:0 noise:0 lp:(0)
08-03 10:53:45.406     0     0 I sec_ts 1-0048: [P] tID:3 x:120 y:1833 z:39 major:11 minor:9 tc:1 type:0 noise:0
08-03 10:53:45.419     0     0 I aw8695_activate_store: value=1
08-03 10:53:45.425     0     0 I aw8695_vibrate: value=28, seq=1, index=1
08-03 10:53:45.446     0     0 I pm7250b_charger: wdog_snarl_irq_handler: IRQ: wdog-snarl
08-03 10:53:45.453     0     0 E         : batt power supply prop 4 not supported
08-03 10:53:45.464     0     0 W healthd : battery l=82 v=3989 t=40.9 h=2 st=2 c=-992737 fc=4660000 cc=0 chg=a
08-03 10:53:45.468     0     0 I aw8695_activate_store: value=0
08-03 10:53:45.479  2406  3045 D PowerUI : can't show warning due to - plugged: true status unknown: false
08-03 10:53:45.479     0     0 I aw8695_vibrate: value=0, seq=1, index=1
08-03 10:53:45.487     0     0 I sec_ts 1-0048: [R] tID:3 mc:7 tc:0 lx:114 ly:1832 v:0000 cal:00 id(0,0) p:0 noise:0 lp:(0)
08-03 10:53:45.847     0     0 I sec_ts 1-0048: [P] tID:1 x:707 y:1985 z:39 major:10 minor:10 tc:1 type:0 noise:0
08-03 10:53:45.859     0     0 I aw8695_activate_store: value=1
08-03 10:53:45.865     0     0 I aw8695_vibrate: value=28, seq=1, index=1
08-03 10:53:45.908     0     0 I aw8695_activate_store: value=0
08-03 10:53:45.915     0     0 I aw8695_vibrate: value=0, seq=1, index=1
08-03 10:53:45.919     0     0 I sec_ts 1-0048: [R] tID:1 mc:0 tc:0 lx:707 ly:1985 v:0000 cal:00 id(0,0) p:0 noise:0 lp:(0)
08-03 10:53:46.137     0     0 I sec_ts 1-0048: [P] tID:0 x:322 y:1842 z:36 major:9 minor:9 tc:1 type:0 noise:0
08-03 10:53:46.149     0     0 I aw8695_activate_store: value=1
08-03 10:53:46.156     0     0 I aw8695_vibrate: value=28, seq=1, index=1
08-03 10:53:46.199     0     0 I aw8695_activate_store: value=0
08-03 10:53:46.206     0     0 I aw8695_vibrate: value=0, seq=1, index=1
08-03 10:53:46.224     0     0 I sec_ts 1-0048: [R] tID:0 mc:0 tc:0 lx:322 ly:1842 v:0000 cal:00 id(0,0) p:0 noise:0 lp:(0)
08-03 10:53:47.412     0     0 W sdcardfs: 171 user.relatime: invalid format
08-03 10:53:47.567     0     0 I sec_ts 1-0048: [P] tID:0 x:584 y:2106 z:38 major:10 minor:9 tc:1 type:0 noise:0
08-03 10:53:47.581     0     0 I aw8695_activate_store: value=1
08-03 10:53:47.591     0     0 I aw8695_vibrate: value=28, seq=1, index=1
08-03 10:53:47.635     0     0 I aw8695_activate_store: value=0
08-03 10:53:47.643     0     0 I aw8695_vibrate: value=0, seq=1, index=1
08-03 10:53:47.661     0     0 I sec_ts 1-0048: [R] tID:0 mc:0 tc:0 lx:584 ly:2106 v:0000 cal:00 id(0,0) p:0 noise:0 lp:(0)
08-03 10:53:47.728     0     0 I pm7250b_charger: SMBMMI: mmi_chrg_usb_vin_config: DP DM pulse count = 2
08-03 10:53:47.736     0     0 I pm7250b_charger: SMBMMI: mmi_basic_charge_sm: batt_mv = 4059, batt_ma 362, batt_soc 82, batt_temp 40, usb_mv 4359, dc_mv 0, cp 1, vp 1 dp 0
08-03 10:53:47.752     0     0 I pm7250b_charger: SMBMMI: mmi_basic_charge_sm: Step State = NORMAL, Temp Zone 3, Health 1
08-03 10:53:47.762     0     0 I pm7250b_charger: SMBMMI: mmi_basic_charge_sm: IMPOSED: FV = 4450000, CDIS = 0, FCC = 2000000, USBICL = 3000000
08-03 10:53:47.781     0     0 W healthd : battery l=82 v=4103 t=40.9 h=2 st=2 c=-488281 fc=4660000 cc=0 chg=a
08-03 10:53:47.795  2406  3324 D PowerUI : can't show warning due to - plugged: true status unknown: false
08-03 10:53:47.862     0     0 I sec_ts 1-0048: [P] tID:0 x:823 y:1691 z:41 major:11 minor:11 tc:1 type:0 noise:0
08-03 10:53:47.875     0     0 I aw8695_activate_store: value=1
08-03 10:53:47.882     0     0 I aw8695_vibrate: value=28, seq=1, index=1
08-03 10:53:47.925     0     0 I aw8695_activate_store: value=0
08-03 10:53:47.931     0     0 I aw8695_vibrate: value=0, seq=1, index=1
08-03 10:53:47.935     0     0 I sec_ts 1-0048: [R] tID:0 mc:3 tc:0 lx:814 ly:1693 v:0000 cal:00 id(0,0) p:0 noise:0 lp:(0)
08-03 10:53:48.281     0     0 I sec_ts 1-0048: [P] tID:2 x:501 y:1724 z:39 major:9 minor:9 tc:1 type:0 noise:0
08-03 10:53:48.295     0     0 I aw8695_activate_store: value=1
08-03 10:53:48.303     0     0 I aw8695_vibrate: value=28, seq=1, index=1
08-03 10:53:48.335     0     0 I sec_ts 1-0048: [R] tID:2 mc:2 tc:0 lx:497 ly:1724 v:0000 cal:00 id(0,0) p:0 noise:0 lp:(0)
08-03 10:53:48.346     0     0 I aw8695_activate_store: value=0
08-03 10:53:48.353     0     0 I aw8695_vibrate: value=0, seq=1, index=1
08-03 10:53:48.553     0     0 I sec_ts 1-0048: [P] tID:3 x:214 y:1866 z:36 major:9 minor:9 tc:1 type:0 noise:0
08-03 10:53:48.566     0     0 I aw8695_activate_store: value=1
08-03 10:53:48.573     0     0 I aw8695_vibrate: value=28, seq=1, index=1
08-03 10:53:48.616     0     0 I aw8695_activate_store: value=0
08-03 10:53:48.622     0     0 I sec_ts 1-0048: [R] tID:3 mc:6 tc:0 lx:211 ly:1868 v:0000 cal:00 id(0,0) p:0 noise:0 lp:(0)
08-03 10:53:48.639     0     0 I aw8695_vibrate: value=0, seq=1, index=1
08-03 10:53:49.412     0     0 W sdcardfs: 171 user.relatime: invalid format
08-03 10:53:49.447     0     0 I sec_ts 1-0048: [P] tID:3 x:585 y:2083 z:40 major:10 minor:9 tc:1 type:0 noise:0
08-03 10:53:49.459     0     0 I aw8695_activate_store: value=1
08-03 10:53:49.466     0     0 I aw8695_vibrate: value=28, seq=1, index=1
08-03 10:53:49.509     0     0 I aw8695_activate_store: value=0
08-03 10:53:49.515     0     0 I aw8695_vibrate: value=0, seq=1, index=1
08-03 10:53:49.549     0     0 I sec_ts 1-0048: [R] tID:3 mc:3 tc:0 lx:587 ly:2076 v:0000 cal:00 id(0,0) p:0 noise:0 lp:(0)
08-03 10:53:49.772     0     0 I sec_ts 1-0048: [P] tID:2 x:643 y:1858 z:34 major:9 minor:7 tc:1 type:0 noise:0
08-03 10:53:49.785     0     0 I aw8695_activate_store: value=1
08-03 10:53:49.791     0     0 I aw8695_vibrate: value=28, seq=1, index=1
08-03 10:53:49.835     0     0 I aw8695_activate_store: value=0
08-03 10:53:49.842     0     0 I aw8695_vibrate: value=0, seq=1, index=1
08-03 10:53:49.878     0     0 I sec_ts 1-0048: [R] tID:2 mc:10 tc:0 lx:597 ly:1867 v:0000 cal:00 id(0,0) p:0 noise:0 lp:(0)
08-03 10:53:50.151     0     0 I sec_ts 1-0048: [P] tID:3 x:92 y:1869 z:25 major:9 minor:7 tc:1 type:0 noise:0
08-03 10:53:50.164     0     0 I aw8695_activate_store: value=1
08-03 10:53:50.174     0     0 I aw8695_vibrate: value=28, seq=1, index=1
08-03 10:53:50.215     0     0 I aw8695_activate_store: value=0
08-03 10:53:50.222     0     0 I aw8695_vibrate: value=0, seq=1, index=1
08-03 10:53:50.225     0     0 I sec_ts 1-0048: [R] tID:3 mc:0 tc:0 lx:92 ly:1869 v:0000 cal:00 id(0,0) p:0 noise:0 lp:(0)
08-03 10:53:50.502     0     0 I sec_ts 1-0048: [P] tID:2 x:363 y:1698 z:42 major:10 minor:10 tc:1 type:0 noise:0
08-03 10:53:50.514     0     0 I aw8695_activate_store: value=1
08-03 10:53:50.520     0     0 I aw8695_vibrate: value=28, seq=1, index=1
08-03 10:53:50.565     0     0 I aw8695_activate_store: value=0
08-03 10:53:50.572     0     0 I aw8695_vibrate: value=0, seq=1, index=1
08-03 10:53:50.588     0     0 I sec_ts 1-0048: [R] tID:2 mc:12 tc:0 lx:342 ly:1710 v:0000 cal:00 id(0,0) p:0 noise:0 lp:(0)
08-03 10:53:50.714     0     0 W sdcardfs: 171 user.relatime: invalid format
08-03 10:53:50.744     0     0 I sec_ts 1-0048: [P] tID:2 x:320 y:1874 z:42 major:9 minor:9 tc:1 type:0 noise:0
08-03 10:53:50.756     0     0 I aw8695_activate_store: value=1
08-03 10:53:50.764     0     0 I aw8695_vibrate: value=28, seq=1, index=1
08-03 10:53:50.805     0     0 I aw8695_activate_store: value=0
08-03 10:53:50.812     0     0 I aw8695_vibrate: value=0, seq=1, index=1
08-03 10:53:50.822     0     0 I sec_ts 1-0048: [R] tID:2 mc:3 tc:0 lx:319 ly:1876 v:0000 cal:00 id(0,0) p:0 noise:0 lp:(0)
08-03 10:53:51.146     0     0 I sec_ts 1-0048: [P] tID:2 x:495 y:2041 z:42 major:11 minor:10 tc:1 type:0 noise:0
08-03 10:53:51.160     0     0 I aw8695_activate_store: value=1
08-03 10:53:51.166     0     0 I aw8695_vibrate: value=28, seq=1, index=1
08-03 10:53:51.202     0     0 I sec_ts 1-0048: [R] tID:2 mc:1 tc:0 lx:496 ly:2037 v:0000 cal:00 id(0,0) p:0 noise:0 lp:(0)
08-03 10:53:51.213     0     0 I aw8695_activate_store: value=0
08-03 10:53:51.223     0     0 I aw8695_vibrate: value=0, seq=1, index=1
08-03 10:53:51.448     0     0 I sec_ts 1-0048: [P] tID:1 x:475 y:1711 z:33 major:10 minor:9 tc:1 type:0 noise:0
08-03 10:53:51.460     0     0 I aw8695_activate_store: value=1
08-03 10:53:51.466     0     0 I aw8695_vibrate: value=28, seq=1, index=1
08-03 10:53:51.513     0     0 I aw8695_activate_store: value=0
08-03 10:53:51.519     0     0 I aw8695_vibrate: value=0, seq=1, index=1
08-03 10:53:51.526     0     0 I sec_ts 1-0048: [R] tID:1 mc:0 tc:0 lx:475 ly:1711 v:0000 cal:00 id(0,0) p:0 noise:0 lp:(0)
08-03 10:53:51.778     0     0 I sec_ts 1-0048: [P] tID:0 x:876 y:1683 z:32 major:9 minor:7 tc:1 type:0 noise:0
08-03 10:53:51.789     0     0 I aw8695_activate_store: value=1
08-03 10:53:51.796     0     0 I aw8695_vibrate: value=28, seq=1, index=1
08-03 10:53:51.827     0     0 I sec_ts 1-0048: [R] tID:0 mc:3 tc:0 lx:872 ly:1685 v:0000 cal:00 id(0,0) p:0 noise:0 lp:(0)
08-03 10:53:51.838     0     0 I aw8695_activate_store: value=0
08-03 10:53:51.847     0     0 I aw8695_vibrate: value=0, seq=1, index=1
08-03 10:53:52.497     0     0 I sec_ts 1-0048: [P] tID:0 x:583 y:1453 z:42 major:11 minor:10 tc:1 type:0 noise:0
08-03 10:53:52.547     0     0 I sec_ts 1-0048: [R] tID:0 mc:0 tc:0 lx:583 ly:1453 v:0000 cal:00 id(0,0) p:0 noise:0 lp:(0)
08-03 10:53:52.562     0     0 I aw8695_activate_store: value=1
08-03 10:53:52.569     0     0 I aw8695_vibrate: value=28, seq=1, index=1
08-03 10:53:52.616     0     0 I aw8695_activate_store: value=0
08-03 10:53:52.622     0     0 I aw8695_vibrate: value=0, seq=1, index=1
08-03 10:53:52.842     0     0 I pm7250b_charger: SMBMMI: mmi_chrg_usb_vin_config: DP DM pulse count = 2
08-03 10:53:52.851     0     0 I pm7250b_charger: SMBMMI: mmi_basic_charge_sm: batt_mv = 4080, batt_ma 365, batt_soc 82, batt_temp 40, usb_mv 4360, dc_mv 0, cp 1, vp 1 dp 0
08-03 10:53:52.865     0     0 I pm7250b_charger: SMBMMI: mmi_basic_charge_sm: Step State = NORMAL, Temp Zone 3, Health 1
08-03 10:53:52.874     0     0 I pm7250b_charger: SMBMMI: mmi_basic_charge_sm: IMPOSED: FV = 4450000, CDIS = 0, FCC = 2000000, USBICL = 3000000
08-03 10:53:52.892     0     0 W healthd : battery l=82 v=4080 t=40.9 h=2 st=2 c=-365295 fc=4660000 cc=0 chg=a
08-03 10:53:52.905  2406  2994 D PowerUI : can't show warning due to - plugged: true status unknown: false
08-03 10:53:53.207     0     0 I sec_ts 1-0048: [P] tID:0 x:850 y:1847 z:32 major:9 minor:8 tc:1 type:0 noise:0
08-03 10:53:53.216     0     0 W sdcardfs: 171 user.relatime: invalid format
08-03 10:53:53.220     0     0 I aw8695_activate_store: value=1
08-03 10:53:53.228     0     0 I aw8695_vibrate: value=28, seq=1, index=1
08-03 10:53:53.272     0     0 I aw8695_activate_store: value=0
08-03 10:53:53.279     0     0 I sec_ts 1-0048: [R] tID:0 mc:2 tc:0 lx:841 ly:1859 v:0000 cal:00 id(0,0) p:0 noise:0 lp:(0)
08-03 10:53:53.289     0     0 I aw8695_vibrate: value=0, seq=1, index=1
08-03 10:53:53.450     0     0 I sec_ts 1-0048: [P] tID:2 x:720 y:1983 z:37 major:10 minor:8 tc:1 type:0 noise:0
08-03 10:53:53.462     0     0 I aw8695_activate_store: value=1
08-03 10:53:53.468     0     0 I aw8695_vibrate: value=28, seq=1, index=1
08-03 10:53:53.503     0     0 I sec_ts 1-0048: [R] tID:2 mc:0 tc:0 lx:720 ly:1983 v:0000 cal:00 id(0,0) p:0 noise:0 lp:(0)
08-03 10:53:53.516     0     0 I aw8695_activate_store: value=0
08-03 10:53:53.524     0     0 I aw8695_vibrate: value=0, seq=1, index=1
08-03 10:53:53.631     0     0 I pm7250b_charger: wdog_snarl_irq_handler: IRQ: wdog-snarl
08-03 10:53:53.637     0     0 E         : batt power supply prop 4 not supported
08-03 10:53:53.649     0     0 W healthd : battery l=82 v=4111 t=40.9 h=2 st=2 c=-203552 fc=4660000 cc=0 chg=a
08-03 10:53:53.663  2406  2989 D PowerUI : can't show warning due to - plugged: true status unknown: false
08-03 10:53:53.737     0     0 I sec_ts 1-0048: [P] tID:0 x:880 y:1694 z:38 major:11 minor:9 tc:1 type:0 noise:0
08-03 10:53:53.750     0     0 I aw8695_activate_store: value=1
08-03 10:53:53.756     0     0 I aw8695_vibrate: value=28, seq=1, index=1
08-03 10:53:53.796     0     0 I sec_ts 1-0048: [R] tID:0 mc:3 tc:0 lx:877 ly:1693 v:0000 cal:00 id(0,0) p:0 noise:0 lp:(0)
08-03 10:53:53.807     0     0 I aw8695_activate_store: value=0
08-03 10:53:53.814     0     0 I aw8695_vibrate: value=0, seq=1, index=1
08-03 10:53:54.195     0     0 I sec_ts 1-0048: [P] tID:0 x:144 y:1700 z:41 major:11 minor:9 tc:1 type:0 noise:0
08-03 10:53:54.208     0     0 I aw8695_activate_store: value=1
08-03 10:53:54.215     0     0 I aw8695_vibrate: value=28, seq=1, index=1
08-03 10:53:54.250     0     0 I sec_ts 1-0048: [R] tID:0 mc:3 tc:0 lx:142 ly:1701 v:0000 cal:00 id(0,0) p:0 noise:0 lp:(0)
08-03 10:53:54.262     0     0 I aw8695_activate_store: value=0
08-03 10:53:54.269     0     0 I aw8695_vibrate: value=0, seq=1, index=1
08-03 10:53:54.853     0     0 I sec_ts 1-0048: [P] tID:0 x:547 y:2099 z:39 major:10 minor:10 tc:1 type:0 noise:0
08-03 10:53:54.865     0     0 I aw8695_activate_store: value=1
08-03 10:53:54.871     0     0 I aw8695_vibrate: value=28, seq=1, index=1
08-03 10:53:54.912     0     0 I aw8695_activate_store: value=0
08-03 10:53:54.918     0     0 I aw8695_vibrate: value=0, seq=1, index=1
08-03 10:53:54.943     0     0 I sec_ts 1-0048: [R] tID:0 mc:3 tc:0 lx:544 ly:2098 v:0000 cal:00 id(0,0) p:0 noise:0 lp:(0)
08-03 10:53:55.601     0     0 I pm7250b_charger: default_irq_handler: IRQ: usbin-collapse
08-03 10:53:55.602     0     0 I pm7250b_charger: default_irq_handler: IRQ: aicl-done
08-03 10:53:55.608     0     0 I pm7250b_charger: default_irq_handler: IRQ: usbin-collapse
08-03 10:53:56.599     0     0 I pm7250b_charger: smblib_icl_change_work: icl_settled=500000
08-03 10:53:56.611     0     0 W healthd : battery l=82 v=4100 t=40.9 h=2 st=2 c=-269470 fc=4660000 cc=0 chg=a
08-03 10:53:56.630  2406  2995 D PowerUI : can't show warning due to - plugged: true status unknown: false
08-03 10:53:56.872     0     0 W sdcardfs: 171 user.relatime: invalid format
08-03 10:53:57.962     0     0 I pm7250b_charger: SMBMMI: mmi_chrg_usb_vin_config: DP DM pulse count = 2
08-03 10:53:57.971     0     0 I pm7250b_charger: SMBMMI: mmi_basic_charge_sm: batt_mv = 4125, batt_ma 141, batt_soc 82, batt_temp 40, usb_mv 4375, dc_mv 0, cp 1, vp 1 dp 0
08-03 10:53:57.985     0     0 I pm7250b_charger: SMBMMI: mmi_basic_charge_sm: Step State = NORMAL, Temp Zone 3, Health 1
08-03 10:53:57.994     0     0 I pm7250b_charger: SMBMMI: mmi_basic_charge_sm: IMPOSED: FV = 4450000, CDIS = 0, FCC = 2000000, USBICL = 3000000
08-03 10:53:58.014     0     0 W healthd : battery l=82 v=4125 t=40.9 h=2 st=2 c=-141906 fc=4660000 cc=0 chg=a
08-03 10:53:58.027  2406  3186 D PowerUI : can't show warning due to - plugged: true status unknown: false
08-03 10:53:59.927     0     0 W sdcardfs: 171 user.relatime: invalid format
08-03 10:54:01.815     0     0 I pm7250b_charger: wdog_snarl_irq_handler: IRQ: wdog-snarl
08-03 10:54:01.821     0     0 E         : batt power supply prop 4 not supported
08-03 10:54:01.846     0     0 W healthd : battery l=82 v=4081 t=41.0 h=2 st=2 c=-450744 fc=4660000 cc=0 chg=a
08-03 10:54:01.859  2406  3322 D PowerUI : can't show warning due to - plugged: true status unknown: false
08-03 10:54:03.082     0     0 I pm7250b_charger: SMBMMI: mmi_chrg_usb_vin_config: DP DM pulse count = 2
08-03 10:54:03.091     0     0 I pm7250b_charger: SMBMMI: mmi_basic_charge_sm: batt_mv = 4139, batt_ma 78, batt_soc 82, batt_temp 41, usb_mv 4396, dc_mv 0, cp 1, vp 1 dp 0
08-03 10:54:03.105     0     0 I pm7250b_charger: SMBMMI: mmi_basic_charge_sm: Step State = NORMAL, Temp Zone 3, Health 1
08-03 10:54:03.115     0     0 I pm7250b_charger: SMBMMI: mmi_basic_charge_sm: IMPOSED: FV = 4450000, CDIS = 0, FCC = 2000000, USBICL = 3000000
08-03 10:54:03.144     0     0 W healthd : battery l=82 v=4139 t=41.0 h=2 st=2 c=-78735 fc=4660000 cc=0 chg=a
08-03 10:54:03.161  2406  3046 D PowerUI : can't show warning due to - plugged: true status unknown: false
08-03 10:54:03.335     0     0 I sec_ts 1-0048: sec_ts_read_event: STATUS 1d 69 2 0 0 0 0 0
08-03 10:54:03.916     0     0 I sec_ts 1-0048: sec_ts_read_event: STATUS 1d 69 1 0 0 0 0 0
08-03 10:54:06.436     0     0 W sdcardfs: 171 user.relatime: invalid format
08-03 10:54:07.249  1461  2209 D ActivityManager: freezing 3165 android.process.acore
08-03 10:54:07.955     0     0 W sdcardfs: 171 user.relatime: invalid format
08-03 10:54:08.203     0     0 I pm7250b_charger: SMBMMI: mmi_chrg_usb_vin_config: DP DM pulse count = 2
08-03 10:54:08.212     0     0 I pm7250b_charger: SMBMMI: mmi_basic_charge_sm: batt_mv = 4130, batt_ma 158, batt_soc 82, batt_temp 41, usb_mv 4407, dc_mv 0, cp 1, vp 1 dp 0
08-03 10:54:08.226     0     0 I pm7250b_charger: SMBMMI: mmi_basic_charge_sm: Step State = NORMAL, Temp Zone 3, Health 1
08-03 10:54:08.236     0     0 I pm7250b_charger: SMBMMI: mmi_basic_charge_sm: IMPOSED: FV = 4450000, CDIS = 0, FCC = 2000000, USBICL = 3000000
08-03 10:54:08.254     0     0 W healthd : battery l=82 v=4110 t=41.0 h=2 st=2 c=-242614 fc=4660000 cc=0 chg=a
08-03 10:54:08.269  2406  3045 D PowerUI : can't show warning due to - plugged: true status unknown: false
08-03 10:54:08.697     0     0 I pm7250b_charger: default_irq_handler: IRQ: usbin-collapse
08-03 10:54:08.698     0     0 I pm7250b_charger: default_irq_handler: IRQ: aicl-done
08-03 10:54:08.704     0     0 I pm7250b_charger: default_irq_handler: IRQ: usbin-collapse
08-03 10:54:09.683     0     0 I timerfd_poll: comm:hvdcp_opti pid:2227 exp:4330923
08-03 10:54:09.693     0     0 I pm7250b_charger: smblib_icl_change_work: icl_settled=500000
08-03 10:54:09.705     0     0 W healthd : battery l=82 v=4143 t=41.0 h=2 st=2 c=-61950 fc=4660000 cc=0 chg=a
08-03 10:54:09.722  2406  3324 D PowerUI : can't show warning due to - plugged: true status unknown: false
08-03 10:54:10.000     0     0 I pm7250b_charger: wdog_snarl_irq_handler: IRQ: wdog-snarl
08-03 10:54:10.006     0     0 E         : batt power supply prop 4 not supported
08-03 10:54:10.020     0     0 W healthd : battery l=82 v=4129 t=41.0 h=2 st=2 c=-111999 fc=4660000 cc=0 chg=a
08-03 10:54:10.036  2406  2994 D PowerUI : can't show warning due to - plugged: true status unknown: false
08-03 10:54:10.145     0     0 I sec_ts 1-0048: [P] tID:3 x:137 y:1705 z:44 major:12 minor:9 tc:1 type:0 noise:0
08-03 10:54:10.160     0     0 I aw8695_activate_store: value=1
08-03 10:54:10.169     0     0 I aw8695_vibrate: value=28, seq=1, index=1
08-03 10:54:10.210     0     0 I sec_ts 1-0048: [R] tID:3 mc:6 tc:0 lx:147 ly:1704 v:0000 cal:00 id(0,0) p:0 noise:0 lp:(0)
08-03 10:54:10.221     0     0 I aw8695_activate_store: value=0
08-03 10:54:10.230     0     0 I aw8695_vibrate: value=0, seq=1, index=1
08-03 10:54:10.631     0     0 I sec_ts 1-0048: [P] tID:0 x:603 y:1852 z:33 major:9 minor:8 tc:1 type:0 noise:0
08-03 10:54:10.644     0     0 I aw8695_activate_store: value=1
08-03 10:54:10.652     0     0 I aw8695_vibrate: value=28, seq=1, index=1
08-03 10:54:10.658     0     0 I sec_ts 1-0048: [R] tID:0 mc:0 tc:0 lx:603 ly:1852 v:0000 cal:00 id(0,0) p:0 noise:0 lp:(0)
08-03 10:54:10.709     0     0 I aw8695_activate_store: value=0
08-03 10:54:10.714     0     0 I aw8695_vibrate: value=0, seq=1, index=1
08-03 10:54:10.994     0     0 I sec_ts 1-0048: [P] tID:3 x:128 y:1847 z:39 major:10 minor:8 tc:1 type:0 noise:0
08-03 10:54:11.007     0     0 I aw8695_activate_store: value=1
08-03 10:54:11.016     0     0 I aw8695_vibrate: value=28, seq=1, index=1
08-03 10:54:11.059     0     0 I aw8695_activate_store: value=0
08-03 10:54:11.066     0     0 I aw8695_vibrate: value=0, seq=1, index=1
08-03 10:54:11.071     0     0 I sec_ts 1-0048: [R] tID:3 mc:0 tc:0 lx:128 ly:1847 v:0000 cal:00 id(0,0) p:0 noise:0 lp:(0)
08-03 10:54:11.448     0     0 I sec_ts 1-0048: [P] tID:3 x:498 y:1685 z:37 major:10 minor:9 tc:1 type:0 noise:0
08-03 10:54:11.460     0     0 I aw8695_activate_store: value=1
08-03 10:54:11.466     0     0 I aw8695_vibrate: value=28, seq=1, index=1
08-03 10:54:11.507     0     0 I sec_ts 1-0048: [R] tID:3 mc:7 tc:0 lx:488 ly:1690 v:0000 cal:00 id(0,0) p:0 noise:0 lp:(0)
08-03 10:54:11.514     0     0 I aw8695_activate_store: value=0
08-03 10:54:11.523     0     0 I aw8695_vibrate: value=0, seq=1, index=1
08-03 10:54:11.730     0     0 I sec_ts 1-0048: [P] tID:3 x:249 y:1847 z:39 major:9 minor:9 tc:1 type:0 noise:0
08-03 10:54:11.744     0     0 I aw8695_activate_store: value=1
08-03 10:54:11.750     0     0 W sdcardfs: 171 user.relatime: invalid format
08-03 10:54:11.750     0     0 I aw8695_vibrate: value=28, seq=1, index=1
08-03 10:54:11.798     0     0 I aw8695_activate_store: value=0
08-03 10:54:11.804     0     0 I aw8695_vibrate: value=0, seq=1, index=1
08-03 10:54:11.814     0     0 I sec_ts 1-0048: [R] tID:3 mc:9 tc:0 lx:238 ly:1854 v:0000 cal:00 id(0,0) p:0 noise:0 lp:(0)
08-03 10:54:12.400     0     0 I sec_ts 1-0048: [P] tID:3 x:584 y:2115 z:37 major:10 minor:9 tc:1 type:0 noise:0
08-03 10:54:12.413     0     0 I aw8695_activate_store: value=1
08-03 10:54:12.418     0     0 I aw8695_vibrate: value=28, seq=1, index=1
08-03 10:54:12.461     0     0 I sec_ts 1-0048: [R] tID:3 mc:0 tc:0 lx:584 ly:2115 v:0000 cal:00 id(0,0) p:0 noise:0 lp:(0)
08-03 10:54:12.472     0     0 I aw8695_activate_store: value=0
08-03 10:54:12.479     0     0 I aw8695_vibrate: value=0, seq=1, index=1
08-03 10:54:13.197  1461  2209 D ActivityManager: freezing 8232 xyz.klinker.messenger
08-03 10:54:13.323     0     0 I pm7250b_charger: SMBMMI: mmi_chrg_usb_vin_config: DP DM pulse count = 2
08-03 10:54:13.331     0     0 I pm7250b_charger: SMBMMI: mmi_basic_charge_sm: batt_mv = 4102, batt_ma 264, batt_soc 82, batt_temp 41, usb_mv 4410, dc_mv 0, cp 1, vp 1 dp 0
08-03 10:54:13.345     0     0 I pm7250b_charger: SMBMMI: mmi_basic_charge_sm: Step State = NORMAL, Temp Zone 3, Health 1
08-03 10:54:13.355     0     0 I pm7250b_charger: SMBMMI: mmi_basic_charge_sm: IMPOSED: FV = 4450000, CDIS = 0, FCC = 2000000, USBICL = 3000000
08-03 10:54:13.375     0     0 W healthd : battery l=82 v=4118 t=41.0 h=2 st=2 c=-216980 fc=4660000 cc=0 chg=a
08-03 10:54:13.388  2406  2989 D PowerUI : can't show warning due to - plugged: true status unknown: false
08-03 10:54:13.746     0     0 W sdcardfs: 171 user.relatime: invalid format
08-03 10:54:15.753     0     0 W sdcardfs: 171 user.relatime: invalid format
08-03 10:54:16.413     0     0 I sec_ts 1-0048: [P] tID:0 x:1008 y:1710 z:27 major:9 minor:6 tc:1 type:0 noise:0
08-03 10:54:16.427     0     0 I aw8695_activate_store: value=1
08-03 10:54:16.434     0     0 I aw8695_vibrate: value=28, seq=1, index=1
08-03 10:54:16.479     0     0 I aw8695_activate_store: value=0
08-03 10:54:16.485     0     0 I aw8695_vibrate: value=0, seq=1, index=1
08-03 10:54:16.524     0     0 I sec_ts 1-0048: [R] tID:0 mc:4 tc:0 lx:1006 ly:1713 v:0000 cal:00 id(0,0) p:0 noise:0 lp:(0)
08-03 10:54:16.988     0     0 I sec_ts 1-0048: [P] tID:2 x:247 y:1742 z:34 major:11 minor:8 tc:1 type:0 noise:0
08-03 10:54:17.001     0     0 I aw8695_activate_store: value=1
08-03 10:54:17.010     0     0 I aw8695_vibrate: value=28, seq=1, index=1
08-03 10:54:17.052     0     0 I aw8695_activate_store: value=0
08-03 10:54:17.058     0     0 I aw8695_vibrate: value=0, seq=1, index=1
08-03 10:54:17.093     0     0 I sec_ts 1-0048: [R] tID:2 mc:0 tc:0 lx:247 ly:1742 v:0000 cal:00 id(0,0) p:0 noise:0 lp:(0)
08-03 10:54:17.261     0     0 I sec_ts 1-0048: [P] tID:2 x:380 y:1706 z:39 major:10 minor:9 tc:1 type:0 noise:0
08-03 10:54:17.273     0     0 I aw8695_activate_store: value=1
08-03 10:54:17.282     0     0 I aw8695_vibrate: value=28, seq=1, index=1
08-03 10:54:17.325     0     0 I aw8695_activate_store: value=0
08-03 10:54:17.332     0     0 I aw8695_vibrate: value=0, seq=1, index=1
08-03 10:54:17.334     0     0 I sec_ts 1-0048: [R] tID:2 mc:0 tc:0 lx:380 ly:1706 v:0000 cal:00 id(0,0) p:0 noise:0 lp:(0)
08-03 10:54:18.185     0     0 I pm7250b_charger: wdog_snarl_irq_handler: IRQ: wdog-snarl
08-03 10:54:18.192     0     0 E         : batt power supply prop 4 not supported
08-03 10:54:18.203     0     0 W healthd : battery l=82 v=4118 t=41.0 h=2 st=2 c=-180053 fc=4660000 cc=0 chg=a
08-03 10:54:18.442     0     0 I pm7250b_charger: SMBMMI: mmi_chrg_usb_vin_config: DP DM pulse count = 2
08-03 10:54:18.450     0     0 I pm7250b_charger: SMBMMI: mmi_basic_charge_sm: batt_mv = 4121, batt_ma 196, batt_soc 82, batt_temp 41, usb_mv 4406, dc_mv 0, cp 1, vp 1 dp 0
08-03 10:54:18.465     0     0 I pm7250b_charger: SMBMMI: mmi_basic_charge_sm: Step State = NORMAL, Temp Zone 3, Health 1
08-03 10:54:18.474     0     0 I pm7250b_charger: SMBMMI: mmi_basic_charge_sm: IMPOSED: FV = 4450000, CDIS = 0, FCC = 2000000, USBICL = 3000000
08-03 10:54:18.491     0     0 W healthd : battery l=82 v=4099 t=41.0 h=2 st=2 c=-529785 fc=4660000 cc=0 chg=a
08-03 10:54:18.506  2406  2995 D PowerUI : can't show warning due to - plugged: true status unknown: false
08-03 10:54:18.518     0     0 I sec_ts 1-0048: [P] tID:2 x:490 y:1761 z:36 major:10 minor:9 tc:1 type:0 noise:0
08-03 10:54:18.531     0     0 I aw8695_activate_store: value=1
08-03 10:54:18.538     0     0 I aw8695_vibrate: value=28, seq=1, index=1
08-03 10:54:18.583     0     0 I aw8695_activate_store: value=0
08-03 10:54:18.590     0     0 I aw8695_vibrate: value=0, seq=1, index=1
08-03 10:54:18.590     0     0 I sec_ts 1-0048: [R] tID:2 mc:0 tc:0 lx:490 ly:1761 v:0000 cal:00 id(0,0) p:0 noise:0 lp:(0)
08-03 10:54:19.372     0     0 I sec_ts 1-0048: [P] tID:0 x:817 y:1707 z:33 major:9 minor:8 tc:1 type:0 noise:0
08-03 10:54:19.385     0     0 I aw8695_activate_store: value=1
08-03 10:54:19.391     0     0 I aw8695_vibrate: value=28, seq=1, index=1
08-03 10:54:19.433     0     0 I sec_ts 1-0048: [R] tID:0 mc:6 tc:0 lx:811 ly:1718 v:0000 cal:00 id(0,0) p:0 noise:0 lp:(0)
08-03 10:54:19.444     0     0 I aw8695_activate_store: value=0
08-03 10:54:19.452     0     0 I aw8695_vibrate: value=0, seq=1, index=1
08-03 10:54:19.612     0     0 I sec_ts 1-0048: [P] tID:1 x:744 y:1974 z:41 major:11 minor:10 tc:1 type:0 noise:0
08-03 10:54:19.625     0     0 I aw8695_activate_store: value=1
08-03 10:54:19.636     0     0 I aw8695_vibrate: value=28, seq=1, index=1
08-03 10:54:19.678     0     0 I aw8695_activate_store: value=0
08-03 10:54:19.685     0     0 I aw8695_vibrate: value=0, seq=1, index=1
08-03 10:54:19.724     0     0 I sec_ts 1-0048: [R] tID:1 mc:3 tc:0 lx:741 ly:1976 v:0000 cal:00 id(0,0) p:0 noise:0 lp:(0)
08-03 10:54:19.768     0     0 W sdcardfs: 171 user.relatime: invalid format
08-03 10:54:20.855     0     0 I sec_ts 1-0048: [P] tID:1 x:582 y:1522 z:41 major:11 minor:10 tc:1 type:0 noise:0
08-03 10:54:20.907     0     0 I sec_ts 1-0048: [R] tID:1 mc:0 tc:0 lx:582 ly:1522 v:0000 cal:00 id(0,0) p:0 noise:0 lp:(0)
08-03 10:54:20.921     0     0 I aw8695_activate_store: value=1
08-03 10:54:20.930     0     0 I aw8695_vibrate: value=28, seq=1, index=1
08-03 10:54:20.976     0     0 I aw8695_activate_store: value=0
08-03 10:54:20.982     0     0 I aw8695_vibrate: value=0, seq=1, index=1
08-03 10:54:21.304     0     0 I sec_ts 1-0048: [P] tID:2 x:491 y:1733 z:38 major:10 minor:9 tc:1 type:0 noise:0
08-03 10:54:21.317     0     0 I aw8695_activate_store: value=1
08-03 10:54:21.323     0     0 I aw8695_vibrate: value=28, seq=1, index=1
08-03 10:54:21.366     0     0 I aw8695_activate_store: value=0
08-03 10:54:21.372     0     0 I aw8695_vibrate: value=0, seq=1, index=1
08-03 10:54:21.376     0     0 I sec_ts 1-0048: [R] tID:2 mc:1 tc:0 lx:490 ly:1734 v:0000 cal:00 id(0,0) p:0 noise:0 lp:(0)
08-03 10:54:21.678     0     0 I sec_ts 1-0048: [P] tID:1 x:914 y:1685 z:29 major:9 minor:7 tc:1 type:0 noise:0
08-03 10:54:21.691     0     0 I aw8695_activate_store: value=1
08-03 10:54:21.701     0     0 I aw8695_vibrate: value=28, seq=1, index=1
08-03 10:54:21.706     0     0 I sec_ts 1-0048: [R] tID:1 mc:4 tc:0 lx:907 ly:1691 v:0000 cal:00 id(0,0) p:0 noise:0 lp:(0)
08-03 10:54:21.762     0     0 I aw8695_activate_store: value=0
08-03 10:54:21.767     0     0 I aw8695_vibrate: value=0, seq=1, index=1
08-03 10:54:21.801     0     0 I pm7250b_charger: default_irq_handler: IRQ: input-current-limiting
08-03 10:54:21.801     0     0 I pm7250b_charger: default_irq_handler: IRQ: aicl-done
08-03 10:54:21.809     0     0 I pm7250b_charger: default_irq_handler: IRQ: input-current-limiting
08-03 10:54:22.209     0     0 I sec_ts 1-0048: [P] tID:0 x:627 y:2069 z:40 major:11 minor:9 tc:1 type:0 noise:0
08-03 10:54:22.222     0     0 I aw8695_activate_store: value=1
08-03 10:54:22.228     0     0 I aw8695_vibrate: value=28, seq=1, index=1
08-03 10:54:22.272     0     0 I aw8695_activate_store: value=0
08-03 10:54:22.278     0     0 I aw8695_vibrate: value=0, seq=1, index=1
08-03 10:54:22.303     0     0 I sec_ts 1-0048: [R] tID:0 mc:0 tc:0 lx:627 ly:2069 v:0000 cal:00 id(0,0) p:0 noise:0 lp:(0)
08-03 10:54:22.813     0     0 I pm7250b_charger: smblib_icl_change_work: icl_settled=450000
08-03 10:54:22.824     0     0 W healthd : battery l=82 v=4099 t=41.0 h=2 st=2 c=-443115 fc=4660000 cc=0 chg=a
08-03 10:54:23.241     0     0 I sec_ts 1-0048: [P] tID:1 x:490 y:1721 z:42 major:11 minor:10 tc:1 type:0 noise:0
08-03 10:54:23.256     0     0 I aw8695_activate_store: value=1
08-03 10:54:23.264     0     0 I aw8695_vibrate: value=28, seq=1, index=1
08-03 10:54:23.306     0     0 I aw8695_activate_store: value=0
08-03 10:54:23.312     0     0 I aw8695_vibrate: value=0, seq=1, index=1
08-03 10:54:23.313     0     0 I sec_ts 1-0048: [R] tID:1 mc:1 tc:0 lx:489 ly:1721 v:0000 cal:00 id(0,0) p:0 noise:0 lp:(0)
08-03 10:54:23.464     0     0 I sec_ts 1-0048: [P] tID:1 x:604 y:1792 z:38 major:9 minor:9 tc:1 type:0 noise:0
08-03 10:54:23.476     0     0 I aw8695_activate_store: value=1
08-03 10:54:23.485     0     0 I aw8695_vibrate: value=28, seq=1, index=1
08-03 10:54:23.515     0     0 I sec_ts 1-0048: [R] tID:1 mc:2 tc:0 lx:601 ly:1791 v:0000 cal:00 id(0,0) p:0 noise:0 lp:(0)
08-03 10:54:23.530     0     0 I aw8695_activate_store: value=0
08-03 10:54:23.537     0     0 I aw8695_vibrate: value=0, seq=1, index=1
08-03 10:54:23.568     0     0 I pm7250b_charger: SMBMMI: mmi_chrg_usb_vin_config: DP DM pulse count = 2
08-03 10:54:23.576     0     0 I pm7250b_charger: SMBMMI: mmi_basic_charge_sm: batt_mv = 4048, batt_ma 273, batt_soc 82, batt_temp 41, usb_mv 4469, dc_mv 0, cp 1, vp 1 dp 0
08-03 10:54:23.590     0     0 I pm7250b_charger: SMBMMI: mmi_basic_charge_sm: Step State = NORMAL, Temp Zone 3, Health 1
08-03 10:54:23.599     0     0 I pm7250b_charger: SMBMMI: mmi_basic_charge_sm: IMPOSED: FV = 4450000, CDIS = 0, FCC = 2000000, USBICL = 3000000
08-03 10:54:23.618     0     0 W healthd : battery l=82 v=4104 t=41.0 h=2 st=2 c=-463562 fc=4660000 cc=0 chg=a
08-03 10:54:23.631  2406  3186 D PowerUI : can't show warning due to - plugged: true status unknown: false
08-03 10:54:23.850     0     0 I sec_ts 1-0048: [P] tID:2 x:272 y:1725 z:37 major:10 minor:9 tc:1 type:0 noise:0
08-03 10:54:23.863     0     0 I aw8695_activate_store: value=1
08-03 10:54:23.870     0     0 I aw8695_vibrate: value=28, seq=1, index=1
08-03 10:54:23.916     0     0 I aw8695_activate_store: value=0
08-03 10:54:23.922     0     0 I sec_ts 1-0048: [R] tID:2 mc:0 tc:0 lx:272 ly:1725 v:0000 cal:00 id(0,0) p:0 noise:0 lp:(0)
08-03 10:54:23.932     0     0 I aw8695_vibrate: value=0, seq=1, index=1
08-03 10:54:24.948     0     0 W sdcardfs: 171 user.relatime: invalid format
08-03 10:54:26.276     0     0 W sdcardfs: 171 user.relatime: invalid format
08-03 10:54:26.370     0     0 I pm7250b_charger: wdog_snarl_irq_handler: IRQ: wdog-snarl
08-03 10:54:26.377     0     0 E         : batt power supply prop 4 not supported
08-03 10:54:26.389     0     0 W healthd : battery l=82 v=4123 t=41.0 h=2 st=2 c=-199890 fc=4660000 cc=0 chg=a
08-03 10:54:26.405  2406  3322 D PowerUI : can't show warning due to - plugged: true status unknown: false
08-03 10:54:27.452     0     0 I sec_ts 1-0048: [P] tID:3 x:666 y:931 z:45 major:10 minor:9 tc:1 type:0 noise:0
08-03 10:54:27.529     0     0 I sec_ts 1-0048: [R] tID:3 mc:2 tc:0 lx:664 ly:931 v:0000 cal:00 id(0,0) p:0 noise:0 lp:(0)
08-03 10:54:28.682     0     0 I pm7250b_charger: SMBMMI: mmi_chrg_usb_vin_config: DP DM pulse count = 2
08-03 10:54:28.685     0     0 I sec_ts 1-0048: [P] tID:2 x:689 y:2112 z:41 major:10 minor:10 tc:1 type:0 noise:0
08-03 10:54:28.691     0     0 I pm7250b_charger: SMBMMI: mmi_basic_charge_sm: batt_mv = 4105, batt_ma 237, batt_soc 82, batt_temp 41, usb_mv 4480, dc_mv 0, cp 1, vp 1 dp 0
08-03 10:54:28.714     0     0 I pm7250b_charger: SMBMMI: mmi_basic_charge_sm: Step State = NORMAL, Temp Zone 3, Health 1
08-03 10:54:28.720     0     0 I aw8695_activate_store: value=1
08-03 10:54:28.726     0     0 I pm7250b_charger: SMBMMI: mmi_basic_charge_sm: IMPOSED: FV = 4450000, CDIS = 0, FCC = 2000000, USBICL = 3000000
08-03 10:54:28.729     0     0 I aw8695_vibrate: value=28, seq=1, index=1
08-03 10:54:28.747     0     0 W healthd : battery l=82 v=4105 t=41.0 h=2 st=2 c=-237426 fc=4660000 cc=0 chg=a
08-03 10:54:28.762  2406  3046 D PowerUI : can't show warning due to - plugged: true status unknown: false
08-03 10:54:28.779     0     0 I sec_ts 1-0048: [R] tID:2 mc:3 tc:0 lx:684 ly:2110 v:0000 cal:00 id(0,0) p:0 noise:0 lp:(0)
08-03 10:54:28.786     0     0 I aw8695_activate_store: value=0
08-03 10:54:28.800     0     0 I aw8695_vibrate: value=0, seq=1, index=1
08-03 10:54:29.181     0     0 I sec_ts 1-0048: [P] tID:2 x:119 y:1875 z:49 major:13 minor:6 tc:1 type:0 noise:0
08-03 10:54:29.195     0     0 I aw8695_activate_store: value=1
08-03 10:54:29.202     0     0 I aw8695_vibrate: value=28, seq=1, index=1
08-03 10:54:29.203     0     0 I sec_ts 1-0048: [R] tID:2 mc:0 tc:0 lx:119 ly:1875 v:0000 cal:00 id(0,0) p:0 noise:0 lp:(0)
08-03 10:54:29.258     0     0 I aw8695_activate_store: value=0
08-03 10:54:29.264     0     0 I aw8695_vibrate: value=0, seq=1, index=1
08-03 10:54:29.616     0     0 I sec_ts 1-0048: [P] tID:1 x:748 y:2033 z:40 major:10 minor:10 tc:1 type:0 noise:0
08-03 10:54:29.629     0     0 I aw8695_activate_store: value=1
08-03 10:54:29.640     0     0 I aw8695_vibrate: value=28, seq=1, index=1
08-03 10:54:29.676     0     0 I sec_ts 1-0048: [R] tID:1 mc:3 tc:0 lx:745 ly:2032 v:0000 cal:00 id(0,0) p:0 noise:0 lp:(0)
08-03 10:54:29.687     0     0 I aw8695_activate_store: value=0
08-03 10:54:29.693     0     0 I aw8695_vibrate: value=0, seq=1, index=1
08-03 10:54:29.912     0     0 I sec_ts 1-0048: [P] tID:3 x:322 y:1853 z:41 major:10 minor:10 tc:1 type:0 noise:0
08-03 10:54:29.925     0     0 I aw8695_activate_store: value=1
08-03 10:54:29.931     0     0 I aw8695_vibrate: value=28, seq=1, index=1
08-03 10:54:29.957     0     0 I sec_ts 1-0048: [R] tID:3 mc:0 tc:0 lx:322 ly:1853 v:0000 cal:00 id(0,0) p:0 noise:0 lp:(0)
08-03 10:54:29.975     0     0 I aw8695_activate_store: value=0
08-03 10:54:29.984     0     0 I aw8695_vibrate: value=0, seq=1, index=1
08-03 10:54:30.330     0     0 W sdcardfs: 171 user.relatime: invalid format
08-03 10:54:30.493     0     0 I sec_ts 1-0048: [P] tID:0 x:556 y:2104 z:40 major:11 minor:10 tc:1 type:0 noise:0
08-03 10:54:30.506     0     0 I aw8695_activate_store: value=1
08-03 10:54:30.511     0     0 I aw8695_vibrate: value=28, seq=1, index=1
08-03 10:54:30.555     0     0 I aw8695_activate_store: value=0
08-03 10:54:30.561     0     0 I aw8695_vibrate: value=0, seq=1, index=1
08-03 10:54:30.588     0     0 I sec_ts 1-0048: [R] tID:0 mc:0 tc:0 lx:556 ly:2104 v:0000 cal:00 id(0,0) p:0 noise:0 lp:(0)
08-03 10:54:31.910     0     0 I sec_ts 1-0048: [P] tID:1 x:167 y:1718 z:62 major:16 minor:9 tc:1 type:0 noise:0
08-03 10:54:31.923     0     0 I aw8695_activate_store: value=1
08-03 10:54:31.929     0     0 I aw8695_vibrate: value=28, seq=1, index=1
08-03 10:54:31.949     0     0 I sec_ts 1-0048: [R] tID:1 mc:0 tc:0 lx:167 ly:1718 v:0000 cal:00 id(0,0) p:0 noise:0 lp:(0)
08-03 10:54:31.957     0     0 W sdcardfs: 171 user.relatime: invalid format
08-03 10:54:31.972     0     0 I aw8695_activate_store: value=0
08-03 10:54:31.981     0     0 I aw8695_vibrate: value=0, seq=1, index=1
08-03 10:54:32.264     0     0 I pm7250b_charger: wdog_bark_irq_handler: IRQ: wdog-bark
08-03 10:54:32.293     0     0 I sec_ts 1-0048: [P] tID:2 x:620 y:1838 z:38 major:10 minor:10 tc:1 type:0 noise:0
08-03 10:54:32.306     0     0 I aw8695_activate_store: value=1
08-03 10:54:32.314     0     0 I aw8695_vibrate: value=28, seq=1, index=1
08-03 10:54:32.359     0     0 I aw8695_activate_store: value=0
08-03 10:54:32.366     0     0 I aw8695_vibrate: value=0, seq=1, index=1
08-03 10:54:32.377     0     0 I sec_ts 1-0048: [R] tID:2 mc:3 tc:0 lx:612 ly:1839 v:0000 cal:00 id(0,0) p:0 noise:0 lp:(0)
08-03 10:54:32.680     0     0 I sec_ts 1-0048: [P] tID:2 x:118 y:1861 z:40 major:11 minor:8 tc:1 type:0 noise:0
08-03 10:54:32.693     0     0 I aw8695_activate_store: value=1
08-03 10:54:32.699     0     0 I aw8695_vibrate: value=28, seq=1, index=1
08-03 10:54:32.742     0     0 I aw8695_activate_store: value=0
08-03 10:54:32.748     0     0 I aw8695_vibrate: value=0, seq=1, index=1
08-03 10:54:32.752     0     0 I sec_ts 1-0048: [R] tID:2 mc:2 tc:0 lx:118 ly:1859 v:0000 cal:00 id(0,0) p:0 noise:0 lp:(0)
08-03 10:54:33.021     0     0 I sec_ts 1-0048: [P] tID:0 x:512 y:1703 z:35 major:10 minor:9 tc:1 type:0 noise:0
08-03 10:54:33.035     0     0 I aw8695_activate_store: value=1
08-03 10:54:33.043     0     0 I aw8695_vibrate: value=28, seq=1, index=1
08-03 10:54:33.085     0     0 I aw8695_activate_store: value=0
08-03 10:54:33.092     0     0 I aw8695_vibrate: value=0, seq=1, index=1
08-03 10:54:33.108     0     0 I sec_ts 1-0048: [R] tID:0 mc:0 tc:0 lx:512 ly:1703 v:0000 cal:00 id(0,0) p:0 noise:0 lp:(0)
08-03 10:54:33.469     0     0 W sdcardfs: 171 user.relatime: invalid format
08-03 10:54:33.611     0     0 I sec_ts 1-0048: [P] tID:2 x:278 y:1453 z:44 major:11 minor:9 tc:1 type:0 noise:0
08-03 10:54:33.691     0     0 I sec_ts 1-0048: [R] tID:2 mc:0 tc:0 lx:278 ly:1453 v:0000 cal:00 id(0,0) p:0 noise:0 lp:(0)
08-03 10:54:33.704     0     0 I aw8695_activate_store: value=1
08-03 10:54:33.711     0     0 I aw8695_vibrate: value=28, seq=1, index=1
08-03 10:54:33.755     0     0 I aw8695_activate_store: value=0
