08-03 11:00:08.607  3605 13092 W avast.cleaner: DeviceStorageManager.getDirectorySize() - list dir failed: /storage/emulated/0/Android/data/com.nll.helper/cache
08-03 11:00:08.603     0     0 W sdcardfs: 171 user.relatime: invalid format
08-03 11:00:08.616  3605 13091 W PackageParser: Ignoring duplicate uses-permissions/uses-permissions-sdk-m: android.permission.WAKE_LOCK in package: com.microsoft.appmanager at: Binary XML file line #83
08-03 11:00:08.616  3605 13091 W PackageParser: Ignoring duplicate uses-permissions/uses-permissions-sdk-m: android.permission.SYSTEM_ALERT_WINDOW in package: com.microsoft.appmanager at: Binary XML file line #85
08-03 11:00:08.616  3605 13091 W PackageParser: Unknown element under <manifest>: queries at /storage/emulated/0/Download/Link to Windows_1.23052.181.0_Apkpure.apk Binary XML file line #89
08-03 11:00:08.630     0     0 W sdcardfs: 171 user.relatime: invalid format
08-03 11:00:08.649     0     0 W sdcardfs: 171 user.relatime: invalid format
08-03 11:00:08.660  3605 13091 W PackageParser: Unknown element under <manifest>: queries at /storage/emulated/0/Download/ACR Phone_0.228-playStore-NoAccessibility-arm8_Apkpure.apk Binary XML file line #11
08-03 11:00:08.675  3605 13092 W avast.cleaner: DeviceStorageManager.getDirectorySize() - list dir failed: /storage/emulated/0/Android/data/blake.hamilton.bitsharktrial/files
08-03 11:00:08.673     0     0 W sdcardfs: 171 user.relatime: invalid format
08-03 11:00:08.683     0     0 W sdcardfs: 171 user.relatime: invalid format
08-03 11:00:08.693  3605 13091 W PackageParser: Unknown element under <manifest>: queries at /storage/emulated/0/Download/Cash Giraffe - Play and earn_4.8.5-CashGiraffe_Apkpure.apk Binary XML file line #27
08-03 11:00:08.695  3605 13091 W PackageParser: Unknown element under <application>: enable-feature at /storage/emulated/0/Download/Cash Giraffe - Play and earn_4.8.5-CashGiraffe_Apkpure.apk Binary XML file line #303
08-03 11:00:08.701     0     0 W sdcardfs: 171 user.relatime: invalid format
08-03 11:00:08.714  3605 13092 W avast.cleaner: DeviceStorageManager.getDirectorySize() - list dir failed: /storage/emulated/0/Android/data/com.AvailTec.PalmTran/files
08-03 11:00:08.719     0     0 W sdcardfs: 171 user.relatime: invalid format
08-03 11:00:08.738  3605 13091 W PackageParser: Unknown element under <manifest>: queries at /storage/emulated/0/Download/Brave Private Web Browser_v1.50.121_APKPure_Installer.apk Binary XML file line #21
08-03 11:00:08.738  3605 13091 W PackageParser: Ignoring duplicate uses-permissions/uses-permissions-sdk-m: android.permission.INTERNET in package: com.apkpure.aegon at: Binary XML file line #35
08-03 11:00:08.738  3605 13091 W PackageParser: Ignoring duplicate uses-permissions/uses-permissions-sdk-m: android.permission.ACCESS_NETWORK_STATE in package: com.apkpure.aegon at: Binary XML file line #36
08-03 11:00:08.738  3605 13091 W PackageParser: Ignoring duplicate uses-permissions/uses-permissions-sdk-m: android.permission.WRITE_EXTERNAL_STORAGE in package: com.apkpure.aegon at: Binary XML file line #37
08-03 11:00:08.738  3605 13091 W PackageParser: Ignoring duplicate uses-permissions/uses-permissions-sdk-m: android.permission.READ_PHONE_STATE in package: com.apkpure.aegon at: Binary XML file line #38
08-03 11:00:08.738  3605 13091 W PackageParser: Ignoring duplicate uses-permissions/uses-permissions-sdk-m: android.permission.READ_PHONE_STATE in package: com.apkpure.aegon at: Binary XML file line #39
08-03 11:00:08.738  3605 13091 W PackageParser: Ignoring duplicate uses-permissions/uses-permissions-sdk-m: android.permission.GET_PACKAGE_SIZE in package: com.apkpure.aegon at: Binary XML file line #40
08-03 11:00:08.738  3605 13091 W PackageParser: Ignoring duplicate uses-permissions/uses-permissions-sdk-m: android.permission.READ_PHONE_STATE in package: com.apkpure.aegon at: Binary XML file line #41
08-03 11:00:08.739  3605 13091 W PackageParser: Unknown element under <manifest>: queries at /storage/emulated/0/Download/Brave Private Web Browser_v1.50.121_APKPure_Installer.apk Binary XML file line #93
08-03 11:00:08.758  3605 13092 W avast.cleaner: DeviceStorageManager.getDirectorySize() - list dir failed: /storage/emulated/0/Android/data/com.adobe.psmobile/cache
08-03 11:00:08.753     0     0 W sdcardfs: 171 user.relatime: invalid format
08-03 11:00:08.762     0     0 W sdcardfs: 171 user.relatime: invalid format
08-03 11:00:08.774  3605 13091 W PackageParser: Unknown element under <manifest>: queries at /storage/emulated/0/Download/iceraven-1.21.2-browser-arm64-v8a-forkRelease.apk Binary XML file line #44
08-03 11:00:08.784     0     0 W sdcardfs: 171 user.relatime: invalid format
08-03 11:00:08.795     0     0 W sdcardfs: 171 user.relatime: invalid format
08-03 11:00:08.807  3605 13091 W PackageParser: Unknown element under <manifest>: queries at /storage/emulated/0/Download/ACR Phone_0.300-playStore-NoAccessibility-arm8_Apkpure.apk Binary XML file line #11
08-03 11:00:08.820     0     0 W sdcardfs: 171 user.relatime: invalid format
08-03 11:00:08.832  3605 13092 W avast.cleaner: DeviceStorageManager.getDirectorySize() - list dir failed: /storage/emulated/0/Android/data/com.apkpure.installer/cache
08-03 11:00:08.833  3605 13092 W avast.cleaner: DeviceStorageManager.getDirectorySize() - list dir failed: /storage/emulated/0/Android/data/com.apkpure.installer/files
08-03 11:00:08.838     0     0 W sdcardfs: 171 user.relatime: invalid format
08-03 11:00:08.856  3605 13091 W PackageParser: Unknown element under <manifest>: queries at /storage/emulated/0/Download/Brave Private Web Browser_v1.50.121_APKPure_Installer(1).apk Binary XML file line #21
08-03 11:00:08.856  3605 13091 W PackageParser: Ignoring duplicate uses-permissions/uses-permissions-sdk-m: android.permission.INTERNET in package: com.apkpure.aegon at: Binary XML file line #35
08-03 11:00:08.856  3605 13091 W PackageParser: Ignoring duplicate uses-permissions/uses-permissions-sdk-m: android.permission.ACCESS_NETWORK_STATE in package: com.apkpure.aegon at: Binary XML file line #36
08-03 11:00:08.857  3605 13091 W PackageParser: Ignoring duplicate uses-permissions/uses-permissions-sdk-m: android.permission.WRITE_EXTERNAL_STORAGE in package: com.apkpure.aegon at: Binary XML file line #37
08-03 11:00:08.857  3605 13091 W PackageParser: Ignoring duplicate uses-permissions/uses-permissions-sdk-m: android.permission.READ_PHONE_STATE in package: com.apkpure.aegon at: Binary XML file line #38
08-03 11:00:08.857  3605 13091 W PackageParser: Ignoring duplicate uses-permissions/uses-permissions-sdk-m: android.permission.READ_PHONE_STATE in package: com.apkpure.aegon at: Binary XML file line #39
08-03 11:00:08.857  3605 13091 W PackageParser: Ignoring duplicate uses-permissions/uses-permissions-sdk-m: android.permission.GET_PACKAGE_SIZE in package: com.apkpure.aegon at: Binary XML file line #40
08-03 11:00:08.857  3605 13091 W PackageParser: Ignoring duplicate uses-permissions/uses-permissions-sdk-m: android.permission.READ_PHONE_STATE in package: com.apkpure.aegon at: Binary XML file line #41
08-03 11:00:08.857  3605 13091 W PackageParser: Unknown element under <manifest>: queries at /storage/emulated/0/Download/Brave Private Web Browser_v1.50.121_APKPure_Installer(1).apk Binary XML file line #93
08-03 11:00:08.872  3605 13092 W avast.cleaner: DeviceStorageManager.getDirectorySize() - list dir failed: /storage/emulated/0/Android/data/com.aurora.store/files
08-03 11:00:08.927  3605 13092 W avast.cleaner: DeviceStorageManager.getDirectorySize() - list dir failed: /storage/emulated/0/Android/data/com.buffalolarity.buftakuSubtitleUtility/cache
08-03 11:00:08.927  3605 13092 W avast.cleaner: DeviceStorageManager.getDirectorySize() - list dir failed: /storage/emulated/0/Android/data/com.buffalolarity.buftakuSubtitleUtility/files
08-03 11:00:09.084  3605 13092 W avast.cleaner: DeviceStorageManager.getDirectorySize() - list dir failed: /storage/emulated/0/Android/data/com.dataviz.docstogo/files
08-03 11:00:09.123  3605 13092 W avast.cleaner: DeviceStorageManager.getDirectorySize() - list dir failed: /storage/emulated/0/Android/data/com.discord/files
08-03 11:00:09.251  3605 13092 W avast.cleaner: DeviceStorageManager.getDirectorySize() - list dir failed: /storage/emulated/0/Android/data/com.espn.score_center/files
08-03 11:00:09.273  3605 13092 W avast.cleaner: DeviceStorageManager.getDirectorySize() - list dir failed: /storage/emulated/0/Android/data/com.gamecircus.PrizeClaw/cache
08-03 11:00:09.274  3605 13092 W avast.cleaner: DeviceStorageManager.getDirectorySize() - list dir failed: /storage/emulated/0/Android/data/com.gamecircus.PrizeClaw/files
08-03 11:00:09.274  3605 13092 W avast.cleaner: DeviceStorageManager.getDirectorySize() - list dir failed: /storage/emulated/0/Android/obb/com.gamecircus.PrizeClaw
08-03 11:00:09.438  3605 13092 W avast.cleaner: DeviceStorageManager.getDirectorySize() - list dir failed: /storage/emulated/0/Android/data/com.jrummy.apps.boot.animations/cache
08-03 11:00:09.439  3605 13092 W avast.cleaner: DeviceStorageManager.getDirectorySize() - list dir failed: /storage/emulated/0/Android/data/com.jrummy.apps.boot.animations/files
08-03 11:00:09.476  3605 13092 W avast.cleaner: DeviceStorageManager.getDirectorySize() - list dir failed: /storage/emulated/0/Android/data/com.jrummy.busybox.installer/cache
08-03 11:00:09.477  3605 13092 W avast.cleaner: DeviceStorageManager.getDirectorySize() - list dir failed: /storage/emulated/0/Android/data/com.jrummy.busybox.installer/files
08-03 11:00:09.544  3605 13092 W avast.cleaner: DeviceStorageManager.getDirectorySize() - list dir failed: /storage/emulated/0/Android/data/com.lmsa.lmsaappclient/files
08-03 11:00:09.558  3605 13092 W avast.cleaner: DeviceStorageManager.getDirectorySize() - list dir failed: /storage/emulated/0/Android/data/com.lonelycatgames.Xplore/cache
08-03 11:00:09.559  3605 13092 W avast.cleaner: DeviceStorageManager.getDirectorySize() - list dir failed: /storage/emulated/0/Android/data/com.lonelycatgames.Xplore/files
08-03 11:00:09.585  3605 13092 W avast.cleaner: DeviceStorageManager.getDirectorySize() - list dir failed: /storage/emulated/0/Android/data/com.microsoft.appmanager/cache
08-03 11:00:09.586  3605 13092 W avast.cleaner: DeviceStorageManager.getDirectorySize() - list dir failed: /storage/emulated/0/Android/data/com.microsoft.appmanager/files
08-03 11:00:09.610  4919  4926 E ocessService0:0: failed to create Unix domain socket: Operation not permitted
08-03 11:00:09.645  3605 13092 W avast.cleaner: DeviceStorageManager.getDirectorySize() - list dir failed: /storage/emulated/0/Android/data/com.mobilityware.spider/cache
08-03 11:00:09.645  3605 13092 W avast.cleaner: DeviceStorageManager.getDirectorySize() - list dir failed: /storage/emulated/0/Android/data/com.mobilityware.spider/files
08-03 11:00:09.645  3605 13092 W avast.cleaner: DeviceStorageManager.getDirectorySize() - list dir failed: /storage/emulated/0/Android/obb/com.mobilityware.spider
08-03 11:00:09.651     0     0 W sdcardfs: 171 user.relatime: invalid format
08-03 11:00:09.670  3605 13092 W avast.cleaner: DeviceStorageManager.getDirectorySize() - list dir failed: /storage/emulated/0/Android/data/com.mobirix.dart/cache
08-03 11:00:09.671  3605 13092 W avast.cleaner: DeviceStorageManager.getDirectorySize() - list dir failed: /storage/emulated/0/Android/data/com.mobirix.dart/files
08-03 11:00:09.672  3605 13092 W avast.cleaner: DeviceStorageManager.getDirectorySize() - list dir failed: /storage/emulated/0/Android/obb/com.mobirix.dart
08-03 11:00:09.690     0     0 W sdcardfs: 171 user.relatime: invalid format
08-03 11:00:09.704  3605 13092 W avast.cleaner: DeviceStorageManager.getDirectorySize() - list dir failed: /storage/emulated/0/Android/data/com.nll.cb/cache
08-03 11:00:09.704  3605 13092 W avast.cleaner: DeviceStorageManager.getDirectorySize() - list dir failed: /storage/emulated/0/Android/data/com.nll.cb/files
08-03 11:00:09.751  3605 13092 W avast.cleaner: DeviceStorageManager.getDirectorySize() - list dir failed: /storage/emulated/0/Android/data/com.pextor.batterychargeralarm/files
08-03 11:00:09.779     0     0 I timerfd_poll: comm:hvdcp_opti pid:2227 exp:4691019
08-03 11:00:09.838  3605 13092 W avast.cleaner: DeviceStorageManager.getDirectorySize() - list dir failed: /storage/emulated/0/Android/data/com.socialnmobile.dictapps.notepad.color.note/cache
08-03 11:00:09.839  3605 13092 W avast.cleaner: DeviceStorageManager.getDirectorySize() - list dir failed: /storage/emulated/0/Android/data/com.socialnmobile.dictapps.notepad.color.note/files
08-03 11:00:10.011  3605 13091 D OpenCV/StaticHelper: Trying to get library list
08-03 11:00:10.016  3605 13091 E OpenCV/StaticHelper: OpenCV error: Cannot load info library for OpenCV
08-03 11:00:10.016  3605 13091 D OpenCV/StaticHelper: Library list: ""
08-03 11:00:10.016  3605 13091 D OpenCV/StaticHelper: First attempt to load libs
08-03 11:00:10.016  3605 13091 D OpenCV/StaticHelper: Trying to init OpenCV libs
08-03 11:00:10.016  3605 13091 D OpenCV/StaticHelper: Trying to load library opencv_java4
08-03 11:00:10.032  3605 13091 D OpenCV/StaticHelper: Library opencv_java4 loaded
08-03 11:00:10.032  3605 13091 D OpenCV/StaticHelper: First attempt to load libs is OK
08-03 11:00:10.032  3605 13091 I OpenCV/StaticHelper: 
08-03 11:00:10.032  3605 13091 I OpenCV/StaticHelper: General configuration for OpenCV 4.1.0 =====================================
08-03 11:00:10.032  3605 13091 I OpenCV/StaticHelper:   Version control:               4.1.0-dirty
08-03 11:00:10.032  3605 13091 I OpenCV/StaticHelper: 
08-03 11:00:10.032  3605 13091 I OpenCV/StaticHelper:   Platform:
08-03 11:00:10.033  3605 13091 I OpenCV/StaticHelper:     Timestamp:                   2019-06-21T08:05:41Z
08-03 11:00:10.033  3605 13091 I OpenCV/StaticHelper:     Host:                        Windows 10.0.17763 AMD64
08-03 11:00:10.033  3605 13091 I OpenCV/StaticHelper:     Target:                      Android 1 aarch64
08-03 11:00:10.033  3605 13091 I OpenCV/StaticHelper:     CMake:                       3.14.5
08-03 11:00:10.033  3605 13091 I OpenCV/StaticHelper:     CMake generator:             Ninja
08-03 11:00:10.033  3605 13091 I OpenCV/StaticHelper:     CMake build tool:            C:/Programs/ninja/ninja.exe
08-03 11:00:10.033  3605 13091 I OpenCV/StaticHelper:     Configuration:               Release
08-03 11:00:10.033  3605 13091 I OpenCV/StaticHelper: 
08-03 11:00:10.033  3605 13091 I OpenCV/StaticHelper:   CPU/HW features:
08-03 11:00:10.033  3605 13091 I OpenCV/StaticHelper:     Baseline:                    NEON FP16
08-03 11:00:10.033  3605 13091 I OpenCV/StaticHelper: 
08-03 11:00:10.033  3605 13091 I OpenCV/StaticHelper:   C/C++:
08-03 11:00:10.033  3605 13091 I OpenCV/StaticHelper:     Built as dynamic libs?:      NO
08-03 11:00:10.033  3605 13091 I OpenCV/StaticHelper:     C++ Compiler:                C:/temp/android-ndk-r18b/toolchains/llvm/prebuilt/windows-x86_64/bin/clang++.exe  (ver 7.0)
08-03 11:00:10.033  3605 13091 I OpenCV/StaticHelper:     C++ flags (Release):         -isystem C:/temp/android-ndk-r18b/sysroot/usr/include/aarch64-linux-android -DANDROID -ffunction-sections -funwind-tables -fstack-protector-strong -no-canonical-prefixes -Wa,--noexecstack -Wformat -Werror=format-security -std=c++11    -fsigned-char -W -Wall -Werror=return-type -Werror=non-virtual-dtor -Werror=address -Werror=sequence-point -Wformat -Werror=format-security -Wmissing-declarations -Wmissing-prototypes -Wstrict-prototypes -Wundef -Winit-self -Wpointer-arith -Wshadow -Wsign-promo -Wuninitialized -Winit-self -Winconsistent-missing-override -Wno-delete-non-virtual-dtor -Wno-unnamed-type-template-args -Wno-comment -fdiagnostics-show-option -Qunused-arguments    -fvisibility=hidden -fvisibility-inlines-hidden  -O2 -DNDEBUG   -DNDEBUG
08-03 11:00:10.033  3605 13091 I OpenCV/StaticHelper:     C++ flags (Debug):           -isystem C:/temp/android-ndk-r18b/sysroot/usr/include/aarch64-linux-android -DANDROID -ffunction-sections -funwind-tables -fstack-protector-strong -no-canonical-prefixes -Wa,--noexecstack -Wformat -Werror=format-security -std=c++11    -fsigned-char -W -Wall -Werror=return-type -Werror=non-virtual-dtor -Werror=address -Werror=sequence-point -Wformat -Werror=format-security -Wmissing-declarations -Wmissing-prototypes -Wstrict-prototypes -Wundef -Winit-self -Wpointer-arith -Wshadow -Wsign-promo -Wuninitialized -Winit-self -Winconsistent-missing-override -Wno-delete-non-virtual-dtor -Wno-unnamed-type-template-args -Wno-comment -fdiagnostics-show-option -Qunused-arguments    -fvisibility=hidden -fvisibility-inlines-hidden  -O0 -fno-limit-debug-info   -DDEBUG -D_DEBUG -g
08-03 11:00:10.033  3605 13091 I OpenCV/StaticHelper:     C Compiler:                  C:/temp/android-ndk-r18b/toolchains/llvm/prebuilt/windows-x86_64/bin/clang.exe
08-03 11:00:10.033  3605 13091 I OpenCV/StaticHelper:     C flags (Release):           -isystem C:/temp/android-ndk-r18b/sysroot/usr/include/aarch64-linux-android -DANDROID -ffunction-sections -funwind-tables -fstack-protector-strong -no-canonical-prefixes -Wa,--noexecstack -Wformat -Werror=format-security    -fsigned-char -W -Wall -Werror=return-type -Werror=non-virtual-dtor -Werror=address -Werror=sequence-point -Wformat -Werror=format-security -Wmissing-declarations -Wmissing-prototypes -Wstrict-prototypes -Wundef -Winit-self -Wpointer-arith -Wshadow -Wsign-promo -Wuninitialized -Winit-self -Winconsistent-missing-override -Wno-delete-non-virtual-dtor -Wno-unnamed-type-template-args -Wno-comment -fdiagnostics-show-option -Qunused-arguments    -fvisibility=hidden -fvisibility-inlines-hidden  -O2 -DNDEBUG   -DNDEBUG
08-03 11:00:10.033  3605 13091 I OpenCV/StaticHelper:     C flags (Debug):             -isystem C:/temp/android-ndk-r18b/sysroot/usr/include/aarch64-linux-android -DANDROID -ffunction-sections -funwind-tables -fstack-protector-strong -no-canonical-prefixes -Wa,--noexecstack -Wformat -Werror=format-security    -fsigned-char -W -Wall -Werror=return-type -Werror=non-virtual-dtor -Werror=address -Werror=sequence-point -Wformat -Werror=format-security -Wmissing-declarations -Wmissing-prototypes -Wstrict-prototypes -Wundef -Winit-self -Wpointer-arith -Wshadow -Wsign-promo -Wuninitialized -Winit-self -Winconsistent-missing-override -Wno-delete-non-virtual-dtor -Wno-unnamed-type-template-args -Wno-comment -fdiagnostics-show-option -Qunused-arguments    -fvisibility=hidden -fvisibility-inlines-hidden  -O0 -fno-limit-debug-info   -DDEBUG -D_DEBUG -g
08-03 11:00:10.033  3605 13091 I OpenCV/StaticHelper:     Linker flags (Release):      -Wl,--exclude-libs,libgcc.a -Wl,--exclude-libs,libatomic.a -nostdlib++ --sysroot C:/temp/android-ndk-r18b/platforms/android-21/arch-arm64 -Wl,--build-id -Wl,--warn-shared-textrel -Wl,--fatal-warnings -LC:/temp/android-ndk-r18b/sources/cxx-stl/llvm-libc++/libs/arm64-v8a -Wl,--no-undefined -Wl,-z,noexecstack -Qunused-arguments -Wl,-z,relro -Wl,-z,now    
08-03 11:00:10.033  3605 13091 I OpenCV/StaticHelper:     Linker flags (Debug):        -Wl,--exclude-libs,libgcc.a -Wl,--exclude-libs,libatomic.a -nostdlib++ --sysroot C:/temp/android-ndk-r18b/platforms/android-21/arch-arm64 -Wl,--build-id -Wl,--warn-shared-textrel -Wl,--fatal-warnings -LC:/temp/android-ndk-r18b/sources/cxx-stl/llvm-libc++/libs/arm64-v8a -Wl,--no-undefined -Wl,-z,noexecstack -Qunused-arguments -Wl,-z,relro -Wl,-z,now    
08-03 11:00:10.033  3605 13091 I OpenCV/StaticHelper:     ccache:                      NO
08-03 11:00:10.033  3605 13091 I OpenCV/StaticHelper:     Precompiled headers:         NO
08-03 11:00:10.033  3605 13091 I OpenCV/StaticHelper:     Extra dependencies:          z dl m log
08-03 11:00:10.033  3605 13091 I OpenCV/StaticHelper:     3rdparty dependencies:       tbb libcpufeatures libjpeg-turbo libjasper IlmImf tegra_hal quirc
08-03 11:00:10.033  3605 13091 I OpenCV/StaticHelper: 
08-03 11:00:10.033  3605 13091 I OpenCV/StaticHelper:   OpenCV modules:
08-03 11:00:10.033  3605 13091 I OpenCV/StaticHelper:     To be built:                 calib3d core features2d flann imgcodecs imgproc java objdetect
08-03 11:00:10.033  3605 13091 I OpenCV/StaticHelper:     Disabled:                    dnn highgui ml photo stitching video videoio world
08-03 11:00:10.033  3605 13091 I OpenCV/StaticHelper:     Disabled by dependency:      -
08-03 11:00:10.033  3605 13091 I OpenCV/StaticHelper:     Unavailable:                 gapi js python2 python3 ts
08-03 11:00:10.033  3605 13091 I OpenCV/StaticHelper:     Applications:                -
08-03 11:00:10.033  3605 13091 I OpenCV/StaticHelper:     Documentation:               NO
08-03 11:00:10.033  3605 13091 I OpenCV/StaticHelper:     Non-free algorithms:         NO
08-03 11:00:10.033  3605 13091 I OpenCV/StaticHelper: 
08-03 11:00:10.033  3605 13091 I OpenCV/StaticHelper:   Android NDK:                   C:/temp/android-ndk-r18b (ver 18.1.5063045)
08-03 11:00:10.033  3605 13091 I OpenCV/StaticHelper:     Android ABI:                 arm64-v8a
08-03 11:00:10.033  3605 13091 I OpenCV/StaticHelper:     NDK toolchain:               aarch64-linux-android-clang
08-03 11:00:10.033  3605 13091 I OpenCV/StaticHelper:     STL type:                    c++_static
08-03 11:00:10.033  3605 13091 I OpenCV/StaticHelper:     Native API level:            21
08-03 11:00:10.033  3605 13091 I OpenCV/StaticHelper:   Android SDK:                   c:/Users/vitinger/AppData/Local/Android/Sdk (tools: 26.1.1 build tools: 28.0.3)
08-03 11:00:10.033  3605 13091 I OpenCV/StaticHelper: 
08-03 11:00:10.033  3605 13091 I OpenCV/StaticHelper:   GUI: 
08-03 11:00:10.033  3605 13091 I OpenCV/StaticHelper: 
08-03 11:00:10.033  3605 13091 I OpenCV/StaticHelper:   Media I/O: 
08-03 11:00:10.033  3605 13091 I OpenCV/StaticHelper:     ZLib:                        z (ver 1.2.7)
08-03 11:00:10.033  3605 13091 I OpenCV/StaticHelper:     JPEG:                        build-libjpeg-turbo (ver 2.0.2-62)
08-03 11:00:10.033  3605 13091 I OpenCV/StaticHelper:     JPEG 2000:                   build (ver 1.900.1)
08-03 11:00:10.033  3605 13091 I OpenCV/StaticHelper:     OpenEXR:                     build (ver 1.7.1)
08-03 11:00:10.034  3605 13091 I OpenCV/StaticHelper:     HDR:                         YES
08-03 11:00:10.034  3605 13091 I OpenCV/StaticHelper:     SUNRASTER:                   YES
08-03 11:00:10.034  3605 13091 I OpenCV/StaticHelper:     PXM:                         YES
08-03 11:00:10.034  3605 13091 I OpenCV/StaticHelper:     PFM:                         YES
08-03 11:00:10.034  3605 13091 I OpenCV/StaticHelper: 
08-03 11:00:10.034  3605 13091 I OpenCV/StaticHelper:   Video I/O:
08-03 11:00:10.034  3605 13091 I OpenCV/StaticHelper: 
08-03 11:00:10.034  3605 13091 I OpenCV/StaticHelper:   Parallel framework:            TBB (ver 2018.0 interface 10001)
08-03 11:00:10.034  3605 13091 I OpenCV/StaticHelper: 
08-03 11:00:10.034  3605 13091 I OpenCV/StaticHelper:   Trace:                         YES (built-in)
08-03 11:00:10.034  3605 13091 I OpenCV/StaticHelper: 
08-03 11:00:10.034  3605 13091 I OpenCV/StaticHelper:   Other third-party libraries:
08-03 11:00:10.034  3605 13091 I OpenCV/StaticHelper:     Custom HAL:                  YES (carotene (ver 0.0.1))
08-03 11:00:10.034  3605 13091 I OpenCV/StaticHelper:     Protobuf:                    build (3.5.1)
08-03 11:00:10.034  3605 13091 I OpenCV/StaticHelper: 
08-03 11:00:10.034  3605 13091 I OpenCV/StaticHelper:   Python (for build):            C:/Python27/python.exe
08-03 11:00:10.034  3605 13091 I OpenCV/StaticHelper: 
08-03 11:00:10.034  3605 13091 I OpenCV/StaticHelper:   Java:                          
08-03 11:00:10.034  3605 13091 I OpenCV/StaticHelper:     ant:                         NO
08-03 11:00:10.034  3605 13091 I OpenCV/StaticHelper:     Java wrappers:               YES
08-03 11:00:10.034  3605 13091 I OpenCV/StaticHelper:     Java tests:                  NO
08-03 11:00:10.034  3605 13091 I OpenCV/StaticHelper: 
08-03 11:00:10.034  3605 13091 I OpenCV/StaticHelper:   Install to:                    C:/Avast/projects/opencv_build/o4a/install
08-03 11:00:10.034  3605 13091 I OpenCV/StaticHelper: -----------------------------------------------------------------
08-03 11:00:10.046  3605 13091 E avast.cleaner: SimilarPhotosGroup.isPostEvalConditionMet() - 2 duplicates not found in MediaItemDao; MediaItemDao item count: 0
08-03 11:00:10.048  1461 13094 I DropBoxManagerService: add tag=data_app_wtf isTagEnabled=true flags=0x2
08-03 11:00:10.053  3605 13091 E avast.cleaner: SimilarPhotosGroup.isPostEvalConditionMet() - 2 duplicates not found in MediaItemDao; MediaItemDao item count: 0
08-03 11:00:10.054  1461 13095 I DropBoxManagerService: add tag=data_app_wtf isTagEnabled=true flags=0x2
08-03 11:00:10.089  3605 13092 W avast.cleaner: DeviceStorageManager.getDirectorySize() - list dir failed: /storage/emulated/0/Android/data/com.touchtype.swiftkey/cache
08-03 11:00:10.090  3605 13092 W avast.cleaner: DeviceStorageManager.getDirectorySize() - list dir failed: /storage/emulated/0/Android/data/com.touchtype.swiftkey/files
08-03 11:00:10.135     0     0 I pm7250b_charger: wdog_snarl_irq_handler: IRQ: wdog-snarl
08-03 11:00:10.141     0     0 E         : batt power supply prop 4 not supported
08-03 11:00:10.159  3605 13092 W avast.cleaner: DeviceStorageManager.getDirectorySize() - list dir failed: /storage/emulated/0/Android/data/com.utorrent.client/files
08-03 11:00:10.163     0     0 W healthd : battery l=81 v=4111 t=41.3 h=2 st=2 c=-332641 fc=4660000 cc=0 chg=a
08-03 11:00:10.177  2406  3324 D PowerUI : can't show warning due to - plugged: true status unknown: false
08-03 11:00:10.430  3605 13092 W avast.cleaner: DeviceStorageManager.getDirectorySize() - list dir failed: /storage/emulated/0/Android/data/com.whatsapp/cache
08-03 11:00:10.570  3605 13092 W avast.cleaner: DeviceStorageManager.getDirectorySize() - list dir failed: /storage/emulated/0/Android/data/com.workday.workdroidapp/cache
08-03 11:00:10.571  3605 13092 W avast.cleaner: DeviceStorageManager.getDirectorySize() - list dir failed: /storage/emulated/0/Android/data/com.workday.workdroidapp/files
08-03 11:00:10.603  3605 13092 W avast.cleaner: DeviceStorageManager.getDirectorySize() - list dir failed: /storage/emulated/0/Android/data/com.yt3dl.music/cache
08-03 11:00:10.604  3605 13092 W avast.cleaner: DeviceStorageManager.getDirectorySize() - list dir failed: /storage/emulated/0/Android/data/com.yt3dl.music/files
08-03 11:00:10.633  3605 13092 W avast.cleaner: DeviceStorageManager.getDirectorySize() - list dir failed: /storage/emulated/0/Android/data/com.zacharee1.systemuituner/files
08-03 11:00:10.688  3605 13092 W avast.cleaner: DeviceStorageManager.getDirectorySize() - list dir failed: /storage/emulated/0/Android/data/darts.king.master.shooting.free/cache
08-03 11:00:10.689  3605 13092 W avast.cleaner: DeviceStorageManager.getDirectorySize() - list dir failed: /storage/emulated/0/Android/data/darts.king.master.shooting.free/files
08-03 11:00:10.690  3605 13092 W avast.cleaner: DeviceStorageManager.getDirectorySize() - list dir failed: /storage/emulated/0/Android/obb/darts.king.master.shooting.free
08-03 11:00:10.713  3605 13092 W avast.cleaner: DeviceStorageManager.getDirectorySize() - list dir failed: /storage/emulated/0/Android/data/de.appzer.Pushsafer/cache
08-03 11:00:10.714  3605 13092 W avast.cleaner: DeviceStorageManager.getDirectorySize() - list dir failed: /storage/emulated/0/Android/data/de.appzer.Pushsafer/files
08-03 11:00:10.748  3605 13092 W avast.cleaner: DeviceStorageManager.getDirectorySize() - list dir failed: /storage/emulated/0/Android/data/ding.free.mahjong.game.hd/cache
08-03 11:00:10.762  3605 13092 W avast.cleaner: DeviceStorageManager.getDirectorySize() - list dir failed: /storage/emulated/0/Android/data/exchange.ondemand.randstad.worker/cache
08-03 11:00:10.763  3605 13092 W avast.cleaner: DeviceStorageManager.getDirectorySize() - list dir failed: /storage/emulated/0/Android/data/exchange.ondemand.randstad.worker/files
08-03 11:00:10.802  3605 13092 W avast.cleaner: DeviceStorageManager.getDirectorySize() - list dir failed: /storage/emulated/0/Android/data/flar2.devcheck/files
08-03 11:00:10.819  3605 13092 W avast.cleaner: DeviceStorageManager.getDirectorySize() - list dir failed: /storage/emulated/0/Android/data/free.vpn.unblock.proxy.turbovpn/cache
08-03 11:00:10.820  3605 13092 W avast.cleaner: DeviceStorageManager.getDirectorySize() - list dir failed: /storage/emulated/0/Android/data/free.vpn.unblock.proxy.turbovpn/files
08-03 11:00:10.857  3605 13092 W avast.cleaner: DeviceStorageManager.getDirectorySize() - list dir failed: /storage/emulated/0/Android/data/hu.tagsoft.ttorrent.noads/files
08-03 11:00:10.873  3605 13092 W avast.cleaner: DeviceStorageManager.getDirectorySize() - list dir failed: /storage/emulated/0/Android/data/io.github.forkmaintainers.iceraven/files
08-03 11:00:10.913     0     0 W sdcardfs: 171 user.relatime: invalid format
08-03 11:00:11.011  3605 13092 W avast.cleaner: DeviceStorageManager.getDirectorySize() - list dir failed: /storage/emulated/0/Android/data/notify.me.app/cache
08-03 11:00:11.075  3605 13092 W avast.cleaner: DeviceStorageManager.getDirectorySize() - list dir failed: /storage/emulated/0/Android/data/org.fdroid.fdroid/files
08-03 11:00:11.092  3605 13092 W avast.cleaner: DeviceStorageManager.getDirectorySize() - list dir failed: /storage/emulated/0/Android/data/org.mozilla.fennec_fdroid/files
08-03 11:00:11.124  3605 13092 W avast.cleaner: DeviceStorageManager.getDirectorySize() - list dir failed: /storage/emulated/0/Android/data/org.videolan.vlc/files
08-03 11:00:11.154  3605 13092 W avast.cleaner: DeviceStorageManager.getDirectorySize() - list dir failed: /storage/emulated/0/Android/data/org.xbmc.kodi/files
08-03 11:00:11.155  3605 13092 W avast.cleaner: DeviceStorageManager.getDirectorySize() - list dir failed: /storage/emulated/0/Android/obb/org.xbmc.kodi
08-03 11:00:11.196  3605 13092 W avast.cleaner: DeviceStorageManager.getDirectorySize() - list dir failed: /storage/emulated/0/Android/data/tw.mobileapp.qrcode.banner/cache
08-03 11:00:11.211  3605 13092 W avast.cleaner: DeviceStorageManager.getDirectorySize() - list dir failed: /storage/emulated/0/Android/data/uk.co.aifactory.backgammonfree/files
08-03 11:00:11.227  3605 13092 W avast.cleaner: DeviceStorageManager.getDirectorySize() - list dir failed: /storage/emulated/0/Android/data/uk.co.aifactory.fialfree/files
08-03 11:00:11.257  3605 13092 W avast.cleaner: DeviceStorageManager.getDirectorySize() - list dir failed: /storage/emulated/0/Android/data/us.zoom.videomeetings/files
08-03 11:00:11.292  3605 13092 W avast.cleaner: DeviceStorageManager.getDirectorySize() - list dir failed: /storage/emulated/0/Android/data/web.dassem.livewebsiteeditorfree/cache
08-03 11:00:11.292  3605 13092 W avast.cleaner: DeviceStorageManager.getDirectorySize() - list dir failed: /storage/emulated/0/Android/data/web.dassem.livewebsiteeditorfree/files
08-03 11:00:11.442  2406  2415 I ndroid.systemui: Background concurrent copying GC freed 376043(16MB) AllocSpace objects, 0(0B) LOS objects, 49% free, 16MB/33MB, paused 186us,51us total 109.557ms
08-03 11:00:11.475  3658  3692 I MediaProvider: Scanned external_primary due to REASON_DEMAND, found 1 items in 15ms, 0 inserts 0 updates 0 deletes
08-03 11:00:11.480  3658  3692 I MediaProvider: Open with lower FS for /storage/emulated/0/Torrents. Uid: 10058
08-03 11:00:11.545  3605  4352 W burger  : Scheduling upload with delay: 22 minutes
08-03 11:00:11.610  4919  4926 E ocessService0:0: failed to create Unix domain socket: Operation not permitted
08-03 11:00:11.673  1461  9166 W WifiService: Permission violation - getScanResults not allowed for uid=10300, packageName=com.piriform.ccleaner, reason=java.lang.SecurityException: Location mode is disabled for the device
08-03 11:00:11.674  1461  2832 W WifiService: Permission violation - getScanResults not allowed for uid=10300, packageName=com.piriform.ccleaner, reason=java.lang.SecurityException: Location mode is disabled for the device
08-03 11:00:11.742  1461  1461 W NotificationHistory: Attempted to add notif for locked/gone/disabled user 0
08-03 11:00:11.722     0     0 I pm7250b_charger: SMBMMI: mmi_chrg_usb_vin_config: DP DM pulse count = 2
08-03 11:00:11.730     0     0 I pm7250b_charger: SMBMMI: mmi_basic_charge_sm: batt_mv = 4125, batt_ma 32, batt_soc 81, batt_temp 41, usb_mv 4452, dc_mv 0, cp 1, vp 1 dp 0
08-03 11:00:11.744     0     0 I pm7250b_charger: SMBMMI: mmi_basic_charge_sm: Step State = NORMAL, Temp Zone 3, Health 1
08-03 11:00:11.754     0     0 I pm7250b_charger: SMBMMI: mmi_basic_charge_sm: IMPOSED: FV = 4450000, CDIS = 0, FCC = 2000000, USBICL = 3000000
08-03 11:00:11.773     0     0 W healthd : battery l=81 v=4141 t=41.3 h=2 st=2 c=-77819 fc=4660000 cc=0 chg=a
08-03 11:00:11.786  2406  2994 D PowerUI : can't show warning due to - plugged: true status unknown: false
08-03 11:00:11.800  2406  2471 D LocalImageResolver: Couldn't use ImageDecoder for drawable, falling back to non-resized load.
08-03 11:00:11.811  2406  2471 D LocalImageResolver: Couldn't use ImageDecoder for drawable, falling back to non-resized load.
08-03 11:00:13.610  4919  4926 E ocessService0:0: failed to create Unix domain socket: Operation not permitted
08-03 11:00:13.922     0     0 I sec_ts 1-0048: [P] tID:0 x:915 y:1050 z:42 major:10 minor:9 tc:1 type:0 noise:0
08-03 11:00:13.934  9977 10002 D GeckoIdleService: next timeout 5000 msec from now
08-03 11:00:13.934  9977 10002 D GeckoIdleService: SetTimerExpiryIfBefore: next timeout 5000 msec from now
08-03 11:00:13.934  9977 10002 D GeckoIdleService: reset timer expiry to 5010 msec from now
08-03 11:00:13.934  9977 10002 D GeckoIdleService: Reset idle timeout: tell observer 0x77a2af2d48 user is back
08-03 11:00:14.331     0     0 I sec_ts 1-0048: [R] tID:0 mc:69 tc:0 lx:964 ly:711 v:0000 cal:00 id(0,0) p:0 noise:0 lp:(0)
08-03 11:00:15.611  4919  4926 E ocessService0:0: failed to create Unix domain socket: Operation not permitted
08-03 11:00:16.842     0     0 I pm7250b_charger: SMBMMI: mmi_chrg_usb_vin_config: DP DM pulse count = 2
08-03 11:00:16.850     0     0 I pm7250b_charger: SMBMMI: mmi_basic_charge_sm: batt_mv = 4177, batt_ma -133, batt_soc 81, batt_temp 41, usb_mv 4451, dc_mv 0, cp 1, vp 1 dp 0
08-03 11:00:16.865     0     0 I pm7250b_charger: SMBMMI: mmi_basic_charge_sm: Step State = NORMAL, Temp Zone 3, Health 1
08-03 11:00:16.874     0     0 I pm7250b_charger: SMBMMI: mmi_basic_charge_sm: IMPOSED: FV = 4450000, CDIS = 0, FCC = 2000000, USBICL = 3000000
08-03 11:00:16.893     0     0 W healthd : battery l=81 v=4184 t=41.3 h=2 st=2 c=157775 fc=4660000 cc=0 chg=a
08-03 11:00:16.907  2406  2989 D PowerUI : can't show warning due to - plugged: true status unknown: false
08-03 11:00:17.611  4919  4926 E ocessService0:0: failed to create Unix domain socket: Operation not permitted
08-03 11:00:17.937     0     0 W sdcardfs: 171 user.relatime: invalid format
08-03 11:00:18.002     0     0 I pm7250b_charger: default_irq_handler: IRQ: usbin-collapse
08-03 11:00:18.004     0     0 I pm7250b_charger: default_irq_handler: IRQ: aicl-done
08-03 11:00:18.009     0     0 I pm7250b_charger: default_irq_handler: IRQ: usbin-collapse
08-03 11:00:18.318     0     0 I pm7250b_charger: wdog_snarl_irq_handler: IRQ: wdog-snarl
08-03 11:00:18.325     0     0 E         : batt power supply prop 4 not supported
08-03 11:00:18.340     0     0 W healthd : battery l=81 v=4173 t=41.3 h=2 st=2 c=135192 fc=4660000 cc=0 chg=a
08-03 11:00:18.357  2406  2995 D PowerUI : can't show warning due to - plugged: true status unknown: false
08-03 11:00:18.944  9977 10002 D GeckoIdleService: Get idle time: time since reset 4600 msec
08-03 11:00:18.944  9977 10002 D GeckoIdleService: Idle timer callback: current idle time 4600 msec
08-03 11:00:18.944  9977 10002 D GeckoIdleService: next timeout 399 msec from now
08-03 11:00:18.944  9977 10002 D GeckoIdleService: SetTimerExpiryIfBefore: next timeout 399 msec from now
08-03 11:00:18.944  9977 10002 D GeckoIdleService: reset timer expiry to 409 msec from now
08-03 11:00:18.999     0     0 I pm7250b_charger: smblib_icl_change_work: icl_settled=750000
08-03 11:00:19.011     0     0 W healthd : battery l=81 v=4170 t=41.3 h=2 st=2 c=78735 fc=4660000 cc=0 chg=a
08-03 11:00:19.027  2406  3186 D PowerUI : can't show warning due to - plugged: true status unknown: false
08-03 11:00:19.326   902   945 W TransactionTracing: Could not find layer id -1
08-03 11:00:19.354  9977 10002 D GeckoIdleService: Get idle time: time since reset 5010 msec
08-03 11:00:19.354  9977 10002 D GeckoIdleService: Idle timer callback: current idle time 5010 msec
08-03 11:00:19.354  9977 10002 D GeckoIdleService: next timeout 4294967289989 msec from now
08-03 11:00:19.355  9977 10002 D GeckoIdleService: SetTimerExpiryIfBefore: next timeout 4294967289989 msec from now
08-03 11:00:19.355  9977 10002 D GeckoIdleService: reset timer expiry to 4294967289999 msec from now
08-03 11:00:19.355  9977 10002 D GeckoIdleService: Idle timer callback: tell observer 0x77a2af2d48 user is idle
08-03 11:00:19.538   902   945 W TransactionTracing: Could not find layer id -1
08-03 11:00:19.612  4919  4926 E ocessService0:0: failed to create Unix domain socket: Operation not permitted
08-03 11:00:21.201  3658  3899 I FuseDaemon: Threshold exceeded - fadvising 67162112
08-03 11:00:21.201  3658  3899 I FuseDaemon: Threshold now 31367168
08-03 11:00:21.539  3658  3692 I MediaProvider: Scanned external_primary due to REASON_DEMAND, found 1 items in 27ms, 0 inserts 0 updates 0 deletes
08-03 11:00:21.544  3658  3692 I MediaProvider: Open with lower FS for /storage/emulated/0/Torrents. Uid: 10058
08-03 11:00:21.613  4919  4926 E ocessService0:0: failed to create Unix domain socket: Operation not permitted
08-03 11:00:21.686  3605 13103 D TrafficStats: tagSocket(159) with statsTag=0xffffffff, statsUid=-1
08-03 11:00:21.783     0     0 I sec_ts 1-0048: [P] tID:0 x:808 y:837 z:39 major:9 minor:7 tc:1 type:0 noise:0
08-03 11:00:21.797  9977 10002 D GeckoIdleService: next timeout 5000 msec from now
08-03 11:00:21.798  9977 10002 D GeckoIdleService: SetTimerExpiryIfBefore: next timeout 5000 msec from now
08-03 11:00:21.798  9977 10002 D GeckoIdleService: reset timer expiry to 5010 msec from now
08-03 11:00:21.798  9977 10002 D GeckoIdleService: Reset idle timeout: tell observer 0x77a2af2d48 user is back
08-03 11:00:21.857     0     0 I sec_ts 1-0048: [R] tID:0 mc:0 tc:0 lx:808 ly:837 v:0000 cal:00 id(0,0) p:0 noise:0 lp:(0)
08-03 11:00:21.893  9977  9977 D InputMethodManager: showSoftInput() view=mozilla.components.browser.engine.gecko.GeckoEngineView$geckoView$1{f34b64e VFE...... .F...... 0,0-1080,1095 aid=1073741832} flags=0 reason=SHOW_SOFT_INPUT
08-03 11:00:21.897  9977  9977 D InsetsController: show(ime(), fromIme=true)
08-03 11:00:21.922  9977 10320 E SpannableStringBuilder: SPAN_EXCLUSIVE_EXCLUSIVE spans cannot have a zero length
08-03 11:00:21.923  9977 10320 E SpannableStringBuilder: SPAN_EXCLUSIVE_EXCLUSIVE spans cannot have a zero length
08-03 11:00:21.929  9977 10322 E SpannableStringBuilder: SPAN_EXCLUSIVE_EXCLUSIVE spans cannot have a zero length
08-03 11:00:21.929  9977 10322 E SpannableStringBuilder: SPAN_EXCLUSIVE_EXCLUSIVE spans cannot have a zero length
08-03 11:00:21.971     0     0 I pm7250b_charger: SMBMMI: mmi_chrg_usb_vin_config: DP DM pulse count = 2
08-03 11:00:21.979     0     0 I pm7250b_charger: SMBMMI: mmi_basic_charge_sm: batt_mv = 4156, batt_ma -144, batt_soc 81, batt_temp 41, usb_mv 4385, dc_mv 0, cp 1, vp 1 dp 0
08-03 11:00:21.993     0     0 I pm7250b_charger: SMBMMI: mmi_basic_charge_sm: Step State = NORMAL, Temp Zone 3, Health 1
08-03 11:00:22.000  3571  3571 D Window selected text:: null
08-03 11:00:22.003     0     0 I pm7250b_charger: SMBMMI: mmi_basic_charge_sm: IMPOSED: FV = 4450000, CDIS = 0, FCC = 2000000, USBICL = 3000000
08-03 11:00:22.021     0     0 W healthd : battery l=81 v=4144 t=41.3 h=2 st=2 c=-56457 fc=4660000 cc=0 chg=a
08-03 11:00:22.034  2406  3322 D PowerUI : can't show warning due to - plugged: true status unknown: false
08-03 11:00:23.613  4919  4926 E ocessService0:0: failed to create Unix domain socket: Operation not permitted
08-03 11:00:24.091     0     0 I sec_ts 1-0048: [P] tID:1 x:102 y:1854 z:30 major:8 minor:6 tc:1 type:0 noise:0
08-03 11:00:24.108     0     0 I aw8695_activate_store: value=1
08-03 11:00:24.118     0     0 I aw8695_vibrate: value=28, seq=1, index=1
08-03 11:00:24.162     0     0 I sec_ts 1-0048: [R] tID:1 mc:0 tc:0 lx:102 ly:1854 v:0000 cal:00 id(0,0) p:0 noise:0 lp:(0)
08-03 11:00:24.162     0     0 I aw8695_activate_store: value=0
08-03 11:00:24.179     0     0 I aw8695_vibrate: value=0, seq=1, index=1
08-03 11:00:24.299  3571  3571 D Window selected text:: null
08-03 11:00:24.303  3571  3571 D Window selected text:: null
08-03 11:00:24.451     0     0 I sec_ts 1-0048: [P] tID:1 x:494 y:2136 z:43 major:11 minor:9 tc:1 type:0 noise:0
08-03 11:00:24.463     0     0 I aw8695_activate_store: value=1
08-03 11:00:24.469     0     0 I aw8695_vibrate: value=28, seq=1, index=1
08-03 11:00:24.513     0     0 I aw8695_activate_store: value=0
08-03 11:00:24.520     0     0 I aw8695_vibrate: value=0, seq=1, index=1
08-03 11:00:24.542     0     0 I sec_ts 1-0048: [R] tID:1 mc:0 tc:0 lx:494 ly:2136 v:0000 cal:00 id(0,0) p:0 noise:0 lp:(0)
08-03 11:00:24.572  9977 10320 E SpannableStringBuilder: SPAN_EXCLUSIVE_EXCLUSIVE spans cannot have a zero length
08-03 11:00:24.573  9977 10320 E SpannableStringBuilder: SPAN_EXCLUSIVE_EXCLUSIVE spans cannot have a zero length
08-03 11:00:24.575  9977 10320 E SpannableStringBuilder: SPAN_EXCLUSIVE_EXCLUSIVE spans cannot have a zero length
08-03 11:00:24.575  9977 10320 E SpannableStringBuilder: SPAN_EXCLUSIVE_EXCLUSIVE spans cannot have a zero length
08-03 11:00:24.604  9977 11704 E SpannableStringBuilder: SPAN_EXCLUSIVE_EXCLUSIVE spans cannot have a zero length
08-03 11:00:24.604  9977 11704 E SpannableStringBuilder: SPAN_EXCLUSIVE_EXCLUSIVE spans cannot have a zero length
08-03 11:00:24.605  9977 11704 E SpannableStringBuilder: SPAN_EXCLUSIVE_EXCLUSIVE spans cannot have a zero length
08-03 11:00:24.605  9977 11704 E SpannableStringBuilder: SPAN_EXCLUSIVE_EXCLUSIVE spans cannot have a zero length
08-03 11:00:24.677  3571  3571 D Window selected text:: null
08-03 11:00:24.679  3571  3571 D Window selected text:: null
08-03 11:00:24.771     0     0 I sec_ts 1-0048: [P] tID:1 x:441 y:1840 z:40 major:10 minor:10 tc:1 type:0 noise:0
08-03 11:00:24.784     0     0 I aw8695_activate_store: value=1
08-03 11:00:24.790     0     0 I aw8695_vibrate: value=28, seq=1, index=1
08-03 11:00:24.832     0     0 I aw8695_activate_store: value=0
08-03 11:00:24.839     0     0 I aw8695_vibrate: value=0, seq=1, index=1
08-03 11:00:24.861     0     0 I sec_ts 1-0048: [R] tID:1 mc:0 tc:0 lx:441 ly:1840 v:0000 cal:00 id(0,0) p:0 noise:0 lp:(0)
08-03 11:00:24.995  3571  3571 D Window selected text:: null
08-03 11:00:24.998  3571  3571 D Window selected text:: null
08-03 11:00:25.067     0     0 I sec_ts 1-0048: [P] tID:1 x:269 y:1699 z:38 major:10 minor:9 tc:1 type:0 noise:0
08-03 11:00:25.080     0     0 I aw8695_activate_store: value=1
08-03 11:00:25.086     0     0 I aw8695_vibrate: value=28, seq=1, index=1
08-03 11:00:25.129     0     0 I sec_ts 1-0048: [R] tID:1 mc:0 tc:0 lx:269 ly:1699 v:0000 cal:00 id(0,0) p:0 noise:0 lp:(0)
08-03 11:00:25.134     0     0 I aw8695_activate_store: value=0
08-03 11:00:25.152     0     0 I aw8695_vibrate: value=0, seq=1, index=1
08-03 11:00:25.268  3571  3571 D Window selected text:: null
08-03 11:00:25.271  3571  3571 D Window selected text:: null
08-03 11:00:25.307     0     0 I sec_ts 1-0048: [P] tID:1 x:177 y:1711 z:40 major:10 minor:10 tc:1 type:0 noise:0
08-03 11:00:25.320     0     0 I aw8695_activate_store: value=1
08-03 11:00:25.329     0     0 I aw8695_vibrate: value=28, seq=1, index=1
08-03 11:00:25.372     0     0 I aw8695_activate_store: value=0
08-03 11:00:25.379     0     0 I aw8695_vibrate: value=0, seq=1, index=1
08-03 11:00:25.391     0     0 I sec_ts 1-0048: [R] tID:1 mc:0 tc:0 lx:177 ly:1711 v:0000 cal:00 id(0,0) p:0 noise:0 lp:(0)
08-03 11:00:25.523  3571  3571 D Window selected text:: null
08-03 11:00:25.528  3571  3571 D Window selected text:: null
08-03 11:00:25.614  4919  4926 E ocessService0:0: failed to create Unix domain socket: Operation not permitted
08-03 11:00:26.136  1223  2158 D slpi-MOT_VSYNC: panel freq est last 89.436745 cur 89.454361
08-03 11:00:26.416     0     0 I sec_ts 1-0048: [P] tID:1 x:560 y:2153 z:40 major:11 minor:10 tc:1 type:0 noise:0
08-03 11:00:26.430     0     0 I aw8695_activate_store: value=1
08-03 11:00:26.436     0     0 I aw8695_vibrate: value=28, seq=1, index=1
08-03 11:00:26.479     0     0 I aw8695_activate_store: value=0
08-03 11:00:26.486     0     0 I aw8695_vibrate: value=0, seq=1, index=1
08-03 11:00:26.503     0     0 I pm7250b_charger: wdog_snarl_irq_handler: IRQ: wdog-snarl
08-03 11:00:26.509     0     0 E         : batt power supply prop 4 not supported
08-03 11:00:26.513     0     0 I sec_ts 1-0048: [R] tID:1 mc:0 tc:0 lx:560 ly:2153 v:0000 cal:00 id(0,0) p:0 noise:0 lp:(0)
08-03 11:00:26.531     0     0 W healthd : battery l=81 v=4138 t=41.3 h=2 st=2 c=-209961 fc=4660000 cc=0 chg=a
08-03 11:00:26.548  2406  3046 D PowerUI : can't show warning due to - plugged: true status unknown: false
08-03 11:00:26.555  9977 10320 E SpannableStringBuilder: SPAN_EXCLUSIVE_EXCLUSIVE spans cannot have a zero length
08-03 11:00:26.555  9977 10320 E SpannableStringBuilder: SPAN_EXCLUSIVE_EXCLUSIVE spans cannot have a zero length
08-03 11:00:26.556  9977 10320 E SpannableStringBuilder: SPAN_EXCLUSIVE_EXCLUSIVE spans cannot have a zero length
08-03 11:00:26.557  9977 10320 E SpannableStringBuilder: SPAN_EXCLUSIVE_EXCLUSIVE spans cannot have a zero length
08-03 11:00:26.583  9977 10427 E SpannableStringBuilder: SPAN_EXCLUSIVE_EXCLUSIVE spans cannot have a zero length
08-03 11:00:26.584  9977 10427 E SpannableStringBuilder: SPAN_EXCLUSIVE_EXCLUSIVE spans cannot have a zero length
08-03 11:00:26.584  9977 10427 E SpannableStringBuilder: SPAN_EXCLUSIVE_EXCLUSIVE spans cannot have a zero length
08-03 11:00:26.584  9977 10427 E SpannableStringBuilder: SPAN_EXCLUSIVE_EXCLUSIVE spans cannot have a zero length
08-03 11:00:26.661  3571  3571 D Window selected text:: null
08-03 11:00:26.663  3571  3571 D Window selected text:: null
08-03 11:00:26.807  9977 10002 D GeckoIdleService: Get idle time: time since reset 4937 msec
08-03 11:00:26.807  9977 10002 D GeckoIdleService: Idle timer callback: current idle time 4937 msec
08-03 11:00:26.807  9977 10002 D GeckoIdleService: next timeout 63 msec from now
08-03 11:00:26.807  9977 10002 D GeckoIdleService: SetTimerExpiryIfBefore: next timeout 63 msec from now
08-03 11:00:26.807  9977 10002 D GeckoIdleService: reset timer expiry to 73 msec from now
08-03 11:00:26.826     0     0 I sec_ts 1-0048: [P] tID:1 x:487 y:1727 z:33 major:9 minor:7 tc:1 type:0 noise:0
08-03 11:00:26.839     0     0 I aw8695_activate_store: value=1
08-03 11:00:26.846     0     0 I aw8695_vibrate: value=28, seq=1, index=1
08-03 11:00:26.880  9977 10002 D GeckoIdleService: Get idle time: time since reset 5010 msec
08-03 11:00:26.880  9977 10002 D GeckoIdleService: Idle timer callback: current idle time 5010 msec
08-03 11:00:26.880  9977 10002 D GeckoIdleService: next timeout 4294967289990 msec from now
08-03 11:00:26.881  9977 10002 D GeckoIdleService: SetTimerExpiryIfBefore: next timeout 4294967289990 msec from now
08-03 11:00:26.881  9977 10002 D GeckoIdleService: reset timer expiry to 4294967289999 msec from now
08-03 11:00:26.881  9977 10002 D GeckoIdleService: Idle timer callback: tell observer 0x77a2af2d48 user is idle
08-03 11:00:26.887     0     0 I sec_ts 1-0048: [R] tID:1 mc:0 tc:0 lx:487 ly:1727 v:0000 cal:00 id(0,0) p:0 noise:0 lp:(0)
08-03 11:00:26.897     0     0 I aw8695_activate_store: value=0
08-03 11:00:26.910     0     0 I aw8695_vibrate: value=0, seq=1, index=1
08-03 11:00:27.027  3571  3571 D Window selected text:: null
08-03 11:00:27.031  3571  3571 D Window selected text:: null
08-03 11:00:27.082     0     0 I pm7250b_charger: SMBMMI: mmi_chrg_usb_vin_config: DP DM pulse count = 2
08-03 11:00:27.090     0     0 I pm7250b_charger: SMBMMI: mmi_basic_charge_sm: batt_mv = 4181, batt_ma -72, batt_soc 81, batt_temp 41, usb_mv 4382, dc_mv 0, cp 1, vp 1 dp 0
08-03 11:00:27.105     0     0 I pm7250b_charger: SMBMMI: mmi_basic_charge_sm: Step State = NORMAL, Temp Zone 3, Health 1
08-03 11:00:27.114     0     0 I pm7250b_charger: SMBMMI: mmi_basic_charge_sm: IMPOSED: FV = 4450000, CDIS = 0, FCC = 2000000, USBICL = 3000000
08-03 11:00:27.134     0     0 W healthd : battery l=81 v=4181 t=41.3 h=2 st=2 c=72021 fc=4660000 cc=0 chg=a
08-03 11:00:27.147  2406  3045 D PowerUI : can't show warning due to - plugged: true status unknown: false
08-03 11:00:27.260     0     0 I sec_ts 1-0048: [P] tID:0 x:818 y:1685 z:48 major:11 minor:10 tc:1 type:0 noise:0
08-03 11:00:27.273     0     0 I aw8695_activate_store: value=1
08-03 11:00:27.283     0     0 I aw8695_vibrate: value=28, seq=1, index=1
08-03 11:00:27.311     0     0 I sec_ts 1-0048: [R] tID:0 mc:2 tc:0 lx:815 ly:1689 v:0000 cal:00 id(0,0) p:0 noise:0 lp:(0)
08-03 11:00:27.327     0     0 I aw8695_activate_store: value=0
08-03 11:00:27.334     0     0 I aw8695_vibrate: value=0, seq=1, index=1
08-03 11:00:27.449  3571  3571 D Window selected text:: null
08-03 11:00:27.450  3571  3571 D Window selected text:: null
08-03 11:00:27.499     0     0 I sec_ts 1-0048: [P] tID:0 x:806 y:1977 z:39 major:10 minor:9 tc:1 type:0 noise:0
08-03 11:00:27.512     0     0 I aw8695_activate_store: value=1
08-03 11:00:27.518     0     0 I aw8695_vibrate: value=28, seq=1, index=1
08-03 11:00:27.563     0     0 I aw8695_activate_store: value=0
