08-03 10:58:38.284     0     0 W sdcardfs: 171 user.relatime: invalid format
08-03 10:58:38.351     0     0 I sec_ts 1-0048: [P] tID:0 x:968 y:1854 z:35 major:9 minor:7 tc:1 type:0 noise:0
08-03 10:58:38.364     0     0 I aw8695_activate_store: value=1
08-03 10:58:38.371     0     0 I aw8695_vibrate: value=28, seq=1, index=1
08-03 10:58:38.398     0     0 I sec_ts 1-0048: [R] tID:0 mc:3 tc:0 lx:967 ly:1856 v:0000 cal:00 id(0,0) p:0 noise:0 lp:(0)
08-03 10:58:38.412     0     0 I aw8695_activate_store: value=0
08-03 10:58:38.420     0     0 I aw8695_vibrate: value=0, seq=1, index=1
08-03 10:58:38.544  3571  3571 D Window selected text:: null
08-03 10:58:38.547  3571  3571 D Window selected text:: null
08-03 10:58:38.798     0     0 I sec_ts 1-0048: [P] tID:0 x:958 y:1888 z:28 major:8 minor:6 tc:1 type:0 noise:0
08-03 10:58:38.811     0     0 I aw8695_activate_store: value=1
08-03 10:58:38.820     0     0 I aw8695_vibrate: value=28, seq=1, index=1
08-03 10:58:38.855     0     0 I sec_ts 1-0048: [R] tID:0 mc:0 tc:0 lx:958 ly:1888 v:0000 cal:00 id(0,0) p:0 noise:0 lp:(0)
08-03 10:58:38.866     0     0 I aw8695_activate_store: value=0
08-03 10:58:38.874     0     0 I aw8695_vibrate: value=0, seq=1, index=1
08-03 10:58:38.990  3571  3571 D Window selected text:: null
08-03 10:58:38.994  3571  3571 D Window selected text:: null
08-03 10:58:39.578  4919  4926 E ocessService0:0: failed to create Unix domain socket: Operation not permitted
08-03 10:58:39.562     0     0 I pm7250b_charger: SMBMMI: mmi_chrg_usb_vin_config: DP DM pulse count = 2
08-03 10:58:39.570     0     0 I pm7250b_charger: SMBMMI: mmi_basic_charge_sm: batt_mv = 4150, batt_ma 77, batt_soc 81, batt_temp 41, usb_mv 4394, dc_mv 0, cp 1, vp 1 dp 0
08-03 10:58:39.584     0     0 I pm7250b_charger: SMBMMI: mmi_basic_charge_sm: Step State = NORMAL, Temp Zone 3, Health 1
08-03 10:58:39.594     0     0 I pm7250b_charger: SMBMMI: mmi_basic_charge_sm: IMPOSED: FV = 4450000, CDIS = 0, FCC = 2000000, USBICL = 3000000
08-03 10:58:39.613     0     0 W healthd : battery l=81 v=4150 t=41.2 h=2 st=2 c=-77514 fc=4660000 cc=0 chg=a
08-03 10:58:39.626  2406  3186 D PowerUI : can't show warning due to - plugged: true status unknown: false
08-03 10:58:39.756     0     0 I timerfd_poll: comm:hvdcp_opti pid:2227 exp:4600995
08-03 10:58:39.783     0     0 I timerfd_poll: comm:health@2.1-serv pid:1237 exp:4601023
08-03 10:58:39.793     0     0 W healthd : battery l=81 v=4156 t=41.2 h=2 st=2 c=-13122 fc=4660000 cc=0 chg=a
08-03 10:58:39.807  2406  3322 D PowerUI : can't show warning due to - plugged: true status unknown: false
08-03 10:58:39.853     0     0 I sec_ts 1-0048: [P] tID:0 x:599 y:1478 z:52 major:10 minor:9 tc:1 type:0 noise:0
08-03 10:58:39.882     0     0 I sec_ts 1-0048: [R] tID:0 mc:0 tc:0 lx:599 ly:1478 v:0000 cal:00 id(0,0) p:0 noise:0 lp:(0)
08-03 10:58:39.898     0     0 I aw8695_activate_store: value=1
08-03 10:58:39.904     0     0 I aw8695_vibrate: value=28, seq=1, index=1
08-03 10:58:39.949     0     0 I aw8695_activate_store: value=0
08-03 10:58:39.954  9977 10320 E SpannableStringBuilder: SPAN_EXCLUSIVE_EXCLUSIVE spans cannot have a zero length
08-03 10:58:39.954  9977 10320 E SpannableStringBuilder: SPAN_EXCLUSIVE_EXCLUSIVE spans cannot have a zero length
08-03 10:58:39.955  9977 11704 E SpannableStringBuilder: SPAN_EXCLUSIVE_EXCLUSIVE spans cannot have a zero length
08-03 10:58:39.955  9977 11704 E SpannableStringBuilder: SPAN_EXCLUSIVE_EXCLUSIVE spans cannot have a zero length
08-03 10:58:39.955     0     0 I aw8695_vibrate: value=0, seq=1, index=1
08-03 10:58:40.033  3571  3571 D Window selected text:: null
08-03 10:58:40.039  3571  3571 D Window selected text:: null
08-03 10:58:40.103     0     0 I pm7250b_charger: wdog_snarl_irq_handler: IRQ: wdog-snarl
08-03 10:58:40.109     0     0 E         : batt power supply prop 4 not supported
08-03 10:58:40.121     0     0 W healthd : battery l=81 v=4146 t=41.2 h=2 st=2 c=-92163 fc=4660000 cc=0 chg=a
08-03 10:58:40.136  2406  3046 D PowerUI : can't show warning due to - plugged: true status unknown: false
08-03 10:58:40.291     0     0 W sdcardfs: 171 user.relatime: invalid format
08-03 10:58:40.361     0     0 I sec_ts 1-0048: [P] tID:1 x:105 y:1865 z:27 major:8 minor:6 tc:1 type:0 noise:0
08-03 10:58:40.374     0     0 I aw8695_activate_store: value=1
08-03 10:58:40.383     0     0 I aw8695_vibrate: value=28, seq=1, index=1
08-03 10:58:40.402     0     0 I sec_ts 1-0048: [R] tID:1 mc:0 tc:0 lx:105 ly:1865 v:0000 cal:00 id(0,0) p:0 noise:0 lp:(0)
08-03 10:58:40.426     0     0 I aw8695_activate_store: value=0
08-03 10:58:40.432     0     0 I aw8695_vibrate: value=0, seq=1, index=1
08-03 10:58:40.540  3571  3571 D Window selected text:: null
08-03 10:58:40.543  3571  3571 D Window selected text:: null
08-03 10:58:40.796     0     0 I sec_ts 1-0048: [P] tID:0 x:486 y:1723 z:41 major:11 minor:9 tc:1 type:0 noise:0
08-03 10:58:40.808     0     0 I aw8695_activate_store: value=1
08-03 10:58:40.816     0     0 I aw8695_vibrate: value=28, seq=1, index=1
08-03 10:58:40.831     0     0 I sec_ts 1-0048: [R] tID:0 mc:0 tc:0 lx:486 ly:1723 v:0000 cal:00 id(0,0) p:0 noise:0 lp:(0)
08-03 10:58:40.860     0     0 I aw8695_activate_store: value=0
08-03 10:58:40.866     0     0 I aw8695_vibrate: value=0, seq=1, index=1
08-03 10:58:40.964  3571  3571 D Window selected text:: null
08-03 10:58:40.971  3571  3571 D Window selected text:: null
08-03 10:58:40.975     0     0 I sec_ts 1-0048: [P] tID:0 x:468 y:1738 z:43 major:9 minor:8 tc:1 type:0 noise:0
08-03 10:58:40.987     0     0 I aw8695_activate_store: value=1
08-03 10:58:40.993     0     0 I aw8695_vibrate: value=28, seq=1, index=1
08-03 10:58:41.016     0     0 I sec_ts 1-0048: [R] tID:0 mc:0 tc:0 lx:468 ly:1738 v:0000 cal:00 id(0,0) p:0 noise:0 lp:(0)
08-03 10:58:41.035     0     0 I aw8695_activate_store: value=0
08-03 10:58:41.042     0     0 I aw8695_vibrate: value=0, seq=1, index=1
08-03 10:58:41.071  3658  3692 I MediaProvider: Scanned external_primary due to REASON_DEMAND, found 1 items in 18ms, 0 inserts 0 updates 0 deletes
08-03 10:58:41.075  3658  3692 I MediaProvider: Open with lower FS for /storage/emulated/0/Torrents. Uid: 10058
08-03 10:58:41.155  3571  3571 D Window selected text:: null
08-03 10:58:41.159  3571  3571 D Window selected text:: null
08-03 10:58:41.579  4919  4926 E ocessService0:0: failed to create Unix domain socket: Operation not permitted
08-03 10:58:41.686     0     0 I sec_ts 1-0048: [P] tID:1 x:114 y:1849 z:31 major:11 minor:7 tc:1 type:0 noise:0
08-03 10:58:41.699     0     0 I aw8695_activate_store: value=1
08-03 10:58:41.707     0     0 I aw8695_vibrate: value=28, seq=1, index=1
08-03 10:58:41.730     0     0 I sec_ts 1-0048: [R] tID:1 mc:0 tc:0 lx:114 ly:1849 v:0000 cal:00 id(0,0) p:0 noise:0 lp:(0)
08-03 10:58:41.752     0     0 I aw8695_activate_store: value=0
08-03 10:58:41.759     0     0 I aw8695_vibrate: value=0, seq=1, index=1
08-03 10:58:41.866  3571  3571 D Window selected text:: null
08-03 10:58:41.868  3571  3571 D Window selected text:: null
08-03 10:58:42.131     0     0 I sec_ts 1-0048: [P] tID:0 x:388 y:2003 z:41 major:10 minor:8 tc:1 type:0 noise:0
08-03 10:58:42.143     0     0 I aw8695_activate_store: value=1
08-03 10:58:42.151     0     0 I aw8695_vibrate: value=28, seq=1, index=1
08-03 10:58:42.166     0     0 I sec_ts 1-0048: [R] tID:0 mc:0 tc:0 lx:388 ly:2003 v:0000 cal:00 id(0,0) p:0 noise:0 lp:(0)
08-03 10:58:42.205     0     0 I aw8695_activate_store: value=0
08-03 10:58:42.212     0     0 I aw8695_vibrate: value=0, seq=1, index=1
08-03 10:58:42.294  3571  3571 D Window selected text:: null
08-03 10:58:42.298  3571  3571 D Window selected text:: null
08-03 10:58:42.501     0     0 I sec_ts 1-0048: [P] tID:0 x:648 y:1835 z:36 major:10 minor:9 tc:1 type:0 noise:0
08-03 10:58:42.514     0     0 I aw8695_activate_store: value=1
08-03 10:58:42.523     0     0 I aw8695_vibrate: value=28, seq=1, index=1
08-03 10:58:42.546     0     0 I sec_ts 1-0048: [R] tID:0 mc:5 tc:0 lx:643 ly:1837 v:0000 cal:00 id(0,0) p:0 noise:0 lp:(0)
08-03 10:58:42.565     0     0 I aw8695_activate_store: value=0
08-03 10:58:42.572     0     0 I aw8695_vibrate: value=0, seq=1, index=1
08-03 10:58:42.685  3571  3571 D Window selected text:: null
08-03 10:58:42.690  3571  3571 D Window selected text:: null
08-03 10:58:42.873     0     0 I sec_ts 1-0048: [P] tID:0 x:598 y:2094 z:45 major:11 minor:10 tc:1 type:0 noise:0
08-03 10:58:42.887     0     0 I aw8695_activate_store: value=1
08-03 10:58:42.894     0     0 I aw8695_vibrate: value=28, seq=1, index=1
08-03 10:58:42.938     0     0 I aw8695_activate_store: value=0
08-03 10:58:42.945     0     0 I aw8695_vibrate: value=0, seq=1, index=1
08-03 10:58:42.964     0     0 I sec_ts 1-0048: [R] tID:0 mc:0 tc:0 lx:598 ly:2094 v:0000 cal:00 id(0,0) p:0 noise:0 lp:(0)
08-03 10:58:42.993  9977 10320 E SpannableStringBuilder: SPAN_EXCLUSIVE_EXCLUSIVE spans cannot have a zero length
08-03 10:58:42.993  9977 10320 E SpannableStringBuilder: SPAN_EXCLUSIVE_EXCLUSIVE spans cannot have a zero length
08-03 10:58:43.024  9977 10322 E SpannableStringBuilder: SPAN_EXCLUSIVE_EXCLUSIVE spans cannot have a zero length
08-03 10:58:43.024  9977 10322 E SpannableStringBuilder: SPAN_EXCLUSIVE_EXCLUSIVE spans cannot have a zero length
08-03 10:58:43.096  3571  3571 D Window selected text:: null
08-03 10:58:43.098  3571  3571 D Window selected text:: null
08-03 10:58:43.288     0     0 I sec_ts 1-0048: [P] tID:0 x:484 y:1713 z:39 major:9 minor:9 tc:1 type:0 noise:0
08-03 10:58:43.300     0     0 I aw8695_activate_store: value=1
08-03 10:58:43.306     0     0 I aw8695_vibrate: value=28, seq=1, index=1
08-03 10:58:43.350     0     0 I aw8695_activate_store: value=0
08-03 10:58:43.356     0     0 I aw8695_vibrate: value=0, seq=1, index=1
08-03 10:58:43.372     0     0 I sec_ts 1-0048: [R] tID:0 mc:6 tc:0 lx:486 ly:1713 v:0000 cal:00 id(0,0) p:0 noise:0 lp:(0)
08-03 10:58:43.505  3571  3571 D Window selected text:: null
08-03 10:58:43.504     0     0 I sec_ts 1-0048: [P] tID:0 x:640 y:1793 z:40 major:10 minor:9 tc:1 type:0 noise:0
08-03 10:58:43.515  3571  3571 D Window selected text:: null
08-03 10:58:43.518     0     0 I aw8695_activate_store: value=1
08-03 10:58:43.525     0     0 I aw8695_vibrate: value=28, seq=1, index=1
08-03 10:58:43.569     0     0 I aw8695_activate_store: value=0
08-03 10:58:43.580  4919  4926 E ocessService0:0: failed to create Unix domain socket: Operation not permitted
08-03 10:58:43.575     0     0 I aw8695_vibrate: value=0, seq=1, index=1
08-03 10:58:43.595     0     0 I sec_ts 1-0048: [R] tID:0 mc:7 tc:0 lx:620 ly:1794 v:0000 cal:00 id(0,0) p:0 noise:0 lp:(0)
08-03 10:58:43.727  3571  3571 D Window selected text:: null
08-03 10:58:43.731  3571  3571 D Window selected text:: null
08-03 10:58:43.839     0     0 I sec_ts 1-0048: [P] tID:0 x:282 y:1707 z:40 major:11 minor:10 tc:1 type:0 noise:0
08-03 10:58:43.851     0     0 I aw8695_activate_store: value=1
08-03 10:58:43.856     0     0 I aw8695_vibrate: value=28, seq=1, index=1
08-03 10:58:43.897     0     0 I sec_ts 1-0048: [R] tID:0 mc:4 tc:0 lx:279 ly:1708 v:0000 cal:00 id(0,0) p:0 noise:0 lp:(0)
08-03 10:58:43.909     0     0 I aw8695_activate_store: value=0
08-03 10:58:43.917     0     0 I aw8695_vibrate: value=0, seq=1, index=1
08-03 10:58:44.035  3571  3571 D Window selected text:: null
08-03 10:58:44.036  3571  3571 D Window selected text:: null
08-03 10:58:44.266     0     0 I sec_ts 1-0048: [P] tID:0 x:558 y:2038 z:40 major:10 minor:10 tc:1 type:0 noise:0
08-03 10:58:44.279     0     0 I aw8695_activate_store: value=1
08-03 10:58:44.286     0     0 I aw8695_vibrate: value=28, seq=1, index=1
08-03 10:58:44.329     0     0 I aw8695_activate_store: value=0
08-03 10:58:44.332     0     0 I sec_ts 1-0048: [R] tID:0 mc:4 tc:0 lx:564 ly:2035 v:0000 cal:00 id(0,0) p:0 noise:0 lp:(0)
08-03 10:58:44.352     0     0 I aw8695_vibrate: value=0, seq=1, index=1
08-03 10:58:44.394  9977 10055 I SessionStorage/AutoSave: Save: Periodic
08-03 10:58:44.414     0     0 I timerfd_poll: comm:hvdcp_opti pid:2223 exp:4605654
08-03 10:58:44.468  3571  3571 D Window selected text:: null
08-03 10:58:44.470  3571  3571 D Window selected text:: null
08-03 10:58:44.597  9977  9991 W System  : A resource failed to call Surface.release. 
08-03 10:58:44.682     0     0 I pm7250b_charger: SMBMMI: mmi_chrg_usb_vin_config: DP DM pulse count = 2
08-03 10:58:44.691     0     0 I pm7250b_charger: SMBMMI: mmi_basic_charge_sm: batt_mv = 4096, batt_ma 237, batt_soc 81, batt_temp 41, usb_mv 4399, dc_mv 0, cp 1, vp 1 dp 0
08-03 10:58:44.705     0     0 I pm7250b_charger: SMBMMI: mmi_basic_charge_sm: Step State = NORMAL, Temp Zone 3, Health 1
08-03 10:58:44.715     0     0 I pm7250b_charger: SMBMMI: mmi_basic_charge_sm: IMPOSED: FV = 4450000, CDIS = 0, FCC = 2000000, USBICL = 3000000
08-03 10:58:44.732     0     0 W healthd : battery l=81 v=4096 t=41.2 h=2 st=2 c=-237732 fc=4660000 cc=0 chg=a
08-03 10:58:44.746  2406  3045 D PowerUI : can't show warning due to - plugged: true status unknown: false
08-03 10:58:44.761     0     0 I sec_ts 1-0048: [P] tID:0 x:650 y:1999 z:40 major:9 minor:9 tc:1 type:0 noise:0
08-03 10:58:44.773     0     0 I aw8695_activate_store: value=1
08-03 10:58:44.782     0     0 I aw8695_vibrate: value=28, seq=1, index=1
08-03 10:58:44.825     0     0 I aw8695_activate_store: value=0
08-03 10:58:44.831     0     0 I aw8695_vibrate: value=0, seq=1, index=1
08-03 10:58:44.840     0     0 I sec_ts 1-0048: [R] tID:0 mc:12 tc:0 lx:643 ly:2000 v:0000 cal:00 id(0,0) p:0 noise:0 lp:(0)
08-03 10:58:44.977  3571  3571 D Window selected text:: null
08-03 10:58:44.979  3571  3571 D Window selected text:: null
08-03 10:58:45.030     0     0 I sec_ts 1-0048: [P] tID:0 x:711 y:1679 z:45 major:10 minor:9 tc:1 type:0 noise:0
08-03 10:58:45.031     0     0 W sdcardfs: 171 user.relatime: invalid format
08-03 10:58:45.047     0     0 I aw8695_activate_store: value=1
08-03 10:58:45.055     0     0 I aw8695_vibrate: value=28, seq=1, index=1
08-03 10:58:45.086     0     0 I sec_ts 1-0048: [R] tID:0 mc:1 tc:0 lx:708 ly:1680 v:0000 cal:00 id(0,0) p:0 noise:0 lp:(0)
08-03 10:58:45.106     0     0 I aw8695_activate_store: value=0
08-03 10:58:45.112     0     0 I aw8695_vibrate: value=0, seq=1, index=1
08-03 10:58:45.224  3571  3571 D Window selected text:: null
08-03 10:58:45.226  3571  3571 D Window selected text:: null
08-03 10:58:45.313     0     0 I sec_ts 1-0048: [P] tID:0 x:527 y:1886 z:46 major:11 minor:10 tc:1 type:0 noise:0
08-03 10:58:45.325     0     0 I aw8695_activate_store: value=1
08-03 10:58:45.331     0     0 I aw8695_vibrate: value=28, seq=1, index=1
08-03 10:58:45.375     0     0 I aw8695_activate_store: value=0
08-03 10:58:45.381     0     0 I aw8695_vibrate: value=0, seq=1, index=1
08-03 10:58:45.388     0     0 I sec_ts 1-0048: [R] tID:0 mc:0 tc:0 lx:527 ly:1886 v:0000 cal:00 id(0,0) p:0 noise:0 lp:(0)
08-03 10:58:45.523  3571  3571 D Window selected text:: null
08-03 10:58:45.525  3571  3571 D Window selected text:: null
08-03 10:58:45.580  4919  4926 E ocessService0:0: failed to create Unix domain socket: Operation not permitted
08-03 10:58:46.073     0     0 I sec_ts 1-0048: [P] tID:0 x:595 y:1466 z:57 major:12 minor:11 tc:1 type:0 noise:0
08-03 10:58:46.124     0     0 I sec_ts 1-0048: [R] tID:0 mc:0 tc:0 lx:595 ly:1466 v:0000 cal:00 id(0,0) p:0 noise:0 lp:(0)
08-03 10:58:46.140     0     0 I aw8695_activate_store: value=1
08-03 10:58:46.146     0     0 I aw8695_vibrate: value=28, seq=1, index=1
08-03 10:58:46.187  9977 10320 E SpannableStringBuilder: SPAN_EXCLUSIVE_EXCLUSIVE spans cannot have a zero length
08-03 10:58:46.187  9977 10320 E SpannableStringBuilder: SPAN_EXCLUSIVE_EXCLUSIVE spans cannot have a zero length
08-03 10:58:46.188     0     0 I aw8695_activate_store: value=0
08-03 10:58:46.195  9977 11704 E SpannableStringBuilder: SPAN_EXCLUSIVE_EXCLUSIVE spans cannot have a zero length
08-03 10:58:46.195  9977 11704 E SpannableStringBuilder: SPAN_EXCLUSIVE_EXCLUSIVE spans cannot have a zero length
08-03 10:58:46.195     0     0 I aw8695_vibrate: value=0, seq=1, index=1
08-03 10:58:46.267  3571  3571 D Window selected text:: null
08-03 10:58:46.270  3571  3571 D Window selected text:: null
08-03 10:58:46.804     0     0 W sdcardfs: 171 user.relatime: invalid format
08-03 10:58:47.206     0     0 W sdcardfs: 171 user.relatime: invalid format
08-03 10:58:47.581  4919  4926 E ocessService0:0: failed to create Unix domain socket: Operation not permitted
08-03 10:58:47.640     0     0 I pm7250b_charger: default_irq_handler: IRQ: usbin-collapse
08-03 10:58:47.641     0     0 I pm7250b_charger: default_irq_handler: IRQ: aicl-done
08-03 10:58:47.646     0     0 I pm7250b_charger: default_irq_handler: IRQ: usbin-collapse
08-03 10:58:48.082     0     0 I sec_ts 1-0048: [P] tID:0 x:411 y:1715 z:34 major:9 minor:8 tc:1 type:0 noise:0
08-03 10:58:48.095     0     0 I aw8695_activate_store: value=1
08-03 10:58:48.103     0     0 I aw8695_vibrate: value=28, seq=1, index=1
08-03 10:58:48.145     0     0 I aw8695_activate_store: value=0
08-03 10:58:48.151     0     0 I aw8695_vibrate: value=0, seq=1, index=1
08-03 10:58:48.179     0     0 I sec_ts 1-0048: [R] tID:0 mc:0 tc:0 lx:411 ly:1715 v:0000 cal:00 id(0,0) p:0 noise:0 lp:(0)
08-03 10:58:48.288     0     0 I pm7250b_charger: wdog_snarl_irq_handler: IRQ: wdog-snarl
08-03 10:58:48.294     0     0 E         : batt power supply prop 4 not supported
08-03 10:58:48.316  3571  3571 D Window selected text:: null
08-03 10:58:48.319  3571  3571 D Window selected text:: null
08-03 10:58:48.306     0     0 W healthd : battery l=81 v=4126 t=41.2 h=2 st=2 c=-141906 fc=4660000 cc=0 chg=a
08-03 10:58:48.322  2406  3324 D PowerUI : can't show warning due to - plugged: true status unknown: false
08-03 10:58:48.341     0     0 I sec_ts 1-0048: [P] tID:0 x:271 y:1718 z:37 major:9 minor:7 tc:1 type:0 noise:0
08-03 10:58:48.352     0     0 I aw8695_activate_store: value=1
08-03 10:58:48.361     0     0 I aw8695_vibrate: value=28, seq=1, index=1
08-03 10:58:48.396     0     0 I sec_ts 1-0048: [R] tID:0 mc:0 tc:0 lx:271 ly:1718 v:0000 cal:00 id(0,0) p:0 noise:0 lp:(0)
08-03 10:58:48.407     0     0 I aw8695_activate_store: value=0
08-03 10:58:48.418     0     0 I aw8695_vibrate: value=0, seq=1, index=1
08-03 10:58:48.534  3571  3571 D Window selected text:: null
08-03 10:58:48.537  3571  3571 D Window selected text:: null
08-03 10:58:48.653     0     0 I pm7250b_charger: smblib_icl_change_work: icl_settled=650000
08-03 10:58:48.669     0     0 W healthd : battery l=81 v=4166 t=41.2 h=2 st=2 c=62255 fc=4660000 cc=0 chg=a
08-03 10:58:48.684  2406  2994 D PowerUI : can't show warning due to - plugged: true status unknown: false
08-03 10:58:48.713     0     0 I sec_ts 1-0048: [P] tID:0 x:993 y:1692 z:30 major:7 minor:7 tc:1 type:0 noise:0
08-03 10:58:48.726     0     0 I aw8695_activate_store: value=1
08-03 10:58:48.735     0     0 I aw8695_vibrate: value=28, seq=1, index=1
08-03 10:58:48.776     0     0 I sec_ts 1-0048: [R] tID:0 mc:0 tc:0 lx:993 ly:1692 v:0000 cal:00 id(0,0) p:0 noise:0 lp:(0)
08-03 10:58:48.787     0     0 I aw8695_activate_store: value=0
08-03 10:58:48.798     0     0 I aw8695_vibrate: value=0, seq=1, index=1
08-03 10:58:48.923  3571  3571 D Window selected text:: null
08-03 10:58:48.926  3571  3571 D Window selected text:: null
08-03 10:58:48.936     0     0 I sec_ts 1-0048: [P] tID:0 x:870 y:1713 z:41 major:10 minor:9 tc:1 type:0 noise:0
08-03 10:58:48.949     0     0 I aw8695_activate_store: value=1
08-03 10:58:48.955     0     0 I aw8695_vibrate: value=28, seq=1, index=1
08-03 10:58:48.999     0     0 I aw8695_activate_store: value=0
08-03 10:58:49.000     0     0 I sec_ts 1-0048: [R] tID:0 mc:6 tc:0 lx:832 ly:1719 v:0000 cal:00 id(0,0) p:0 noise:0 lp:(0)
08-03 10:58:49.022     0     0 I aw8695_vibrate: value=0, seq=1, index=1
08-03 10:58:49.138  3571  3571 D Window selected text:: null
08-03 10:58:49.140  3571  3571 D Window selected text:: null
08-03 10:58:49.340     0     0 I sec_ts 1-0048: [P] tID:1 x:355 y:1727 z:31 major:9 minor:7 tc:1 type:0 noise:0
08-03 10:58:49.354     0     0 I aw8695_activate_store: value=1
08-03 10:58:49.359     0     0 I aw8695_vibrate: value=28, seq=1, index=1
08-03 10:58:49.402     0     0 I aw8695_activate_store: value=0
08-03 10:58:49.408     0     0 I aw8695_vibrate: value=0, seq=1, index=1
08-03 10:58:49.440     0     0 I sec_ts 1-0048: [R] tID:1 mc:2 tc:0 lx:357 ly:1726 v:0000 cal:00 id(0,0) p:0 noise:0 lp:(0)
08-03 10:58:49.576  3571  3571 D Window selected text:: null
08-03 10:58:49.581  3571  3571 D Window selected text:: null
08-03 10:58:49.581  4919  4926 E ocessService0:0: failed to create Unix domain socket: Operation not permitted
08-03 10:58:49.634     0     0 I sec_ts 1-0048: [P] tID:1 x:499 y:1697 z:40 major:11 minor:9 tc:1 type:0 noise:0
08-03 10:58:49.647     0     0 I aw8695_activate_store: value=1
08-03 10:58:49.654     0     0 I aw8695_vibrate: value=28, seq=1, index=1
08-03 10:58:49.675     0     0 I sec_ts 1-0048: [R] tID:1 mc:0 tc:0 lx:499 ly:1697 v:0000 cal:00 id(0,0) p:0 noise:0 lp:(0)
08-03 10:58:49.700     0     0 I aw8695_activate_store: value=0
08-03 10:58:49.706     0     0 I aw8695_vibrate: value=0, seq=1, index=1
08-03 10:58:49.802     0     0 I pm7250b_charger: SMBMMI: mmi_chrg_usb_vin_config: DP DM pulse count = 2
08-03 10:58:49.811     0     0 I pm7250b_charger: SMBMMI: mmi_basic_charge_sm: batt_mv = 4111, batt_ma 89, batt_soc 81, batt_temp 41, usb_mv 4397, dc_mv 0, cp 1, vp 1 dp 0
08-03 10:58:49.827  3571  3571 D Window selected text:: null
08-03 10:58:49.829  3571  3571 D Window selected text:: null
08-03 10:58:49.826     0     0 I pm7250b_charger: SMBMMI: mmi_basic_charge_sm: Step State = NORMAL, Temp Zone 3, Health 1
08-03 10:58:49.835     0     0 I pm7250b_charger: SMBMMI: mmi_basic_charge_sm: IMPOSED: FV = 4450000, CDIS = 0, FCC = 2000000, USBICL = 3000000
08-03 10:58:49.852     0     0 W healthd : battery l=81 v=4111 t=41.2 h=2 st=2 c=-89111 fc=4660000 cc=0 chg=a
08-03 10:58:49.873  2406  2989 D PowerUI : can't show warning due to - plugged: true status unknown: false
08-03 10:58:51.105  3658  3692 I MediaProvider: Scanned external_primary due to REASON_DEMAND, found 1 items in 20ms, 0 inserts 0 updates 0 deletes
08-03 10:58:51.110  3658  3692 I MediaProvider: Open with lower FS for /storage/emulated/0/Torrents. Uid: 10058
08-03 10:58:51.326     0     0 I sec_ts 1-0048: [P] tID:0 x:847 y:2123 z:46 major:11 minor:9 tc:1 type:0 noise:0
08-03 10:58:51.338     0     0 I aw8695_activate_store: value=1
08-03 10:58:51.344     0     0 I aw8695_vibrate: value=28, seq=1, index=1
08-03 10:58:51.388     0     0 I aw8695_activate_store: value=0
08-03 10:58:51.395     0     0 I aw8695_vibrate: value=0, seq=1, index=1
08-03 10:58:51.417     0     0 I sec_ts 1-0048: [R] tID:0 mc:0 tc:0 lx:847 ly:2123 v:0000 cal:00 id(0,0) p:0 noise:0 lp:(0)
08-03 10:58:51.549  3571  3571 D Window selected text:: null
08-03 10:58:51.553  3571  3571 D Window selected text:: null
08-03 10:58:51.582  4919  4926 E ocessService0:0: failed to create Unix domain socket: Operation not permitted
08-03 10:58:51.725     0     0 W sdcardfs: 171 user.relatime: invalid format
08-03 10:58:51.737  3658  3899 I FuseDaemon: Threshold exceeded - fadvising 67158016
08-03 10:58:51.737  3658  3899 I FuseDaemon: Threshold now 32497664
08-03 10:58:52.839     0     0 I sec_ts 1-0048: [P] tID:1 x:207 y:1013 z:38 major:10 minor:9 tc:1 type:0 noise:0
08-03 10:58:52.851  9977 10002 D GeckoIdleService: next timeout 5000 msec from now
08-03 10:58:52.851  9977 10002 D GeckoIdleService: SetTimerExpiryIfBefore: next timeout 5000 msec from now
08-03 10:58:52.851  9977 10002 D GeckoIdleService: reset timer expiry to 5010 msec from now
08-03 10:58:52.851  9977 10002 D GeckoIdleService: Reset idle timeout: tell observer 0x77a2af2d48 user is back
08-03 10:58:52.952     0     0 I sec_ts 1-0048: [R] tID:1 mc:0 tc:0 lx:207 ly:1013 v:0000 cal:00 id(0,0) p:0 noise:0 lp:(0)
08-03 10:58:53.045  1461 10359 D CoreBackPreview: Window{956fa6c u0 io.github.forkmaintainers.iceraven/io.github.forkmaintainers.iceraven.App}: Setting back callback OnBackInvokedCallbackInfo{mCallback=android.window.IOnBackInvokedCallback$Stub$Proxy@74b8676, mPriority=0}
08-03 10:58:53.077  4017  4017 E FullInputEventModel: onStartInput event aborted: al1: could not obtain extracted text (class al1)
08-03 10:58:53.148  3571  3571 D stopWindow: findFocus not editable
08-03 10:58:53.150  3571  3571 I com.catchingnow.undo: onDestroy
08-03 10:58:53.171  1461  2635 I ActivityTaskManager: START u0 {act=android.intent.action.CHOOSER cmp=android/com.android.internal.app.ChooserActivity (has extras)} from uid 10205
08-03 10:58:53.177  1461  2635 V SplashScreenExceptionList: SplashScreen checking exception for package android (target sdk:33) -> false
08-03 10:58:53.182  1461  1557 D CompatibilityChangeReporter: Compat change id reported: 135634846; UID 1000; state: DISABLED
08-03 10:58:53.183  1461  1557 D CompatibilityChangeReporter: Compat change id reported: 177438394; UID 1000; state: DISABLED
08-03 10:58:53.183  1461  1557 D CompatibilityChangeReporter: Compat change id reported: 135772972; UID 1000; state: DISABLED
08-03 10:58:53.183  1461  1557 D CompatibilityChangeReporter: Compat change id reported: 135754954; UID 1000; state: ENABLED
08-03 10:58:53.201  1096  1096 D Zygote  : Forked child process 12728
08-03 10:58:53.202  1461  1565 I ActivityManager: Start proc 12728:android:ui/1000 for next-top-activity {android/com.android.internal.app.ChooserActivity}
08-03 10:58:53.220 12276 12281 I adbd    : jdwp connection from 12728
08-03 10:58:53.235  1461  1504 W System  : A resource failed to call close. 
08-03 10:58:53.235  1461  1504 W System  : A resource failed to call close. 
08-03 10:58:53.235  1461  1504 W System  : A resource failed to call close. 
08-03 10:58:53.237  1461  3325 D CompatibilityChangeReporter: Compat change id reported: 181136395; UID 1000; state: DISABLED
08-03 10:58:53.237  1461  3325 D CompatibilityChangeReporter: Compat change id reported: 174042936; UID 1000; state: DISABLED
08-03 10:58:53.239 12728 12728 D CompatibilityChangeReporter: Compat change id reported: 171979766; UID 1000; state: ENABLED
08-03 10:58:53.254 12728 12728 V GraphicsEnvironment: ANGLE Developer option for 'android' set to: 'default'
08-03 10:58:53.254 12728 12728 V GraphicsEnvironment: ANGLE GameManagerService for android: false
08-03 10:58:53.255 12728 12728 D NetworkSecurityConfig: No Network Security Config specified, using platform default
08-03 10:58:53.255 12728 12728 D NetworkSecurityConfig: No Network Security Config specified, using platform default
08-03 10:58:53.269  1461  2824 D IntervalStats: Unable to parse usage stats packages: [540]
08-03 10:58:53.274 12728 12728 W ContextImpl: Failed to ensure /data/system/shared_prefs: mkdir failed: EACCES (Permission denied)
08-03 10:58:53.285 12728 12728 D CompatibilityChangeReporter: Compat change id reported: 210923482; UID 1000; state: ENABLED
08-03 10:58:53.290 12728 12728 I ResolverListAdapter: Add DisplayResolveInfo component: ComponentInfo{com.android.documentsui/com.android.documentsui.picker.PickActivity}, intent component: ComponentInfo{com.android.documentsui/com.android.documentsui.picker.PickActivity}
08-03 10:58:53.295 12728 12728 D CompatibilityChangeReporter: Compat change id reported: 171228096; UID 1000; state: ENABLED
08-03 10:58:53.297  1461  2824 I ActivityTaskManager: START u0 {act=android.intent.action.GET_CONTENT cat=[android.intent.category.OPENABLE] typ=*/* flg=0x3000000 cmp=com.android.documentsui/.picker.PickActivity (has extras)} from uid 10205
08-03 10:58:53.297  1461  2824 D CompatibilityChangeReporter: Compat change id reported: 265464455; UID 10055; state: DISABLED
08-03 10:58:53.298  1461  2824 D CompatibilityChangeReporter: Compat change id reported: 265452344; UID 10055; state: DISABLED
08-03 10:58:53.298  1461  2824 D CompatibilityChangeReporter: Compat change id reported: 266124927; UID 10055; state: DISABLED
08-03 10:58:53.298  1461  2824 D CompatibilityChangeReporter: Compat change id reported: 265451093; UID 10055; state: DISABLED
08-03 10:58:53.298  1461  2824 D CompatibilityChangeReporter: Compat change id reported: 265456536; UID 10055; state: DISABLED
08-03 10:58:53.298  1461  2824 D CompatibilityChangeReporter: Compat change id reported: 255940284; UID 10055; state: DISABLED
08-03 10:58:53.298  1461  2824 D CompatibilityChangeReporter: Compat change id reported: 236283604; UID 10055; state: DISABLED
08-03 10:58:53.298  1461  2824 D CompatibilityChangeReporter: Compat change id reported: 263959004; UID 10055; state: DISABLED
08-03 10:58:53.298  1461  2824 D CompatibilityChangeReporter: Compat change id reported: 264304459; UID 10055; state: DISABLED
08-03 10:58:53.298  1461  2824 D CompatibilityChangeReporter: Compat change id reported: 264301586; UID 10055; state: DISABLED
08-03 10:58:53.298  1461  2824 D CompatibilityChangeReporter: Compat change id reported: 254631730; UID 10055; state: DISABLED
08-03 10:58:53.298  1461  2824 D CompatibilityChangeReporter: Compat change id reported: 273509367; UID 10055; state: DISABLED
08-03 10:58:53.299  1461  2824 D CompatibilityChangeReporter: Compat change id reported: 263259275; UID 10055; state: DISABLED
08-03 10:58:53.311  1461  2824 D CompatibilityChangeReporter: Compat change id reported: 194480991; UID 10055; state: ENABLED
08-03 10:58:53.311  1461  2824 D CompatibilityChangeReporter: Compat change id reported: 174042980; UID 10055; state: DISABLED
08-03 10:58:53.311  1461  2824 D CompatibilityChangeReporter: Compat change id reported: 184838306; UID 10055; state: DISABLED
08-03 10:58:53.311  1461  2824 D CompatibilityChangeReporter: Compat change id reported: 185004937; UID 10055; state: DISABLED
08-03 10:58:53.312  1461  2824 D CompatibilityChangeReporter: Compat change id reported: 181136395; UID 10055; state: DISABLED
08-03 10:58:53.312  1461  2824 D CompatibilityChangeReporter: Compat change id reported: 174042936; UID 10055; state: DISABLED
08-03 10:58:53.313  1461  2824 V SplashScreenExceptionList: SplashScreen checking exception for package com.android.documentsui (target sdk:30) -> false
08-03 10:58:53.314  1461  2824 D CompatibilityChangeReporter: Compat change id reported: 205907456; UID 10055; state: DISABLED
08-03 10:58:53.316 12728 12728 D ChooserActivity: System Time Cost is 54
08-03 10:58:53.317  1461  1557 D CompatibilityChangeReporter: Compat change id reported: 135634846; UID 10055; state: DISABLED
08-03 10:58:53.317  1461  1557 D CompatibilityChangeReporter: Compat change id reported: 177438394; UID 10055; state: DISABLED
08-03 10:58:53.317  1461  1557 D CompatibilityChangeReporter: Compat change id reported: 135772972; UID 10055; state: DISABLED
08-03 10:58:53.317  1461  1557 D CompatibilityChangeReporter: Compat change id reported: 135754954; UID 10055; state: ENABLED
08-03 10:58:53.317  1461  1565 D CompatibilityChangeReporter: Compat change id reported: 143937733; UID 10055; state: ENABLED
08-03 10:58:53.328  2406  2508 W Parcel  : Expecting binder but got null!
08-03 10:58:53.329  2406  2468 D SplashScreenView: Build android.window.SplashScreenView{3a507e6 V.E...... ......ID 0,0-0,0}
08-03 10:58:53.329  2406  2468 D SplashScreenView: Icon: view: null drawable: null size: 0
08-03 10:58:53.329  2406  2468 D SplashScreenView: Branding: view: android.view.View{790a127 G.ED..... ......I. 0,0-0,0 #10204dc android:id/splashscreen_branding_view} drawable: null size w: 0 h: 0
08-03 10:58:53.331  1461  3325 D CompatibilityChangeReporter: Compat change id reported: 168419799; UID 10055; state: DISABLED
08-03 10:58:53.331  1461  3325 D CompatibilityChangeReporter: Compat change id reported: 273564678; UID 10055; state: DISABLED
08-03 10:58:53.334  1096  1096 D Zygote  : Forked child process 12749
08-03 10:58:53.334  1461  1565 I ActivityManager: Start proc 12749:com.android.documentsui/u0a55 for next-top-activity {com.android.documentsui/com.android.documentsui.picker.PickActivity}
08-03 10:58:53.335  1461  3325 D CoreBackPreview: Window{8354112 u0 Splash Screen com.android.documentsui}: Setting back callback OnBackInvokedCallbackInfo{mCallback=android.window.IOnBackInvokedCallback$Stub$Proxy@63e6199, mPriority=0}
08-03 10:58:53.345  2406  2508 E OpenGLRenderer: Unable to match the desired swap behavior.
08-03 10:58:53.353 12276 12281 I adbd    : jdwp connection from 12749
08-03 10:58:53.369 12749 12749 D CompatibilityChangeReporter: Compat change id reported: 171979766; UID 10055; state: DISABLED
08-03 10:58:53.376  1461 10359 D ConnectivityService: requestNetwork for uid/pid:10122/2406 asUid: 10055 activeRequest: null callbackRequest: 362 [NetworkRequest [ REQUEST id=363, [ Capabilities: INTERNET&NOT_RESTRICTED&TRUSTED&NOT_VCN_MANAGED Uid: 10055 RequestorUid: 10122 RequestorPkg: com.android.systemui UnderlyingNetworks: Null] ]] callback flags: 0 order: 2147483647
08-03 10:58:53.377  1461  2337 D ConnectivityService: NetReassign [363 : null → 100]
08-03 10:58:53.379  1461  2328 D WifiNetworkFactory: got request NetworkRequest [ REQUEST id=363, [ Capabilities: INTERNET&NOT_RESTRICTED&TRUSTED&NOT_VCN_MANAGED Uid: 10055 RequestorUid: 10122 RequestorPkg: com.android.systemui UnderlyingNetworks: Null] ]
08-03 10:58:53.379  1461  2328 D UntrustedWifiNetworkFactory: got request NetworkRequest [ REQUEST id=363, [ Capabilities: INTERNET&NOT_RESTRICTED&TRUSTED&NOT_VCN_MANAGED Uid: 10055 RequestorUid: 10122 RequestorPkg: com.android.systemui UnderlyingNetworks: Null] ]
08-03 10:58:53.379  2907  2907 D PhoneSwitcherNetworkRequstListener: got request NetworkRequest [ REQUEST id=363, [ Capabilities: INTERNET&NOT_RESTRICTED&TRUSTED&NOT_VCN_MANAGED Uid: 10055 RequestorUid: 10122 RequestorPkg: com.android.systemui UnderlyingNetworks: Null] ]
08-03 10:58:53.380  1461  2328 D OemPaidWifiNetworkFactory: got request NetworkRequest [ REQUEST id=363, [ Capabilities: INTERNET&NOT_RESTRICTED&TRUSTED&NOT_VCN_MANAGED Uid: 10055 RequestorUid: 10122 RequestorPkg: com.android.systemui UnderlyingNetworks: Null] ]
08-03 10:58:53.380  1461  2328 D MultiInternetWifiNetworkFactory: got request NetworkRequest [ REQUEST id=363, [ Capabilities: INTERNET&NOT_RESTRICTED&TRUSTED&NOT_VCN_MANAGED Uid: 10055 RequestorUid: 10122 RequestorPkg: com.android.systemui UnderlyingNetworks: Null] ]
08-03 10:58:53.385  1461  6946 W Parcel  : Expecting binder but got null!
08-03 10:58:53.394  1461  6946 W Parcel  : Expecting binder but got null!
08-03 10:58:53.396 12749 12749 V GraphicsEnvironment: ANGLE Developer option for 'com.android.documentsui' set to: 'default'
08-03 10:58:53.397 12749 12749 V GraphicsEnvironment: ANGLE GameManagerService for com.android.documentsui: false
08-03 10:58:53.398 12749 12749 D NetworkSecurityConfig: No Network Security Config specified, using platform default
08-03 10:58:53.398 12749 12749 D NetworkSecurityConfig: No Network Security Config specified, using platform default
08-03 10:58:53.417  1461  3325 D CompatibilityChangeReporter: Compat change id reported: 161145287; UID 10055; state: DISABLED
08-03 10:58:53.418 12749 12769 W ThemeOverlayManager: Skip enabled overlay package:com.android.documentsui.overlay, user:UserHandle{0}
08-03 10:58:53.418 12749 12749 D CompatibilityChangeReporter: Compat change id reported: 183155436; UID 10055; state: DISABLED
08-03 10:58:53.431 12749 12749 D CompatibilityChangeReporter: Compat change id reported: 210923482; UID 10055; state: DISABLED
08-03 10:58:53.431 12749 12749 D CompatibilityChangeReporter: Compat change id reported: 37756858; UID 10055; state: ENABLED
08-03 10:58:53.437  1461  2635 D ActivityManager: sync unfroze 11736 android.process.media
08-03 10:58:53.437 12276 12281 I adbd    : jdwp connection from 11736
08-03 10:58:53.443 12749 12749 D AppCompatDelegate: Checking for metadata for AppLocalesMetadataHolderService : Service not found
08-03 10:58:53.471 12749 12749 D CompatibilityChangeReporter: Compat change id reported: 171228096; UID 10055; state: ENABLED
08-03 10:58:53.489 12749 12749 D PickActivity: Created new state object: State{action=5, acceptMimes=[*/*, */*, */*, */*, */*, */*, */*, */*, */*, */*, */*, */*, */*, */*], allowMultiple=true, localOnly=true, stack=DocumentStack{root=null, docStack=[], stackTouched=false}, dirConfigs={}, excludedAuthorities=[], openableOnly=true, restrictScopeStorage=true, sortModel=SortModel{dimensions={16908304=SortDimension{id=16908304, labelId=2131820897, dataType=0, sortCapability=0, defaultSortDirection=1, sortDirection=0, visibility=4}, 16908310=SortDimension{id=16908310, labelId=2131820891, dataType=0, sortCapability=3, defaultSortDirection=1, sortDirection=0, visibility=0}, 2131296433=SortDimension{id=2131296433, labelId=2131820884, dataType=1, sortCapability=3, defaultSortDirection=2, sortDirection=0, visibility=0}, 2131296504=SortDimension{id=2131296504, labelId=2131820888, dataType=0, sortCapability=3, defaultSortDirection=1, sortDirection=0, visibility=0}, 2131296768=SortDimension{id=2131296768, labelId=2131820894, dataType=1, sortCapability=3, defaultSortDirection=1, sortDirection=0, visibility=0}}, defaultDimensionId=0, sortedDimension=null}}
08-03 10:58:53.490 12749 12749 D DrawerController: Calculated drawer width:280.0
08-03 10:58:53.511  1461 10359 I ActivityManager: com.android.shell is exempt from freezer
08-03 10:58:53.511  1461 10359 D CompatibilityChangeReporter: Compat change id reported: 135634846; UID 2000; state: DISABLED
08-03 10:58:53.511  1461 10359 D CompatibilityChangeReporter: Compat change id reported: 177438394; UID 2000; state: DISABLED
08-03 10:58:53.512  1461 10359 D CompatibilityChangeReporter: Compat change id reported: 135772972; UID 2000; state: DISABLED
08-03 10:58:53.512  1461 10359 D CompatibilityChangeReporter: Compat change id reported: 135754954; UID 2000; state: ENABLED
08-03 10:58:53.522  1096  1096 D Zygote  : Forked child process 12785
08-03 10:58:53.523  1461  1565 I ActivityManager: Start proc 12785:com.android.shell/2000 for content provider {com.android.shell/com.android.shell.BugreportStorageProvider}
08-03 10:58:53.536 12749 12749 D PickerActionHandler: Load last accessed stack.
08-03 10:58:53.536 12749 12749 D PickerActionHandler: Attempting to load last used stack for calling package.
08-03 10:58:53.537 12276 12281 I adbd    : jdwp connection from 12785
08-03 10:58:53.542  1461 10359 D CompatibilityChangeReporter: Compat change id reported: 168419799; UID 2000; state: DISABLED
08-03 10:58:53.542  1461 10359 D CompatibilityChangeReporter: Compat change id reported: 273564678; UID 2000; state: DISABLED
08-03 10:58:53.545 12785 12785 D CompatibilityChangeReporter: Compat change id reported: 171979766; UID 2000; state: ENABLED
08-03 10:58:53.556  1461 10359 D CoreBackPreview: Window{820f6b3 u0 com.catchingnow.undo}: Setting back callback null
08-03 10:58:53.557  1461 10359 W InputManager-JNI: Input channel object '820f6b3 com.catchingnow.undo (client)' was disposed without first being removed with the input manager!
08-03 10:58:53.558  1461  1557 W NotificationHistory: Attempted to remove channel for locked/gone/disabled user 0
08-03 10:58:53.559  1461  1461 D CompatibilityChangeReporter: Compat change id reported: 175319604; UID 1000; state: ENABLED
08-03 10:58:53.559  1461  1461 D CompatibilityChangeReporter: Compat change id reported: 175319604; UID 1000; state: DISABLED
08-03 10:58:53.560  1461  1461 D CompatibilityChangeReporter: Compat change id reported: 195579280; UID 1000; state: ENABLED
08-03 10:58:53.560  1461  1461 D CompatibilityChangeReporter: Compat change id reported: 195579280; UID 1000; state: DISABLED
08-03 10:58:53.561 12785 12785 V GraphicsEnvironment: ANGLE Developer option for 'com.android.shell' set to: 'default'
08-03 10:58:53.561 12785 12785 V GraphicsEnvironment: ANGLE GameManagerService for com.android.shell: false
08-03 10:58:53.562 12785 12785 D NetworkSecurityConfig: No Network Security Config specified, using platform default
08-03 10:58:53.563 12785 12785 D NetworkSecurityConfig: No Network Security Config specified, using platform default
08-03 10:58:53.574 12749 12777 W oid.documentsui: Long monitor contention with owner pool-2-thread-1 (12771) at void com.android.documentsui.roots.ProvidersCache$MultiProviderUpdateTask.handleDocumentsProvider(android.content.pm.ProviderInfo, com.android.documentsui.base.UserId)(ProvidersCache.java:646) waiters=5 in void com.android.documentsui.roots.ProvidersCache$MultiProviderUpdateTask.handleDocumentsProvider(android.content.pm.ProviderInfo, com.android.documentsui.base.UserId) for 152ms
08-03 10:58:53.582  4919  4926 E ocessService0:0: failed to create Unix domain socket: Operation not permitted
08-03 10:58:53.588  1461  2635 D CompatibilityChangeReporter: Compat change id reported: 135634846; UID 10256; state: DISABLED
08-03 10:58:53.588  1461  2635 D CompatibilityChangeReporter: Compat change id reported: 177438394; UID 10256; state: DISABLED
08-03 10:58:53.588  1461  2635 D CompatibilityChangeReporter: Compat change id reported: 135772972; UID 10256; state: DISABLED
08-03 10:58:53.588  1461  2635 D CompatibilityChangeReporter: Compat change id reported: 135754954; UID 10256; state: ENABLED
08-03 10:58:53.588  1461  1565 D CompatibilityChangeReporter: Compat change id reported: 143937733; UID 10256; state: ENABLED
08-03 10:58:53.599  1096  1096 D Zygote  : Forked child process 12802
08-03 10:58:53.600  1461  1565 I ActivityManager: Start proc 12802:ccc71.explorer/u0a256 for content provider {ccc71.explorer/lib3c.app.explorer.provider}
08-03 10:58:53.622 12276 12281 I adbd    : jdwp connection from 12802
08-03 10:58:53.625  1461 10359 D CompatibilityChangeReporter: Compat change id reported: 168419799; UID 10256; state: DISABLED
08-03 10:58:53.625  1461 10359 D CompatibilityChangeReporter: Compat change id reported: 273564678; UID 10256; state: DISABLED
08-03 10:58:53.628 12802 12802 D CompatibilityChangeReporter: Compat change id reported: 171979766; UID 10256; state: ENABLED
08-03 10:58:53.653  1223  2158 I slpi-TCS3708: ALS lux 96.983955, bright 326, algo 1, pnl idx 2, 90 Hz, poll 10 ms, lux_s 1.000000, aT 1376, aG 554, pwm 1000, HBt:2
08-03 10:58:53.654 12802 12802 W ziparchive: Unable to open '/data/app/~~hhHaeDDtR-yqinG81I8z0g==/ccc71.explorer-sqKc-IhUbdOlQEVyDGPV1A==/split_config.arm64_v8a.dm': No such file or directory
08-03 10:58:53.654 12802 12802 W ziparchive: Unable to open '/data/app/~~hhHaeDDtR-yqinG81I8z0g==/ccc71.explorer-sqKc-IhUbdOlQEVyDGPV1A==/split_config.arm64_v8a.dm': No such file or directory
08-03 10:58:53.654 12802 12802 W ccc71.explorer: Entry not found
08-03 10:58:53.655 12802 12802 W ziparchive: Unable to open '/data/app/~~hhHaeDDtR-yqinG81I8z0g==/ccc71.explorer-sqKc-IhUbdOlQEVyDGPV1A==/split_config.xxxhdpi.dm': No such file or directory
08-03 10:58:53.655 12802 12802 W ziparchive: Unable to open '/data/app/~~hhHaeDDtR-yqinG81I8z0g==/ccc71.explorer-sqKc-IhUbdOlQEVyDGPV1A==/split_config.xxxhdpi.dm': No such file or directory
08-03 10:58:53.655 12802 12802 W ccc71.explorer: Entry not found
08-03 10:58:53.658 12802 12802 W ccc71.explorer: JIT profile information will not be recorded: profile file does not exist.
08-03 10:58:53.658 12802 12802 W ccc71.explorer: JIT profile information will not be recorded: profile file does not exist.
08-03 10:58:53.663 12802 12802 V GraphicsEnvironment: ANGLE Developer option for 'ccc71.explorer' set to: 'default'
08-03 10:58:53.664 12802 12802 V GraphicsEnvironment: ANGLE GameManagerService for ccc71.explorer: false
08-03 10:58:53.664 12802 12802 V GraphicsEnvironment: Updatable production driver is not supported on the device.
08-03 10:58:53.665 12802 12802 D NetworkSecurityConfig: No Network Security Config specified, using platform default
08-03 10:58:53.665 12802 12802 D NetworkSecurityConfig: No Network Security Config specified, using platform default
08-03 10:58:53.666 12802 12802 I MultiDex: VM with version 2.1.0 has multidex support
08-03 10:58:53.666 12802 12802 I MultiDex: Installing application
08-03 10:58:53.666 12802 12802 I MultiDex: VM has multidex support, MultiDex support library is disabled.
08-03 10:58:53.669  1461 10359 D CompatibilityChangeReporter: Compat change id reported: 161145287; UID 10256; state: DISABLED
08-03 10:58:53.672 12802 12802 D 3c.explorer: provider.onCreate
08-03 10:58:53.674 12802 12802 D WM-WrkMgrInitializer: Initializing WorkManager with default configuration.
08-03 10:58:53.685 12802 12815 D 3c.explorer: provider.queryRoots
08-03 10:58:53.690 12802 12815 D 3c.explorer: provider.queryRoots - listed 0
08-03 10:58:53.690 12749 12777 I ProvidersCache: Provider returned no roots. Possibly naughty: ccc71.explorer.shares
08-03 10:58:53.690 12749 12778 W oid.documentsui: Long monitor contention with owner pool-2-thread-1 (12771) at void com.android.documentsui.roots.ProvidersCache$MultiProviderUpdateTask.handleDocumentsProvider(android.content.pm.ProviderInfo, com.android.documentsui.base.UserId)(ProvidersCache.java:646) waiters=6 in void com.android.documentsui.roots.ProvidersCache$MultiProviderUpdateTask.handleDocumentsProvider(android.content.pm.ProviderInfo, com.android.documentsui.base.UserId) for 269ms
08-03 10:58:53.694 12802 12802 V 3c.ui   : New activity control lib3c.ui.activities.lib3c_activity_control@7c337bf
08-03 10:58:53.701 12802 12822 W 3c.settings: Loaded 9 shared preference settings
08-03 10:58:53.701 12802 12822 V 3c.settings: Got language en
08-03 10:58:53.701 12802 12822 W 3c.lib  : Loading exception handler onto file /storage/emulated/0/Android/data/ccc71.explorer/support/crash_reports.txt
08-03 10:58:53.703 12802 12822 W 3c.ui.utils: shortcut initialized  / 0 / empty
08-03 10:58:53.703 12802 12822 W 3c.ui.utils: Loading language into shortcuts initializer
08-03 10:58:53.703 12802 12822 W 3c.ui.utils: Loaded language into shortcuts initializer: en_US
08-03 10:58:53.704 12802 12822 W 3c.ui.utils: Removing package activity shortcut for null - ccc71.tm
08-03 10:58:53.705 12802 12822 W 3c.ui.utils: Removing package activity shortcut for null - ccc71.tr
08-03 10:58:53.705 12802 12822 W 3c.ui.utils: Removing package activity shortcut for null - ccc71.bmw
08-03 10:58:53.705 12802 12822 W 3c.ui.utils: Removing package activity shortcut for null - ccc71.bs
08-03 10:58:53.705 12802 12822 W 3c.ui.utils: Removing package activity shortcut for null - ccc71.st.cpu
08-03 10:58:53.705 12802 12822 W 3c.ui.utils: Removing package activity shortcut for null - ccc71.sb
08-03 10:58:53.705 12802 12822 W 3c.ui.utils: Removing package activity shortcut for null - ccc71.te
08-03 10:58:53.706 12802 12822 W 3c.ui.utils: Removing package activity shortcut for null - ccc71.lr
08-03 10:58:53.706 12802 12822 W 3c.ui.utils: Removing package activity shortcut for null - ccc71.kt
08-03 10:58:53.709  1461 10359 D CompatibilityChangeReporter: Compat change id reported: 135634846; UID 10159; state: DISABLED
08-03 10:58:53.709  1461 10359 D CompatibilityChangeReporter: Compat change id reported: 177438394; UID 10159; state: DISABLED
08-03 10:58:53.710  1461 10359 D CompatibilityChangeReporter: Compat change id reported: 135772972; UID 10159; state: DISABLED
08-03 10:58:53.710 12802 12821 D CompatibilityChangeReporter: Compat change id reported: 160794467; UID 10256; state: ENABLED
08-03 10:58:53.710  1461 10359 D CompatibilityChangeReporter: Compat change id reported: 135754954; UID 10159; state: ENABLED
08-03 10:58:53.710  1461  1565 D CompatibilityChangeReporter: Compat change id reported: 143937733; UID 10159; state: ENABLED
08-03 10:58:53.719 12802 12822 W 3c.ui.utils: Done initializing shortcuts
08-03 10:58:53.724  1096  1096 D Zygote  : Forked child process 12824
08-03 10:58:53.725  1461  1565 I ActivityManager: Start proc 12824:com.truist.mobile/u0a159 for content provider {com.truist.mobile/com.truist.documentcenter.dashboard.provider.StatementsProvider}
08-03 10:58:53.744 12276 12281 I adbd    : jdwp connection from 12824
08-03 10:58:53.749  1461  2635 D CompatibilityChangeReporter: Compat change id reported: 168419799; UID 10159; state: DISABLED
08-03 10:58:53.749  1461  2635 D CompatibilityChangeReporter: Compat change id reported: 273564678; UID 10159; state: DISABLED
08-03 10:58:53.752 12824 12824 D CompatibilityChangeReporter: Compat change id reported: 171979766; UID 10159; state: ENABLED
08-03 10:58:53.756 12824 12824 W ziparchive: Unable to open '/system/framework/org.apache.http.legacy.dm': No such file or directory
08-03 10:58:53.756 12824 12824 W ziparchive: Unable to open '/system/framework/org.apache.http.legacy.dm': No such file or directory
08-03 10:58:53.763  1223  2158 I slpi-TCS3708: ALS lux 131.063568, bright 326, algo 1, pnl idx 2, 90 Hz, poll 10 ms, lux_s 1.000000, aT 1376, aG 554, pwm 0, HBt:2
08-03 10:58:53.846  1461  1461 W AccessibilityManagerService:  wait for adding window timeout: 100
08-03 10:58:53.879 12824 12824 V GraphicsEnvironment: ANGLE Developer option for 'com.truist.mobile' set to: 'default'
08-03 10:58:53.880 12824 12824 V GraphicsEnvironment: ANGLE GameManagerService for com.truist.mobile: false
08-03 10:58:53.880 12824 12824 V GraphicsEnvironment: Updatable production driver is not supported on the device.
08-03 10:58:53.882 12824 12824 D NetworkSecurityConfig: Using Network Security Config from resource network_security_config debugBuild: false
08-03 10:58:53.882 12824 12824 D NetworkSecurityConfig: Using Network Security Config from resource network_security_config debugBuild: false
08-03 10:58:53.892 12824 12824 D CompatibilityChangeReporter: Compat change id reported: 183155436; UID 10159; state: DISABLED
08-03 10:58:53.892 12824 12824 I FirebaseApp: Device unlocked: initializing all Firebase APIs for app [DEFAULT]
08-03 10:58:53.911 12824 12824 I FirebaseInitProvider: FirebaseApp initialization successful
