--------- beginning of system
08-03 09:53:25.729  1461  2425 D CompatibilityChangeReporter: Compat change id reported: 168419799; UID 10078; state: DISABLED
08-03 09:53:25.730  1461  2425 D CompatibilityChangeReporter: Compat change id reported: 273564678; UID 10078; state: DISABLED
08-03 09:53:25.852  1461  2377 E ClipboardService: Denying clipboard access to com.appgeneration.itunerfree, application is not in focus nor is it a system service for user 0
08-03 09:53:25.852  1461  2377 E ClipboardService: Denying clipboard access to me.bluemail.mail, application is not in focus nor is it a system service for user 0
08-03 09:53:25.852  1461  2377 E ClipboardService: Denying clipboard access to com.espn.score_center, application is not in focus nor is it a system service for user 0
08-03 09:53:25.852  1461  2377 E ClipboardService: Denying clipboard access to com.catchingnow.tinyclipboardmanager, application is not in focus nor is it a system service for user 0
08-03 09:53:25.903  1461  2933 D SystemServerTiming: getUserSwitchability-0
08-03 09:53:25.903  1461  2933 D SystemServerTiming: TM.isInCall
08-03 09:53:25.904  1461  2425 D SystemServerTiming: getUserSwitchability-0
08-03 09:53:25.904  1461  2425 D SystemServerTiming: TM.isInCall
08-03 09:53:25.905  1461  2933 V SystemServerTiming: TM.isInCall took to complete: 1ms
08-03 09:53:25.905  1461  2933 D SystemServerTiming: hasUserRestriction-DISALLOW_USER_SWITCH
08-03 09:53:25.905  1461  2425 V SystemServerTiming: TM.isInCall took to complete: 1ms
08-03 09:53:25.905  1461  2425 D SystemServerTiming: hasUserRestriction-DISALLOW_USER_SWITCH
08-03 09:53:25.905  1461  2933 V SystemServerTiming: hasUserRestriction-DISALLOW_USER_SWITCH took to complete: 0ms
08-03 09:53:25.905  1461  2933 D SystemServerTiming: getInt-ALLOW_USER_SWITCHING_WHEN_SYSTEM_USER_LOCKED
08-03 09:53:25.905  1461  2933 V SystemServerTiming: getInt-ALLOW_USER_SWITCHING_WHEN_SYSTEM_USER_LOCKED took to complete: 0ms
08-03 09:53:25.905  1461  2933 D SystemServerTiming: isUserUnlocked-USER_SYSTEM
08-03 09:53:25.905  1461  2425 V SystemServerTiming: hasUserRestriction-DISALLOW_USER_SWITCH took to complete: 0ms
08-03 09:53:25.905  1461  2425 D SystemServerTiming: getInt-ALLOW_USER_SWITCHING_WHEN_SYSTEM_USER_LOCKED
08-03 09:53:25.905  1461  2933 V SystemServerTiming: isUserUnlocked-USER_SYSTEM took to complete: 0ms
08-03 09:53:25.905  1461  2425 V SystemServerTiming: getInt-ALLOW_USER_SWITCHING_WHEN_SYSTEM_USER_LOCKED took to complete: 0ms
08-03 09:53:25.905  1461  2425 D SystemServerTiming: isUserUnlocked-USER_SYSTEM
08-03 09:53:25.905  1461  2933 V SystemServerTiming: getUserSwitchability-0 took to complete: 2ms
08-03 09:53:25.906  1461  1461 W NotificationHistory: Attempted to add notif for locked/gone/disabled user 0
08-03 09:53:25.908  1461  2425 V SystemServerTiming: isUserUnlocked-USER_SYSTEM took to complete: 0ms
08-03 09:53:25.908  1461  2425 V SystemServerTiming: getUserSwitchability-0 took to complete: 4ms
08-03 09:53:25.925  1461  1608 W BatteryExternalStatsWorker: error reading Bluetooth stats: 9
08-03 09:53:25.940  1461  2636 D CompatibilityChangeReporter: Compat change id reported: 161145287; UID 10078; state: DISABLED
08-03 09:53:26.573  1461  1508 D CoreBackPreview: Window{5efb2f1 u0 Toast}: Setting back callback null
08-03 09:53:26.580  1461  2425 W NotificationService: Toast already killed. pkg=com.topjohnwu.magisk token=android.os.BinderProxy@ce0a9f8
08-03 09:53:27.168  1461  2425 D CompatibilityChangeReporter: Compat change id reported: 161145287; UID 10187; state: DISABLED
08-03 09:53:27.468  1461  2425 D CompatibilityChangeReporter: Compat change id reported: 194532703; UID 10078; state: ENABLED
08-03 09:53:27.724  1461  2636 D CompatibilityChangeReporter: Compat change id reported: 161145287; UID 10162; state: DISABLED
08-03 09:53:27.820  1461  2425 D CompatibilityChangeReporter: Compat change id reported: 168419799; UID 10217; state: DISABLED
08-03 09:53:27.820  1461  2425 D CompatibilityChangeReporter: Compat change id reported: 273564678; UID 10217; state: DISABLED
08-03 09:53:27.823  1461  2933 D CompatibilityChangeReporter: Compat change id reported: 135634846; UID 10009; state: DISABLED
08-03 09:53:27.824  1461  1565 D CompatibilityChangeReporter: Compat change id reported: 143937733; UID 10009; state: DISABLED
08-03 09:53:27.835  1461  1565 I ActivityManager: Start proc 6597:com.gamecircus.PrizeClaw/u0a9 for broadcast {com.gamecircus.PrizeClaw/com.gamecircus.localnotifications.NotificationBootReceiver}
08-03 09:53:27.860  1461  1508 D CompatibilityChangeReporter: Compat change id reported: 168419799; UID 10009; state: DISABLED
08-03 09:53:27.861  1461  1508 D CompatibilityChangeReporter: Compat change id reported: 273564678; UID 10009; state: DISABLED
08-03 09:53:27.964  1461  3325 D CompatibilityChangeReporter: Compat change id reported: 218533173; UID 10078; state: ENABLED
08-03 09:53:28.007  1461  1508 W BroadcastQueue: u0 Receiving a broadcast in packagecom.gmd.immersive requires a permissions review
08-03 09:53:28.007  1461  1508 W BroadcastQueue: Skipping delivery: permission review required for Intent { act=android.intent.action.BOOT_COMPLETED flg=0x89000010 (has extras) } from null (pid=1461, uid=1000) to com.gmd.immersive/com.gmd.hidesoftkeys.Booter
08-03 09:53:28.007  1461  1508 D OomAdjuster: Not killing cached processes
08-03 09:53:28.017  1461  1564 W BroadcastQueue: u0 Receiving a broadcast in packagecom.j.y.daddy.customizer requires a permissions review
08-03 09:53:28.018  1461  1564 W BroadcastQueue: Skipping delivery: permission review required for Intent { act=android.intent.action.BOOT_COMPLETED flg=0x89000010 (has extras) } from null (pid=1461, uid=1000) to com.j.y.daddy.customizer/.AndromizerReceiver
08-03 09:53:28.020  1461  1564 D CompatibilityChangeReporter: Compat change id reported: 135634846; UID 10303; state: DISABLED
08-03 09:53:28.020  1461  1564 D CompatibilityChangeReporter: Compat change id reported: 177438394; UID 10303; state: DISABLED
08-03 09:53:28.020  1461  1564 D CompatibilityChangeReporter: Compat change id reported: 135772972; UID 10303; state: DISABLED
08-03 09:53:28.021  1461  1564 D CompatibilityChangeReporter: Compat change id reported: 135754954; UID 10303; state: ENABLED
08-03 09:53:28.021  1461  1565 D CompatibilityChangeReporter: Compat change id reported: 143937733; UID 10303; state: ENABLED
08-03 09:53:28.043  1461  1565 I ActivityManager: Start proc 6619:com.microsoft.appmanager/u0a303 for broadcast {com.microsoft.appmanager/com.microsoft.appmanager.core.StartUpBroadcastReceiver}
08-03 09:53:28.075  1461  2425 D CompatibilityChangeReporter: Compat change id reported: 168419799; UID 10303; state: DISABLED
08-03 09:53:28.075  1461  2425 D CompatibilityChangeReporter: Compat change id reported: 273564678; UID 10303; state: DISABLED
08-03 09:53:28.121  1461  2636 D CoreBackPreview: Window{ba1ecd7 u0 ClipboardOverlay}: Setting back callback null
08-03 09:53:28.620  6619  6619 E ActivityThread: Failed to find provider info for com.samsung.android.mdx.windowslink.Tile.Provider
08-03 09:53:28.623  6619  6619 D ActivityThread: Loading provider com.microsoft.appmanager.extgeneric.ExtFunctionProvider: com.microsoft.appmanager.extgeneric.ExtFunctionProvider
08-03 09:53:28.647  6619  6619 E ActivityThread: Failed to find provider info for com.microsoft.deviceExperiences.DeviceExperiencesContentProvider
08-03 09:53:28.669  1461  1562 D AppWidgetServiceImpl: Provider info from ComponentInfo{com.android.gallery3d/com.android.gallery3d.gadget.PhotoAppWidgetProvider} won't be persisted.
08-03 09:53:28.670  1461  1562 D AppWidgetServiceImpl: Provider info from ComponentInfo{com.android.systemui/com.android.systemui.people.widget.PeopleSpaceWidgetProvider} won't be persisted.
08-03 09:53:28.670  1461  1562 D AppWidgetServiceImpl: Provider info from ComponentInfo{org.lineageos.eleven/org.lineageos.eleven.appwidgets.AppWidgetSmall} won't be persisted.
08-03 09:53:28.670  1461  1562 D AppWidgetServiceImpl: Provider info from ComponentInfo{org.lineageos.eleven/org.lineageos.eleven.appwidgets.AppWidgetLarge} won't be persisted.
08-03 09:53:28.670  1461  1562 D AppWidgetServiceImpl: Provider info from ComponentInfo{org.lineageos.eleven/org.lineageos.eleven.appwidgets.AppWidgetLargeAlternate} won't be persisted.
08-03 09:53:28.670  1461  1562 D AppWidgetServiceImpl: Provider info from ComponentInfo{org.lineageos.etar/com.android.calendar.widget.CalendarAppWidgetProvider} won't be persisted.
08-03 09:53:28.670  1461  1562 D AppWidgetServiceImpl: Provider info from ComponentInfo{cm.aptoide.pt/cm.aptoide.pt.widget.SearchWidgetProvider} won't be persisted.
08-03 09:53:28.670  1461  1562 D AppWidgetServiceImpl: Provider info from ComponentInfo{com.al.dlnaserver/com.al.dlnaserver.customs.AppWidget} won't be persisted.
08-03 09:53:28.670  1461  1562 D AppWidgetServiceImpl: Provider info from ComponentInfo{com.almalence.opencam/com.almalence.widget.OpenCameraWidgetProvider} won't be persisted.
08-03 09:53:28.670  1461  1562 D AppWidgetServiceImpl: Provider info from ComponentInfo{com.almalence.opencam/com.almalence.widget.OpenCameraSolidWidgetProvider} won't be persisted.
08-03 09:53:28.670  1461  1562 D AppWidgetServiceImpl: Provider info from ComponentInfo{com.almalence.opencam/com.almalence.widget.OpenCameraFullSolidWidgetProvider} won't be persisted.
08-03 09:53:28.670  1461  1562 D AppWidgetServiceImpl: Provider info from ComponentInfo{com.android.chrome/org.chromium.chrome.browser.quickactionsearchwidget.QuickActionSearchWidgetProvider$QuickActionSearchWidgetProviderSearch} won't be persisted.
08-03 09:53:28.670  1461  1562 D AppWidgetServiceImpl: Provider info from ComponentInfo{com.android.chrome/org.chromium.chrome.browser.quickactionsearchwidget.QuickActionSearchWidgetProvider$QuickActionSearchWidgetProviderDino} won't be persisted.
08-03 09:53:28.670  1461  1562 D AppWidgetServiceImpl: Provider info from ComponentInfo{com.android.chrome/com.google.android.apps.chrome.appwidget.bookmarks.BookmarkThumbnailWidgetProvider} won't be persisted.
08-03 09:53:28.670  1461  1562 D AppWidgetServiceImpl: Provider info from ComponentInfo{com.android.chrome/org.chromium.chrome.browser.searchwidget.SearchWidgetProvider} won't be persisted.
08-03 09:53:28.670  1461  1562 D AppWidgetServiceImpl: Provider info from ComponentInfo{com.appgeneration.itunerfree/com.appgeneration.ituner.widget.MyTunerWidgetProvider} won't be persisted.
08-03 09:53:28.670  1461  1562 D AppWidgetServiceImpl: Provider info from ComponentInfo{com.brave.browser/org.chromium.chrome.browser.quickactionsearchwidget.QuickActionSearchWidgetProvider$QuickActionSearchWidgetProviderSearch} won't be persisted.
08-03 09:53:28.670  1461  1562 D AppWidgetServiceImpl: Provider info from ComponentInfo{com.brave.browser/org.chromium.chrome.browser.quickactionsearchwidget.QuickActionSearchWidgetProvider$QuickActionSearchWidgetProviderDino} won't be persisted.
08-03 09:53:28.670  1461  1562 D AppWidgetServiceImpl: Provider info from ComponentInfo{com.brave.browser/com.google.android.apps.chrome.appwidget.bookmarks.BookmarkThumbnailWidgetProvider} won't be persisted.
08-03 09:53:28.670  1461  1562 D AppWidgetServiceImpl: Provider info from ComponentInfo{com.brave.browser/org.chromium.chrome.browser.searchwidget.SearchWidgetProvider} won't be persisted.
08-03 09:53:28.670  1461  1562 D AppWidgetServiceImpl: Provider info from ComponentInfo{com.brave.browser/org.chromium.chrome.browser.widget.quickactionsearchandbookmark.QuickActionSearchAndBookmarkWidgetProvider} won't be persisted.
08-03 09:53:28.670  1461  1562 D AppWidgetServiceImpl: Provider info from ComponentInfo{com.buak.Link2SD/com.buak.Link2SD.clearcache.ClearCacheWidgetProvider} won't be persisted.
08-03 09:53:28.670  1461  1562 D AppWidgetServiceImpl: Provider info from ComponentInfo{com.buak.Link2SD/com.buak.Link2SD.widget.RebootWidgetProvider} won't be persisted.
08-03 09:53:28.670  1461  1562 D AppWidgetServiceImpl: Provider info from ComponentInfo{com.calm.android/com.calm.android.widgets.DailyCalmWidget} won't be persisted.
08-03 09:53:28.670  1461  1562 D AppWidgetServiceImpl: Provider info from ComponentInfo{com.calm.android/com.calm.android.widgets.RecommendedSleepStoryWidget} won't be persisted.
08-03 09:53:28.670  1461  1562 D AppWidgetServiceImpl: Provider info from ComponentInfo{com.catchingnow.tinyclipboardmanager/com.catchingnow.tinyclipboardmanager.uitools.AppWidget} won't be persisted.
08-03 09:53:28.671  1461  1562 D AppWidgetServiceImpl: Provider info from ComponentInfo{com.nextradioapp.nextradio/com.nextradioapp.nextradio.widgetnotifications.Widget2RowsLarge} won't be persisted.
08-03 09:53:28.671  1461  1562 D AppWidgetServiceImpl: Provider info from ComponentInfo{com.nextradioapp.nextradio/com.nextradioapp.nextradio.widgetnotifications.Widget2Rows} won't be persisted.
08-03 09:53:28.671  1461  1562 D AppWidgetServiceImpl: Provider info from ComponentInfo{com.nextradioapp.nextradio/com.nextradioapp.nextradio.widgetnotifications.Widget2RowsSmall} won't be persisted.
08-03 09:53:28.671  1461  1562 D AppWidgetServiceImpl: Provider info from ComponentInfo{com.piriform.ccleaner/com.avast.android.cleaner.widget.ProjectAppWidgetProvider} won't be persisted.
08-03 09:53:28.671  1461  1562 D AppWidgetServiceImpl: Provider info from ComponentInfo{com.shazam.android/com.shazam.popup.android.appwidget.ShazamOnStartupWidgetProvider} won't be persisted.
08-03 09:53:28.671  1461  1562 D AppWidgetServiceImpl: Provider info from ComponentInfo{com.shazam.android/com.shazam.popup.android.appwidget.WidgetProvider} won't be persisted.
08-03 09:53:28.671  1461  1562 D AppWidgetServiceImpl: Provider info from ComponentInfo{com.socialnmobile.dictapps.notepad.color.note/com.socialnmobile.colornote.receiver.NoteWidget} won't be persisted.
08-03 09:53:28.671  1461  1562 D AppWidgetServiceImpl: Provider info from ComponentInfo{com.socialnmobile.dictapps.notepad.color.note/com.socialnmobile.colornote.receiver.NoteWidget2x2} won't be persisted.
08-03 09:53:28.671  1461  1562 D AppWidgetServiceImpl: Provider info from ComponentInfo{com.socialnmobile.dictapps.notepad.color.note/com.socialnmobile.colornote.receiver.TodayWidget2x2} won't be persisted.
08-03 09:53:28.671  1461  1562 D AppWidgetServiceImpl: Provider info from ComponentInfo{com.utility.autoapporganizer/com.utility.autoapporganizer.AAOAppWidgetProvider} won't be persisted.
08-03 09:53:28.671  1461  1562 D AppWidgetServiceImpl: Provider info from ComponentInfo{com.whatsapp/com.whatsapp.appwidget.WidgetProvider} won't be persisted.
08-03 09:53:28.671  1461  1562 D AppWidgetServiceImpl: Provider info from ComponentInfo{de.appzer.Pushsafer/de.appzer.Pushsafer.PushsaferWidget} won't be persisted.
08-03 09:53:28.671  1461  1562 D AppWidgetServiceImpl: Provider info from ComponentInfo{de.appzer.Pushsafer/de.appzer.Pushsafer.PushsaferWidgetIcon} won't be persisted.
08-03 09:53:28.671  1461  1562 D AppWidgetServiceImpl: Provider info from ComponentInfo{io.github.forkmaintainers.iceraven/org.mozilla.gecko.search.SearchWidgetProvider} won't be persisted.
08-03 09:53:28.671  1461  1562 D AppWidgetServiceImpl: Provider info from ComponentInfo{net.superblock.pushover/net.superblock.pushover.widget.PushoverWidgetProvider} won't be persisted.
08-03 09:53:28.671  1461  1562 D AppWidgetServiceImpl: Provider info from ComponentInfo{org.leetzone.android.yatsewidgetfree/org.leetzone.android.yatsewidget.ui.widget.Widget11v1} won't be persisted.
08-03 09:53:28.671  1461  1562 D AppWidgetServiceImpl: Provider info from ComponentInfo{org.leetzone.android.yatsewidgetfree/org.leetzone.android.yatsewidget.ui.widget.Widget11v2} won't be persisted.
08-03 09:53:28.671  1461  1562 D AppWidgetServiceImpl: Provider info from ComponentInfo{org.leetzone.android.yatsewidgetfree/org.leetzone.android.yatsewidget.ui.widget.Widget41v1} won't be persisted.
08-03 09:53:28.671  1461  1562 D AppWidgetServiceImpl: Provider info from ComponentInfo{org.leetzone.android.yatsewidgetfree/org.leetzone.android.yatsewidget.ui.widget.Widget21v1} won't be persisted.
08-03 09:53:28.671  1461  1562 D AppWidgetServiceImpl: Provider info from ComponentInfo{org.leetzone.android.yatsewidgetfree/org.leetzone.android.yatsewidget.ui.widget.Widget43v1} won't be persisted.
08-03 09:53:28.671  1461  1562 D AppWidgetServiceImpl: Provider info from ComponentInfo{org.leetzone.android.yatsewidgetfree/org.leetzone.android.yatsewidget.ui.widget.Widget42v1} won't be persisted.
08-03 09:53:28.671  1461  1562 D AppWidgetServiceImpl: Provider info from ComponentInfo{org.leetzone.android.yatsewidgetfree/org.leetzone.android.yatsewidget.ui.widget.Widget42v2} won't be persisted.
08-03 09:53:28.671  1461  1562 D AppWidgetServiceImpl: Provider info from ComponentInfo{org.leetzone.android.yatsewidgetfree/org.leetzone.android.yatsewidget.ui.widget.WidgetMoviesv1} won't be persisted.
08-03 09:53:28.672  1461  1562 D AppWidgetServiceImpl: Provider info from ComponentInfo{org.leetzone.android.yatsewidgetfree/org.leetzone.android.yatsewidget.ui.widget.WidgetEpisodesv1} won't be persisted.
08-03 09:53:28.672  1461  1562 D AppWidgetServiceImpl: Provider info from ComponentInfo{org.leetzone.android.yatsewidgetfree/org.leetzone.android.yatsewidget.ui.widget.WidgetFavouritesv1} won't be persisted.
08-03 09:53:28.672  1461  1562 D AppWidgetServiceImpl: Provider info from ComponentInfo{org.leetzone.android.yatsewidgetfree/org.leetzone.android.yatsewidget.ui.widget.WidgetVoiceCommandv1} won't be persisted.
08-03 09:53:28.672  1461  1562 D AppWidgetServiceImpl: Provider info from ComponentInfo{org.malwarebytes.antimalware/org.malwarebytes.antimalware.widget.WidgetProvider} won't be persisted.
08-03 09:53:28.672  1461  1562 D AppWidgetServiceImpl: Provider info from ComponentInfo{org.mozilla.fennec_fdroid/org.mozilla.gecko.search.SearchWidgetProvider} won't be persisted.
08-03 09:53:28.672  1461  1562 D AppWidgetServiceImpl: Provider info from ComponentInfo{org.videolan.vlc/org.videolan.vlc.widget.MiniPlayerAppWidgetProvider} won't be persisted.
08-03 09:53:28.672  1461  1562 D AppWidgetServiceImpl: Provider info from ComponentInfo{os.tools.scriptmanager/os.tools.widget.SMWidgetProvider} won't be persisted.
08-03 09:53:28.672  1461  1562 D AppWidgetServiceImpl: Provider info from ComponentInfo{os.tools.smwidgets/os.tools.smwidgets.SMWidgetProvider} won't be persisted.
08-03 09:53:28.672  1461  1562 D AppWidgetServiceImpl: Provider info from ComponentInfo{uk.co.aifactory.fialfree/uk.co.aifactory.fialfree.Widget} won't be persisted.
08-03 09:53:28.793  1461  1508 D CompatibilityChangeReporter: Compat change id reported: 161145287; UID 10303; state: DISABLED
08-03 09:53:28.920  1461  2493 I ActivityTaskManager: START u0 {act=android.settings.SETTINGS flg=0x14000000 cmp=com.android.settings/.homepage.SettingsHomepageActivity} from uid 10122
08-03 09:53:28.921  1461  2493 D CompatibilityChangeReporter: Compat change id reported: 265464455; UID 1000; state: DISABLED
08-03 09:53:28.922  1461  2493 D CompatibilityChangeReporter: Compat change id reported: 265452344; UID 1000; state: DISABLED
08-03 09:53:28.922  1461  2493 D CompatibilityChangeReporter: Compat change id reported: 266124927; UID 1000; state: DISABLED
08-03 09:53:28.922  1461  2493 D CompatibilityChangeReporter: Compat change id reported: 265451093; UID 1000; state: DISABLED
08-03 09:53:28.922  1461  2493 D CompatibilityChangeReporter: Compat change id reported: 265456536; UID 1000; state: DISABLED
08-03 09:53:28.923  1461  2493 D CompatibilityChangeReporter: Compat change id reported: 255940284; UID 1000; state: DISABLED
08-03 09:53:28.923  1461  2493 D CompatibilityChangeReporter: Compat change id reported: 236283604; UID 1000; state: DISABLED
08-03 09:53:28.923  1461  2493 D CompatibilityChangeReporter: Compat change id reported: 263959004; UID 1000; state: DISABLED
08-03 09:53:28.923  1461  2493 D CompatibilityChangeReporter: Compat change id reported: 264304459; UID 1000; state: DISABLED
08-03 09:53:28.923  1461  2493 D CompatibilityChangeReporter: Compat change id reported: 264301586; UID 1000; state: DISABLED
08-03 09:53:28.923  1461  2493 D CompatibilityChangeReporter: Compat change id reported: 254631730; UID 1000; state: DISABLED
08-03 09:53:28.924  1461  2493 D CompatibilityChangeReporter: Compat change id reported: 273509367; UID 1000; state: DISABLED
08-03 09:53:28.924  1461  2493 D CompatibilityChangeReporter: Compat change id reported: 263259275; UID 1000; state: DISABLED
08-03 09:53:28.925  1461  2493 D CompatibilityChangeReporter: Compat change id reported: 194480991; UID 1000; state: ENABLED
08-03 09:53:28.926  1461  2493 D CompatibilityChangeReporter: Compat change id reported: 174042980; UID 1000; state: DISABLED
08-03 09:53:28.929  1461  2493 D CompatibilityChangeReporter: Compat change id reported: 197654537; UID 1000; state: ENABLED
08-03 09:53:28.930  1461  2493 V SplashScreenExceptionList: SplashScreen checking exception for package com.android.settings (target sdk:33) -> false
08-03 09:53:28.931  1461  2493 D CompatibilityChangeReporter: Compat change id reported: 205907456; UID 1000; state: ENABLED
08-03 09:53:28.938  1461  2493 W ActivityTaskManager: Tried to set launchTime (0) < mLastActivityLaunchTime (22492)
08-03 09:53:28.940  1461  2493 D CompatibilityChangeReporter: Compat change id reported: 181136395; UID 1000; state: DISABLED
08-03 09:53:28.940  1461  2493 D CompatibilityChangeReporter: Compat change id reported: 174042936; UID 1000; state: DISABLED
08-03 09:53:28.995  1461  1558 D CompatibilityChangeReporter: Compat change id reported: 197654537; UID 10281; state: ENABLED
08-03 09:53:29.033  1461  1508 D PackageManager: Instant App installer not found with android.intent.action.INSTALL_INSTANT_APP_PACKAGE
08-03 09:53:29.033  1461  1508 D PackageManager: Clear ephemeral installer activity
08-03 09:53:29.075  1461  1508 D CompatibilityChangeReporter: Compat change id reported: 149924527; UID 10303; state: ENABLED
08-03 09:53:29.076  1461  1508 D CompatibilityChangeReporter: Compat change id reported: 132649864; UID 10303; state: DISABLED
08-03 09:53:29.097  1461  2493 E UserRestrictionsUtils: Unknown restriction queried by uid 1000 (com.android.location.fused et al): null
08-03 09:53:29.135  1461  2493 D CompatibilityChangeReporter: Compat change id reported: 161145287; UID 1000; state: DISABLED
08-03 09:53:29.162  1461  2933 D CoreBackPreview: Window{9ffb302 u0 com.android.settings/com.android.settings.homepage.SettingsHomepageActivity}: Setting back callback OnBackInvokedCallbackInfo{mCallback=android.window.IOnBackInvokedCallback$Stub$Proxy@aafb650, mPriority=-1}
08-03 09:53:29.220  6619  6646 E ActivityThread: Failed to find provider info for com.microsoft.yourphonecompanion.contentprovider.featureoverride
08-03 09:53:29.347  6619  6711 E ActivityThread: Failed to find provider info for com.microsoft.yourphonecompanion.contentprovider.featureoverride
08-03 09:53:29.467  6619  6711 E ActivityThread: Failed to find provider info for com.microsoft.yourphonecompanion.contentprovider.featureoverride
08-03 09:53:29.487  1461  1461 W AccessibilityManagerService:  wait for adding window timeout: 11
08-03 09:53:29.536  1461  1508 D CompatibilityChangeReporter: Compat change id reported: 168419799; UID 10303; state: DISABLED
08-03 09:53:29.536  1461  1508 D CompatibilityChangeReporter: Compat change id reported: 273564678; UID 10303; state: DISABLED
08-03 09:53:29.562  1461  2933 D CompatibilityChangeReporter: Compat change id reported: 214016041; UID 1000; state: ENABLED
08-03 09:53:29.562  1461  2933 D CompatibilityChangeReporter: Compat change id reported: 214016041; UID 1000; state: DISABLED
08-03 09:53:29.717  1461  3325 D CompatibilityChangeReporter: Compat change id reported: 135634846; UID 10173; state: DISABLED
08-03 09:53:29.717  1461  3325 D CompatibilityChangeReporter: Compat change id reported: 177438394; UID 10173; state: DISABLED
08-03 09:53:29.717  1461  3325 D CompatibilityChangeReporter: Compat change id reported: 135772972; UID 10173; state: DISABLED
08-03 09:53:29.717  1461  3325 D CompatibilityChangeReporter: Compat change id reported: 135754954; UID 10173; state: DISABLED
08-03 09:53:29.718  1461  1565 D CompatibilityChangeReporter: Compat change id reported: 143937733; UID 10173; state: DISABLED
08-03 09:53:29.736  1461  1565 I ActivityManager: Start proc 6801:com.palmtronix.shreddit.v1/u0a173 for broadcast {com.palmtronix.shreddit.v1/com.palmtronix.shreddit.v1.receiver.BootReceiver}
08-03 09:53:29.757  1461  2161 D CompatibilityChangeReporter: Compat change id reported: 168419799; UID 10173; state: DISABLED
08-03 09:53:29.758  1461  2161 D CompatibilityChangeReporter: Compat change id reported: 273564678; UID 10173; state: DISABLED
08-03 09:53:29.837  6801  6801 E ActivityThread: Failed to find provider info for com.google.android.gms.chimera
08-03 09:53:29.879  1461  2933 D CompatibilityChangeReporter: Compat change id reported: 161145287; UID 10173; state: DISABLED
08-03 09:53:29.936  1461  1508 D CompatibilityChangeReporter: Compat change id reported: 149924527; UID 10173; state: ENABLED
08-03 09:53:29.937  1461  1508 D CompatibilityChangeReporter: Compat change id reported: 132649864; UID 10173; state: DISABLED
08-03 09:53:30.046  1461  1461 I Telecom : DefaultDialerCache: Refreshing default dialer for user 0: now com.nll.cb: DDC.oR@AHw
08-03 09:53:30.153  1461  1562 W VoiceInteractionManager: no available voice recognition services found for user 0
08-03 09:53:30.281  1461  1508 D CompatibilityChangeReporter: Compat change id reported: 135634846; UID 10209; state: DISABLED
08-03 09:53:30.282  1461  1508 D CompatibilityChangeReporter: Compat change id reported: 177438394; UID 10209; state: DISABLED
08-03 09:53:30.282  1461  1508 D CompatibilityChangeReporter: Compat change id reported: 135772972; UID 10209; state: DISABLED
08-03 09:53:30.282  1461  1508 D CompatibilityChangeReporter: Compat change id reported: 135754954; UID 10209; state: ENABLED
08-03 09:53:30.282  1461  1565 D CompatibilityChangeReporter: Compat change id reported: 143937733; UID 10209; state: ENABLED
08-03 09:53:30.298  1461  1565 I ActivityManager: Start proc 6840:com.pextor.batterychargeralarm/u0a209 for broadcast {com.pextor.batterychargeralarm/com.pextor.batterychargeralarm.services.StartAtBoot}
08-03 09:53:30.317  1461  1508 D CompatibilityChangeReporter: Compat change id reported: 168419799; UID 10209; state: DISABLED
08-03 09:53:30.318  1461  1508 D CompatibilityChangeReporter: Compat change id reported: 273564678; UID 10209; state: DISABLED
08-03 09:53:30.559  1461  1508 D CompatibilityChangeReporter: Compat change id reported: 161145287; UID 10209; state: DISABLED
08-03 09:53:30.699  1461  1508 D CompatibilityChangeReporter: Compat change id reported: 135634846; UID 99004; state: DISABLED
08-03 09:53:30.699  1461  1565 D CompatibilityChangeReporter: Compat change id reported: 143937733; UID 10209; state: ENABLED
08-03 09:53:30.716  1461  1565 I ActivityManager: Start proc 6898:com.android.webview:sandboxed_process0:org.chromium.content.app.SandboxedProcessService0:0/u0i4 for  {com.pextor.batterychargeralarm/org.chromium.content.app.SandboxedProcessService0:0}
08-03 09:53:30.748  1461  1508 I ActivityTaskManager: START u0 {act=android.intent.action.MAIN cmp=com.android.settings/.SubSettings (has extras)} from uid 1000
08-03 09:53:30.763  1461  2933 W ActivityTaskManager: Tried to set launchTime (0) < mLastActivityLaunchTime (690178)
08-03 09:53:30.778  1461  3325 D CompatibilityChangeReporter: Compat change id reported: 161145287; UID 10209; state: DISABLED
08-03 09:53:30.842  1461  1564 W BroadcastQueue: Permission Denial: broadcasting Intent { act=android.net.conn.CONNECTIVITY_CHANGE flg=0x4200010 (has extras) } from null (pid=-1, uid=-1) requires android.permission.CHANGE_NETWORK_STATE due to registered receiver BroadcastFilter{7bc1adb 1000/u0 ReceiverList{89847ea 2937 com.android.settings/1000/u0 remote:ea9d3d5}}
08-03 09:53:30.842  1461  1564 W BroadcastQueue: Permission Denial: broadcasting Intent { act=android.net.wifi.STATE_CHANGE flg=0x4000010 (has extras) } from null (pid=-1, uid=-1) requires android.permission.CHANGE_NETWORK_STATE due to registered receiver BroadcastFilter{7bc1adb 1000/u0 ReceiverList{89847ea 2937 com.android.settings/1000/u0 remote:ea9d3d5}}
08-03 09:53:30.842  1461  1564 W BroadcastQueue: Permission Denial: broadcasting Intent { act=android.net.conn.CONNECTIVITY_CHANGE flg=0x4200010 (has extras) } from null (pid=-1, uid=-1) requires android.permission.CHANGE_NETWORK_STATE due to registered receiver BroadcastFilter{65789b7 1000/u0 ReceiverList{faaf8b6 2937 com.android.settings/1000/u0 remote:cc0d851}}
08-03 09:53:30.842  1461  1564 W BroadcastQueue: Permission Denial: broadcasting Intent { act=android.net.wifi.STATE_CHANGE flg=0x4000010 (has extras) } from null (pid=-1, uid=-1) requires android.permission.CHANGE_NETWORK_STATE due to registered receiver BroadcastFilter{65789b7 1000/u0 ReceiverList{faaf8b6 2937 com.android.settings/1000/u0 remote:cc0d851}}
08-03 09:53:30.874  1461  2161 D CoreBackPreview: Window{39777c1 u0 com.android.settings/com.android.settings.SubSettings}: Setting back callback OnBackInvokedCallbackInfo{mCallback=android.window.IOnBackInvokedCallback$Stub$Proxy@462cefd, mPriority=-1}
08-03 09:53:31.184  1461  2933 D CompatibilityChangeReporter: Compat change id reported: 194532703; UID 10209; state: ENABLED
08-03 09:53:31.191  1461  2933 I ActivityManager: Background started FGS: Allowed [callingPackage: com.pextor.batterychargeralarm; callingUid: 10209; uidState: RCVR; intent: Intent { cmp=com.pextor.batterychargeralarm/.services.BatteryService }; code:SYSTEM_ALLOW_LISTED; tempAllowListReason:<,reasonCode:SYSTEM_ALLOW_LISTED,duration:9223372036854775807,callingUid:-1>; targetSdkVersion:33; callerTargetSdkVersion:33; startForegroundCount:0; bindFromPackage:null]
08-03 09:53:31.192  1461  1564 I DropBoxManagerService: add tag=system_server_wtf isTagEnabled=true flags=0x2
08-03 09:53:31.196  1461  2933 D CompatibilityChangeReporter: Compat change id reported: 168419799; UID 10209; state: DISABLED
08-03 09:53:31.196  1461  2933 D CompatibilityChangeReporter: Compat change id reported: 273564678; UID 10209; state: DISABLED
08-03 09:53:31.245  1461  3325 D CompatibilityChangeReporter: Compat change id reported: 149924527; UID 10209; state: ENABLED
08-03 09:53:31.246  1461  3325 D CompatibilityChangeReporter: Compat change id reported: 132649864; UID 10209; state: DISABLED
08-03 09:53:31.254  1461  2933 W ActivityManager: Foreground service started from background can not have location/camera/microphone access: service com.pextor.batterychargeralarm/.services.BatteryService
08-03 09:53:31.265  1461  3325 W ActivityManager: Foreground service started from background can not have location/camera/microphone access: service com.pextor.batterychargeralarm/.services.BatteryService
08-03 09:53:31.265  1461  3325 I ActivityManager: Background started FGS: Allowed [callingPackage: com.pextor.batterychargeralarm; callingUid: 10209; uidState: SVC ; intent: Intent { cmp=com.pextor.batterychargeralarm/.services.BatteryService }; code:SYSTEM_ALLOW_LISTED; tempAllowListReason:<,reasonCode:SYSTEM_ALLOW_LISTED,duration:9223372036854775807,callingUid:-1>; targetSdkVersion:33; callerTargetSdkVersion:33; startForegroundCount:1; bindFromPackage:null]
08-03 09:53:31.266  1461  1564 I DropBoxManagerService: add tag=system_server_wtf isTagEnabled=true flags=0x2
08-03 09:53:31.292  1461  1508 D CompatibilityChangeReporter: Compat change id reported: 135634846; UID 10254; state: DISABLED
08-03 09:53:31.292  1461  1508 D CompatibilityChangeReporter: Compat change id reported: 177438394; UID 10254; state: DISABLED
08-03 09:53:31.292  1461  1508 D CompatibilityChangeReporter: Compat change id reported: 135772972; UID 10254; state: DISABLED
08-03 09:53:31.292  1461  1508 D CompatibilityChangeReporter: Compat change id reported: 135754954; UID 10254; state: DISABLED
08-03 09:53:31.293  1461  1565 D CompatibilityChangeReporter: Compat change id reported: 143937733; UID 10254; state: DISABLED
08-03 09:53:31.310  1461  1565 I ActivityManager: Start proc 6969:com.powertrix.booster/u0a254 for broadcast {com.powertrix.booster/com.powertrix.booster.app.service.BootReceiver}
08-03 09:53:31.332  1461  3325 D CompatibilityChangeReporter: Compat change id reported: 168419799; UID 10254; state: DISABLED
08-03 09:53:31.332  1461  3325 D CompatibilityChangeReporter: Compat change id reported: 273564678; UID 10254; state: DISABLED
08-03 09:53:31.395  1461  3325 D CompatibilityChangeReporter: Compat change id reported: 135634846; UID 10322; state: DISABLED
08-03 09:53:31.396  1461  3325 D CompatibilityChangeReporter: Compat change id reported: 177438394; UID 10322; state: DISABLED
08-03 09:53:31.396  1461  3325 D CompatibilityChangeReporter: Compat change id reported: 135772972; UID 10322; state: DISABLED
08-03 09:53:31.396  1461  3325 D CompatibilityChangeReporter: Compat change id reported: 135754954; UID 10322; state: ENABLED
08-03 09:53:31.396  1461  1565 D CompatibilityChangeReporter: Compat change id reported: 143937733; UID 10322; state: ENABLED
08-03 09:53:31.415  1461  1565 I ActivityManager: Start proc 6989:com.shazam.android/u0a322 for broadcast {com.shazam.android/com.shazam.android.receiver.BootReceiver}
08-03 09:53:31.441  1461  3325 D CompatibilityChangeReporter: Compat change id reported: 168419799; UID 10322; state: DISABLED
08-03 09:53:31.441  1461  3325 D CompatibilityChangeReporter: Compat change id reported: 273564678; UID 10322; state: DISABLED
08-03 09:53:31.838  1461  3325 D CompatibilityChangeReporter: Compat change id reported: 149924527; UID 10322; state: ENABLED
08-03 09:53:31.838  1461  3325 D CompatibilityChangeReporter: Compat change id reported: 132649864; UID 10322; state: DISABLED
08-03 09:53:31.851  1461  3325 D CompatibilityChangeReporter: Compat change id reported: 161145287; UID 10322; state: DISABLED
08-03 09:53:31.884  1461  3325 D CompatibilityChangeReporter: Compat change id reported: 194532703; UID 10322; state: ENABLED
08-03 09:53:31.889  1461  3325 D CompatibilityChangeReporter: Compat change id reported: 135634846; UID 10230; state: DISABLED
08-03 09:53:31.889  1461  3325 D CompatibilityChangeReporter: Compat change id reported: 177438394; UID 10230; state: DISABLED
08-03 09:53:31.889  1461  3325 D CompatibilityChangeReporter: Compat change id reported: 135772972; UID 10230; state: DISABLED
08-03 09:53:31.890  1461  3325 D CompatibilityChangeReporter: Compat change id reported: 135754954; UID 10230; state: ENABLED
08-03 09:53:31.890  1461  1565 D CompatibilityChangeReporter: Compat change id reported: 143937733; UID 10230; state: ENABLED
08-03 09:53:31.909  1461  1565 I ActivityManager: Start proc 7050:com.socialnmobile.dictapps.notepad.color.note/u0a230 for broadcast {com.socialnmobile.dictapps.notepad.color.note/com.socialnmobile.colornote.receiver.TimeChangedReceiver}
08-03 09:53:31.942  1461  3325 D CompatibilityChangeReporter: Compat change id reported: 168419799; UID 10230; state: DISABLED
08-03 09:53:31.943  1461  3325 D CompatibilityChangeReporter: Compat change id reported: 273564678; UID 10230; state: DISABLED
08-03 09:53:32.061  1461  2161 D CompatibilityChangeReporter: Compat change id reported: 161145287; UID 10230; state: DISABLED
08-03 09:53:32.090  1461  2161 D CompatibilityChangeReporter: Compat change id reported: 194532703; UID 10230; state: DISABLED
08-03 09:53:32.106  1461  2161 D CompatibilityChangeReporter: Compat change id reported: 135634846; UID 10244; state: DISABLED
08-03 09:53:32.106  1461  2161 D CompatibilityChangeReporter: Compat change id reported: 177438394; UID 10244; state: DISABLED
08-03 09:53:32.106  1461  2161 D CompatibilityChangeReporter: Compat change id reported: 135772972; UID 10244; state: DISABLED
08-03 09:53:32.106  1461  2161 D CompatibilityChangeReporter: Compat change id reported: 135754954; UID 10244; state: DISABLED
08-03 09:53:32.107  1461  1565 D CompatibilityChangeReporter: Compat change id reported: 143937733; UID 10244; state: DISABLED
08-03 09:53:32.124  1461  1565 I ActivityManager: Start proc 7089:com.utility.autoapporganizer/u0a244 for broadcast {com.utility.autoapporganizer/com.utility.autoapporganizer.NotifService$BootReceiver}
08-03 09:53:32.137  1461  1508 D CompatibilityChangeReporter: Compat change id reported: 171306433; UID 10230; state: DISABLED
08-03 09:53:32.141  1461  1508 D CompatibilityChangeReporter: Compat change id reported: 168419799; UID 10244; state: DISABLED
08-03 09:53:32.141  1461  1508 D CompatibilityChangeReporter: Compat change id reported: 273564678; UID 10244; state: DISABLED
08-03 09:53:32.228  1461  1562 D AppWidgetServiceImpl: Provider info from ComponentInfo{com.android.gallery3d/com.android.gallery3d.gadget.PhotoAppWidgetProvider} won't be persisted.
08-03 09:53:32.228  1461  1562 D AppWidgetServiceImpl: Provider info from ComponentInfo{com.android.systemui/com.android.systemui.people.widget.PeopleSpaceWidgetProvider} won't be persisted.
08-03 09:53:32.228  1461  1562 D AppWidgetServiceImpl: Provider info from ComponentInfo{org.lineageos.eleven/org.lineageos.eleven.appwidgets.AppWidgetSmall} won't be persisted.
08-03 09:53:32.228  1461  1562 D AppWidgetServiceImpl: Provider info from ComponentInfo{org.lineageos.eleven/org.lineageos.eleven.appwidgets.AppWidgetLarge} won't be persisted.
08-03 09:53:32.228  1461  1562 D AppWidgetServiceImpl: Provider info from ComponentInfo{org.lineageos.eleven/org.lineageos.eleven.appwidgets.AppWidgetLargeAlternate} won't be persisted.
08-03 09:53:32.228  1461  1562 D AppWidgetServiceImpl: Provider info from ComponentInfo{org.lineageos.etar/com.android.calendar.widget.CalendarAppWidgetProvider} won't be persisted.
08-03 09:53:32.228  1461  1562 D AppWidgetServiceImpl: Provider info from ComponentInfo{cm.aptoide.pt/cm.aptoide.pt.widget.SearchWidgetProvider} won't be persisted.
08-03 09:53:32.228  1461  1562 D AppWidgetServiceImpl: Provider info from ComponentInfo{com.al.dlnaserver/com.al.dlnaserver.customs.AppWidget} won't be persisted.
08-03 09:53:32.228  1461  1562 D AppWidgetServiceImpl: Provider info from ComponentInfo{com.almalence.opencam/com.almalence.widget.OpenCameraWidgetProvider} won't be persisted.
08-03 09:53:32.228  1461  1562 D AppWidgetServiceImpl: Provider info from ComponentInfo{com.almalence.opencam/com.almalence.widget.OpenCameraSolidWidgetProvider} won't be persisted.
08-03 09:53:32.228  1461  1562 D AppWidgetServiceImpl: Provider info from ComponentInfo{com.almalence.opencam/com.almalence.widget.OpenCameraFullSolidWidgetProvider} won't be persisted.
08-03 09:53:32.228  1461  1562 D AppWidgetServiceImpl: Provider info from ComponentInfo{com.android.chrome/org.chromium.chrome.browser.quickactionsearchwidget.QuickActionSearchWidgetProvider$QuickActionSearchWidgetProviderSearch} won't be persisted.
08-03 09:53:32.228  1461  1562 D AppWidgetServiceImpl: Provider info from ComponentInfo{com.android.chrome/org.chromium.chrome.browser.quickactionsearchwidget.QuickActionSearchWidgetProvider$QuickActionSearchWidgetProviderDino} won't be persisted.
08-03 09:53:32.228  1461  3325 D CompatibilityChangeReporter: Compat change id reported: 135634846; UID 10136; state: DISABLED
08-03 09:53:32.228  1461  1562 D AppWidgetServiceImpl: Provider info from ComponentInfo{com.android.chrome/com.google.android.apps.chrome.appwidget.bookmarks.BookmarkThumbnailWidgetProvider} won't be persisted.
08-03 09:53:32.228  1461  1562 D AppWidgetServiceImpl: Provider info from ComponentInfo{com.android.chrome/org.chromium.chrome.browser.searchwidget.SearchWidgetProvider} won't be persisted.
08-03 09:53:32.228  1461  3325 D CompatibilityChangeReporter: Compat change id reported: 177438394; UID 10136; state: DISABLED
08-03 09:53:32.228  1461  1562 D AppWidgetServiceImpl: Provider info from ComponentInfo{com.appgeneration.itunerfree/com.appgeneration.ituner.widget.MyTunerWidgetProvider} won't be persisted.
08-03 09:53:32.228  1461  1562 D AppWidgetServiceImpl: Provider info from ComponentInfo{com.brave.browser/org.chromium.chrome.browser.quickactionsearchwidget.QuickActionSearchWidgetProvider$QuickActionSearchWidgetProviderSearch} won't be persisted.
08-03 09:53:32.228  1461  3325 D CompatibilityChangeReporter: Compat change id reported: 135772972; UID 10136; state: DISABLED
08-03 09:53:32.228  1461  1562 D AppWidgetServiceImpl: Provider info from ComponentInfo{com.brave.browser/org.chromium.chrome.browser.quickactionsearchwidget.QuickActionSearchWidgetProvider$QuickActionSearchWidgetProviderDino} won't be persisted.
08-03 09:53:32.228  1461  1562 D AppWidgetServiceImpl: Provider info from ComponentInfo{com.brave.browser/com.google.android.apps.chrome.appwidget.bookmarks.BookmarkThumbnailWidgetProvider} won't be persisted.
08-03 09:53:32.228  1461  1562 D AppWidgetServiceImpl: Provider info from ComponentInfo{com.brave.browser/org.chromium.chrome.browser.searchwidget.SearchWidgetProvider} won't be persisted.
08-03 09:53:32.228  1461  1562 D AppWidgetServiceImpl: Provider info from ComponentInfo{com.brave.browser/org.chromium.chrome.browser.widget.quickactionsearchandbookmark.QuickActionSearchAndBookmarkWidgetProvider} won't be persisted.
08-03 09:53:32.228  1461  3325 D CompatibilityChangeReporter: Compat change id reported: 135754954; UID 10136; state: DISABLED
08-03 09:53:32.229  1461  1562 D AppWidgetServiceImpl: Provider info from ComponentInfo{com.buak.Link2SD/com.buak.Link2SD.clearcache.ClearCacheWidgetProvider} won't be persisted.
08-03 09:53:32.229  1461  1562 D AppWidgetServiceImpl: Provider info from ComponentInfo{com.buak.Link2SD/com.buak.Link2SD.widget.RebootWidgetProvider} won't be persisted.
08-03 09:53:32.229  1461  1562 D AppWidgetServiceImpl: Provider info from ComponentInfo{com.calm.android/com.calm.android.widgets.DailyCalmWidget} won't be persisted.
08-03 09:53:32.229  1461  1562 D AppWidgetServiceImpl: Provider info from ComponentInfo{com.calm.android/com.calm.android.widgets.RecommendedSleepStoryWidget} won't be persisted.
08-03 09:53:32.229  1461  1562 D AppWidgetServiceImpl: Provider info from ComponentInfo{com.catchingnow.tinyclipboardmanager/com.catchingnow.tinyclipboardmanager.uitools.AppWidget} won't be persisted.
08-03 09:53:32.229  1461  1562 D AppWidgetServiceImpl: Provider info from ComponentInfo{com.nextradioapp.nextradio/com.nextradioapp.nextradio.widgetnotifications.Widget2RowsLarge} won't be persisted.
08-03 09:53:32.229  1461  1562 D AppWidgetServiceImpl: Provider info from ComponentInfo{com.nextradioapp.nextradio/com.nextradioapp.nextradio.widgetnotifications.Widget2Rows} won't be persisted.
08-03 09:53:32.229  1461  1562 D AppWidgetServiceImpl: Provider info from ComponentInfo{com.nextradioapp.nextradio/com.nextradioapp.nextradio.widgetnotifications.Widget2RowsSmall} won't be persisted.
08-03 09:53:32.229  1461  1562 D AppWidgetServiceImpl: Provider info from ComponentInfo{com.piriform.ccleaner/com.avast.android.cleaner.widget.ProjectAppWidgetProvider} won't be persisted.
08-03 09:53:32.229  1461  1562 D AppWidgetServiceImpl: Provider info from ComponentInfo{com.shazam.android/com.shazam.popup.android.appwidget.ShazamOnStartupWidgetProvider} won't be persisted.
08-03 09:53:32.229  1461  1562 D AppWidgetServiceImpl: Provider info from ComponentInfo{com.shazam.android/com.shazam.popup.android.appwidget.WidgetProvider} won't be persisted.
08-03 09:53:32.229  1461  1562 D AppWidgetServiceImpl: Provider info from ComponentInfo{com.utility.autoapporganizer/com.utility.autoapporganizer.AAOAppWidgetProvider} won't be persisted.
08-03 09:53:32.229  1461  1565 D CompatibilityChangeReporter: Compat change id reported: 143937733; UID 10136; state: DISABLED
08-03 09:53:32.229  1461  1562 D AppWidgetServiceImpl: Provider info from ComponentInfo{com.whatsapp/com.whatsapp.appwidget.WidgetProvider} won't be persisted.
08-03 09:53:32.229  1461  1562 D AppWidgetServiceImpl: Provider info from ComponentInfo{de.appzer.Pushsafer/de.appzer.Pushsafer.PushsaferWidget} won't be persisted.
08-03 09:53:32.229  1461  1562 D AppWidgetServiceImpl: Provider info from ComponentInfo{de.appzer.Pushsafer/de.appzer.Pushsafer.PushsaferWidgetIcon} won't be persisted.
08-03 09:53:32.229  1461  1562 D AppWidgetServiceImpl: Provider info from ComponentInfo{io.github.forkmaintainers.iceraven/org.mozilla.gecko.search.SearchWidgetProvider} won't be persisted.
08-03 09:53:32.229  1461  1562 D AppWidgetServiceImpl: Provider info from ComponentInfo{net.superblock.pushover/net.superblock.pushover.widget.PushoverWidgetProvider} won't be persisted.
08-03 09:53:32.229  1461  1562 D AppWidgetServiceImpl: Provider info from ComponentInfo{org.leetzone.android.yatsewidgetfree/org.leetzone.android.yatsewidget.ui.widget.Widget11v1} won't be persisted.
08-03 09:53:32.229  1461  1562 D AppWidgetServiceImpl: Provider info from ComponentInfo{org.leetzone.android.yatsewidgetfree/org.leetzone.android.yatsewidget.ui.widget.Widget11v2} won't be persisted.
08-03 09:53:32.229  1461  1562 D AppWidgetServiceImpl: Provider info from ComponentInfo{org.leetzone.android.yatsewidgetfree/org.leetzone.android.yatsewidget.ui.widget.Widget41v1} won't be persisted.
08-03 09:53:32.229  1461  1562 D AppWidgetServiceImpl: Provider info from ComponentInfo{org.leetzone.android.yatsewidgetfree/org.leetzone.android.yatsewidget.ui.widget.Widget21v1} won't be persisted.
08-03 09:53:32.229  1461  1562 D AppWidgetServiceImpl: Provider info from ComponentInfo{org.leetzone.android.yatsewidgetfree/org.leetzone.android.yatsewidget.ui.widget.Widget43v1} won't be persisted.
08-03 09:53:32.229  1461  1562 D AppWidgetServiceImpl: Provider info from ComponentInfo{org.leetzone.android.yatsewidgetfree/org.leetzone.android.yatsewidget.ui.widget.Widget42v1} won't be persisted.
08-03 09:53:32.229  1461  1562 D AppWidgetServiceImpl: Provider info from ComponentInfo{org.leetzone.android.yatsewidgetfree/org.leetzone.android.yatsewidget.ui.widget.Widget42v2} won't be persisted.
08-03 09:53:32.229  1461  1562 D AppWidgetServiceImpl: Provider info from ComponentInfo{org.leetzone.android.yatsewidgetfree/org.leetzone.android.yatsewidget.ui.widget.WidgetMoviesv1} won't be persisted.
08-03 09:53:32.229  1461  1562 D AppWidgetServiceImpl: Provider info from ComponentInfo{org.leetzone.android.yatsewidgetfree/org.leetzone.android.yatsewidget.ui.widget.WidgetEpisodesv1} won't be persisted.
08-03 09:53:32.229  1461  1562 D AppWidgetServiceImpl: Provider info from ComponentInfo{org.leetzone.android.yatsewidgetfree/org.leetzone.android.yatsewidget.ui.widget.WidgetFavouritesv1} won't be persisted.
08-03 09:53:32.229  1461  1562 D AppWidgetServiceImpl: Provider info from ComponentInfo{org.leetzone.android.yatsewidgetfree/org.leetzone.android.yatsewidget.ui.widget.WidgetVoiceCommandv1} won't be persisted.
08-03 09:53:32.230  1461  1562 D AppWidgetServiceImpl: Provider info from ComponentInfo{org.malwarebytes.antimalware/org.malwarebytes.antimalware.widget.WidgetProvider} won't be persisted.
08-03 09:53:32.230  1461  1562 D AppWidgetServiceImpl: Provider info from ComponentInfo{org.mozilla.fennec_fdroid/org.mozilla.gecko.search.SearchWidgetProvider} won't be persisted.
08-03 09:53:32.230  1461  1562 D AppWidgetServiceImpl: Provider info from ComponentInfo{org.videolan.vlc/org.videolan.vlc.widget.MiniPlayerAppWidgetProvider} won't be persisted.
08-03 09:53:32.230  1461  1562 D AppWidgetServiceImpl: Provider info from ComponentInfo{os.tools.scriptmanager/os.tools.widget.SMWidgetProvider} won't be persisted.
08-03 09:53:32.230  1461  1562 D AppWidgetServiceImpl: Provider info from ComponentInfo{os.tools.smwidgets/os.tools.smwidgets.SMWidgetProvider} won't be persisted.
08-03 09:53:32.230  1461  1562 D AppWidgetServiceImpl: Provider info from ComponentInfo{uk.co.aifactory.fialfree/uk.co.aifactory.fialfree.Widget} won't be persisted.
08-03 09:53:32.237  1461  3325 D CompatibilityChangeReporter: Compat change id reported: 161145287; UID 10244; state: DISABLED
08-03 09:53:32.248  1461  1565 I ActivityManager: Start proc 7123:com.utorrent.client/u0a136 for broadcast {com.utorrent.client/com.bittorrent.app.receiver.BootCompletedReceiver}
08-03 09:53:32.273  1461  3325 D CompatibilityChangeReporter: Compat change id reported: 168419799; UID 10136; state: DISABLED
08-03 09:53:32.273  1461  3325 D CompatibilityChangeReporter: Compat change id reported: 273564678; UID 10136; state: DISABLED
08-03 09:53:32.378  7123  7149 E ActivityThread: Failed to find provider info for com.google.android.gms.chimera
08-03 09:53:32.432  1461  3325 D CompatibilityChangeReporter: Compat change id reported: 168419799; UID 10162; state: DISABLED
08-03 09:53:32.432  1461  3325 D CompatibilityChangeReporter: Compat change id reported: 273564678; UID 10162; state: DISABLED
08-03 09:53:32.460  1461  3325 D CompatibilityChangeReporter: Compat change id reported: 135634846; UID 10272; state: DISABLED
08-03 09:53:32.460  1461  3325 D CompatibilityChangeReporter: Compat change id reported: 177438394; UID 10272; state: DISABLED
08-03 09:53:32.460  1461  3325 D CompatibilityChangeReporter: Compat change id reported: 135772972; UID 10272; state: DISABLED
08-03 09:53:32.460  1461  3325 D CompatibilityChangeReporter: Compat change id reported: 135754954; UID 10272; state: ENABLED
08-03 09:53:32.461  1461  1565 D CompatibilityChangeReporter: Compat change id reported: 143937733; UID 10272; state: ENABLED
08-03 09:53:32.480  1461  1565 I ActivityManager: Start proc 7167:com.workday.workdroidapp/u0a272 for broadcast {com.workday.workdroidapp/com.instacart.library.truetime.BootCompletedBroadcastReceiver}
08-03 09:53:32.505  1461  3325 D CompatibilityChangeReporter: Compat change id reported: 168419799; UID 10272; state: DISABLED
