08-03 10:29:00.757  1461  2635 D CompatibilityChangeReporter: Compat change id reported: 135634846; UID 10133; state: DISABLED
08-03 10:29:00.757  1461  2635 D CompatibilityChangeReporter: Compat change id reported: 177438394; UID 10133; state: DISABLED
08-03 10:29:00.757  1461  2635 D CompatibilityChangeReporter: Compat change id reported: 135772972; UID 10133; state: DISABLED
08-03 10:29:00.757  1461  2635 D CompatibilityChangeReporter: Compat change id reported: 135754954; UID 10133; state: ENABLED
08-03 10:29:00.758  1461  1565 D CompatibilityChangeReporter: Compat change id reported: 143937733; UID 10133; state: ENABLED
08-03 10:29:00.782  1461  1565 I ActivityManager: Start proc 11438:com.topjohnwu.magisk/u0a133 for content provider {com.topjohnwu.magisk/com.topjohnwu.magisk.core.Provider}
08-03 10:29:00.801  1461  9740 D CompatibilityChangeReporter: Compat change id reported: 168419799; UID 10133; state: DISABLED
08-03 10:29:00.801  1461  9740 D CompatibilityChangeReporter: Compat change id reported: 273564678; UID 10133; state: DISABLED
08-03 10:29:00.878  1461  2824 D CompatibilityChangeReporter: Compat change id reported: 161145287; UID 10133; state: DISABLED
08-03 10:29:00.921  1461  2635 D CoreBackPreview: Window{2fcd866 u0 Toast}: Setting back callback OnBackInvokedCallbackInfo{mCallback=android.window.IOnBackInvokedCallback$Stub$Proxy@44a3454, mPriority=0}
08-03 10:29:00.922  1461  2824 W AccessibilityWindowsPopulator: The displayInfo of this displayId (0) called back from the surface fligner is null
08-03 10:29:00.988  1461  1557 W AccessibilityWindowsPopulator: The displayInfo of this displayId (0) called back from the surface fligner is null
08-03 10:29:01.081  1461  9740 W ActivityManager: Background start not allowed: service Intent { act=com.whatsapp.messaging.MessageService.START cmp=com.whatsapp/.messaging.MessageService } to com.whatsapp/.messaging.MessageService from pid=11318 uid=10151 pkg=com.whatsapp startFg?=false
08-03 10:29:01.795  1461  9740 I Telecom : PhoneAccountRegistrar: getSimCallManager: SimCallManager for subId 1 queried, returning: null: TSI.gDOPA(cnc)@CWc
08-03 10:29:01.929  1461  1647 I DisplayPowerController[0]: Blocking screen on until initial contents have been drawn.
08-03 10:29:01.931  1461  1647 V DisplayPowerController[0]: Brightness [0.062992126] reason changing to: 'doze', previous reason: 'screen_off'.
08-03 10:29:01.931  1461  1647 I DisplayPowerController[0]: BrightnessEvent: disp=0, physDisp=local:4630947043778501761, brt=0.062992126, initBrt=0.0, rcmdBrt=NaN, preBrt=NaN, lux=0.0, preLux=0.0, hbmMax=1.0, hbmMode=off, rbcStrength=50, powerFactor=1.0, thrmMax=1.0, wasShortTermModelActive=false, flags=, reason=doze, autoBrightness=false
08-03 10:29:01.932  1461  1557 I DisplayDeviceRepository: Display device changed state: "Built-in Screen", ON
08-03 10:29:01.933  1461  1647 I DisplayPowerController[0]: BrightnessEvent: disp=0, physDisp=local:4630947043778501761, brt=0.062992126, initBrt=0.062992126, rcmdBrt=NaN, preBrt=NaN, lux=0.0, preLux=0.0, hbmMax=1.0, hbmMode=off, rbcStrength=50, powerFactor=1.0, thrmMax=1.0, wasShortTermModelActive=false, flags=, reason=doze, autoBrightness=false
08-03 10:29:01.963  1461  1558 I DisplayDevice: [0] Layerstack set to 0 for local:4630947043778501761
08-03 10:29:01.994  1461  2635 W ContextImpl: Calling a method in the system process without a qualified user: android.app.ContextImpl.sendBroadcastMultiplePermissions:1222 com.android.server.TelephonyRegistry.broadcastServiceStateChanged:3111 com.android.server.TelephonyRegistry.notifyServiceStateForPhoneId:1616 com.android.internal.telephony.ITelephonyRegistry$Stub.onTransact:492 android.os.Binder.execTransactInternal:1280 
08-03 10:29:01.994  1461  2635 W ContextImpl: Calling a method in the system process without a qualified user: android.app.ContextImpl.sendBroadcastMultiplePermissions:1272 android.content.Context.sendBroadcastMultiplePermissions:2272 com.android.server.TelephonyRegistry.broadcastServiceStateChanged:3114 com.android.server.TelephonyRegistry.notifyServiceStateForPhoneId:1616 com.android.internal.telephony.ITelephonyRegistry$Stub.onTransact:492 
08-03 10:29:01.994  1461  2635 W ContextImpl: Calling a method in the system process without a qualified user: android.app.ContextImpl.sendBroadcastMultiplePermissions:1272 com.android.server.TelephonyRegistry.broadcastServiceStateChanged:3121 com.android.server.TelephonyRegistry.notifyServiceStateForPhoneId:1616 com.android.internal.telephony.ITelephonyRegistry$Stub.onTransact:492 android.os.Binder.execTransactInternal:1280 
08-03 10:29:01.994  1461  2635 W ContextImpl: Calling a method in the system process without a qualified user: android.app.ContextImpl.sendBroadcastMultiplePermissions:1272 com.android.server.TelephonyRegistry.broadcastServiceStateChanged:3126 com.android.server.TelephonyRegistry.notifyServiceStateForPhoneId:1616 com.android.internal.telephony.ITelephonyRegistry$Stub.onTransact:492 android.os.Binder.execTransactInternal:1280 
08-03 10:29:01.995  1461  1564 W BroadcastQueue: Permission Denial: receiving Intent { act=android.intent.action.SERVICE_STATE flg=0x1000010 (has extras) } to com.android.cellbroadcastreceiver.module/com.android.cellbroadcastreceiver.CellBroadcastReceiver requires android.permission.READ_PHONE_STATE due to sender android (uid 1001)
08-03 10:29:01.995  1461  1564 W BroadcastQueue: Appop Denial: receiving Intent { act=android.intent.action.SERVICE_STATE flg=0x1000010 (has extras) } to ProcessRecord{4842315 2406:com.android.systemui/u0a122} (pid=2406, uid=10122) excludes appop android:read_phone_state due to sender android (uid 1001)
08-03 10:29:02.002  1461  1647 I DisplayPowerController[0]: Unblocked screen on after 73 ms
08-03 10:29:02.002  1461  1647 I DisplayPowerController[0]: BrightnessEvent: disp=0, physDisp=local:4630947043778501761, brt=0.062992126, initBrt=0.062992126, rcmdBrt=NaN, preBrt=NaN, lux=0.0, preLux=0.0, hbmMax=1.0, hbmMode=off, rbcStrength=50, powerFactor=1.0, thrmMax=1.0, wasShortTermModelActive=false, flags=, reason=doze, autoBrightness=false
08-03 10:29:02.071  1461  1557 W AccessibilityWindowsPopulator: The displayInfo of this displayId (0) called back from the surface fligner is null
08-03 10:29:02.145  1461  1557 I DisplayDeviceRepository: Display device changed state: "Built-in Screen", ON
08-03 10:29:02.147  1461  1647 I DisplayPowerController[0]: BrightnessEvent: disp=0, physDisp=local:4630947043778501761, brt=0.062992126, initBrt=0.062992126, rcmdBrt=NaN, preBrt=NaN, lux=0.0, preLux=0.0, hbmMax=1.0, hbmMode=off, rbcStrength=50, powerFactor=1.0, thrmMax=1.0, wasShortTermModelActive=false, flags=, reason=doze, autoBrightness=false
08-03 10:29:02.635  1461  2832 W ActivityManager: Foreground service started from background can not have location/camera/microphone access: service hu.tagsoft.ttorrent.noads/hu.tagsoft.ttorrent.torrentservice.TorrentService
08-03 10:29:02.996  2406  3186 D PowerUI : can't show warning due to - plugged: true status unknown: false
08-03 10:29:03.501  1461 10462 D CoreBackPreview: Window{2fcd866 u0 Toast}: Setting back callback null
08-03 10:29:03.509  1461  2832 W NotificationService: Toast already killed. pkg=com.topjohnwu.magisk token=android.os.BinderProxy@bbe0225
08-03 10:29:03.611  2406  3322 D PowerUI : can't show warning due to - plugged: true status unknown: false
08-03 10:29:04.640  1461  2832 W ActivityManager: Foreground service started from background can not have location/camera/microphone access: service hu.tagsoft.ttorrent.noads/hu.tagsoft.ttorrent.torrentservice.TorrentService
08-03 10:29:06.645  1461  2635 W ActivityManager: Foreground service started from background can not have location/camera/microphone access: service hu.tagsoft.ttorrent.noads/hu.tagsoft.ttorrent.torrentservice.TorrentService
08-03 10:29:08.131  2406  3045 D PowerUI : can't show warning due to - plugged: true status unknown: false
08-03 10:29:08.653  1461  2635 W ActivityManager: Foreground service started from background can not have location/camera/microphone access: service hu.tagsoft.ttorrent.noads/hu.tagsoft.ttorrent.torrentservice.TorrentService
08-03 10:29:10.656  1461  2824 W ActivityManager: Foreground service started from background can not have location/camera/microphone access: service hu.tagsoft.ttorrent.noads/hu.tagsoft.ttorrent.torrentservice.TorrentService
08-03 10:29:10.952   894 11470 I keystore2: keystore2::watchdog: Watchdog thread idle -> terminating. Have a great day.
08-03 10:29:11.798  2406  3324 D PowerUI : can't show warning due to - plugged: true status unknown: false
08-03 10:29:12.660  1461  2824 W ActivityManager: Foreground service started from background can not have location/camera/microphone access: service hu.tagsoft.ttorrent.noads/hu.tagsoft.ttorrent.torrentservice.TorrentService
08-03 10:29:13.234  2406  2989 D PowerUI : can't show warning due to - plugged: true status unknown: false
08-03 10:29:14.218  1461  1647 I DisplayPowerController[0]: BrightnessEvent: disp=0, physDisp=local:4630947043778501761, brt=0.062992126, initBrt=0.062992126, rcmdBrt=NaN, preBrt=NaN, lux=0.0, preLux=0.0, hbmMax=1.0, hbmMode=off, rbcStrength=50, powerFactor=1.0, thrmMax=1.0, wasShortTermModelActive=false, flags=, reason=doze, autoBrightness=false
08-03 10:29:14.219  1461  1647 I DisplayPowerController[0]: Blocking screen off
08-03 10:29:14.219  1461  1647 I DisplayPowerController[0]: Unblocked screen off after 0 ms
08-03 10:29:14.223  1461  1647 V DisplayPowerController[0]: Brightness [0.0] reason changing to: 'screen_off', previous reason: 'doze'.
08-03 10:29:14.224  1461  1647 I DisplayPowerController[0]: BrightnessEvent: disp=0, physDisp=local:4630947043778501761, brt=0.0, initBrt=0.062992126, rcmdBrt=NaN, preBrt=NaN, lux=0.0, preLux=0.0, hbmMax=1.0, hbmMode=off, rbcStrength=50, powerFactor=1.0, thrmMax=1.0, wasShortTermModelActive=false, flags=, reason=screen_off, autoBrightness=false
08-03 10:29:14.224  1461  1647 I DisplayPowerController[0]: BrightnessEvent: disp=0, physDisp=local:4630947043778501761, brt=0.0, initBrt=0.0, rcmdBrt=NaN, preBrt=NaN, lux=0.0, preLux=0.0, hbmMax=1.0, hbmMode=off, rbcStrength=50, powerFactor=1.0, thrmMax=1.0, wasShortTermModelActive=false, flags=, reason=screen_off, autoBrightness=false
08-03 10:29:14.238  1461  1461 W WindowManager: removeWindowToken: Attempted to remove non-existing token: android.os.Binder@128c9a
08-03 10:29:14.244  1461  1557 I DisplayDeviceRepository: Display device changed state: "Built-in Screen", OFF
08-03 10:29:14.253  1461  1558 I DisplayDevice: [0] Layerstack set to -1 for local:4630947043778501761
08-03 10:29:14.595  1461  1557 I DisplayDeviceRepository: Display device changed state: "Built-in Screen", OFF
08-03 10:29:14.598  1461  1647 I DisplayPowerController[0]: BrightnessEvent: disp=0, physDisp=local:4630947043778501761, brt=0.0, initBrt=0.0, rcmdBrt=NaN, preBrt=NaN, lux=0.0, preLux=0.0, hbmMax=1.0, hbmMode=off, rbcStrength=50, powerFactor=1.0, thrmMax=1.0, wasShortTermModelActive=false, flags=, reason=screen_off, autoBrightness=false
08-03 10:29:14.643  1461  1557 W AccessibilityWindowsPopulator: The displayInfo of this displayId (0) called back from the surface fligner is null
08-03 10:29:14.662  1461  9739 W ActivityManager: Foreground service started from background can not have location/camera/microphone access: service hu.tagsoft.ttorrent.noads/hu.tagsoft.ttorrent.torrentservice.TorrentService
08-03 10:29:16.666  1461  9739 W ActivityManager: Foreground service started from background can not have location/camera/microphone access: service hu.tagsoft.ttorrent.noads/hu.tagsoft.ttorrent.torrentservice.TorrentService
08-03 10:29:17.236  1461  1647 I DisplayPowerController[0]: Blocking screen on until initial contents have been drawn.
08-03 10:29:17.238  1461  1647 V DisplayPowerController[0]: Brightness [0.062992126] reason changing to: 'doze', previous reason: 'screen_off'.
08-03 10:29:17.238  1461  1647 I DisplayPowerController[0]: BrightnessEvent: disp=0, physDisp=local:4630947043778501761, brt=0.062992126, initBrt=0.0, rcmdBrt=NaN, preBrt=NaN, lux=0.0, preLux=0.0, hbmMax=1.0, hbmMode=off, rbcStrength=50, powerFactor=1.0, thrmMax=1.0, wasShortTermModelActive=false, flags=, reason=doze, autoBrightness=false
08-03 10:29:17.239  1461  1557 I DisplayDeviceRepository: Display device changed state: "Built-in Screen", ON
08-03 10:29:17.241  1461  1647 I DisplayPowerController[0]: BrightnessEvent: disp=0, physDisp=local:4630947043778501761, brt=0.062992126, initBrt=0.062992126, rcmdBrt=NaN, preBrt=NaN, lux=0.0, preLux=0.0, hbmMax=1.0, hbmMode=off, rbcStrength=50, powerFactor=1.0, thrmMax=1.0, wasShortTermModelActive=false, flags=, reason=doze, autoBrightness=false
08-03 10:29:17.287  1461  1558 I DisplayDevice: [0] Layerstack set to 0 for local:4630947043778501761
08-03 10:29:17.335  1461  1647 I DisplayPowerController[0]: Unblocked screen on after 99 ms
08-03 10:29:17.335  1461  1647 I DisplayPowerController[0]: BrightnessEvent: disp=0, physDisp=local:4630947043778501761, brt=0.062992126, initBrt=0.062992126, rcmdBrt=NaN, preBrt=NaN, lux=0.0, preLux=0.0, hbmMax=1.0, hbmMode=off, rbcStrength=50, powerFactor=1.0, thrmMax=1.0, wasShortTermModelActive=false, flags=, reason=doze, autoBrightness=false
08-03 10:29:17.402  1461  1557 W AccessibilityWindowsPopulator: The displayInfo of this displayId (0) called back from the surface fligner is null
08-03 10:29:17.461  1461  1647 I DisplayPowerController[0]: BrightnessEvent: disp=0, physDisp=local:4630947043778501761, brt=0.062992126, initBrt=0.062992126, rcmdBrt=NaN, preBrt=NaN, lux=0.0, preLux=0.0, hbmMax=1.0, hbmMode=off, rbcStrength=50, powerFactor=1.0, thrmMax=1.0, wasShortTermModelActive=false, flags=, reason=doze, autoBrightness=false
08-03 10:29:17.463  1461  1557 I DisplayDeviceRepository: Display device changed state: "Built-in Screen", ON
08-03 10:29:17.727  2406  2994 D PowerUI : can't show warning due to - plugged: true status unknown: false
08-03 10:29:18.362  2406  2995 D PowerUI : can't show warning due to - plugged: true status unknown: false
08-03 10:29:18.669  1461 10462 W ActivityManager: Foreground service started from background can not have location/camera/microphone access: service hu.tagsoft.ttorrent.noads/hu.tagsoft.ttorrent.torrentservice.TorrentService
08-03 10:29:19.994  2406  3046 D PowerUI : can't show warning due to - plugged: true status unknown: false
08-03 10:29:20.672  1461 10462 W ActivityManager: Foreground service started from background can not have location/camera/microphone access: service hu.tagsoft.ttorrent.noads/hu.tagsoft.ttorrent.torrentservice.TorrentService
08-03 10:29:22.232   831   837 I vold    : Found disk at /devices/platform/soc/8804000.sdhci/mmc_host/mmc0/mmc0:0007/block/mmcblk0 but delaying scan due to secure keyguard
08-03 10:29:22.675  1461 10915 W ActivityManager: Foreground service started from background can not have location/camera/microphone access: service hu.tagsoft.ttorrent.noads/hu.tagsoft.ttorrent.torrentservice.TorrentService
08-03 10:29:23.473  2406  3186 D PowerUI : can't show warning due to - plugged: true status unknown: false
08-03 10:29:23.574  1461  9739 I Telecom : PhoneAccountRegistrar: setUserSelectedOutgoingPhoneAccount: ComponentInfo{com.android.phone/com.android.services.telephony.TelephonyConnectionService}, 1, UserHandle{0}: TSI.sUSOPA@CYU
08-03 10:29:23.574  1461  9739 W Telecom : PhoneAccountRegistrar: Trying to set nonexistent default outgoing ComponentInfo{com.android.phone/com.android.services.telephony.TelephonyConnectionService}, 1, UserHandle{0}: TSI.sUSOPA@CYU
08-03 10:29:23.593  1461  2324 E NetworkPolicy: Missing subscriberId for subId 1
08-03 10:29:23.594  1461  1564 I DropBoxManagerService: add tag=system_server_wtf isTagEnabled=true flags=0x2
08-03 10:29:23.603  1461  2342 I VcnManagementService: new snapshot: TelephonySubscriptionSnapshot{ mActiveDataSubId=1, mSubIdToInfoMap={}, mSubIdToCarrierConfigMap={}, mPrivilegedPackages={} }
08-03 10:29:23.616  1461 10915 W ContextImpl: Calling a method in the system process without a qualified user: android.app.ContextImpl.sendBroadcastMultiplePermissions:1222 com.android.server.TelephonyRegistry.broadcastServiceStateChanged:3111 com.android.server.TelephonyRegistry.notifyServiceStateForPhoneId:1616 com.android.internal.telephony.ITelephonyRegistry$Stub.onTransact:492 android.os.Binder.execTransactInternal:1280 
08-03 10:29:23.616  1461 10915 W ContextImpl: Calling a method in the system process without a qualified user: android.app.ContextImpl.sendBroadcastMultiplePermissions:1272 android.content.Context.sendBroadcastMultiplePermissions:2272 com.android.server.TelephonyRegistry.broadcastServiceStateChanged:3114 com.android.server.TelephonyRegistry.notifyServiceStateForPhoneId:1616 com.android.internal.telephony.ITelephonyRegistry$Stub.onTransact:492 
08-03 10:29:23.616  1461 10915 W ContextImpl: Calling a method in the system process without a qualified user: android.app.ContextImpl.sendBroadcastMultiplePermissions:1272 com.android.server.TelephonyRegistry.broadcastServiceStateChanged:3121 com.android.server.TelephonyRegistry.notifyServiceStateForPhoneId:1616 com.android.internal.telephony.ITelephonyRegistry$Stub.onTransact:492 android.os.Binder.execTransactInternal:1280 
08-03 10:29:23.617  1461 10915 W ContextImpl: Calling a method in the system process without a qualified user: android.app.ContextImpl.sendBroadcastMultiplePermissions:1272 com.android.server.TelephonyRegistry.broadcastServiceStateChanged:3126 com.android.server.TelephonyRegistry.notifyServiceStateForPhoneId:1616 com.android.internal.telephony.ITelephonyRegistry$Stub.onTransact:492 android.os.Binder.execTransactInternal:1280 
08-03 10:29:23.618  1461  1564 W BroadcastQueue: Appop Denial: receiving Intent { act=android.intent.action.SERVICE_STATE flg=0x1000010 (has extras) } to ProcessRecord{4842315 2406:com.android.systemui/u0a122} (pid=2406, uid=10122) excludes appop android:read_phone_state due to sender android (uid 1001)
08-03 10:29:23.627  1461 10915 I Telecom : PhoneAccountRegistrar: Modify account: [ComponentInfo{com.android.phone/com.android.services.telephony.TelephonyConnectionService}, E, UserHandle{0}]: TSI.rPA@CYk
08-03 10:29:23.628  1461 10915 I Telecom : CallsManager: handlePhoneAccountChanged: phoneAccount=[[X] PhoneAccount: ComponentInfo{com.android.phone/com.android.services.telephony.TelephonyConnectionService}, E, UserHandle{0} Capabilities: SuppVideo CallProvider MultiUser PlaceEmerg SimSub  Audio Routes: BESW Schemes: tel voicemail  Extras: Bundle[{android.telecom.extra.SUPPORTS_VIDEO_CALLING_FALLBACK=true}] GroupId: ***]: TSI.rPA@CYk
08-03 10:29:23.629  1461 10915 I Telecom : PhoneAccountRegistrar: getSimCallManager: SimCallManager for subId 1 queried, returning: null: TSI.rPA@CYk
08-03 10:29:23.629  1461 10915 I Telecom : PhoneAccountRegistrar: Notifying telephony of voice service override change for 1 SIMs, hasService = false: TSI.rPA@CYk
08-03 10:29:23.645  1461 10915 W BroadcastQueue: Permission Denial: receiving Intent { act=android.intent.action.SERVICE_STATE flg=0x1000010 (has extras) } to com.android.cellbroadcastreceiver.module/com.android.cellbroadcastreceiver.CellBroadcastReceiver requires android.permission.READ_PHONE_STATE due to sender android (uid 1001)
08-03 10:29:23.661  1461 10462 I Telecom : PhoneAccountRegistrar: Modify account: [ComponentInfo{com.android.phone/com.android.services.telephony.TelephonyConnectionService}, E, UserHandle{0}]: TSI.rPA@CY8
08-03 10:29:23.662  1461 10462 I Telecom : CallsManager: handlePhoneAccountChanged: phoneAccount=[[X] PhoneAccount: ComponentInfo{com.android.phone/com.android.services.telephony.TelephonyConnectionService}, E, UserHandle{0} Capabilities: SuppVideo CallProvider MultiUser PlaceEmerg SimSub  Audio Routes: BESW Schemes: tel voicemail  Extras: Bundle[{android.telecom.extra.SUPPORTS_VIDEO_CALLING_FALLBACK=true}] GroupId: ***]: TSI.rPA@CY8
08-03 10:29:23.665  1461 10462 I Telecom : PhoneAccountRegistrar: getSimCallManager: SimCallManager for subId 1 queried, returning: null: TSI.rPA@CY8
08-03 10:29:23.665  1461 10462 I Telecom : PhoneAccountRegistrar: Notifying telephony of voice service override change for 1 SIMs, hasService = false: TSI.rPA@CY8
08-03 10:29:24.680  1461 10462 W ActivityManager: Foreground service started from background can not have location/camera/microphone access: service hu.tagsoft.ttorrent.noads/hu.tagsoft.ttorrent.torrentservice.TorrentService
08-03 10:29:26.080  1461 10462 I Telecom : PhoneAccountRegistrar: New phone account registered: [[ ] PhoneAccount: ComponentInfo{com.android.phone/com.android.services.telephony.TelephonyConnectionService}, 1, UserHandle{0} Capabilities: SuppVideo CallProvider MultiUser PlaceEmerg SimSub  Audio Routes: BESW Schemes: tel voicemail  Extras: Bundle[{android.telecom.extra.SUPPORTS_VIDEO_CALLING_FALLBACK=true}] GroupId: ***]: TSI.rPA@CZo
08-03 10:29:26.081  1461 10462 I Telecom : CallsManager: Sending phone-account ComponentInfo{com.android.phone/com.android.services.telephony.TelephonyConnectionService}, 1, UserHandle{0} registered intent as user: TSI.rPA@CZo
08-03 10:29:26.082  1461 10462 I Telecom : CallsManager: Sending phone-account registered intent to default dialer: TSI.rPA@CZo
08-03 10:29:26.084  1461 10462 I Telecom : PhoneAccountRegistrar: getSimCallManager: SimCallManager for subId 1 queried, returning: null: TSI.rPA@CZo
08-03 10:29:26.084  1461 10462 I Telecom : PhoneAccountRegistrar: Notifying telephony of voice service override change for 1 SIMs, hasService = false: TSI.rPA@CZo
08-03 10:29:26.088  1461 10462 I Telecom : CallsManager: Sending phone-account ComponentInfo{com.android.phone/com.android.services.telephony.TelephonyConnectionService}, E, UserHandle{0} unregistered intent as user: TSI.uPA@CZw
08-03 10:29:26.088  1461 10462 I Telecom : CallsManager: Sending phone-account unregistered intent to default dialer: TSI.uPA@CZw
08-03 10:29:26.091  1461  2635 I Telecom : PhoneAccountRegistrar: getSimCallManager: SimCallManager for subId 1 queried, returning: null
08-03 10:29:26.096  1461  2635 W BroadcastQueue: Permission Denial: receiving Intent { act=android.telecom.action.PHONE_ACCOUNT_REGISTERED flg=0x1000010 (has extras) } to com.nll.cb/.telecom.receiver.PhoneAccountChangeReceiver requires android.permission.PROCESS_PHONE_ACCOUNT_REGISTRATION due to sender android (uid 1000)
08-03 10:29:26.099  1461 10462 W BroadcastQueue: Permission Denial: receiving Intent { act=android.telecom.action.PHONE_ACCOUNT_UNREGISTERED flg=0x1000010 (has extras) } to com.nll.cb/.telecom.receiver.PhoneAccountChangeReceiver requires android.permission.PROCESS_PHONE_ACCOUNT_REGISTRATION due to sender android (uid 1000)
08-03 10:29:26.100  1461  2635 I Telecom : PhoneAccountRegistrar: Modify account: [ComponentInfo{com.android.phone/com.android.services.telephony.TelephonyConnectionService}, 1, UserHandle{0}]: TSI.rPA@CZ4
08-03 10:29:26.101  1461  2635 I Telecom : CallsManager: handlePhoneAccountChanged: phoneAccount=[[X] PhoneAccount: ComponentInfo{com.android.phone/com.android.services.telephony.TelephonyConnectionService}, 1, UserHandle{0} Capabilities: SuppVideo CallProvider MultiUser PlaceEmerg SimSub  Audio Routes: BESW Schemes: tel voicemail  Extras: Bundle[{android.telecom.extra.SUPPORTS_VIDEO_CALLING_FALLBACK=true}] GroupId: ***]: TSI.rPA@CZ4
08-03 10:29:26.103  1461  2635 I Telecom : PhoneAccountRegistrar: getSimCallManager: SimCallManager for subId 1 queried, returning: null: TSI.rPA@CZ4
08-03 10:29:26.103  1461  2635 I Telecom : PhoneAccountRegistrar: Notifying telephony of voice service override change for 1 SIMs, hasService = false: TSI.rPA@CZ4
08-03 10:29:26.104  1461  2635 D CompatibilityChangeReporter: Compat change id reported: 161252188; UID 10077; state: DISABLED
08-03 10:29:26.106  1461  1564 D CompatibilityChangeReporter: Compat change id reported: 168419799; UID 10077; state: DISABLED
08-03 10:29:26.106  1461  1564 D CompatibilityChangeReporter: Compat change id reported: 273564678; UID 10077; state: DISABLED
08-03 10:29:26.131  1461 10462 I Telecom : PhoneAccountRegistrar: Modify account: [ComponentInfo{com.android.phone/com.android.services.telephony.TelephonyConnectionService}, 1, UserHandle{0}]: TSI.rPA@CaE
08-03 10:29:26.132  1461 10462 I Telecom : CallsManager: handlePhoneAccountChanged: phoneAccount=[[X] PhoneAccount: ComponentInfo{com.android.phone/com.android.services.telephony.TelephonyConnectionService}, 1, UserHandle{0} Capabilities: SuppVideo CallProvider MultiUser PlaceEmerg SimSub  Audio Routes: BESW Schemes: tel voicemail  Extras: Bundle[{android.telecom.extra.SUPPORTS_VIDEO_CALLING_FALLBACK=true}] GroupId: ***]: TSI.rPA@CaE
08-03 10:29:26.133  1461 10462 I Telecom : PhoneAccountRegistrar: getSimCallManager: SimCallManager for subId 1 queried, returning: null: TSI.rPA@CaE
08-03 10:29:26.133  1461 10462 I Telecom : PhoneAccountRegistrar: Notifying telephony of voice service override change for 1 SIMs, hasService = false: TSI.rPA@CaE
08-03 10:29:26.147  1461  1461 I Telecom : PhoneAccountRegistrar: getSimCallManager: SimCallManager for subId 1 queried, returning: null: TSI.gSCMFU@CaU
08-03 10:29:26.152  1461  2635 I Telecom : PhoneAccountRegistrar: Modify account: [ComponentInfo{com.android.phone/com.android.services.telephony.TelephonyConnectionService}, 1, UserHandle{0}]: TSI.rPA@Cac
08-03 10:29:26.153  1461  2635 I Telecom : CallsManager: handlePhoneAccountChanged: phoneAccount=[[X] PhoneAccount: ComponentInfo{com.android.phone/com.android.services.telephony.TelephonyConnectionService}, 1, UserHandle{0} Capabilities: SuppVideo CallProvider MultiUser PlaceEmerg SimSub  Audio Routes: BESW Schemes: tel voicemail  Extras: Bundle[{android.telecom.extra.SUPPORTS_VIDEO_CALLING_FALLBACK=true}] GroupId: ***]: TSI.rPA@Cac
08-03 10:29:26.158  1461  2635 I Telecom : PhoneAccountRegistrar: getSimCallManager: SimCallManager for subId 1 queried, returning: null: TSI.rPA@Cac
08-03 10:29:26.158  1461  2635 I Telecom : PhoneAccountRegistrar: Notifying telephony of voice service override change for 1 SIMs, hasService = false: TSI.rPA@Cac
08-03 10:29:26.161  1461  9740 D CompatibilityChangeReporter: Compat change id reported: 168419799; UID 10088; state: DISABLED
08-03 10:29:26.162  1461  9740 D CompatibilityChangeReporter: Compat change id reported: 273564678; UID 10088; state: DISABLED
08-03 10:29:26.190  1461  9740 I Telecom : PhoneAccountRegistrar: setUserSelectedOutgoingPhoneAccount: ComponentInfo{com.android.phone/com.android.services.telephony.TelephonyConnectionService}, 1, UserHandle{0}: TSI.sUSOPA@Cag
08-03 10:29:26.190  1461  9740 I Telecom : PhoneAccountRegistrar: setUserSelectedOutgoingPhoneAccount: no change to voice sub: TSI.sUSOPA@Cag
08-03 10:29:26.194  1461  9740 D CompatibilityChangeReporter: Compat change id reported: 161252188; UID 1000; state: DISABLED
08-03 10:29:26.684  1461  2635 W ActivityManager: Foreground service started from background can not have location/camera/microphone access: service hu.tagsoft.ttorrent.noads/hu.tagsoft.ttorrent.torrentservice.TorrentService
08-03 10:29:27.356  1461 10915 D CompatibilityChangeReporter: Compat change id reported: 171306433; UID 10151; state: ENABLED
08-03 10:29:27.357  1461 10915 D CompatibilityChangeReporter: Compat change id reported: 226439802; UID 10151; state: DISABLED
08-03 10:29:27.358  1461 10915 D CompatibilityChangeReporter: Compat change id reported: 218533173; UID 10151; state: ENABLED
08-03 10:29:27.429  1461  2236 I PowerGroup: Waking up power group from Dozing (groupId=0, uid=1000, reason=WAKE_REASON_POWER_BUTTON, details=android.policy:POWER)...
08-03 10:29:27.431  1461  2236 I PowerManagerService: Waking up from Dozing (uid=1000, reason=WAKE_REASON_POWER_BUTTON, details=android.policy:POWER)...
08-03 10:29:27.433  1461  1461 E ActivityManager: Cancel pending or running compactions as system is awake
08-03 10:29:27.435  1461  1647 V DisplayPowerController[0]: Brightness [1.0] reason changing to: 'manual', previous reason: 'doze'.
08-03 10:29:27.436  1461  1647 I DisplayPowerController[0]: BrightnessEvent: disp=0, physDisp=local:4630947043778501761, brt=1.0, initBrt=0.062992126, rcmdBrt=NaN, preBrt=NaN, lux=0.0, preLux=0.0, hbmMax=1.0, hbmMode=off, rbcStrength=50, powerFactor=1.0, thrmMax=1.0, wasShortTermModelActive=false, flags=, reason=manual, autoBrightness=false
08-03 10:29:27.436  1461  1647 I DreamManagerService: Gently waking up from dream.
08-03 10:29:27.440  1461  2635 I DreamManagerService: Leaving dreamland.
08-03 10:29:27.440  1461  1554 I DreamController: Stopping dream: name=ComponentInfo{com.android.systemui/com.android.systemui.doze.DozeService}, isPreviewMode=false, canDoze=true, userId=0, reason='finished self'(from 'power manager request')
08-03 10:29:27.574  1461  1461 I FingerprintManager: onPowerPressed
08-03 10:29:27.574  1461  1461 D WindowManager: powerPress: eventTime=2848662 interactive=true count=1 beganFromNonInteractive=true mShortPressOnPowerBehavior=1
08-03 10:29:27.574  1461  1461 E Fingerprint21: onPowerPressed not supported for HIDL clients
08-03 10:29:27.710  1461  1554 I UsbPortManager: USB HAL HIDL version: 13
08-03 10:29:28.005  1461  1557 W AccessibilityWindowsPopulator: Windows change within in 2 frames continuously over 500 ms and notify windows changed immediately
08-03 10:29:28.188  2406  3322 D PowerUI : can't show warning due to - plugged: true status unknown: false
08-03 10:29:28.247  1461  1647 I DisplayPowerController[0]: BrightnessEvent: disp=0, physDisp=local:4630947043778501761, brt=1.0, initBrt=1.0, rcmdBrt=NaN, preBrt=NaN, lux=0.0, preLux=0.0, hbmMax=1.0, hbmMode=off, rbcStrength=50, powerFactor=1.0, thrmMax=1.0, wasShortTermModelActive=false, flags=, reason=manual, autoBrightness=false
08-03 10:29:28.607  2406  3045 D PowerUI : can't show warning due to - plugged: true status unknown: false
08-03 10:29:28.687  1461 10359 W ActivityManager: Foreground service started from background can not have location/camera/microphone access: service hu.tagsoft.ttorrent.noads/hu.tagsoft.ttorrent.torrentservice.TorrentService
08-03 10:29:30.690  1461  9739 W ActivityManager: Foreground service started from background can not have location/camera/microphone access: service hu.tagsoft.ttorrent.noads/hu.tagsoft.ttorrent.torrentservice.TorrentService
08-03 10:29:32.694  1461 10359 W ActivityManager: Foreground service started from background can not have location/camera/microphone access: service hu.tagsoft.ttorrent.noads/hu.tagsoft.ttorrent.torrentservice.TorrentService
08-03 10:29:33.721  2406  3324 D PowerUI : can't show warning due to - plugged: true status unknown: false
08-03 10:29:34.697  1461  9739 W ActivityManager: Foreground service started from background can not have location/camera/microphone access: service hu.tagsoft.ttorrent.noads/hu.tagsoft.ttorrent.torrentservice.TorrentService
08-03 10:29:36.107  2406  2989 D PowerUI : can't show warning due to - plugged: true status unknown: false
08-03 10:29:36.358  2406  2994 D PowerUI : can't show warning due to - plugged: true status unknown: false
08-03 10:29:36.701  1461 10359 W ActivityManager: Foreground service started from background can not have location/camera/microphone access: service hu.tagsoft.ttorrent.noads/hu.tagsoft.ttorrent.torrentservice.TorrentService
08-03 10:29:38.705  1461 10915 W ActivityManager: Foreground service started from background can not have location/camera/microphone access: service hu.tagsoft.ttorrent.noads/hu.tagsoft.ttorrent.torrentservice.TorrentService
08-03 10:29:38.870  2406  2995 D PowerUI : can't show warning due to - plugged: true status unknown: false
08-03 10:29:39.119  1461  2635 D LockSettingsService: spBasedDoVerifyCredential: user=0 hasEnrolledBiometrics=false
08-03 10:29:39.255   894   911 I keystore2: keystore2::authorization: on_lock_screen_event(LockScreenEvent(0), user_id=0, password.is_some()=true, unlocking_sids=None)
08-03 10:29:39.264   894   911 I keystore2: keystore2::super_key: In unlock_and_get_user_state. Trying to unlock when already unlocked.
08-03 10:29:39.264  1461  2635 I LockSettingsService: Unlocking user 0 with secret only, length 32
08-03 10:29:39.264  1461  2635 D LockSettingsService: unlockUser finished
08-03 10:29:39.264  1461  2635 D SystemServerTiming: finishUserUnlocking-0
08-03 10:29:39.264  1461  2635 W ActivityManager: UserLifecycleEvent 5 received without an active userJourneySession.
08-03 10:29:39.264  1461  2635 V SystemServerTiming: finishUserUnlocking-0 took to complete: 0ms
08-03 10:29:39.264  1461  2635 D LockSettingsService: unlockUser finished
08-03 10:29:39.264  1461  2635 I LockSettingsService: Disabling escrow token on user 0
08-03 10:29:39.423  1461  2635 D ActivityTaskManager: Top Process State changed to PROCESS_STATE_TOP
08-03 10:29:39.671  1461 10915 W JobScheduler: Job didn't exist in JobStore: da7164f #u0a205/95814 io.github.forkmaintainers.iceraven/androidx.work.impl.background.systemjob.SystemJobService
08-03 10:29:39.760  1461 10915 D SystemServerTiming: getUserSwitchability-0
08-03 10:29:39.760  1461 10915 D SystemServerTiming: TM.isInCall
08-03 10:29:39.760  1461 10915 V SystemServerTiming: TM.isInCall took to complete: 1ms
08-03 10:29:39.760  1461 10915 D SystemServerTiming: hasUserRestriction-DISALLOW_USER_SWITCH
08-03 10:29:39.760  1461 10915 V SystemServerTiming: hasUserRestriction-DISALLOW_USER_SWITCH took to complete: 0ms
08-03 10:29:39.761  1461 10915 D SystemServerTiming: getInt-ALLOW_USER_SWITCHING_WHEN_SYSTEM_USER_LOCKED
08-03 10:29:39.761  1461 10915 V SystemServerTiming: getInt-ALLOW_USER_SWITCHING_WHEN_SYSTEM_USER_LOCKED took to complete: 0ms
08-03 10:29:39.761  1461 10915 D SystemServerTiming: isUserUnlocked-USER_SYSTEM
08-03 10:29:39.761  1461 10915 V SystemServerTiming: isUserUnlocked-USER_SYSTEM took to complete: 0ms
08-03 10:29:39.761  1461 10915 V SystemServerTiming: getUserSwitchability-0 took to complete: 1ms
08-03 10:29:39.765  1461  1461 D BiometricService: Sensor ID(0), oemStrength: 15, updatedStrength: 15, modality 2, state: 0, cookie: 0, sensorId 0, hasEnrollments: false cannot participate in Keystore operations
08-03 10:29:39.766   894   911 I keystore2: keystore2::authorization: on_lock_screen_event(LockScreenEvent(0), user_id=0, password.is_some()=false, unlocking_sids=Some([]))
08-03 10:29:39.770   831   835 D vold    : /system/bin/sgdisk
08-03 10:29:39.770   831   835 D vold    :     --android-dump
08-03 10:29:39.770   831   835 D vold    :     /dev/block/vold/disk:179,0
08-03 10:29:39.776  1461  1564 W BroadcastQueue: Exported Denial: sending Intent { act=android.intent.action.USER_PRESENT flg=0x24200010 }, action: android.intent.action.USER_PRESENT from com.android.systemui (uid=10122) due to receiver ProcessRecord{850a33b 6840:com.pextor.batterychargeralarm/u0a209} (uid 10209) not specifying RECEIVER_EXPORTED
08-03 10:29:39.776  1461  1564 W BroadcastQueue: Exported Denial: sending Intent { act=android.intent.action.USER_PRESENT flg=0x24200010 }, action: android.intent.action.USER_PRESENT from com.android.systemui (uid=10122) due to receiver ProcessRecord{850a33b 6840:com.pextor.batterychargeralarm/u0a209} (uid 10209) not specifying RECEIVER_EXPORTED
08-03 10:29:39.777  1461  1564 W BroadcastQueue: Background execution not allowed: receiving Intent { act=android.intent.action.USER_PRESENT flg=0x24200010 } to com.android.chrome/org.chromium.chrome.browser.sharing.click_to_call.ClickToCallMessageHandler$PhoneUnlockedReceiver
08-03 10:29:39.778  1461  1564 W BroadcastQueue: Background execution not allowed: receiving Intent { act=android.intent.action.USER_PRESENT flg=0x24200010 } to com.brave.browser/org.chromium.chrome.browser.sharing.click_to_call.ClickToCallMessageHandler$PhoneUnlockedReceiver
08-03 10:29:39.778  1461  1564 W BroadcastQueue: Background execution not allowed: receiving Intent { act=android.intent.action.USER_PRESENT flg=0x24200010 } to com.utility.autoapporganizer/.ReceiverUserPresent
08-03 10:29:39.778  1461  1564 W BroadcastQueue: Background execution not allowed: receiving Intent { act=android.intent.action.USER_PRESENT flg=0x24200010 } to com.utility.autoapporganizer/.NotifService$UserPresentReceiver
08-03 10:29:39.778  1461  1564 W BroadcastQueue: Background execution not allowed: receiving Intent { act=android.intent.action.USER_PRESENT flg=0x24200010 } to com.weather.Weather/com.weather.dal2.system.UniversalBroadcastReceiver
08-03 10:29:39.778  1461  1564 W BroadcastQueue: Background execution not allowed: receiving Intent { act=android.intent.action.USER_PRESENT flg=0x24200010 } to de.appzer.Pushsafer/com.tonikorin.cordova.plugin.autostart.UserPresentReceiver
08-03 10:29:39.778  1461  1564 W BroadcastQueue: Background execution not allowed: receiving Intent { act=android.intent.action.USER_PRESENT flg=0x24200010 } to org.leetzone.android.yatsewidgetfree/org.leetzone.android.yatsewidget.receivers.YatseEventReceiver
08-03 10:29:39.883  2406  3186 D PowerUI : can't show warning due to - plugged: true status unknown: false
08-03 10:29:39.931   831   835 D vold    : DISK mbr
08-03 10:29:39.931   831   835 D vold    : PART 1 c
08-03 10:29:39.934  1461  2309 I StorageManagerService: Mounting volume VolumeInfo{public:179,1}:
08-03 10:29:39.934  1461  2309 I StorageManagerService:     type=PUBLIC diskId=disk:179,0 partGuid= mountFlags=VISIBLE_FOR_WRITE 
08-03 10:29:39.934  1461  2309 I StorageManagerService:     mountUserId=0 state=UNMOUNTED 
08-03 10:29:39.934  1461  2309 I StorageManagerService:     fsType=null fsUuid=null fsLabel=null 
08-03 10:29:39.934  1461  2309 I StorageManagerService:     path=null internalPath=null 
08-03 10:29:39.935   831   835 D vold    : /system/bin/blkid
08-03 10:29:39.935   831   835 D vold    :     -c
08-03 10:29:39.935   831   835 D vold    :     /dev/null
08-03 10:29:39.935   831   835 D vold    :     -s
08-03 10:29:39.935   831   835 D vold    :     TYPE
08-03 10:29:39.935   831   835 D vold    :     -s
08-03 10:29:39.935   831   835 D vold    :     UUID
08-03 10:29:39.935   831   835 D vold    :     -s
08-03 10:29:39.935   831   835 D vold    :     LABEL
08-03 10:29:39.935   831   835 D vold    :     /dev/block/vold/public:179,1
08-03 10:29:39.987   831   835 D vold    : /dev/block/vold/public:179,1: UUID="7AC0-9AFD" TYPE="vfat" 
08-03 10:29:39.991 11670 11670 D vold    : /system/bin/fsck_msdos
08-03 10:29:39.991 11670 11670 D vold    :     -p
08-03 10:29:39.991 11670 11670 D vold    :     -f
08-03 10:29:39.991 11670 11670 D vold    :     -y
08-03 10:29:39.991 11670 11670 D vold    :     /dev/block/vold/public:179,1
08-03 10:29:40.019  1461  1554 I UsbPortManager: USB HAL HIDL version: 13
08-03 10:29:40.019  1461  1554 D UsbDeviceManager: applyOemOverride usbfunctions=mtp,adb bootmode=normal
08-03 10:29:40.019  1461  1554 I UsbDeviceManager: Setting USB config to mtp,adb
08-03 10:29:40.027  1461  1461 W AccessibilityManagerService:  wait for adding window timeout: 42
08-03 10:29:40.301  1461  3214 W AdbDebuggingManager: Read failed with count -1
08-03 10:29:40.305  1461  3214 E AdbDebuggingManager: Caught an exception opening the socket: java.io.IOException: Connection refused
08-03 10:29:40.552  1461  1555 I ActivityTaskManager: START u0 {act=android.intent.action.MAIN cat=[android.intent.category.HOME] flg=0x10000100 cmp=ginlemon.flowerfree/ginlemon.flower.HomeScreen (has extras)} from uid 0
08-03 10:29:40.677  1461  1554 W Looper  : Slow dispatch took 660ms android.fg h=com.android.server.usb.UsbDeviceManager$UsbHandlerLegacy c=null m=13
08-03 10:29:40.677  1461  1554 W Looper  : Slow delivery took 376ms android.fg h=com.android.server.adb.AdbDebuggingManager$AdbDebuggingHandler c=null m=27
08-03 10:29:40.677  1461  1554 D AutofillManagerService: Close system dialogs
08-03 10:29:40.708  1461  9740 W ActivityManager: Foreground service started from background can not have location/camera/microphone access: service hu.tagsoft.ttorrent.noads/hu.tagsoft.ttorrent.torrentservice.TorrentService
08-03 10:29:40.842  1461  1554 W Looper  : Drained
08-03 10:29:41.428  1461  1608 W BatteryExternalStatsWorker: error reading Bluetooth stats: 9
08-03 10:29:41.885  1461 10359 I ActivityTaskManager: START u0 {act=android.intent.action.MAIN cat=[android.intent.category.LAUNCHER] flg=0x10000000 cmp=xyz.klinker.messenger/.activity.MessengerActivity} from uid 10281
08-03 10:29:41.898  1461 10359 I ActivityTaskManager: Launching r: ActivityRecord{f7af8bf u0 xyz.klinker.messenger/.activity.MessengerActivity} from background: ActivityRecord{407da44 u0 ginlemon.flowerfree/ginlemon.flower.HomeScreen} t8733}. New task: false
08-03 10:29:41.909  1461 10359 D ActivityManager: quick sync unfreeze 8232
08-03 10:29:41.913  1461  1557 D ActivityManager: sync unfroze 8232 xyz.klinker.messenger
08-03 10:29:42.031  1461 10915 W JobScheduler: Job didn't exist in JobStore: cfcb9e6 #u0a257/14871334 xyz.klinker.messenger/com.google.android.gms.measurement.AppMeasurementJobService
08-03 10:29:42.712  1461  2635 W ActivityManager: Foreground service started from background can not have location/camera/microphone access: service hu.tagsoft.ttorrent.noads/hu.tagsoft.ttorrent.torrentservice.TorrentService
08-03 10:29:43.293   831   835 I vold    : Filesystem check completed OK
08-03 10:29:43.325   831   835 D vold    : Waiting for sdcardfs to spin up...
08-03 10:29:43.336 11727 11727 W sdcard  : Device explicitly enabled sdcardfs
08-03 10:29:43.375   831   835 D vold    : Waiting for sdcardfs to spin up...
08-03 10:29:43.436   831   835 I vold    : Mounting public fuse volume
08-03 10:29:43.439   831   835 I vold    : Bind mounting /mnt/runtime/full/7AC0-9AFD to /mnt/pass_through/0/7AC0-9AFD
08-03 10:29:43.440  1461  2309 I StorageSessionController: On volume mount VolumeInfo{public:179,1}:
08-03 10:29:43.440  1461  2309 I StorageSessionController:     type=PUBLIC diskId=disk:179,0 partGuid= mountFlags=VISIBLE_FOR_WRITE 
08-03 10:29:43.440  1461  2309 I StorageSessionController:     mountUserId=0 state=CHECKING 
08-03 10:29:43.440  1461  2309 I StorageSessionController:     fsType=vfat fsUuid=7AC0-9AFD fsLabel= 
08-03 10:29:43.440  1461  2309 I StorageSessionController:     path=/storage/7AC0-9AFD internalPath=/mnt/media_rw/7AC0-9AFD 
08-03 10:29:43.440  1461  2309 I StorageSessionController: Creating and starting session with id: public:179,1
08-03 10:29:43.869  1461 10462 D CoreBackPreview: Window{2b6fc7f u0 xyz.klinker.messenger/xyz.klinker.messenger.activity.MessengerActivity}: Setting back callback OnBackInvokedCallbackInfo{mCallback=android.window.IOnBackInvokedCallback$Stub$Proxy@ddd11, mPriority=0}
08-03 10:29:43.968  2406  3322 D PowerUI : can't show warning due to - plugged: true status unknown: false
08-03 10:29:44.446   831   835 I vold    : Configuring read_ahead of /mnt/user/0/7AC0-9AFD fuse filesystem to 256kb
08-03 10:29:44.447   831   835 I vold    : Writing 256 to /sys/class/bdi/0:191/read_ahead_kb
08-03 10:29:44.447   831   835 I vold    : Configuring max_ratio of /mnt/user/0/7AC0-9AFD fuse filesystem to 40
08-03 10:29:44.447   831   835 I vold    : Writing 40 to /sys/class/bdi/0:191/max_ratio
08-03 10:29:44.447  1461  1554 W Looper  : Slow dispatch took 2829ms android.fg h=android.os.Handler c=com.android.server.Watchdog$HandlerChecker@82a4505 m=0
08-03 10:29:44.447  1461  1554 W Looper  : Slow delivery took 2535ms android.fg h=android.os.Handler c=com.android.server.power.hint.HintManagerService$UidObserver$$ExternalSyntheticLambda1@1e5195a m=0
08-03 10:29:44.449  1461  2309 I StorageManagerService: Mounted volume VolumeInfo{public:179,1}:
08-03 10:29:44.449  1461  2309 I StorageManagerService:     type=PUBLIC diskId=disk:179,0 partGuid= mountFlags=VISIBLE_FOR_WRITE 
08-03 10:29:44.449  1461  2309 I StorageManagerService:     mountUserId=0 state=MOUNTED 
08-03 10:29:44.449  1461  2309 I StorageManagerService:     fsType=vfat fsUuid=7AC0-9AFD fsLabel= 
08-03 10:29:44.449  1461  2309 I StorageManagerService:     path=/storage/7AC0-9AFD internalPath=/mnt/media_rw/7AC0-9AFD 
08-03 10:29:44.449  1461  2309 I StorageSessionController: Notifying volume state changed for session with id: public:179,1
08-03 10:29:44.453  1461  2309 I StorageSessionController: Notifying volume state changed for session with id: public:179,1
08-03 10:29:44.461  1461  2309 I StorageSessionController: Notifying volume state changed for session with id: public:179,1
08-03 10:29:44.464  1461  1554 W Looper  : Drained
08-03 10:29:44.475  1461  2309 D StorageManagerService: Volume public:179,1 broadcasting checking to UserHandle{0}
08-03 10:29:44.478  1461  2309 D StorageManagerService: Volume public:179,1 broadcasting mounted to UserHandle{0}
08-03 10:29:44.488  1461 10462 D CompatibilityChangeReporter: Compat change id reported: 135634846; UID 10052; state: DISABLED
08-03 10:29:44.488  1461 10462 D CompatibilityChangeReporter: Compat change id reported: 177438394; UID 10052; state: DISABLED
08-03 10:29:44.488  1461 10462 D CompatibilityChangeReporter: Compat change id reported: 135772972; UID 10052; state: DISABLED
08-03 10:29:44.488  1461 10462 D CompatibilityChangeReporter: Compat change id reported: 135754954; UID 10052; state: ENABLED
08-03 10:29:44.489  1461  1565 D CompatibilityChangeReporter: Compat change id reported: 143937733; UID 10052; state: ENABLED
08-03 10:29:44.505  1461  1565 I ActivityManager: Start proc 11736:android.process.media/u0a52 for broadcast {com.android.providers.downloads/com.android.providers.downloads.DownloadReceiver}
08-03 10:29:44.548  2406  3045 D PowerUI : can't show warning due to - plugged: true status unknown: false
08-03 10:29:44.668  1461  1461 I NotificationService: Cannot find enqueued record for key: 0|com.android.systemui|1397773634|public:179,1|10122
08-03 10:29:44.715  1461 10915 D CompatibilityChangeReporter: Compat change id reported: 168419799; UID 10197; state: DISABLED
08-03 10:29:44.715  1461 10915 D CompatibilityChangeReporter: Compat change id reported: 273564678; UID 10197; state: DISABLED
08-03 10:29:44.716  1461  9740 W ActivityManager: Foreground service started from background can not have location/camera/microphone access: service hu.tagsoft.ttorrent.noads/hu.tagsoft.ttorrent.torrentservice.TorrentService
08-03 10:29:44.720  1461  9740 D CompatibilityChangeReporter: Compat change id reported: 135634846; UID 10222; state: DISABLED
08-03 10:29:44.720  1461  9740 D CompatibilityChangeReporter: Compat change id reported: 177438394; UID 10222; state: DISABLED
08-03 10:29:44.720  1461  9740 D CompatibilityChangeReporter: Compat change id reported: 135772972; UID 10222; state: DISABLED
08-03 10:29:44.720  1461  9740 D CompatibilityChangeReporter: Compat change id reported: 135754954; UID 10222; state: DISABLED
08-03 10:29:44.721  1461  1565 D CompatibilityChangeReporter: Compat change id reported: 143937733; UID 10222; state: DISABLED
08-03 10:29:44.733  1461  1565 I ActivityManager: Start proc 11756:com.dataviz.docstogo/u0a222 for broadcast {com.dataviz.docstogo/com.dataviz.dxtg.common.sync.android.AndroidDesktopMountListener}
08-03 10:29:44.765  1461  9740 D CoreBackPreview: Window{2b6fc7f u0 xyz.klinker.messenger/xyz.klinker.messenger.activity.MessengerActivity}: Setting back callback null
08-03 10:29:44.782  1461  1557 V WindowManager: Unknown focus tokens, dropping reportFocusChanged
08-03 10:29:45.028 11756 11793 E ActivityThread: Failed to find provider info for com.google.android.gms.chimera
08-03 10:29:45.094 11756 11756 E ActivityThread: Failed to find provider info for com.dataviz.dxtg.common.android.volprotection
08-03 10:29:45.095 11756 11756 E ActivityThread: Failed to find provider info for com.dataviz.dxtg.common.protection.android
08-03 10:29:45.128  1461 10462 D CompatibilityChangeReporter: Compat change id reported: 168419799; UID 10151; state: DISABLED
08-03 10:29:45.128  1461 10462 D CompatibilityChangeReporter: Compat change id reported: 273564678; UID 10151; state: DISABLED
08-03 10:29:45.148  1461 10915 W BroadcastQueue: Unable to launch app org.malwarebytes.antimalware/10192 for broadcast Intent { act=android.intent.action.MEDIA_MOUNTED dat=file:///... flg=0x5000010 (has extras) }: process is bad
08-03 10:29:45.521  1461  1461 W NotificationHistory: Attempted to add notif for locked/gone/disabled user 0
08-03 10:29:45.522  1461  1461 E NotificationService: Muting recently noisy 0|xyz.klinker.messenger|-1077341807|null|10257
08-03 10:29:45.523  1461  1461 E NotificationService: Muting recently noisy 0|xyz.klinker.messenger|-1077341807|null|10257
08-03 10:29:46.719  1461 10359 W ActivityManager: Foreground service started from background can not have location/camera/microphone access: service hu.tagsoft.ttorrent.noads/hu.tagsoft.ttorrent.torrentservice.TorrentService
08-03 10:29:47.846  1461 10462 D SystemServerTiming: getUserSwitchability-0
08-03 10:29:47.846  1461 10462 D SystemServerTiming: TM.isInCall
08-03 10:29:47.846  1461 10462 V SystemServerTiming: TM.isInCall took to complete: 0ms
08-03 10:29:47.846  1461 10462 D SystemServerTiming: hasUserRestriction-DISALLOW_USER_SWITCH
08-03 10:29:47.846  1461 10462 V SystemServerTiming: hasUserRestriction-DISALLOW_USER_SWITCH took to complete: 0ms
08-03 10:29:47.846  1461 10462 D SystemServerTiming: getInt-ALLOW_USER_SWITCHING_WHEN_SYSTEM_USER_LOCKED
08-03 10:29:47.846  1461 10462 V SystemServerTiming: getInt-ALLOW_USER_SWITCHING_WHEN_SYSTEM_USER_LOCKED took to complete: 0ms
08-03 10:29:47.846  1461 10462 D SystemServerTiming: isUserUnlocked-USER_SYSTEM
08-03 10:29:47.846  1461  1508 D SystemServerTiming: getUserSwitchability-0
08-03 10:29:47.846  1461  1508 D SystemServerTiming: TM.isInCall
08-03 10:29:47.846  1461 10462 V SystemServerTiming: isUserUnlocked-USER_SYSTEM took to complete: 0ms
08-03 10:29:47.846  1461 10462 V SystemServerTiming: getUserSwitchability-0 took to complete: 1ms
