08-03 10:52:48.644     0     0 I sec_ts 1-0048: [R] tID:2 mc:0 tc:0 lx:993 ly:1993 v:0000 cal:00 id(0,0) p:0 noise:0 lp:(0)
08-03 10:52:48.659     0     0 I aw8695_vibrate: value=0, seq=1, index=1
08-03 10:52:49.185     0     0 I sec_ts 1-0048: sec_ts_read_event: STATUS 1d 69 2 0 0 0 0 0
08-03 10:52:49.638     0     0 I sec_ts 1-0048: [P] tID:2 x:803 y:1735 z:32 major:9 minor:8 tc:1 type:0 noise:0
08-03 10:52:49.652     0     0 I aw8695_activate_store: value=1
08-03 10:52:49.659     0     0 I aw8695_vibrate: value=28, seq=1, index=1
08-03 10:52:49.702     0     0 I aw8695_activate_store: value=0
08-03 10:52:49.708     0     0 I aw8695_vibrate: value=0, seq=1, index=1
08-03 10:52:49.721     0     0 I sec_ts 1-0048: [R] tID:2 mc:8 tc:0 lx:805 ly:1757 v:0000 cal:00 id(0,0) p:0 noise:0 lp:(0)
08-03 10:52:49.739     0     0 W sdcardfs: 171 user.relatime: invalid format
08-03 10:52:49.889     0     0 I sec_ts 1-0048: [P] tID:1 x:749 y:1975 z:40 major:10 minor:9 tc:1 type:0 noise:0
08-03 10:52:49.902     0     0 I aw8695_activate_store: value=1
08-03 10:52:49.905     0     0 I sec_ts 1-0048: sec_ts_read_event: STATUS 1d 69 1 0 0 0 0 0
08-03 10:52:49.914     0     0 I aw8695_vibrate: value=28, seq=1, index=1
08-03 10:52:49.956     0     0 I sec_ts 1-0048: [R] tID:1 mc:4 tc:0 lx:744 ly:1979 v:0000 cal:00 id(0,0) p:0 noise:0 lp:(0)
08-03 10:52:49.966     0     0 I aw8695_activate_store: value=0
08-03 10:52:49.978     0     0 I aw8695_vibrate: value=0, seq=1, index=1
08-03 10:52:50.118     0     0 I pm7250b_charger: default_irq_handler: IRQ: usbin-collapse
08-03 10:52:50.119     0     0 I pm7250b_charger: default_irq_handler: IRQ: aicl-done
08-03 10:52:50.125     0     0 I pm7250b_charger: default_irq_handler: IRQ: usbin-collapse
08-03 10:52:50.509     0     0 I sec_ts 1-0048: [P] tID:1 x:646 y:2122 z:43 major:10 minor:10 tc:1 type:0 noise:0
08-03 10:52:50.522     0     0 I aw8695_activate_store: value=1
08-03 10:52:50.532     0     0 I aw8695_vibrate: value=28, seq=1, index=1
08-03 10:52:50.575     0     0 I sec_ts 1-0048: [R] tID:1 mc:0 tc:0 lx:646 ly:2122 v:0000 cal:00 id(0,0) p:0 noise:0 lp:(0)
08-03 10:52:50.576     0     0 I aw8695_activate_store: value=0
08-03 10:52:50.597     0     0 I aw8695_vibrate: value=0, seq=1, index=1
08-03 10:52:50.864     0     0 I sec_ts 1-0048: sec_ts_read_event: STATUS 1d 69 2 0 0 0 0 0
08-03 10:52:50.879     0     0 W sdcardfs: 171 user.relatime: invalid format
08-03 10:52:51.133     0     0 I pm7250b_charger: smblib_icl_change_work: icl_settled=400000
08-03 10:52:51.145     0     0 W healthd : battery l=82 v=4122 t=40.8 h=2 st=2 c=-190429 fc=4660000 cc=0 chg=a
08-03 10:52:51.161  2406  3324 D PowerUI : can't show warning due to - plugged: true status unknown: false
08-03 10:52:51.205     0     0 I sec_ts 1-0048: [P] tID:4 x:70 y:1547 z:32 major:9 minor:6 tc:1 type:0 noise:0
08-03 10:52:51.218     0     0 I aw8695_activate_store: value=1
08-03 10:52:51.225     0     0 I aw8695_vibrate: value=28, seq=1, index=1
08-03 10:52:51.269     0     0 I aw8695_activate_store: value=0
08-03 10:52:51.276     0     0 I aw8695_vibrate: value=0, seq=1, index=1
08-03 10:52:51.335     0     0 I sec_ts 1-0048: [R] tID:4 mc:0 tc:0 lx:70 ly:1547 v:0000 cal:00 id(0,0) p:0 noise:0 lp:(0)
08-03 10:52:51.402     0     0 I pm7250b_charger: SMBMMI: mmi_chrg_usb_vin_config: DP DM pulse count = 2
08-03 10:52:51.416     0     0 I pm7250b_charger: SMBMMI: mmi_basic_charge_sm: batt_mv = 4053, batt_ma 578, batt_soc 82, batt_temp 40, usb_mv 4350, dc_mv 0, cp 1, vp 1 dp 0
08-03 10:52:51.430     0     0 I pm7250b_charger: SMBMMI: mmi_basic_charge_sm: Step State = NORMAL, Temp Zone 3, Health 1
08-03 10:52:51.440     0     0 I pm7250b_charger: SMBMMI: mmi_basic_charge_sm: IMPOSED: FV = 4450000, CDIS = 0, FCC = 2000000, USBICL = 3000000
08-03 10:52:51.467     0     0 W healthd : battery l=82 v=4110 t=40.8 h=2 st=2 c=-322265 fc=4660000 cc=0 chg=a
08-03 10:52:51.480  2406  2994 D PowerUI : can't show warning due to - plugged: true status unknown: false
08-03 10:52:51.816     0     0 I sec_ts 1-0048: [P] tID:3 x:504 y:2092 z:37 major:10 minor:9 tc:1 type:0 noise:0
08-03 10:52:51.829     0     0 I aw8695_activate_store: value=1
08-03 10:52:51.836     0     0 I aw8695_vibrate: value=28, seq=1, index=1
08-03 10:52:51.870     0     0 I sec_ts 1-0048: [R] tID:3 mc:0 tc:0 lx:504 ly:2092 v:0000 cal:00 id(0,0) p:0 noise:0 lp:(0)
08-03 10:52:51.879     0     0 I aw8695_activate_store: value=0
08-03 10:52:51.889     0     0 I aw8695_vibrate: value=0, seq=1, index=1
08-03 10:52:52.249     0     0 I sec_ts 1-0048: [P] tID:0 x:988 y:1867 z:36 major:9 minor:8 tc:1 type:0 noise:0
08-03 10:52:52.262     0     0 I aw8695_activate_store: value=1
08-03 10:52:52.269     0     0 I aw8695_vibrate: value=28, seq=1, index=1
08-03 10:52:52.313     0     0 I aw8695_activate_store: value=0
08-03 10:52:52.319     0     0 I aw8695_vibrate: value=0, seq=1, index=1
08-03 10:52:52.335     0     0 I sec_ts 1-0048: [R] tID:0 mc:3 tc:0 lx:986 ly:1868 v:0000 cal:00 id(0,0) p:0 noise:0 lp:(0)
08-03 10:52:52.479     0     0 I sec_ts 1-0048: [P] tID:0 x:927 y:1703 z:48 major:11 minor:9 tc:1 type:0 noise:0
08-03 10:52:52.489     0     0 I sec_ts 1-0048: sec_ts_read_event: STATUS 1d 69 1 0 0 0 0 0
08-03 10:52:52.500     0     0 I aw8695_activate_store: value=1
08-03 10:52:52.510     0     0 I aw8695_vibrate: value=28, seq=1, index=1
08-03 10:52:52.552     0     0 I aw8695_activate_store: value=0
08-03 10:52:52.559     0     0 I aw8695_vibrate: value=0, seq=1, index=1
08-03 10:52:52.569     0     0 I sec_ts 1-0048: [R] tID:0 mc:9 tc:0 lx:861 ly:1735 v:0000 cal:00 id(0,0) p:0 noise:0 lp:(0)
08-03 10:52:52.858     0     0 I sec_ts 1-0048: [P] tID:0 x:543 y:1888 z:47 major:10 minor:9 tc:1 type:0 noise:0
08-03 10:52:52.871     0     0 I aw8695_activate_store: value=1
08-03 10:52:52.882     0     0 I aw8695_vibrate: value=28, seq=1, index=1
08-03 10:52:52.916     0     0 I sec_ts 1-0048: [R] tID:0 mc:2 tc:0 lx:541 ly:1890 v:0000 cal:00 id(0,0) p:0 noise:0 lp:(0)
08-03 10:52:52.926     0     0 I sec_ts 1-0048: sec_ts_read_event: STATUS 1d 69 0 0 0 0 0 0
08-03 10:52:52.926     0     0 I aw8695_activate_store: value=0
08-03 10:52:52.944     0     0 I aw8695_vibrate: value=0, seq=1, index=1
08-03 10:52:53.935     0     0 I sec_ts 1-0048: [P] tID:2 x:645 y:2091 z:38 major:10 minor:9 tc:1 type:0 noise:0
08-03 10:52:53.948     0     0 I aw8695_activate_store: value=1
08-03 10:52:53.956     0     0 I aw8695_vibrate: value=28, seq=1, index=1
08-03 10:52:54.000     0     0 I aw8695_activate_store: value=0
08-03 10:52:54.007     0     0 I aw8695_vibrate: value=0, seq=1, index=1
08-03 10:52:54.032     0     0 I sec_ts 1-0048: [R] tID:2 mc:0 tc:0 lx:645 ly:2091 v:0000 cal:00 id(0,0) p:0 noise:0 lp:(0)
08-03 10:52:55.244     0     0 I sec_ts 1-0048: [P] tID:2 x:128 y:1866 z:38 major:10 minor:8 tc:1 type:0 noise:0
08-03 10:52:55.257     0     0 I aw8695_activate_store: value=1
08-03 10:52:55.264     0     0 I aw8695_vibrate: value=28, seq=1, index=1
08-03 10:52:55.288     0     0 I sec_ts 1-0048: [R] tID:2 mc:3 tc:0 lx:127 ly:1865 v:0000 cal:00 id(0,0) p:0 noise:0 lp:(0)
08-03 10:52:55.306     0     0 I aw8695_activate_store: value=0
08-03 10:52:55.316     0     0 I aw8695_vibrate: value=0, seq=1, index=1
08-03 10:52:55.658     0     0 W sdcardfs: 171 user.relatime: invalid format
08-03 10:52:55.677     0     0 I sec_ts 1-0048: [P] tID:0 x:744 y:2005 z:50 major:10 minor:8 tc:1 type:0 noise:0
08-03 10:52:55.689     0     0 I aw8695_activate_store: value=1
08-03 10:52:55.698     0     0 I aw8695_vibrate: value=28, seq=1, index=1
08-03 10:52:55.742     0     0 I aw8695_activate_store: value=0
08-03 10:52:55.749     0     0 I aw8695_vibrate: value=0, seq=1, index=1
08-03 10:52:55.762     0     0 I sec_ts 1-0048: [R] tID:0 mc:12 tc:0 lx:705 ly:2020 v:0000 cal:00 id(0,0) p:0 noise:0 lp:(0)
08-03 10:52:56.029     0     0 I sec_ts 1-0048: [P] tID:1 x:330 y:1859 z:40 major:10 minor:9 tc:1 type:0 noise:0
08-03 10:52:56.041     0     0 I aw8695_activate_store: value=1
08-03 10:52:56.048     0     0 I aw8695_vibrate: value=28, seq=1, index=1
08-03 10:52:56.064     0     0 I sec_ts 1-0048: [R] tID:1 mc:0 tc:0 lx:330 ly:1859 v:0000 cal:00 id(0,0) p:0 noise:0 lp:(0)
08-03 10:52:56.093     0     0 I aw8695_activate_store: value=0
08-03 10:52:56.099     0     0 I aw8695_vibrate: value=0, seq=1, index=1
08-03 10:52:56.332     0     0 I pm7250b_charger: wdog_snarl_irq_handler: IRQ: wdog-snarl
08-03 10:52:56.339     0     0 E         : batt power supply prop 4 not supported
08-03 10:52:56.349     0     0 W healthd : battery l=82 v=4103 t=40.8 h=2 st=2 c=-290222 fc=4660000 cc=0 chg=a
08-03 10:52:56.368  2406  2989 D PowerUI : can't show warning due to - plugged: true status unknown: false
08-03 10:52:56.522     0     0 I pm7250b_charger: SMBMMI: mmi_chrg_usb_vin_config: DP DM pulse count = 2
08-03 10:52:56.530     0     0 I pm7250b_charger: SMBMMI: mmi_basic_charge_sm: batt_mv = 4108, batt_ma 252, batt_soc 82, batt_temp 40, usb_mv 4382, dc_mv 0, cp 1, vp 1 dp 0
08-03 10:52:56.545     0     0 I pm7250b_charger: SMBMMI: mmi_basic_charge_sm: Step State = NORMAL, Temp Zone 3, Health 1
08-03 10:52:56.554     0     0 I pm7250b_charger: SMBMMI: mmi_basic_charge_sm: IMPOSED: FV = 4450000, CDIS = 0, FCC = 2000000, USBICL = 3000000
08-03 10:52:56.571     0     0 W healthd : battery l=82 v=4096 t=40.8 h=2 st=2 c=-389099 fc=4660000 cc=0 chg=a
08-03 10:52:56.586  2406  2995 D PowerUI : can't show warning due to - plugged: true status unknown: false
08-03 10:52:56.593     0     0 I sec_ts 1-0048: [P] tID:0 x:597 y:2087 z:46 major:11 minor:10 tc:1 type:0 noise:0
08-03 10:52:56.606     0     0 I aw8695_activate_store: value=1
08-03 10:52:56.615     0     0 I aw8695_vibrate: value=28, seq=1, index=1
08-03 10:52:56.643     0     0 W sdcardfs: 171 user.relatime: invalid format
08-03 10:52:56.659     0     0 I aw8695_activate_store: value=0
08-03 10:52:56.662     0     0 I sec_ts 1-0048: [R] tID:0 mc:8 tc:0 lx:593 ly:2081 v:0000 cal:00 id(0,0) p:0 noise:0 lp:(0)
08-03 10:52:56.678     0     0 I aw8695_vibrate: value=0, seq=1, index=1
08-03 10:52:56.843     0     0 W sdcardfs: 171 user.relatime: invalid format
08-03 10:52:56.995     0     0 I sec_ts 1-0048: [P] tID:1 x:813 y:1697 z:43 major:10 minor:10 tc:1 type:0 noise:0
08-03 10:52:57.008     0     0 I aw8695_activate_store: value=1
08-03 10:52:57.015     0     0 I aw8695_vibrate: value=28, seq=1, index=1
08-03 10:52:57.060     0     0 I aw8695_activate_store: value=0
08-03 10:52:57.067     0     0 I aw8695_vibrate: value=0, seq=1, index=1
08-03 10:52:57.075     0     0 I sec_ts 1-0048: [R] tID:1 mc:8 tc:0 lx:781 ly:1700 v:0000 cal:00 id(0,0) p:0 noise:0 lp:(0)
08-03 10:52:57.347     0     0 I sec_ts 1-0048: [P] tID:1 x:507 y:1725 z:40 major:11 minor:10 tc:1 type:0 noise:0
08-03 10:52:57.358     0     0 I aw8695_activate_store: value=1
08-03 10:52:57.366     0     0 I aw8695_vibrate: value=28, seq=1, index=1
08-03 10:52:57.410     0     0 I aw8695_activate_store: value=0
08-03 10:52:57.415     0     0 I sec_ts 1-0048: [R] tID:1 mc:2 tc:0 lx:504 ly:1725 v:0000 cal:00 id(0,0) p:0 noise:0 lp:(0)
08-03 10:52:57.428     0     0 I aw8695_vibrate: value=0, seq=1, index=1
08-03 10:52:57.611     0     0 I sec_ts 1-0048: [P] tID:1 x:250 y:1851 z:39 major:10 minor:9 tc:1 type:0 noise:0
08-03 10:52:57.624     0     0 I aw8695_activate_store: value=1
08-03 10:52:57.630     0     0 I aw8695_vibrate: value=28, seq=1, index=1
08-03 10:52:57.672     0     0 I sec_ts 1-0048: [R] tID:1 mc:0 tc:0 lx:250 ly:1851 v:0000 cal:00 id(0,0) p:0 noise:0 lp:(0)
08-03 10:52:57.672     0     0 I aw8695_activate_store: value=0
08-03 10:52:57.688     0     0 I aw8695_vibrate: value=0, seq=1, index=1
08-03 10:52:58.257     0     0 I sec_ts 1-0048: [P] tID:0 x:527 y:2099 z:40 major:10 minor:10 tc:1 type:0 noise:0
08-03 10:52:58.268     0     0 I aw8695_activate_store: value=1
08-03 10:52:58.274     0     0 I aw8695_vibrate: value=28, seq=1, index=1
08-03 10:52:58.319     0     0 I aw8695_activate_store: value=0
08-03 10:52:58.325     0     0 I aw8695_vibrate: value=0, seq=1, index=1
08-03 10:52:58.326     0     0 I sec_ts 1-0048: [R] tID:0 mc:0 tc:0 lx:527 ly:2099 v:0000 cal:00 id(0,0) p:0 noise:0 lp:(0)
08-03 10:52:58.927     0     0 I sec_ts 1-0048: [P] tID:1 x:639 y:1864 z:45 major:11 minor:10 tc:1 type:0 noise:0
08-03 10:52:58.939     0     0 I aw8695_activate_store: value=1
08-03 10:52:58.945     0     0 I aw8695_vibrate: value=28, seq=1, index=1
08-03 10:52:58.992     0     0 I aw8695_activate_store: value=0
08-03 10:52:58.999     0     0 I aw8695_vibrate: value=0, seq=1, index=1
08-03 10:52:59.018     0     0 I sec_ts 1-0048: [R] tID:1 mc:0 tc:0 lx:639 ly:1864 v:0000 cal:00 id(0,0) p:0 noise:0 lp:(0)
08-03 10:52:59.280     0     0 I sec_ts 1-0048: [P] tID:2 x:91 y:1895 z:32 major:9 minor:7 tc:1 type:0 noise:0
08-03 10:52:59.294     0     0 I aw8695_activate_store: value=1
08-03 10:52:59.300     0     0 I aw8695_vibrate: value=28, seq=1, index=1
08-03 10:52:59.345     0     0 I aw8695_activate_store: value=0
08-03 10:52:59.351     0     0 I aw8695_vibrate: value=0, seq=1, index=1
08-03 10:52:59.364     0     0 I sec_ts 1-0048: [R] tID:2 mc:0 tc:0 lx:91 ly:1895 v:0000 cal:00 id(0,0) p:0 noise:0 lp:(0)
08-03 10:52:59.660     0     0 I sec_ts 1-0048: [P] tID:2 x:381 y:1707 z:39 major:10 minor:9 tc:1 type:0 noise:0
08-03 10:52:59.665     0     0 W sdcardfs: 171 user.relatime: invalid format
08-03 10:52:59.675     0     0 I aw8695_activate_store: value=1
08-03 10:52:59.683     0     0 I aw8695_vibrate: value=28, seq=1, index=1
08-03 10:52:59.725     0     0 I aw8695_activate_store: value=0
08-03 10:52:59.731     0     0 I aw8695_vibrate: value=0, seq=1, index=1
08-03 10:52:59.766     0     0 I sec_ts 1-0048: [R] tID:2 mc:7 tc:0 lx:368 ly:1720 v:0000 cal:00 id(0,0) p:0 noise:0 lp:(0)
08-03 10:52:59.911     0     0 I sec_ts 1-0048: [P] tID:0 x:330 y:1854 z:40 major:11 minor:9 tc:1 type:0 noise:0
08-03 10:52:59.923     0     0 I aw8695_activate_store: value=1
08-03 10:52:59.929     0     0 I aw8695_vibrate: value=28, seq=1, index=1
08-03 10:52:59.972     0     0 I aw8695_activate_store: value=0
08-03 10:52:59.979     0     0 I aw8695_vibrate: value=0, seq=1, index=1
08-03 10:52:59.994     0     0 I sec_ts 1-0048: [R] tID:0 mc:8 tc:0 lx:317 ly:1867 v:0000 cal:00 id(0,0) p:0 noise:0 lp:(0)
08-03 10:53:01.251     0     0 I sec_ts 1-0048: sec_ts_read_event: STATUS 1d 69 1 0 0 0 0 0
08-03 10:53:01.355     0     0 W sdcardfs: 171 user.relatime: invalid format
08-03 10:53:01.643     0     0 I pm7250b_charger: SMBMMI: mmi_chrg_usb_vin_config: DP DM pulse count = 2
08-03 10:53:01.651     0     0 I pm7250b_charger: SMBMMI: mmi_basic_charge_sm: batt_mv = 4124, batt_ma 158, batt_soc 82, batt_temp 40, usb_mv 4389, dc_mv 0, cp 1, vp 1 dp 0
08-03 10:53:01.665     0     0 I pm7250b_charger: SMBMMI: mmi_basic_charge_sm: Step State = NORMAL, Temp Zone 3, Health 1
08-03 10:53:01.675     0     0 I pm7250b_charger: SMBMMI: mmi_basic_charge_sm: IMPOSED: FV = 4450000, CDIS = 0, FCC = 2000000, USBICL = 3000000
08-03 10:53:01.694     0     0 W healthd : battery l=82 v=4129 t=40.8 h=2 st=2 c=-127868 fc=4660000 cc=0 chg=a
08-03 10:53:01.708  2406  3186 D PowerUI : can't show warning due to - plugged: true status unknown: false
08-03 10:53:03.216     0     0 I pm7250b_charger: default_irq_handler: IRQ: usbin-collapse
08-03 10:53:03.216     0     0 I pm7250b_charger: default_irq_handler: IRQ: aicl-done
08-03 10:53:03.222     0     0 I pm7250b_charger: default_irq_handler: IRQ: usbin-collapse
08-03 10:53:03.358     0     0 W sdcardfs: 171 user.relatime: invalid format
08-03 10:53:04.226     0     0 I pm7250b_charger: smblib_icl_change_work: icl_settled=400000
08-03 10:53:04.239     0     0 W healthd : battery l=82 v=4127 t=40.8 h=2 st=2 c=-160217 fc=4660000 cc=0 chg=a
08-03 10:53:04.253  2406  3322 D PowerUI : can't show warning due to - plugged: true status unknown: false
08-03 10:53:04.518     0     0 I pm7250b_charger: wdog_snarl_irq_handler: IRQ: wdog-snarl
08-03 10:53:04.525     0     0 E         : batt power supply prop 4 not supported
08-03 10:53:04.538     0     0 W healthd : battery l=82 v=4098 t=40.8 h=2 st=2 c=-317993 fc=4660000 cc=0 chg=a
08-03 10:53:04.552  2406  3046 D PowerUI : can't show warning due to - plugged: true status unknown: false
08-03 10:53:05.364     0     0 I sec_ts 1-0048: [P] tID:0 x:1011 y:1974 z:28 major:7 minor:5 tc:1 type:0 noise:0
08-03 10:53:05.379     0     0 I aw8695_activate_store: value=1
08-03 10:53:05.385     0     0 I aw8695_vibrate: value=28, seq=1, index=1
08-03 10:53:05.432     0     0 I aw8695_activate_store: value=0
08-03 10:53:05.438     0     0 I aw8695_vibrate: value=0, seq=1, index=1
08-03 10:53:05.487     0     0 I sec_ts 1-0048: [R] tID:0 mc:0 tc:0 lx:1011 ly:1974 v:0000 cal:00 id(0,0) p:0 noise:0 lp:(0)
08-03 10:53:05.560     0     0 I sec_ts 1-0048: [P] tID:0 x:1007 y:1979 z:30 major:10 minor:7 tc:1 type:0 noise:0
08-03 10:53:05.571     0     0 I aw8695_activate_store: value=1
08-03 10:53:05.579     0     0 I aw8695_vibrate: value=28, seq=1, index=1
08-03 10:53:05.622     0     0 I aw8695_activate_store: value=0
08-03 10:53:05.629     0     0 I aw8695_vibrate: value=0, seq=1, index=1
08-03 10:53:05.658     0     0 I sec_ts 1-0048: [R] tID:0 mc:0 tc:0 lx:1007 ly:1979 v:0000 cal:00 id(0,0) p:0 noise:0 lp:(0)
08-03 10:53:06.068     0     0 I sec_ts 1-0048: [P] tID:0 x:1016 y:1962 z:27 major:9 minor:6 tc:1 type:0 noise:0
08-03 10:53:06.081     0     0 I aw8695_activate_store: value=1
08-03 10:53:06.087     0     0 I aw8695_vibrate: value=28, seq=1, index=1
08-03 10:53:06.133     0     0 I aw8695_activate_store: value=0
08-03 10:53:06.139     0     0 I aw8695_vibrate: value=0, seq=1, index=1
08-03 10:53:06.185     0     0 I sec_ts 1-0048: [R] tID:0 mc:7 tc:0 lx:1009 ly:1984 v:0000 cal:00 id(0,0) p:0 noise:0 lp:(0)
08-03 10:53:06.285     0     0 I sec_ts 1-0048: [P] tID:0 x:1009 y:1980 z:29 major:8 minor:6 tc:1 type:0 noise:0
08-03 10:53:06.297     0     0 I aw8695_activate_store: value=1
08-03 10:53:06.304     0     0 I aw8695_vibrate: value=28, seq=1, index=1
08-03 10:53:06.348     0     0 I aw8695_activate_store: value=0
08-03 10:53:06.355     0     0 I aw8695_vibrate: value=0, seq=1, index=1
08-03 10:53:06.357     0     0 W sdcardfs: 171 user.relatime: invalid format
08-03 10:53:06.366     0     0 I sec_ts 1-0048: [R] tID:0 mc:0 tc:0 lx:1009 ly:1980 v:0000 cal:00 id(0,0) p:0 noise:0 lp:(0)
08-03 10:53:06.763     0     0 I pm7250b_charger: SMBMMI: mmi_chrg_usb_vin_config: DP DM pulse count = 2
08-03 10:53:06.771     0     0 I pm7250b_charger: SMBMMI: mmi_basic_charge_sm: batt_mv = 4093, batt_ma 344, batt_soc 82, batt_temp 40, usb_mv 4424, dc_mv 0, cp 1, vp 1 dp 0
08-03 10:53:06.786     0     0 I pm7250b_charger: SMBMMI: mmi_basic_charge_sm: Step State = NORMAL, Temp Zone 3, Health 1
08-03 10:53:06.795     0     0 I pm7250b_charger: SMBMMI: mmi_basic_charge_sm: IMPOSED: FV = 4450000, CDIS = 0, FCC = 2000000, USBICL = 3000000
08-03 10:53:06.813     0     0 W healthd : battery l=82 v=4101 t=40.8 h=2 st=2 c=-280456 fc=4660000 cc=0 chg=a
08-03 10:53:06.827  2406  3045 D PowerUI : can't show warning due to - plugged: true status unknown: false
08-03 10:53:07.359     0     0 W sdcardfs: 171 user.relatime: invalid format
08-03 10:53:07.858     0     0 W sdcardfs: 171 user.relatime: invalid format
08-03 10:53:09.669     0     0 I timerfd_poll: comm:hvdcp_opti pid:2227 exp:4270909
08-03 10:53:10.047     0     0 I sec_ts 1-0048: [P] tID:0 x:1011 y:1973 z:31 major:10 minor:6 tc:1 type:0 noise:0
08-03 10:53:10.063     0     0 I aw8695_activate_store: value=1
08-03 10:53:10.072     0     0 I aw8695_vibrate: value=28, seq=1, index=1
08-03 10:53:10.116     0     0 I aw8695_activate_store: value=0
08-03 10:53:10.123     0     0 I aw8695_vibrate: value=0, seq=1, index=1
08-03 10:53:10.154     0     0 I sec_ts 1-0048: [R] tID:0 mc:0 tc:0 lx:1011 ly:1973 v:0000 cal:00 id(0,0) p:0 noise:0 lp:(0)
08-03 10:53:10.254     0     0 I sec_ts 1-0048: [P] tID:0 x:1005 y:1965 z:32 major:10 minor:7 tc:1 type:0 noise:0
08-03 10:53:10.267     0     0 I aw8695_activate_store: value=1
08-03 10:53:10.273     0     0 I aw8695_vibrate: value=28, seq=1, index=1
08-03 10:53:10.315     0     0 I aw8695_activate_store: value=0
08-03 10:53:10.323     0     0 I aw8695_vibrate: value=0, seq=1, index=1
08-03 10:53:10.332     0     0 I sec_ts 1-0048: [R] tID:0 mc:0 tc:0 lx:1005 ly:1965 v:0000 cal:00 id(0,0) p:0 noise:0 lp:(0)
08-03 10:53:10.369     0     0 W sdcardfs: 171 user.relatime: invalid format
08-03 10:53:10.439     0     0 I sec_ts 1-0048: [P] tID:0 x:1010 y:1958 z:26 major:9 minor:5 tc:1 type:0 noise:0
08-03 10:53:10.451     0     0 I aw8695_activate_store: value=1
08-03 10:53:10.459     0     0 I aw8695_vibrate: value=28, seq=1, index=1
08-03 10:53:10.502     0     0 I aw8695_activate_store: value=0
08-03 10:53:10.508     0     0 I aw8695_vibrate: value=0, seq=1, index=1
08-03 10:53:10.537     0     0 I sec_ts 1-0048: [R] tID:0 mc:0 tc:0 lx:1010 ly:1958 v:0000 cal:00 id(0,0) p:0 noise:0 lp:(0)
08-03 10:53:10.628     0     0 I sec_ts 1-0048: [P] tID:0 x:1005 y:1961 z:30 major:10 minor:6 tc:1 type:0 noise:0
08-03 10:53:10.641     0     0 I aw8695_activate_store: value=1
08-03 10:53:10.647     0     0 I aw8695_vibrate: value=28, seq=1, index=1
08-03 10:53:10.689     0     0 I aw8695_activate_store: value=0
08-03 10:53:10.695     0     0 I aw8695_vibrate: value=0, seq=1, index=1
08-03 10:53:10.718     0     0 I sec_ts 1-0048: [R] tID:0 mc:0 tc:0 lx:1005 ly:1961 v:0000 cal:00 id(0,0) p:0 noise:0 lp:(0)
08-03 10:53:11.357     0     0 W sdcardfs: 171 user.relatime: invalid format
08-03 10:53:11.416     0     0 I sec_ts 1-0048: [P] tID:3 x:601 y:1711 z:36 major:10 minor:9 tc:1 type:0 noise:0
08-03 10:53:11.428     0     0 I aw8695_activate_store: value=1
08-03 10:53:11.434     0     0 I aw8695_vibrate: value=28, seq=1, index=1
08-03 10:53:11.466     0     0 I sec_ts 1-0048: [R] tID:3 mc:0 tc:0 lx:601 ly:1711 v:0000 cal:00 id(0,0) p:0 noise:0 lp:(0)
08-03 10:53:11.477     0     0 I aw8695_activate_store: value=0
08-03 10:53:11.488     0     0 I aw8695_vibrate: value=0, seq=1, index=1
08-03 10:53:11.802     0     0 I sec_ts 1-0048: [P] tID:1 x:924 y:1701 z:29 major:8 minor:7 tc:1 type:0 noise:0
08-03 10:53:11.815     0     0 I aw8695_activate_store: value=1
08-03 10:53:11.825     0     0 I aw8695_vibrate: value=28, seq=1, index=1
08-03 10:53:11.869     0     0 I aw8695_activate_store: value=0
08-03 10:53:11.873     0     0 I sec_ts 1-0048: [R] tID:1 mc:8 tc:0 lx:918 ly:1705 v:0000 cal:00 id(0,0) p:0 noise:0 lp:(0)
08-03 10:53:11.887     0     0 I aw8695_vibrate: value=0, seq=1, index=1
08-03 10:53:11.894     0     0 I pm7250b_charger: SMBMMI: mmi_chrg_usb_vin_config: DP DM pulse count = 2
08-03 10:53:11.907     0     0 I pm7250b_charger: SMBMMI: mmi_basic_charge_sm: batt_mv = 4098, batt_ma 324, batt_soc 82, batt_temp 40, usb_mv 4419, dc_mv 0, cp 1, vp 1 dp 0
08-03 10:53:11.922     0     0 I pm7250b_charger: SMBMMI: mmi_basic_charge_sm: Step State = NORMAL, Temp Zone 3, Health 1
08-03 10:53:11.931     0     0 I pm7250b_charger: SMBMMI: mmi_basic_charge_sm: IMPOSED: FV = 4450000, CDIS = 0, FCC = 2000000, USBICL = 3000000
08-03 10:53:11.950     0     0 W healthd : battery l=82 v=4098 t=40.9 h=2 st=2 c=-324402 fc=4660000 cc=0 chg=a
08-03 10:53:11.963  2406  3324 D PowerUI : can't show warning due to - plugged: true status unknown: false
08-03 10:53:12.058     0     0 I sec_ts 1-0048: [P] tID:1 x:691 y:1702 z:38 major:10 minor:9 tc:1 type:0 noise:0
08-03 10:53:12.070     0     0 I aw8695_activate_store: value=1
08-03 10:53:12.080     0     0 I aw8695_vibrate: value=28, seq=1, index=1
08-03 10:53:12.101     0     0 I sec_ts 1-0048: [R] tID:1 mc:0 tc:0 lx:691 ly:1702 v:0000 cal:00 id(0,0) p:0 noise:0 lp:(0)
08-03 10:53:12.123     0     0 I aw8695_activate_store: value=0
08-03 10:53:12.130     0     0 I aw8695_vibrate: value=0, seq=1, index=1
08-03 10:53:12.655     0     0 I sec_ts 1-0048: [P] tID:1 x:629 y:2072 z:34 major:10 minor:9 tc:1 type:0 noise:0
08-03 10:53:12.669     0     0 I aw8695_activate_store: value=1
08-03 10:53:12.675     0     0 I aw8695_vibrate: value=28, seq=1, index=1
08-03 10:53:12.704     0     0 I pm7250b_charger: wdog_snarl_irq_handler: IRQ: wdog-snarl
08-03 10:53:12.711     0     0 E         : batt power supply prop 4 not supported
08-03 10:53:12.718     0     0 I aw8695_activate_store: value=0
08-03 10:53:12.724     0     0 W healthd : battery l=82 v=4070 t=40.9 h=2 st=2 c=-369873 fc=4660000 cc=0 chg=a
08-03 10:53:12.725     0     0 I aw8695_vibrate: value=0, seq=1, index=1
08-03 10:53:12.738  2406  2994 D PowerUI : can't show warning due to - plugged: true status unknown: false
08-03 10:53:12.761     0     0 I sec_ts 1-0048: [R] tID:1 mc:0 tc:0 lx:629 ly:2072 v:0000 cal:00 id(0,0) p:0 noise:0 lp:(0)
08-03 10:53:12.979     0     0 I sec_ts 1-0048: [P] tID:1 x:684 y:1856 z:35 major:10 minor:8 tc:1 type:0 noise:0
08-03 10:53:12.992     0     0 I aw8695_activate_store: value=1
08-03 10:53:12.999     0     0 I aw8695_vibrate: value=28, seq=1, index=1
08-03 10:53:13.041     0     0 I sec_ts 1-0048: [R] tID:1 mc:0 tc:0 lx:684 ly:1856 v:0000 cal:00 id(0,0) p:0 noise:0 lp:(0)
08-03 10:53:13.056     0     0 I aw8695_activate_store: value=0
08-03 10:53:13.063     0     0 I aw8695_vibrate: value=0, seq=1, index=1
08-03 10:53:13.303     0     0 I sec_ts 1-0048: [P] tID:1 x:111 y:1887 z:39 major:10 minor:9 tc:1 type:0 noise:0
08-03 10:53:13.315     0     0 I aw8695_activate_store: value=1
08-03 10:53:13.322     0     0 I aw8695_vibrate: value=28, seq=1, index=1
08-03 10:53:13.359     0     0 I sec_ts 1-0048: [R] tID:1 mc:0 tc:0 lx:111 ly:1887 v:0000 cal:00 id(0,0) p:0 noise:0 lp:(0)
08-03 10:53:13.370     0     0 I aw8695_activate_store: value=0
08-03 10:53:13.379     0     0 I aw8695_vibrate: value=0, seq=1, index=1
08-03 10:53:13.705     0     0 I sec_ts 1-0048: [P] tID:1 x:540 y:1993 z:34 major:9 minor:8 tc:1 type:0 noise:0
08-03 10:53:13.718     0     0 I aw8695_activate_store: value=1
08-03 10:53:13.725     0     0 I aw8695_vibrate: value=28, seq=1, index=1
08-03 10:53:13.769     0     0 I aw8695_activate_store: value=0
08-03 10:53:13.776     0     0 I aw8695_vibrate: value=0, seq=1, index=1
08-03 10:53:13.783     0     0 I sec_ts 1-0048: [R] tID:1 mc:12 tc:0 lx:534 ly:1997 v:0000 cal:00 id(0,0) p:0 noise:0 lp:(0)
08-03 10:53:14.040     0     0 I sec_ts 1-0048: [P] tID:1 x:282 y:1713 z:36 major:11 minor:8 tc:1 type:0 noise:0
08-03 10:53:14.053     0     0 I aw8695_activate_store: value=1
08-03 10:53:14.059     0     0 I aw8695_vibrate: value=28, seq=1, index=1
08-03 10:53:14.106     0     0 I aw8695_activate_store: value=0
08-03 10:53:14.112     0     0 I aw8695_vibrate: value=0, seq=1, index=1
08-03 10:53:14.124     0     0 I sec_ts 1-0048: [R] tID:1 mc:0 tc:0 lx:282 ly:1713 v:0000 cal:00 id(0,0) p:0 noise:0 lp:(0)
08-03 10:53:14.593     0     0 I sec_ts 1-0048: [P] tID:3 x:533 y:2104 z:43 major:11 minor:10 tc:1 type:0 noise:0
08-03 10:53:14.605     0     0 I aw8695_activate_store: value=1
08-03 10:53:14.614     0     0 I aw8695_vibrate: value=28, seq=1, index=1
08-03 10:53:14.659     0     0 I aw8695_activate_store: value=0
08-03 10:53:14.666     0     0 I aw8695_vibrate: value=0, seq=1, index=1
08-03 10:53:14.705     0     0 I sec_ts 1-0048: [R] tID:3 mc:15 tc:0 lx:526 ly:2115 v:0000 cal:00 id(0,0) p:0 noise:0 lp:(0)
08-03 10:53:15.184     0     0 W sdcardfs: 171 user.relatime: invalid format
08-03 10:53:15.230     0     0 I sec_ts 1-0048: [P] tID:3 x:479 y:1713 z:33 major:10 minor:8 tc:1 type:0 noise:0
08-03 10:53:15.242     0     0 I aw8695_activate_store: value=1
08-03 10:53:15.251     0     0 I aw8695_vibrate: value=28, seq=1, index=1
08-03 10:53:15.295     0     0 I aw8695_activate_store: value=0
08-03 10:53:15.296     0     0 I sec_ts 1-0048: [R] tID:3 mc:0 tc:0 lx:479 ly:1713 v:0000 cal:00 id(0,0) p:0 noise:0 lp:(0)
08-03 10:53:15.312     0     0 I aw8695_vibrate: value=0, seq=1, index=1
08-03 10:53:15.587     0     0 I sec_ts 1-0048: [P] tID:2 x:911 y:1658 z:34 major:9 minor:8 tc:1 type:0 noise:0
08-03 10:53:15.599     0     0 I aw8695_activate_store: value=1
08-03 10:53:15.606     0     0 I aw8695_vibrate: value=28, seq=1, index=1
08-03 10:53:15.648     0     0 I aw8695_activate_store: value=0
08-03 10:53:15.654     0     0 I sec_ts 1-0048: [R] tID:2 mc:10 tc:0 lx:891 ly:1678 v:0000 cal:00 id(0,0) p:0 noise:0 lp:(0)
08-03 10:53:15.668     0     0 I aw8695_vibrate: value=0, seq=1, index=1
08-03 10:53:15.954     0     0 I sec_ts 1-0048: [P] tID:2 x:626 y:2045 z:41 major:11 minor:10 tc:1 type:0 noise:0
08-03 10:53:15.966     0     0 I aw8695_activate_store: value=1
08-03 10:53:15.973     0     0 I aw8695_vibrate: value=28, seq=1, index=1
08-03 10:53:16.000     0     0 I sec_ts 1-0048: [R] tID:2 mc:0 tc:0 lx:626 ly:2045 v:0000 cal:00 id(0,0) p:0 noise:0 lp:(0)
08-03 10:53:16.019     0     0 I aw8695_activate_store: value=0
08-03 10:53:16.024     0     0 I aw8695_vibrate: value=0, seq=1, index=1
08-03 10:53:16.323     0     0 I pm7250b_charger: default_irq_handler: IRQ: usbin-collapse
08-03 10:53:16.324     0     0 I pm7250b_charger: default_irq_handler: IRQ: aicl-done
08-03 10:53:16.330     0     0 I pm7250b_charger: default_irq_handler: IRQ: usbin-collapse
08-03 10:53:16.441     0     0 I sec_ts 1-0048: [P] tID:2 x:654 y:2001 z:42 major:10 minor:8 tc:1 type:0 noise:0
08-03 10:53:16.453     0     0 I aw8695_activate_store: value=1
08-03 10:53:16.459     0     0 I aw8695_vibrate: value=28, seq=1, index=1
08-03 10:53:16.506     0     0 I aw8695_activate_store: value=0
08-03 10:53:16.512     0     0 I aw8695_vibrate: value=0, seq=1, index=1
08-03 10:53:16.530     0     0 I sec_ts 1-0048: [R] tID:2 mc:0 tc:0 lx:654 ly:2001 v:0000 cal:00 id(0,0) p:0 noise:0 lp:(0)
08-03 10:53:16.792     0     0 I sec_ts 1-0048: [P] tID:2 x:284 y:1714 z:33 major:8 minor:8 tc:1 type:0 noise:0
08-03 10:53:16.803     0     0 I aw8695_activate_store: value=1
08-03 10:53:16.810     0     0 I aw8695_vibrate: value=28, seq=1, index=1
08-03 10:53:16.854     0     0 I sec_ts 1-0048: [R] tID:2 mc:1 tc:0 lx:283 ly:1715 v:0000 cal:00 id(0,0) p:0 noise:0 lp:(0)
08-03 10:53:16.864     0     0 I aw8695_activate_store: value=0
08-03 10:53:16.865     0     0 W sdcardfs: 171 user.relatime: invalid format
08-03 10:53:16.879     0     0 I aw8695_vibrate: value=0, seq=1, index=1
08-03 10:53:17.002     0     0 I pm7250b_charger: SMBMMI: mmi_chrg_usb_vin_config: DP DM pulse count = 2
08-03 10:53:17.011     0     0 I pm7250b_charger: SMBMMI: mmi_basic_charge_sm: batt_mv = 4030, batt_ma 575, batt_soc 82, batt_temp 40, usb_mv 4339, dc_mv 0, cp 1, vp 1 dp 0
08-03 10:53:17.025     0     0 I pm7250b_charger: SMBMMI: mmi_basic_charge_sm: Step State = NORMAL, Temp Zone 3, Health 1
08-03 10:53:17.035     0     0 I pm7250b_charger: SMBMMI: mmi_basic_charge_sm: IMPOSED: FV = 4450000, CDIS = 0, FCC = 2000000, USBICL = 3000000
08-03 10:53:17.058     0     0 W healthd : battery l=82 v=4030 t=40.9 h=2 st=2 c=-575256 fc=4660000 cc=0 chg=a
08-03 10:53:17.073  2406  2989 D PowerUI : can't show warning due to - plugged: true status unknown: false
08-03 10:53:17.319     0     0 I pm7250b_charger: smblib_icl_change_work: icl_settled=500000
08-03 10:53:17.332     0     0 W healthd : battery l=82 v=4055 t=40.9 h=2 st=2 c=-458679 fc=4660000 cc=0 chg=a
08-03 10:53:17.346  2406  2995 D PowerUI : can't show warning due to - plugged: true status unknown: false
08-03 10:53:17.564     0     0 I sec_ts 1-0048: [P] tID:0 x:572 y:1478 z:49 major:12 minor:10 tc:1 type:0 noise:0
08-03 10:53:17.625     0     0 I sec_ts 1-0048: [R] tID:0 mc:0 tc:0 lx:572 ly:1478 v:0000 cal:00 id(0,0) p:0 noise:0 lp:(0)
08-03 10:53:17.640     0     0 I aw8695_activate_store: value=1
08-03 10:53:17.648     0     0 I aw8695_vibrate: value=28, seq=1, index=1
08-03 10:53:17.692     0     0 I aw8695_activate_store: value=0
08-03 10:53:17.698     0     0 I aw8695_vibrate: value=0, seq=1, index=1
08-03 10:53:19.125     0     0 I sec_ts 1-0048: [P] tID:3 x:120 y:1870 z:31 major:8 minor:6 tc:1 type:0 noise:0
08-03 10:53:19.140     0     0 I aw8695_activate_store: value=1
08-03 10:53:19.147     0     0 I aw8695_vibrate: value=28, seq=1, index=1
08-03 10:53:19.155     0     0 I sec_ts 1-0048: [R] tID:3 mc:0 tc:0 lx:120 ly:1870 v:0000 cal:00 id(0,0) p:0 noise:0 lp:(0)
08-03 10:53:19.185     0     0 W sdcardfs: 171 user.relatime: invalid format
08-03 10:53:19.202     0     0 I aw8695_activate_store: value=0
08-03 10:53:19.209     0     0 I aw8695_vibrate: value=0, seq=1, index=1
08-03 10:53:19.457     0     0 I sec_ts 1-0048: [P] tID:3 x:491 y:2109 z:41 major:11 minor:10 tc:1 type:0 noise:0
08-03 10:53:19.469     0     0 I aw8695_activate_store: value=1
08-03 10:53:19.475     0     0 I aw8695_vibrate: value=28, seq=1, index=1
08-03 10:53:19.496     0     0 I sec_ts 1-0048: [R] tID:3 mc:0 tc:0 lx:491 ly:2109 v:0000 cal:00 id(0,0) p:0 noise:0 lp:(0)
08-03 10:53:19.520     0     0 I aw8695_activate_store: value=0
08-03 10:53:19.526     0     0 I aw8695_vibrate: value=0, seq=1, index=1
08-03 10:53:19.736     0     0 I sec_ts 1-0048: [P] tID:0 x:1005 y:1693 z:31 major:9 minor:7 tc:1 type:0 noise:0
08-03 10:53:19.750     0     0 I aw8695_activate_store: value=1
08-03 10:53:19.756     0     0 I aw8695_vibrate: value=28, seq=1, index=1
08-03 10:53:19.803     0     0 I aw8695_activate_store: value=0
08-03 10:53:19.809     0     0 I aw8695_vibrate: value=0, seq=1, index=1
08-03 10:53:19.814     0     0 I sec_ts 1-0048: [R] tID:0 mc:7 tc:0 lx:991 ly:1705 v:0000 cal:00 id(0,0) p:0 noise:0 lp:(0)
08-03 10:53:20.149     0     0 I sec_ts 1-0048: [P] tID:3 x:418 y:1710 z:42 major:10 minor:9 tc:1 type:0 noise:0
08-03 10:53:20.163     0     0 I aw8695_activate_store: value=1
08-03 10:53:20.169     0     0 I aw8695_vibrate: value=28, seq=1, index=1
08-03 10:53:20.219     0     0 I aw8695_activate_store: value=0
08-03 10:53:20.225     0     0 I aw8695_vibrate: value=0, seq=1, index=1
08-03 10:53:20.227     0     0 I sec_ts 1-0048: [R] tID:3 mc:6 tc:0 lx:415 ly:1710 v:0000 cal:00 id(0,0) p:0 noise:0 lp:(0)
08-03 10:53:20.230     0     0 W sdcardfs: 171 user.relatime: invalid format
08-03 10:53:20.524     0     0 I sec_ts 1-0048: [P] tID:0 x:892 y:1678 z:36 major:10 minor:9 tc:1 type:0 noise:0
08-03 10:53:20.536     0     0 I aw8695_activate_store: value=1
08-03 10:53:20.542     0     0 I aw8695_vibrate: value=28, seq=1, index=1
08-03 10:53:20.587     0     0 I aw8695_activate_store: value=0
08-03 10:53:20.593     0     0 I aw8695_vibrate: value=0, seq=1, index=1
08-03 10:53:20.613     0     0 I sec_ts 1-0048: [R] tID:0 mc:13 tc:0 lx:855 ly:1702 v:0000 cal:00 id(0,0) p:0 noise:0 lp:(0)
08-03 10:53:20.825     0     0 I sec_ts 1-0048: [P] tID:0 x:543 y:1870 z:44 major:10 minor:10 tc:1 type:0 noise:0
08-03 10:53:20.838     0     0 I aw8695_activate_store: value=1
08-03 10:53:20.848     0     0 I aw8695_vibrate: value=28, seq=1, index=1
08-03 10:53:20.890     0     0 I pm7250b_charger: wdog_snarl_irq_handler: IRQ: wdog-snarl
08-03 10:53:20.892     0     0 I aw8695_activate_store: value=0
08-03 10:53:20.897     0     0 E         : batt power supply prop 4 not supported
08-03 10:53:20.908     0     0 I aw8695_vibrate: value=0, seq=1, index=1
08-03 10:53:20.909     0     0 I sec_ts 1-0048: [R] tID:0 mc:0 tc:0 lx:543 ly:1870 v:0000 cal:00 id(0,0) p:0 noise:0 lp:(0)
08-03 10:53:20.925     0     0 W healthd : battery l=82 v=4094 t=40.9 h=2 st=2 c=-390014 fc=4660000 cc=0 chg=a
08-03 10:53:20.943  2406  3186 D PowerUI : can't show warning due to - plugged: true status unknown: false
08-03 10:53:21.686     0     0 I sec_ts 1-0048: [P] tID:2 x:244 y:1474 z:44 major:11 minor:10 tc:1 type:0 noise:0
08-03 10:53:21.780     0     0 I sec_ts 1-0048: [R] tID:2 mc:0 tc:0 lx:244 ly:1474 v:0000 cal:00 id(0,0) p:0 noise:0 lp:(0)
08-03 10:53:21.796     0     0 I aw8695_activate_store: value=1
08-03 10:53:21.802     0     0 I aw8695_vibrate: value=28, seq=1, index=1
08-03 10:53:21.849     0     0 I aw8695_activate_store: value=0
08-03 10:53:21.855     0     0 I aw8695_vibrate: value=0, seq=1, index=1
08-03 10:53:22.124     0     0 I pm7250b_charger: SMBMMI: mmi_chrg_usb_vin_config: DP DM pulse count = 2
08-03 10:53:22.132     0     0 I pm7250b_charger: SMBMMI: mmi_basic_charge_sm: batt_mv = 4139, batt_ma 58, batt_soc 82, batt_temp 40, usb_mv 4396, dc_mv 0, cp 1, vp 1 dp 0
08-03 10:53:22.146     0     0 I pm7250b_charger: SMBMMI: mmi_basic_charge_sm: Step State = NORMAL, Temp Zone 3, Health 1
08-03 10:53:22.155     0     0 I pm7250b_charger: SMBMMI: mmi_basic_charge_sm: IMPOSED: FV = 4450000, CDIS = 0, FCC = 2000000, USBICL = 3000000
08-03 10:53:22.173     0     0 W healthd : battery l=82 v=4139 t=40.9 h=2 st=2 c=-58593 fc=4660000 cc=0 chg=a
08-03 10:53:22.186  2406  3322 D PowerUI : can't show warning due to - plugged: true status unknown: false
08-03 10:53:22.311     0     0 I sec_ts 1-0048: [P] tID:2 x:475 y:1726 z:35 major:9 minor:7 tc:1 type:0 noise:0
08-03 10:53:22.325     0     0 I aw8695_activate_store: value=1
08-03 10:53:22.332     0     0 I aw8695_vibrate: value=28, seq=1, index=1
08-03 10:53:22.350     0     0 I sec_ts 1-0048: [R] tID:2 mc:0 tc:0 lx:475 ly:1726 v:0000 cal:00 id(0,0) p:0 noise:0 lp:(0)
08-03 10:53:22.376     0     0 I aw8695_activate_store: value=0
08-03 10:53:22.385     0     0 I aw8695_vibrate: value=0, seq=1, index=1
08-03 10:53:22.696     0     0 I sec_ts 1-0048: [P] tID:0 x:886 y:1696 z:36 major:10 minor:8 tc:1 type:0 noise:0
08-03 10:53:22.709     0     0 I aw8695_activate_store: value=1
08-03 10:53:22.716     0     0 I aw8695_vibrate: value=28, seq=1, index=1
08-03 10:53:22.762     0     0 I aw8695_activate_store: value=0
08-03 10:53:22.769     0     0 I aw8695_vibrate: value=0, seq=1, index=1
08-03 10:53:22.791     0     0 I sec_ts 1-0048: [R] tID:0 mc:0 tc:0 lx:886 ly:1696 v:0000 cal:00 id(0,0) p:0 noise:0 lp:(0)
08-03 10:53:22.875     0     0 W sdcardfs: 171 user.relatime: invalid format
08-03 10:53:23.220     0     0 I sec_ts 1-0048: [P] tID:0 x:607 y:2050 z:48 major:10 minor:9 tc:1 type:0 noise:0
08-03 10:53:23.233     0     0 I aw8695_activate_store: value=1
08-03 10:53:23.240     0     0 I aw8695_vibrate: value=28, seq=1, index=1
08-03 10:53:23.282     0     0 I aw8695_activate_store: value=0
08-03 10:53:23.289     0     0 I aw8695_vibrate: value=0, seq=1, index=1
08-03 10:53:23.305     0     0 I sec_ts 1-0048: [R] tID:0 mc:11 tc:0 lx:601 ly:2051 v:0000 cal:00 id(0,0) p:0 noise:0 lp:(0)
08-03 10:53:23.574     0     0 I sec_ts 1-0048: [P] tID:0 x:710 y:1701 z:35 major:10 minor:9 tc:1 type:0 noise:0
08-03 10:53:23.587     0     0 I aw8695_activate_store: value=1
08-03 10:53:23.598     0     0 I aw8695_vibrate: value=28, seq=1, index=1
08-03 10:53:23.642     0     0 I aw8695_activate_store: value=0
08-03 10:53:23.649     0     0 I aw8695_vibrate: value=0, seq=1, index=1
08-03 10:53:23.657     0     0 I sec_ts 1-0048: [R] tID:0 mc:4 tc:0 lx:698 ly:1716 v:0000 cal:00 id(0,0) p:0 noise:0 lp:(0)
08-03 10:53:23.853     0     0 I sec_ts 1-0048: [P] tID:0 x:708 y:1977 z:37 major:10 minor:9 tc:1 type:0 noise:0
08-03 10:53:23.866     0     0 I aw8695_activate_store: value=1
08-03 10:53:23.873     0     0 I aw8695_vibrate: value=28, seq=1, index=1
08-03 10:53:23.916     0     0 I aw8695_activate_store: value=0
08-03 10:53:23.923     0     0 I aw8695_vibrate: value=0, seq=1, index=1
08-03 10:53:23.926     0     0 I sec_ts 1-0048: [R] tID:0 mc:0 tc:0 lx:708 ly:1977 v:0000 cal:00 id(0,0) p:0 noise:0 lp:(0)
08-03 10:53:24.189     0     0 I sec_ts 1-0048: [P] tID:1 x:350 y:1882 z:48 major:11 minor:9 tc:1 type:0 noise:0
08-03 10:53:24.202     0     0 I aw8695_activate_store: value=1
08-03 10:53:24.209     0     0 I aw8695_vibrate: value=28, seq=1, index=1
08-03 10:53:24.250     0     0 I sec_ts 1-0048: [R] tID:1 mc:0 tc:0 lx:350 ly:1882 v:0000 cal:00 id(0,0) p:0 noise:0 lp:(0)
08-03 10:53:24.256     0     0 I aw8695_activate_store: value=0
08-03 10:53:24.271     0     0 I aw8695_vibrate: value=0, seq=1, index=1
08-03 10:53:24.398     0     0 I sec_ts 1-0048: [P] tID:2 x:241 y:1768 z:40 major:10 minor:10 tc:1 type:0 noise:0
08-03 10:53:24.410     0     0 I aw8695_activate_store: value=1
08-03 10:53:24.418     0     0 I aw8695_vibrate: value=28, seq=1, index=1
08-03 10:53:24.462     0     0 I aw8695_activate_store: value=0
08-03 10:53:24.469     0     0 I aw8695_vibrate: value=0, seq=1, index=1
08-03 10:53:24.473     0     0 I sec_ts 1-0048: [R] tID:2 mc:7 tc:0 lx:236 ly:1757 v:0000 cal:00 id(0,0) p:0 noise:0 lp:(0)
08-03 10:53:25.357     0     0 I sec_ts 1-0048: [P] tID:3 x:250 y:1510 z:45 major:11 minor:11 tc:1 type:0 noise:0
08-03 10:53:25.429     0     0 I sec_ts 1-0048: [R] tID:3 mc:0 tc:0 lx:250 ly:1510 v:0000 cal:00 id(0,0) p:0 noise:0 lp:(0)
08-03 10:53:25.444     0     0 I aw8695_activate_store: value=1
08-03 10:53:25.452     0     0 I aw8695_vibrate: value=28, seq=1, index=1
08-03 10:53:25.498     0     0 I aw8695_activate_store: value=0
08-03 10:53:25.505     0     0 I aw8695_vibrate: value=0, seq=1, index=1
08-03 10:53:26.783     0     0 I pm7250b_charger: wdog_bark_irq_handler: IRQ: wdog-bark
08-03 10:53:27.242     0     0 I pm7250b_charger: SMBMMI: mmi_chrg_usb_vin_config: DP DM pulse count = 2
08-03 10:53:27.250     0     0 I pm7250b_charger: SMBMMI: mmi_basic_charge_sm: batt_mv = 4084, batt_ma 351, batt_soc 82, batt_temp 40, usb_mv 4407, dc_mv 0, cp 1, vp 1 dp 0
08-03 10:53:27.264     0     0 I pm7250b_charger: SMBMMI: mmi_basic_charge_sm: Step State = NORMAL, Temp Zone 3, Health 1
08-03 10:53:27.274     0     0 I pm7250b_charger: SMBMMI: mmi_basic_charge_sm: IMPOSED: FV = 4450000, CDIS = 0, FCC = 2000000, USBICL = 3000000
08-03 10:53:27.307     0     0 W healthd : battery l=82 v=4112 t=40.9 h=2 st=2 c=-220337 fc=4660000 cc=0 chg=a
08-03 10:53:27.324  2406  3046 D PowerUI : can't show warning due to - plugged: true status unknown: false
08-03 10:53:27.386     0     0 W sdcardfs: 171 user.relatime: invalid format
08-03 10:53:27.614     0     0 I sec_ts 1-0048: [P] tID:0 x:124 y:1721 z:48 major:13 minor:8 tc:1 type:0 noise:0
08-03 10:53:27.630     0     0 I aw8695_activate_store: value=1
08-03 10:53:27.636     0     0 I aw8695_vibrate: value=28, seq=1, index=1
08-03 10:53:27.641     0     0 I sec_ts 1-0048: [R] tID:0 mc:2 tc:0 lx:124 ly:1720 v:0000 cal:00 id(0,0) p:0 noise:0 lp:(0)
08-03 10:53:27.692     0     0 I aw8695_activate_store: value=0
08-03 10:53:27.698     0     0 I aw8695_vibrate: value=0, seq=1, index=1
08-03 10:53:28.047     0     0 I sec_ts 1-0048: [P] tID:3 x:637 y:1848 z:36 major:10 minor:8 tc:1 type:0 noise:0
08-03 10:53:28.060     0     0 I aw8695_activate_store: value=1
08-03 10:53:28.066     0     0 I aw8695_vibrate: value=28, seq=1, index=1
08-03 10:53:28.109     0     0 I aw8695_activate_store: value=0
08-03 10:53:28.116     0     0 I sec_ts 1-0048: [R] tID:3 mc:4 tc:0 lx:623 ly:1851 v:0000 cal:00 id(0,0) p:0 noise:0 lp:(0)
08-03 10:53:28.131     0     0 I aw8695_vibrate: value=0, seq=1, index=1
08-03 10:53:28.317     0     0 I sec_ts 1-0048: [P] tID:1 x:119 y:1865 z:44 major:11 minor:9 tc:1 type:0 noise:0
08-03 10:53:28.330     0     0 I aw8695_activate_store: value=1
08-03 10:53:28.336     0     0 I aw8695_vibrate: value=28, seq=1, index=1
08-03 10:53:28.379     0     0 I sec_ts 1-0048: [R] tID:1 mc:0 tc:0 lx:119 ly:1865 v:0000 cal:00 id(0,0) p:0 noise:0 lp:(0)
08-03 10:53:28.379     0     0 I aw8695_activate_store: value=0
08-03 10:53:28.386     0     0 W sdcardfs: 171 user.relatime: invalid format
08-03 10:53:28.391     0     0 W sdcardfs: 171 user.relatime: invalid format
08-03 10:53:28.403     0     0 I aw8695_vibrate: value=0, seq=1, index=1
08-03 10:53:28.602     0     0 I sec_ts 1-0048: [P] tID:2 x:500 y:1711 z:39 major:10 minor:10 tc:1 type:0 noise:0
08-03 10:53:28.616     0     0 I aw8695_activate_store: value=1
08-03 10:53:28.622     0     0 I aw8695_vibrate: value=28, seq=1, index=1
08-03 10:53:28.665     0     0 I aw8695_activate_store: value=0
08-03 10:53:28.669     0     0 I sec_ts 1-0048: [R] tID:2 mc:0 tc:0 lx:500 ly:1711 v:0000 cal:00 id(0,0) p:0 noise:0 lp:(0)
08-03 10:53:28.681     0     0 I aw8695_vibrate: value=0, seq=1, index=1
08-03 10:53:29.074     0     0 I pm7250b_charger: wdog_snarl_irq_handler: IRQ: wdog-snarl
08-03 10:53:29.081     0     0 E         : batt power supply prop 4 not supported
08-03 10:53:29.105     0     0 W healthd : battery l=82 v=4113 t=40.9 h=2 st=2 c=-160217 fc=4660000 cc=0 chg=a
08-03 10:53:29.120  2406  3045 D PowerUI : can't show warning due to - plugged: true status unknown: false
08-03 10:53:29.409     0     0 I pm7250b_charger: default_irq_handler: IRQ: usbin-collapse
08-03 10:53:29.410     0     0 I pm7250b_charger: default_irq_handler: IRQ: aicl-done
08-03 10:53:29.416     0     0 I pm7250b_charger: default_irq_handler: IRQ: usbin-collapse
08-03 10:53:29.491     0     0 I sec_ts 1-0048: [P] tID:0 x:532 y:2097 z:39 major:10 minor:9 tc:1 type:0 noise:0
08-03 10:53:29.504     0     0 I aw8695_activate_store: value=1
08-03 10:53:29.510     0     0 I aw8695_vibrate: value=28, seq=1, index=1
08-03 10:53:29.556     0     0 I aw8695_activate_store: value=0
08-03 10:53:29.562     0     0 I aw8695_vibrate: value=0, seq=1, index=1
08-03 10:53:29.574     0     0 I sec_ts 1-0048: [R] tID:0 mc:0 tc:0 lx:532 ly:2097 v:0000 cal:00 id(0,0) p:0 noise:0 lp:(0)
08-03 10:53:30.413     0     0 I pm7250b_charger: smblib_icl_change_work: icl_settled=500000
08-03 10:53:30.425     0     0 W healthd : battery l=82 v=4140 t=40.9 h=2 st=2 c=-106811 fc=4660000 cc=0 chg=a
08-03 10:53:30.439  2406  3324 D PowerUI : can't show warning due to - plugged: true status unknown: false
08-03 10:53:32.362     0     0 I pm7250b_charger: SMBMMI: mmi_chrg_usb_vin_config: DP DM pulse count = 2
08-03 10:53:32.371     0     0 I pm7250b_charger: SMBMMI: mmi_basic_charge_sm: batt_mv = 4116, batt_ma 179, batt_soc 82, batt_temp 40, usb_mv 4376, dc_mv 0, cp 1, vp 1 dp 0
08-03 10:53:32.385     0     0 I pm7250b_charger: SMBMMI: mmi_basic_charge_sm: Step State = NORMAL, Temp Zone 3, Health 1
08-03 10:53:32.394     0     0 I pm7250b_charger: SMBMMI: mmi_basic_charge_sm: IMPOSED: FV = 4450000, CDIS = 0, FCC = 2000000, USBICL = 3000000
08-03 10:53:32.413     0     0 W healthd : battery l=82 v=4036 t=40.9 h=2 st=2 c=-448608 fc=4660000 cc=0 chg=a
08-03 10:53:32.429  2406  2994 D PowerUI : can't show warning due to - plugged: true status unknown: false
08-03 10:53:32.469     0     0 I sec_ts 1-0048: [P] tID:3 x:885 y:1993 z:38 major:10 minor:9 tc:1 type:0 noise:0
08-03 10:53:32.485     0     0 I aw8695_activate_store: value=1
08-03 10:53:32.492     0     0 I aw8695_vibrate: value=28, seq=1, index=1
08-03 10:53:32.536     0     0 I aw8695_activate_store: value=0
08-03 10:53:32.541     0     0 I sec_ts 1-0048: [R] tID:3 mc:0 tc:0 lx:885 ly:1993 v:0000 cal:00 id(0,0) p:0 noise:0 lp:(0)
08-03 10:53:32.553     0     0 I aw8695_vibrate: value=0, seq=1, index=1
08-03 10:53:32.731     0     0 I sec_ts 1-0048: [P] tID:1 x:933 y:1711 z:34 major:9 minor:9 tc:1 type:0 noise:0
08-03 10:53:32.743     0     0 I aw8695_activate_store: value=1
08-03 10:53:32.749     0     0 I aw8695_vibrate: value=28, seq=1, index=1
08-03 10:53:32.792     0     0 I sec_ts 1-0048: [R] tID:1 mc:4 tc:0 lx:924 ly:1713 v:0000 cal:00 id(0,0) p:0 noise:0 lp:(0)
08-03 10:53:32.792     0     0 I aw8695_activate_store: value=0
08-03 10:53:32.812     0     0 I aw8695_vibrate: value=0, seq=1, index=1
08-03 10:53:33.122     0     0 I sec_ts 1-0048: [P] tID:1 x:239 y:1858 z:46 major:10 minor:10 tc:1 type:0 noise:0
08-03 10:53:33.135     0     0 I aw8695_activate_store: value=1
08-03 10:53:33.141     0     0 I aw8695_vibrate: value=28, seq=1, index=1
08-03 10:53:33.177     0     0 I sec_ts 1-0048: [R] tID:1 mc:0 tc:0 lx:239 ly:1858 v:0000 cal:00 id(0,0) p:0 noise:0 lp:(0)
08-03 10:53:33.190     0     0 I aw8695_activate_store: value=0
08-03 10:53:33.197     0     0 I aw8695_vibrate: value=0, seq=1, index=1
08-03 10:53:33.418     0     0 I sec_ts 1-0048: [P] tID:1 x:469 y:1711 z:38 major:10 minor:9 tc:1 type:0 noise:0
08-03 10:53:33.430     0     0 I aw8695_activate_store: value=1
08-03 10:53:33.436     0     0 I aw8695_vibrate: value=28, seq=1, index=1
08-03 10:53:33.478     0     0 I aw8695_activate_store: value=0
08-03 10:53:33.485     0     0 I aw8695_vibrate: value=0, seq=1, index=1
08-03 10:53:33.488     0     0 I sec_ts 1-0048: [R] tID:1 mc:5 tc:0 lx:465 ly:1713 v:0000 cal:00 id(0,0) p:0 noise:0 lp:(0)
08-03 10:53:33.913     0     0 I sec_ts 1-0048: [P] tID:1 x:590 y:2076 z:35 major:9 minor:9 tc:1 type:0 noise:0
08-03 10:53:33.924     0     0 I aw8695_activate_store: value=1
08-03 10:53:33.931     0     0 I aw8695_vibrate: value=28, seq=1, index=1
08-03 10:53:33.970     0     0 I sec_ts 1-0048: [R] tID:1 mc:0 tc:0 lx:590 ly:2076 v:0000 cal:00 id(0,0) p:0 noise:0 lp:(0)
08-03 10:53:33.981     0     0 I aw8695_activate_store: value=0
08-03 10:53:33.988     0     0 I aw8695_vibrate: value=0, seq=1, index=1
08-03 10:53:34.177     0     0 I sec_ts 1-0048: [P] tID:0 x:939 y:1685 z:32 major:9 minor:8 tc:1 type:0 noise:0
08-03 10:53:34.190     0     0 I aw8695_activate_store: value=1
08-03 10:53:34.200     0     0 I aw8695_vibrate: value=28, seq=1, index=1
08-03 10:53:34.243     0     0 I aw8695_activate_store: value=0
08-03 10:53:34.250     0     0 I aw8695_vibrate: value=0, seq=1, index=1
08-03 10:53:34.261     0     0 I sec_ts 1-0048: [R] tID:0 mc:4 tc:0 lx:934 ly:1685 v:0000 cal:00 id(0,0) p:0 noise:0 lp:(0)
08-03 10:53:34.625     0     0 I sec_ts 1-0048: [P] tID:2 x:436 y:1868 z:37 major:10 minor:9 tc:1 type:0 noise:0
08-03 10:53:34.637     0     0 I aw8695_activate_store: value=1
08-03 10:53:34.646     0     0 I aw8695_vibrate: value=28, seq=1, index=1
08-03 10:53:34.680     0     0 I sec_ts 1-0048: [R] tID:2 mc:0 tc:0 lx:436 ly:1868 v:0000 cal:00 id(0,0) p:0 noise:0 lp:(0)
08-03 10:53:34.690     0     0 I aw8695_activate_store: value=0
