08-03 10:58:00.951  3658  3692 I MediaProvider: Scanned external_primary due to REASON_DEMAND, found 1 items in 33ms, 0 inserts 0 updates 0 deletes
08-03 10:58:00.957  3658  3692 I MediaProvider: Open with lower FS for /storage/emulated/0/Torrents. Uid: 10058
08-03 10:58:01.569  4919  4926 E ocessService0:0: failed to create Unix domain socket: Operation not permitted
08-03 10:58:02.231  3658  3899 I FuseDaemon: Threshold exceeded - fadvising 67158016
08-03 10:58:02.231  3658  3899 I FuseDaemon: Threshold now 32522240
08-03 10:58:03.569  4919  4926 E ocessService0:0: failed to create Unix domain socket: Operation not permitted
08-03 10:58:03.723     0     0 I pm7250b_charger: SMBMMI: mmi_chrg_usb_vin_config: DP DM pulse count = 2
08-03 10:58:03.731     0     0 I pm7250b_charger: SMBMMI: mmi_basic_charge_sm: batt_mv = 4169, batt_ma -80, batt_soc 81, batt_temp 41, usb_mv 4383, dc_mv 0, cp 1, vp 1 dp 0
08-03 10:58:03.746     0     0 I pm7250b_charger: SMBMMI: mmi_basic_charge_sm: Step State = NORMAL, Temp Zone 3, Health 1
08-03 10:58:03.746     0     0 W sdcardfs: 171 user.relatime: invalid format
08-03 10:58:03.755     0     0 I pm7250b_charger: SMBMMI: mmi_basic_charge_sm: IMPOSED: FV = 4450000, CDIS = 0, FCC = 2000000, USBICL = 3000000
08-03 10:58:03.780     0     0 W healthd : battery l=81 v=4169 t=41.2 h=2 st=2 c=80871 fc=4660000 cc=0 chg=a
08-03 10:58:03.794  2406  3046 D PowerUI : can't show warning due to - plugged: true status unknown: false
08-03 10:58:03.901     0     0 I sec_ts 1-0048: [P] tID:1 x:249 y:2135 z:39 major:9 minor:9 tc:1 type:0 noise:0
08-03 10:58:03.916     0     0 I aw8695_activate_store: value=1
08-03 10:58:03.922     0     0 I aw8695_vibrate: value=28, seq=1, index=1
08-03 10:58:03.944     0     0 I sec_ts 1-0048: [R] tID:1 mc:2 tc:0 lx:251 ly:2136 v:0000 cal:00 id(0,0) p:0 noise:0 lp:(0)
08-03 10:58:03.965     0     0 I aw8695_activate_store: value=0
08-03 10:58:03.971     0     0 I aw8695_vibrate: value=0, seq=1, index=1
08-03 10:58:04.086  3571  3571 D Window selected text:: null
08-03 10:58:04.090  3571  3571 D Window selected text:: null
08-03 10:58:04.151     0     0 I sec_ts 1-0048: [P] tID:1 x:521 y:2145 z:46 major:12 minor:9 tc:1 type:0 noise:0
08-03 10:58:04.163     0     0 I aw8695_activate_store: value=1
08-03 10:58:04.170     0     0 I aw8695_vibrate: value=28, seq=1, index=1
08-03 10:58:04.212     0     0 I aw8695_activate_store: value=0
08-03 10:58:04.219     0     0 I aw8695_vibrate: value=0, seq=1, index=1
08-03 10:58:04.224     0     0 I sec_ts 1-0048: [R] tID:1 mc:0 tc:0 lx:521 ly:2145 v:0000 cal:00 id(0,0) p:0 noise:0 lp:(0)
08-03 10:58:04.282  9977 10320 E SpannableStringBuilder: SPAN_EXCLUSIVE_EXCLUSIVE spans cannot have a zero length
08-03 10:58:04.282  9977 10427 E SpannableStringBuilder: SPAN_EXCLUSIVE_EXCLUSIVE spans cannot have a zero length
08-03 10:58:04.283  9977 10320 E SpannableStringBuilder: SPAN_EXCLUSIVE_EXCLUSIVE spans cannot have a zero length
08-03 10:58:04.284  9977 10054 E SpannableStringBuilder: SPAN_EXCLUSIVE_EXCLUSIVE spans cannot have a zero length
08-03 10:58:04.354  3571  3571 D Window selected text:: null
08-03 10:58:04.356  3571  3571 D Window selected text:: null
08-03 10:58:04.545     0     0 I sec_ts 1-0048: [P] tID:1 x:625 y:1987 z:49 major:12 minor:11 tc:1 type:0 noise:0
08-03 10:58:04.559     0     0 I aw8695_activate_store: value=1
08-03 10:58:04.569     0     0 I aw8695_vibrate: value=28, seq=1, index=1
08-03 10:58:04.612     0     0 I aw8695_activate_store: value=0
08-03 10:58:04.619     0     0 I aw8695_vibrate: value=0, seq=1, index=1
08-03 10:58:04.620     0     0 I sec_ts 1-0048: [R] tID:1 mc:6 tc:0 lx:618 ly:1984 v:0000 cal:00 id(0,0) p:0 noise:0 lp:(0)
08-03 10:58:04.756  3571  3571 D Window selected text:: null
08-03 10:58:04.758  3571  3571 D Window selected text:: null
08-03 10:58:04.930     0     0 I sec_ts 1-0048: [P] tID:1 x:703 y:1710 z:41 major:11 minor:9 tc:1 type:0 noise:0
08-03 10:58:04.944     0     0 I aw8695_activate_store: value=1
08-03 10:58:04.950     0     0 I aw8695_vibrate: value=28, seq=1, index=1
08-03 10:58:04.992     0     0 I aw8695_activate_store: value=0
08-03 10:58:04.999     0     0 I aw8695_vibrate: value=0, seq=1, index=1
08-03 10:58:05.010     0     0 I sec_ts 1-0048: [R] tID:1 mc:5 tc:0 lx:681 ly:1715 v:0000 cal:00 id(0,0) p:0 noise:0 lp:(0)
08-03 10:58:05.148  3571  3571 D Window selected text:: null
08-03 10:58:05.154  3571  3571 D Window selected text:: null
08-03 10:58:05.189     0     0 I sec_ts 1-0048: [P] tID:1 x:473 y:1695 z:44 major:10 minor:9 tc:1 type:0 noise:0
08-03 10:58:05.201     0     0 I aw8695_activate_store: value=1
08-03 10:58:05.210     0     0 I aw8695_vibrate: value=28, seq=1, index=1
08-03 10:58:05.222     0     0 I sec_ts 1-0048: [R] tID:1 mc:0 tc:0 lx:473 ly:1695 v:0000 cal:00 id(0,0) p:0 noise:0 lp:(0)
08-03 10:58:05.261     0     0 I aw8695_activate_store: value=0
08-03 10:58:05.267     0     0 I aw8695_vibrate: value=0, seq=1, index=1
08-03 10:58:05.358  3571  3571 D Window selected text:: null
08-03 10:58:05.360  3571  3571 D Window selected text:: null
08-03 10:58:05.570  4919  4926 E ocessService0:0: failed to create Unix domain socket: Operation not permitted
08-03 10:58:05.602     0     0 I sec_ts 1-0048: [P] tID:1 x:585 y:2085 z:38 major:10 minor:9 tc:1 type:0 noise:0
08-03 10:58:05.614     0     0 I aw8695_activate_store: value=1
08-03 10:58:05.625     0     0 I aw8695_vibrate: value=28, seq=1, index=1
08-03 10:58:05.669     0     0 I aw8695_activate_store: value=0
08-03 10:58:05.676     0     0 I aw8695_vibrate: value=0, seq=1, index=1
08-03 10:58:05.685     0     0 I sec_ts 1-0048: [R] tID:1 mc:2 tc:0 lx:583 ly:2082 v:0000 cal:00 id(0,0) p:0 noise:0 lp:(0)
08-03 10:58:05.715  9977 10320 E SpannableStringBuilder: SPAN_EXCLUSIVE_EXCLUSIVE spans cannot have a zero length
08-03 10:58:05.715  9977 10320 E SpannableStringBuilder: SPAN_EXCLUSIVE_EXCLUSIVE spans cannot have a zero length
08-03 10:58:05.744  9977 10054 E SpannableStringBuilder: SPAN_EXCLUSIVE_EXCLUSIVE spans cannot have a zero length
08-03 10:58:05.744  9977 10054 E SpannableStringBuilder: SPAN_EXCLUSIVE_EXCLUSIVE spans cannot have a zero length
08-03 10:58:05.820  3571  3571 D Window selected text:: null
08-03 10:58:05.822  3571  3571 D Window selected text:: null
08-03 10:58:06.087     0     0 I sec_ts 1-0048: [P] tID:1 x:330 y:1837 z:37 major:10 minor:8 tc:1 type:0 noise:0
08-03 10:58:06.100     0     0 I aw8695_activate_store: value=1
08-03 10:58:06.106     0     0 I aw8695_vibrate: value=28, seq=1, index=1
08-03 10:58:06.120     0     0 I sec_ts 1-0048: [R] tID:1 mc:0 tc:0 lx:330 ly:1837 v:0000 cal:00 id(0,0) p:0 noise:0 lp:(0)
08-03 10:58:06.140     0     0 W sdcardfs: 171 user.relatime: invalid format
08-03 10:58:06.149     0     0 I aw8695_activate_store: value=0
08-03 10:58:06.155     0     0 I aw8695_vibrate: value=0, seq=1, index=1
08-03 10:58:06.252  3571  3571 D Window selected text:: null
08-03 10:58:06.256  3571  3571 D Window selected text:: null
08-03 10:58:06.397     0     0 I sec_ts 1-0048: [P] tID:0 x:800 y:1684 z:46 major:10 minor:9 tc:1 type:0 noise:0
08-03 10:58:06.411     0     0 I aw8695_activate_store: value=1
08-03 10:58:06.420     0     0 I aw8695_vibrate: value=28, seq=1, index=1
08-03 10:58:06.461     0     0 I sec_ts 1-0048: [R] tID:0 mc:3 tc:0 lx:785 ly:1693 v:0000 cal:00 id(0,0) p:0 noise:0 lp:(0)
08-03 10:58:06.471     0     0 I aw8695_activate_store: value=0
08-03 10:58:06.479     0     0 I aw8695_vibrate: value=0, seq=1, index=1
08-03 10:58:06.595  3571  3571 D Window selected text:: null
08-03 10:58:06.597  3571  3571 D Window selected text:: null
08-03 10:58:06.695     0     0 I sec_ts 1-0048: [P] tID:1 x:324 y:1871 z:38 major:10 minor:9 tc:1 type:0 noise:0
08-03 10:58:06.708     0     0 I aw8695_activate_store: value=1
08-03 10:58:06.714     0     0 I aw8695_vibrate: value=28, seq=1, index=1
08-03 10:58:06.751     0     0 I sec_ts 1-0048: [R] tID:1 mc:3 tc:0 lx:324 ly:1868 v:0000 cal:00 id(0,0) p:0 noise:0 lp:(0)
08-03 10:58:06.758     0     0 I aw8695_activate_store: value=0
08-03 10:58:06.776     0     0 I aw8695_vibrate: value=0, seq=1, index=1
08-03 10:58:06.889  3571  3571 D Window selected text:: null
08-03 10:58:06.892  3571  3571 D Window selected text:: null
08-03 10:58:07.363     0     0 I pm7250b_charger: wdog_snarl_irq_handler: IRQ: wdog-snarl
08-03 10:58:07.370     0     0 E         : batt power supply prop 4 not supported
08-03 10:58:07.382     0     0 W healthd : battery l=81 v=4167 t=41.2 h=2 st=2 c=74462 fc=4660000 cc=0 chg=a
08-03 10:58:07.395  2406  3045 D PowerUI : can't show warning due to - plugged: true status unknown: false
08-03 10:58:07.570  4919  4926 E ocessService0:0: failed to create Unix domain socket: Operation not permitted
08-03 10:58:08.352     0     0 I pm7250b_charger: default_irq_handler: IRQ: usbin-collapse
08-03 10:58:08.353     0     0 I pm7250b_charger: default_irq_handler: IRQ: aicl-done
08-03 10:58:08.359     0     0 I pm7250b_charger: default_irq_handler: IRQ: usbin-collapse
08-03 10:58:08.720     0     0 I sec_ts 1-0048: [P] tID:0 x:1000 y:1977 z:34 major:11 minor:7 tc:1 type:0 noise:0
08-03 10:58:08.736     0     0 I aw8695_activate_store: value=1
08-03 10:58:08.742     0     0 I aw8695_vibrate: value=28, seq=1, index=1
08-03 10:58:08.744     0     0 W sdcardfs: 171 user.relatime: invalid format
08-03 10:58:08.789     0     0 I aw8695_activate_store: value=0
08-03 10:58:08.795     0     0 I aw8695_vibrate: value=0, seq=1, index=1
08-03 10:58:08.838     0     0 I sec_ts 1-0048: [R] tID:0 mc:0 tc:0 lx:1000 ly:1977 v:0000 cal:00 id(0,0) p:0 noise:0 lp:(0)
08-03 10:58:08.852     0     0 I pm7250b_charger: SMBMMI: mmi_chrg_usb_vin_config: DP DM pulse count = 2
08-03 10:58:08.867     0     0 I pm7250b_charger: SMBMMI: mmi_basic_charge_sm: batt_mv = 4147, batt_ma 30, batt_soc 81, batt_temp 41, usb_mv 4382, dc_mv 0, cp 1, vp 1 dp 0
08-03 10:58:08.883     0     0 I pm7250b_charger: SMBMMI: mmi_basic_charge_sm: Step State = NORMAL, Temp Zone 3, Health 1
08-03 10:58:08.893     0     0 I pm7250b_charger: SMBMMI: mmi_basic_charge_sm: IMPOSED: FV = 4450000, CDIS = 0, FCC = 2000000, USBICL = 3000000
08-03 10:58:08.899     0     0 I sec_ts 1-0048: [P] tID:0 x:1002 y:1965 z:30 major:10 minor:7 tc:1 type:0 noise:0
08-03 10:58:08.916     0     0 I aw8695_activate_store: value=1
08-03 10:58:08.923     0     0 I aw8695_vibrate: value=28, seq=1, index=1
08-03 10:58:08.932     0     0 W healthd : battery l=81 v=4101 t=41.2 h=2 st=2 c=-175781 fc=4660000 cc=0 chg=a
08-03 10:58:08.946  2406  3324 D PowerUI : can't show warning due to - plugged: true status unknown: false
08-03 10:58:08.976  3571  3571 D Window selected text:: null
08-03 10:58:08.966     0     0 I sec_ts 1-0048: [R] tID:0 mc:0 tc:0 lx:1002 ly:1965 v:0000 cal:00 id(0,0) p:0 noise:0 lp:(0)
08-03 10:58:08.977     0     0 I aw8695_activate_store: value=0
08-03 10:58:08.985  3571  3571 D Window selected text:: null
08-03 10:58:08.984     0     0 I aw8695_vibrate: value=0, seq=1, index=1
08-03 10:58:09.054     0     0 I sec_ts 1-0048: [P] tID:0 x:1006 y:1967 z:31 major:10 minor:7 tc:1 type:0 noise:0
08-03 10:58:09.065     0     0 I aw8695_activate_store: value=1
08-03 10:58:09.071     0     0 I aw8695_vibrate: value=28, seq=1, index=1
08-03 10:58:09.099  3571  3571 D Window selected text:: null
08-03 10:58:09.102  3571  3571 D Window selected text:: null
08-03 10:58:09.115     0     0 I aw8695_activate_store: value=0
08-03 10:58:09.117     0     0 I sec_ts 1-0048: [R] tID:0 mc:0 tc:0 lx:1006 ly:1967 v:0000 cal:00 id(0,0) p:0 noise:0 lp:(0)
08-03 10:58:09.132     0     0 I aw8695_vibrate: value=0, seq=1, index=1
08-03 10:58:09.139  9977 10320 E SpannableStringBuilder: SPAN_EXCLUSIVE_EXCLUSIVE spans cannot have a zero length
08-03 10:58:09.139  9977 10320 E SpannableStringBuilder: SPAN_EXCLUSIVE_EXCLUSIVE spans cannot have a zero length
08-03 10:58:09.152  9977 10320 E SpannableStringBuilder: SPAN_EXCLUSIVE_EXCLUSIVE spans cannot have a zero length
08-03 10:58:09.153  9977 10320 E SpannableStringBuilder: SPAN_EXCLUSIVE_EXCLUSIVE spans cannot have a zero length
08-03 10:58:09.154  9977 10054 E SpannableStringBuilder: SPAN_EXCLUSIVE_EXCLUSIVE spans cannot have a zero length
08-03 10:58:09.154  9977 10054 E SpannableStringBuilder: SPAN_EXCLUSIVE_EXCLUSIVE spans cannot have a zero length
08-03 10:58:09.255  3571  3571 D Window selected text:: null
08-03 10:58:09.257  3571  3571 D Window selected text:: null
08-03 10:58:09.373     0     0 I pm7250b_charger: smblib_icl_change_work: icl_settled=650000
08-03 10:58:09.383     0     0 W healthd : battery l=81 v=4160 t=41.2 h=2 st=2 c=60730 fc=4660000 cc=0 chg=a
08-03 10:58:09.399  2406  2994 D PowerUI : can't show warning due to - plugged: true status unknown: false
08-03 10:58:09.462     0     0 I sec_ts 1-0048: [P] tID:0 x:1005 y:1939 z:31 major:9 minor:6 tc:1 type:0 noise:0
08-03 10:58:09.476     0     0 I aw8695_activate_store: value=1
08-03 10:58:09.482     0     0 I aw8695_vibrate: value=28, seq=1, index=1
08-03 10:58:09.525     0     0 I aw8695_activate_store: value=0
08-03 10:58:09.533     0     0 I aw8695_vibrate: value=0, seq=1, index=1
08-03 10:58:09.558     0     0 I sec_ts 1-0048: [R] tID:0 mc:0 tc:0 lx:1005 ly:1939 v:0000 cal:00 id(0,0) p:0 noise:0 lp:(0)
08-03 10:58:09.571  4919  4926 E ocessService0:0: failed to create Unix domain socket: Operation not permitted
08-03 10:58:09.625     0     0 I sec_ts 1-0048: [P] tID:0 x:997 y:1951 z:29 major:9 minor:6 tc:1 type:0 noise:0
08-03 10:58:09.638     0     0 I aw8695_activate_store: value=1
08-03 10:58:09.645     0     0 I aw8695_vibrate: value=28, seq=1, index=1
08-03 10:58:09.688  3571  3571 D Window selected text:: null
08-03 10:58:09.691  3571  3571 D Window selected text:: null
08-03 10:58:09.688     0     0 I aw8695_activate_store: value=0
08-03 10:58:09.695     0     0 I aw8695_vibrate: value=0, seq=1, index=1
08-03 10:58:09.726     0     0 I sec_ts 1-0048: [R] tID:0 mc:0 tc:0 lx:997 ly:1951 v:0000 cal:00 id(0,0) p:0 noise:0 lp:(0)
08-03 10:58:09.747     0     0 I timerfd_poll: comm:hvdcp_opti pid:2227 exp:4570986
08-03 10:58:09.753     0     0 W sdcardfs: 171 user.relatime: invalid format
08-03 10:58:09.792     0     0 I sec_ts 1-0048: [P] tID:0 x:998 y:1958 z:28 major:9 minor:6 tc:1 type:0 noise:0
08-03 10:58:09.805     0     0 I aw8695_activate_store: value=1
08-03 10:58:09.811     0     0 I aw8695_vibrate: value=28, seq=1, index=1
08-03 10:58:09.855     0     0 I aw8695_activate_store: value=0
08-03 10:58:09.864  3571  3571 D Window selected text:: null
08-03 10:58:09.871  3571  3571 D Window selected text:: null
08-03 10:58:09.864     0     0 I aw8695_vibrate: value=0, seq=1, index=1
08-03 10:58:09.882     0     0 I sec_ts 1-0048: [R] tID:0 mc:0 tc:0 lx:998 ly:1958 v:0000 cal:00 id(0,0) p:0 noise:0 lp:(0)
08-03 10:58:09.975     0     0 I sec_ts 1-0048: [P] tID:0 x:1003 y:1959 z:29 major:9 minor:6 tc:1 type:0 noise:0
08-03 10:58:09.987     0     0 I aw8695_activate_store: value=1
08-03 10:58:09.993     0     0 I aw8695_vibrate: value=28, seq=1, index=1
08-03 10:58:10.015  3571  3571 D Window selected text:: null
08-03 10:58:10.020  3571  3571 D Window selected text:: null
08-03 10:58:10.035     0     0 I aw8695_activate_store: value=0
08-03 10:58:10.041     0     0 I aw8695_vibrate: value=0, seq=1, index=1
08-03 10:58:10.055     0     0 I sec_ts 1-0048: [R] tID:0 mc:0 tc:0 lx:1003 ly:1959 v:0000 cal:00 id(0,0) p:0 noise:0 lp:(0)
08-03 10:58:10.073  9977 10320 E SpannableStringBuilder: SPAN_EXCLUSIVE_EXCLUSIVE spans cannot have a zero length
08-03 10:58:10.074  9977 10320 E SpannableStringBuilder: SPAN_EXCLUSIVE_EXCLUSIVE spans cannot have a zero length
08-03 10:58:10.091  9977 10320 E SpannableStringBuilder: SPAN_EXCLUSIVE_EXCLUSIVE spans cannot have a zero length
08-03 10:58:10.091  9977 10320 E SpannableStringBuilder: SPAN_EXCLUSIVE_EXCLUSIVE spans cannot have a zero length
08-03 10:58:10.093  9977 10322 E SpannableStringBuilder: SPAN_EXCLUSIVE_EXCLUSIVE spans cannot have a zero length
08-03 10:58:10.093  9977 10322 E SpannableStringBuilder: SPAN_EXCLUSIVE_EXCLUSIVE spans cannot have a zero length
08-03 10:58:10.148     0     0 I sec_ts 1-0048: [P] tID:0 x:1001 y:1955 z:28 major:9 minor:7 tc:1 type:0 noise:0
08-03 10:58:10.160     0     0 I aw8695_activate_store: value=1
08-03 10:58:10.166     0     0 I aw8695_vibrate: value=28, seq=1, index=1
08-03 10:58:10.194  3571  3571 D Window selected text:: null
08-03 10:58:10.196  3571  3571 D Window selected text:: null
08-03 10:58:10.209     0     0 I aw8695_activate_store: value=0
08-03 10:58:10.215     0     0 I aw8695_vibrate: value=0, seq=1, index=1
08-03 10:58:10.239     0     0 I sec_ts 1-0048: [R] tID:0 mc:0 tc:0 lx:1001 ly:1955 v:0000 cal:00 id(0,0) p:0 noise:0 lp:(0)
08-03 10:58:10.367  3571  3571 D Window selected text:: null
08-03 10:58:10.369  3571  3571 D Window selected text:: null
08-03 10:58:10.504  1223  2158 I slpi-TCS3708: ALS lux 54.922901, bright 326, algo 1, pnl idx 2, 90 Hz, poll 10 ms, lux_s 1.000000, aT 1376, aG 2214, pwm 0, HBt:2
08-03 10:58:10.595     0     0 I sec_ts 1-0048: [P] tID:0 x:1000 y:1961 z:28 major:9 minor:7 tc:1 type:0 noise:0
08-03 10:58:10.607     0     0 I aw8695_activate_store: value=1
08-03 10:58:10.614     0     0 I aw8695_vibrate: value=28, seq=1, index=1
08-03 10:58:10.656     0     0 I aw8695_activate_store: value=0
08-03 10:58:10.662     0     0 I aw8695_vibrate: value=0, seq=1, index=1
08-03 10:58:10.680     0     0 I sec_ts 1-0048: [R] tID:0 mc:0 tc:0 lx:1000 ly:1961 v:0000 cal:00 id(0,0) p:0 noise:0 lp:(0)
08-03 10:58:10.810  3571  3571 D Window selected text:: null
08-03 10:58:10.812  3571  3571 D Window selected text:: null
08-03 10:58:10.963  3658  3692 I MediaProvider: Scanned external_primary due to REASON_DEMAND, found 1 items in 23ms, 0 inserts 0 updates 0 deletes
08-03 10:58:10.969  3658  3692 I MediaProvider: Open with lower FS for /storage/emulated/0/Torrents. Uid: 10058
08-03 10:58:11.231     0     0 I sec_ts 1-0048: [P] tID:0 x:875 y:2097 z:36 major:10 minor:9 tc:1 type:0 noise:0
08-03 10:58:11.245     0     0 I aw8695_activate_store: value=1
08-03 10:58:11.252     0     0 I aw8695_vibrate: value=28, seq=1, index=1
08-03 10:58:11.296     0     0 I aw8695_activate_store: value=0
08-03 10:58:11.302     0     0 I aw8695_vibrate: value=0, seq=1, index=1
08-03 10:58:11.317     0     0 I sec_ts 1-0048: [R] tID:0 mc:0 tc:0 lx:875 ly:2097 v:0000 cal:00 id(0,0) p:0 noise:0 lp:(0)
08-03 10:58:11.452  3571  3571 D Window selected text:: null
08-03 10:58:11.457  3571  3571 D Window selected text:: null
08-03 10:58:11.571  4919  4926 E ocessService0:0: failed to create Unix domain socket: Operation not permitted
08-03 10:58:11.639     0     0 I sec_ts 1-0048: [P] tID:0 x:614 y:2126 z:47 major:11 minor:9 tc:1 type:0 noise:0
08-03 10:58:11.652     0     0 I aw8695_activate_store: value=1
08-03 10:58:11.659     0     0 I aw8695_vibrate: value=28, seq=1, index=1
08-03 10:58:11.702     0     0 I aw8695_activate_store: value=0
08-03 10:58:11.708     0     0 I sec_ts 1-0048: [R] tID:0 mc:1 tc:0 lx:614 ly:2127 v:0000 cal:00 id(0,0) p:0 noise:0 lp:(0)
08-03 10:58:11.719     0     0 I aw8695_vibrate: value=0, seq=1, index=1
08-03 10:58:11.765  9977 10320 E SpannableStringBuilder: SPAN_EXCLUSIVE_EXCLUSIVE spans cannot have a zero length
08-03 10:58:11.765  9977 10320 E SpannableStringBuilder: SPAN_EXCLUSIVE_EXCLUSIVE spans cannot have a zero length
08-03 10:58:11.766  9977 10054 E SpannableStringBuilder: SPAN_EXCLUSIVE_EXCLUSIVE spans cannot have a zero length
08-03 10:58:11.766  9977 10054 E SpannableStringBuilder: SPAN_EXCLUSIVE_EXCLUSIVE spans cannot have a zero length
08-03 10:58:11.838  3571  3571 D Window selected text:: null
08-03 10:58:11.840  3571  3571 D Window selected text:: null
08-03 10:58:12.613     0     0 I sec_ts 1-0048: [P] tID:1 x:101 y:2015 z:28 major:10 minor:6 tc:1 type:0 noise:0
08-03 10:58:12.626     0     0 I aw8695_activate_store: value=1
08-03 10:58:12.641     0     0 I aw8695_vibrate: value=28, seq=1, index=1
08-03 10:58:12.668     0     0 I sec_ts 1-0048: [R] tID:1 mc:0 tc:0 lx:101 ly:2015 v:0000 cal:00 id(0,0) p:0 noise:0 lp:(0)
08-03 10:58:12.692     0     0 I aw8695_activate_store: value=0
08-03 10:58:12.698     0     0 I aw8695_vibrate: value=0, seq=1, index=1
08-03 10:58:13.214     0     0 I sec_ts 1-0048: [P] tID:0 x:867 y:2000 z:41 major:9 minor:9 tc:1 type:0 noise:0
08-03 10:58:13.227     0     0 I aw8695_activate_store: value=1
08-03 10:58:13.236     0     0 I aw8695_vibrate: value=28, seq=1, index=1
08-03 10:58:13.279     0     0 I aw8695_activate_store: value=0
08-03 10:58:13.282     0     0 I sec_ts 1-0048: [R] tID:0 mc:4 tc:0 lx:848 ly:2008 v:0000 cal:00 id(0,0) p:0 noise:0 lp:(0)
08-03 10:58:13.308     0     0 I aw8695_vibrate: value=0, seq=1, index=1
08-03 10:58:13.421  3571  3571 D Window selected text:: null
08-03 10:58:13.425  3571  3571 D Window selected text:: null
08-03 10:58:13.572  4919  4926 E ocessService0:0: failed to create Unix domain socket: Operation not permitted
08-03 10:58:13.596     0     0 I sec_ts 1-0048: [P] tID:1 x:106 y:1876 z:38 major:11 minor:7 tc:1 type:0 noise:0
08-03 10:58:13.608     0     0 I aw8695_activate_store: value=1
08-03 10:58:13.615     0     0 I aw8695_vibrate: value=28, seq=1, index=1
08-03 10:58:13.651     0     0 I sec_ts 1-0048: [R] tID:1 mc:0 tc:0 lx:106 ly:1876 v:0000 cal:00 id(0,0) p:0 noise:0 lp:(0)
08-03 10:58:13.668     0     0 I aw8695_activate_store: value=0
08-03 10:58:13.677     0     0 I aw8695_vibrate: value=0, seq=1, index=1
08-03 10:58:13.756     0     0 W sdcardfs: 171 user.relatime: invalid format
08-03 10:58:13.789  3571  3571 D Window selected text:: null
08-03 10:58:13.791  3571  3571 D Window selected text:: null
08-03 10:58:13.934     0     0 I sec_ts 1-0048: [P] tID:1 x:590 y:1699 z:45 major:10 minor:9 tc:1 type:0 noise:0
08-03 10:58:13.947     0     0 I aw8695_activate_store: value=1
08-03 10:58:13.957     0     0 I aw8695_vibrate: value=28, seq=1, index=1
08-03 10:58:13.965     0     0 I pm7250b_charger: SMBMMI: mmi_chrg_usb_vin_config: DP DM pulse count = 2
08-03 10:58:13.973     0     0 I pm7250b_charger: SMBMMI: mmi_basic_charge_sm: batt_mv = 4159, batt_ma -47, batt_soc 81, batt_temp 41, usb_mv 4382, dc_mv 0, cp 1, vp 1 dp 0
08-03 10:58:13.986     0     0 I sec_ts 1-0048: [R] tID:1 mc:2 tc:0 lx:588 ly:1699 v:0000 cal:00 id(0,0) p:0 noise:0 lp:(0)
08-03 10:58:13.987     0     0 I pm7250b_charger: SMBMMI: mmi_basic_charge_sm: Step State = NORMAL, Temp Zone 3, Health 1
08-03 10:58:14.002     0     0 I aw8695_activate_store: value=0
08-03 10:58:14.009     0     0 I pm7250b_charger: SMBMMI: mmi_basic_charge_sm: IMPOSED: FV = 4450000, CDIS = 0, FCC = 2000000, USBICL = 3000000
08-03 10:58:14.015     0     0 I aw8695_vibrate: value=0, seq=1, index=1
08-03 10:58:14.040     0     0 W healthd : battery l=81 v=4072 t=41.2 h=2 st=2 c=-340576 fc=4660000 cc=0 chg=a
08-03 10:58:14.054  2406  2989 D PowerUI : can't show warning due to - plugged: true status unknown: false
08-03 10:58:14.134  3571  3571 D Window selected text:: null
08-03 10:58:14.136  3571  3571 D Window selected text:: null
08-03 10:58:14.394  9977 10055 I SessionStorage/AutoSave: Save: Periodic
08-03 10:58:14.827     0     0 I sec_ts 1-0048: [P] tID:0 x:658 y:1995 z:44 major:10 minor:9 tc:1 type:0 noise:0
08-03 10:58:14.841     0     0 I aw8695_activate_store: value=1
08-03 10:58:14.848     0     0 I aw8695_vibrate: value=28, seq=1, index=1
08-03 10:58:14.890     0     0 I sec_ts 1-0048: [R] tID:0 mc:1 tc:0 lx:651 ly:1993 v:0000 cal:00 id(0,0) p:0 noise:0 lp:(0)
08-03 10:58:14.901     0     0 I aw8695_activate_store: value=0
08-03 10:58:14.911     0     0 I aw8695_vibrate: value=0, seq=1, index=1
08-03 10:58:15.029  3571  3571 D Window selected text:: null
08-03 10:58:15.032  3571  3571 D Window selected text:: null
08-03 10:58:15.190     0     0 I sec_ts 1-0048: [P] tID:0 x:256 y:1683 z:39 major:9 minor:9 tc:1 type:0 noise:0
08-03 10:58:15.202     0     0 I aw8695_activate_store: value=1
08-03 10:58:15.209     0     0 I aw8695_vibrate: value=28, seq=1, index=1
08-03 10:58:15.242     0     0 I sec_ts 1-0048: [R] tID:0 mc:1 tc:0 lx:257 ly:1682 v:0000 cal:00 id(0,0) p:0 noise:0 lp:(0)
08-03 10:58:15.255     0     0 I aw8695_activate_store: value=0
08-03 10:58:15.261     0     0 I aw8695_vibrate: value=0, seq=1, index=1
08-03 10:58:15.329  1223  2158 D slpi-MOT_VSYNC: panel freq est last 89.527725 cur 89.470932
08-03 10:58:15.373  3571  3571 D Window selected text:: null
08-03 10:58:15.374  3571  3571 D Window selected text:: null
08-03 10:58:15.549     0     0 I pm7250b_charger: wdog_snarl_irq_handler: IRQ: wdog-snarl
08-03 10:58:15.555     0     0 E         : batt power supply prop 4 not supported
08-03 10:58:15.572  4919  4926 E ocessService0:0: failed to create Unix domain socket: Operation not permitted
08-03 10:58:15.568     0     0 W healthd : battery l=81 v=4116 t=41.2 h=2 st=2 c=-307617 fc=4660000 cc=0 chg=a
08-03 10:58:15.582  2406  2995 D PowerUI : can't show warning due to - plugged: true status unknown: false
08-03 10:58:15.609     0     0 I sec_ts 1-0048: [P] tID:0 x:565 y:2053 z:43 major:11 minor:9 tc:1 type:0 noise:0
08-03 10:58:15.621     0     0 I aw8695_activate_store: value=1
08-03 10:58:15.630     0     0 I aw8695_vibrate: value=28, seq=1, index=1
08-03 10:58:15.672     0     0 I sec_ts 1-0048: [R] tID:0 mc:0 tc:0 lx:565 ly:2053 v:0000 cal:00 id(0,0) p:0 noise:0 lp:(0)
08-03 10:58:15.672     0     0 I aw8695_activate_store: value=0
08-03 10:58:15.694     0     0 I aw8695_vibrate: value=0, seq=1, index=1
08-03 10:58:15.809  3571  3571 D Window selected text:: null
08-03 10:58:15.811  3571  3571 D Window selected text:: null
08-03 10:58:16.016     0     0 I sec_ts 1-0048: [P] tID:1 x:457 y:1711 z:36 major:9 minor:8 tc:1 type:0 noise:0
08-03 10:58:16.028     0     0 I aw8695_activate_store: value=1
08-03 10:58:16.035     0     0 I aw8695_vibrate: value=28, seq=1, index=1
08-03 10:58:16.057     0     0 I sec_ts 1-0048: [R] tID:1 mc:0 tc:0 lx:457 ly:1711 v:0000 cal:00 id(0,0) p:0 noise:0 lp:(0)
08-03 10:58:16.078     0     0 I aw8695_activate_store: value=0
08-03 10:58:16.084     0     0 I aw8695_vibrate: value=0, seq=1, index=1
08-03 10:58:16.191  3571  3571 D Window selected text:: null
08-03 10:58:16.195  3571  3571 D Window selected text:: null
08-03 10:58:16.202     0     0 I sec_ts 1-0048: [P] tID:0 x:630 y:1790 z:42 major:10 minor:9 tc:1 type:0 noise:0
08-03 10:58:16.215     0     0 I aw8695_activate_store: value=1
08-03 10:58:16.221     0     0 I aw8695_vibrate: value=28, seq=1, index=1
08-03 10:58:16.264     0     0 I sec_ts 1-0048: [R] tID:0 mc:3 tc:0 lx:612 ly:1789 v:0000 cal:00 id(0,0) p:0 noise:0 lp:(0)
08-03 10:58:16.265     0     0 I aw8695_activate_store: value=0
08-03 10:58:16.282     0     0 I aw8695_vibrate: value=0, seq=1, index=1
08-03 10:58:16.404  3571  3571 D Window selected text:: null
08-03 10:58:16.406  3571  3571 D Window selected text:: null
08-03 10:58:16.670     0     0 I sec_ts 1-0048: [P] tID:0 x:122 y:1886 z:31 major:9 minor:7 tc:1 type:0 noise:0
08-03 10:58:16.682     0     0 I aw8695_activate_store: value=1
08-03 10:58:16.690     0     0 I aw8695_vibrate: value=28, seq=1, index=1
08-03 10:58:16.716     0     0 I sec_ts 1-0048: [R] tID:0 mc:0 tc:0 lx:122 ly:1886 v:0000 cal:00 id(0,0) p:0 noise:0 lp:(0)
08-03 10:58:16.733     0     0 I aw8695_activate_store: value=0
08-03 10:58:16.739     0     0 I aw8695_vibrate: value=0, seq=1, index=1
08-03 10:58:16.764     0     0 W sdcardfs: 171 user.relatime: invalid format
08-03 10:58:16.859  3571  3571 D Window selected text:: null
08-03 10:58:16.862  3571  3571 D Window selected text:: null
08-03 10:58:16.893  9977  9991 W System  : A resource failed to call Surface.release. 
08-03 10:58:16.893  9977  9991 W System  : A resource failed to call Surface.release. 
08-03 10:58:16.982     0     0 I sec_ts 1-0048: [P] tID:0 x:487 y:1719 z:45 major:11 minor:10 tc:1 type:0 noise:0
08-03 10:58:16.994     0     0 I aw8695_activate_store: value=1
08-03 10:58:17.003     0     0 I aw8695_vibrate: value=28, seq=1, index=1
08-03 10:58:17.040     0     0 I sec_ts 1-0048: [R] tID:0 mc:0 tc:0 lx:487 ly:1719 v:0000 cal:00 id(0,0) p:0 noise:0 lp:(0)
08-03 10:58:17.049     0     0 I aw8695_activate_store: value=0
08-03 10:58:17.060     0     0 I aw8695_vibrate: value=0, seq=1, index=1
08-03 10:58:17.177  3571  3571 D Window selected text:: null
08-03 10:58:17.178  3571  3571 D Window selected text:: null
08-03 10:58:17.573  4919  4926 E ocessService0:0: failed to create Unix domain socket: Operation not permitted
08-03 10:58:17.714     0     0 I sec_ts 1-0048: [P] tID:0 x:620 y:1473 z:49 major:12 minor:10 tc:1 type:0 noise:0
08-03 10:58:17.758  3658  3899 I FuseDaemon: Threshold exceeded - fadvising 67166208
08-03 10:58:17.759  3658  3899 I FuseDaemon: Threshold now 31535104
08-03 10:58:17.777     0     0 I sec_ts 1-0048: [R] tID:0 mc:0 tc:0 lx:620 ly:1473 v:0000 cal:00 id(0,0) p:0 noise:0 lp:(0)
08-03 10:58:17.793     0     0 I aw8695_activate_store: value=1
08-03 10:58:17.800     0     0 I aw8695_vibrate: value=28, seq=1, index=1
08-03 10:58:17.841  9977 10320 E SpannableStringBuilder: SPAN_EXCLUSIVE_EXCLUSIVE spans cannot have a zero length
08-03 10:58:17.841  9977 10320 E SpannableStringBuilder: SPAN_EXCLUSIVE_EXCLUSIVE spans cannot have a zero length
08-03 10:58:17.842  9977 10054 E SpannableStringBuilder: SPAN_EXCLUSIVE_EXCLUSIVE spans cannot have a zero length
08-03 10:58:17.842  9977 10054 E SpannableStringBuilder: SPAN_EXCLUSIVE_EXCLUSIVE spans cannot have a zero length
08-03 10:58:17.845     0     0 I aw8695_activate_store: value=0
08-03 10:58:17.851     0     0 I aw8695_vibrate: value=0, seq=1, index=1
08-03 10:58:17.920  3571  3571 D Window selected text:: null
08-03 10:58:17.924  3571  3571 D Window selected text:: null
08-03 10:58:19.084     0     0 I pm7250b_charger: SMBMMI: mmi_chrg_usb_vin_config: DP DM pulse count = 2
08-03 10:58:19.092     0     0 I pm7250b_charger: SMBMMI: mmi_basic_charge_sm: batt_mv = 4146, batt_ma -5, batt_soc 81, batt_temp 41, usb_mv 4379, dc_mv 0, cp 1, vp 1 dp 0
08-03 10:58:19.106     0     0 I pm7250b_charger: SMBMMI: mmi_basic_charge_sm: Step State = NORMAL, Temp Zone 3, Health 1
08-03 10:58:19.115     0     0 I pm7250b_charger: SMBMMI: mmi_basic_charge_sm: IMPOSED: FV = 4450000, CDIS = 0, FCC = 2000000, USBICL = 3000000
08-03 10:58:19.140     0     0 W healthd : battery l=81 v=4172 t=41.2 h=2 st=2 c=28686 fc=4660000 cc=0 chg=a
08-03 10:58:19.154  2406  3186 D PowerUI : can't show warning due to - plugged: true status unknown: false
08-03 10:58:19.302     0     0 I sec_ts 1-0048: [P] tID:1 x:637 y:1831 z:39 major:11 minor:10 tc:1 type:0 noise:0
08-03 10:58:19.314     0     0 I aw8695_activate_store: value=1
08-03 10:58:19.322     0     0 I aw8695_vibrate: value=28, seq=1, index=1
08-03 10:58:19.366     0     0 I aw8695_activate_store: value=0
08-03 10:58:19.372     0     0 I aw8695_vibrate: value=0, seq=1, index=1
08-03 10:58:19.390     0     0 I sec_ts 1-0048: [R] tID:1 mc:9 tc:0 lx:621 ly:1849 v:0000 cal:00 id(0,0) p:0 noise:0 lp:(0)
08-03 10:58:19.523  3571  3571 D Window selected text:: null
08-03 10:58:19.527  3571  3571 D Window selected text:: null
08-03 10:58:19.573  4919  4926 E ocessService0:0: failed to create Unix domain socket: Operation not permitted
08-03 10:58:19.687     0     0 I sec_ts 1-0048: [P] tID:1 x:96 y:1888 z:30 major:10 minor:6 tc:1 type:0 noise:0
08-03 10:58:19.700     0     0 I aw8695_activate_store: value=1
08-03 10:58:19.706     0     0 I aw8695_vibrate: value=28, seq=1, index=1
08-03 10:58:19.752     0     0 I aw8695_activate_store: value=0
08-03 10:58:19.759     0     0 I aw8695_vibrate: value=0, seq=1, index=1
08-03 10:58:19.764     0     0 I sec_ts 1-0048: [R] tID:1 mc:0 tc:0 lx:96 ly:1888 v:0000 cal:00 id(0,0) p:0 noise:0 lp:(0)
08-03 10:58:19.897  3571  3571 D Window selected text:: null
08-03 10:58:19.899  3571  3571 D Window selected text:: null
08-03 10:58:19.904     0     0 I sec_ts 1-0048: [P] tID:1 x:220 y:1850 z:35 major:10 minor:9 tc:1 type:0 noise:0
08-03 10:58:19.917     0     0 I aw8695_activate_store: value=1
08-03 10:58:19.923     0     0 I aw8695_vibrate: value=28, seq=1, index=1
08-03 10:58:19.960     0     0 I sec_ts 1-0048: [R] tID:1 mc:1 tc:0 lx:219 ly:1850 v:0000 cal:00 id(0,0) p:0 noise:0 lp:(0)
08-03 10:58:19.970     0     0 I aw8695_activate_store: value=0
08-03 10:58:19.978     0     0 I aw8695_vibrate: value=0, seq=1, index=1
08-03 10:58:20.097  3571  3571 D Window selected text:: null
08-03 10:58:20.099  3571  3571 D Window selected text:: null
08-03 10:58:20.338     0     0 I sec_ts 1-0048: [P] tID:0 x:484 y:2103 z:47 major:11 minor:11 tc:1 type:0 noise:0
08-03 10:58:20.350     0     0 I aw8695_activate_store: value=1
08-03 10:58:20.357     0     0 I aw8695_vibrate: value=28, seq=1, index=1
08-03 10:58:20.399     0     0 I aw8695_activate_store: value=0
08-03 10:58:20.405     0     0 I aw8695_vibrate: value=0, seq=1, index=1
08-03 10:58:20.406     0     0 I sec_ts 1-0048: [R] tID:0 mc:6 tc:0 lx:473 ly:2095 v:0000 cal:00 id(0,0) p:0 noise:0 lp:(0)
08-03 10:58:20.441  9977 10320 E SpannableStringBuilder: SPAN_EXCLUSIVE_EXCLUSIVE spans cannot have a zero length
08-03 10:58:20.441  9977 10320 E SpannableStringBuilder: SPAN_EXCLUSIVE_EXCLUSIVE spans cannot have a zero length
08-03 10:58:20.471  9977 10322 E SpannableStringBuilder: SPAN_EXCLUSIVE_EXCLUSIVE spans cannot have a zero length
08-03 10:58:20.471  9977 10054 E SpannableStringBuilder: SPAN_EXCLUSIVE_EXCLUSIVE spans cannot have a zero length
08-03 10:58:20.548  3571  3571 D Window selected text:: null
08-03 10:58:20.551  3571  3571 D Window selected text:: null
08-03 10:58:20.734     0     0 I sec_ts 1-0048: [P] tID:1 x:229 y:1851 z:41 major:10 minor:9 tc:1 type:0 noise:0
08-03 10:58:20.747     0     0 I aw8695_activate_store: value=1
08-03 10:58:20.757     0     0 I aw8695_vibrate: value=28, seq=1, index=1
08-03 10:58:20.799     0     0 I aw8695_activate_store: value=0
08-03 10:58:20.802     0     0 I sec_ts 1-0048: [R] tID:1 mc:0 tc:0 lx:229 ly:1851 v:0000 cal:00 id(0,0) p:0 noise:0 lp:(0)
08-03 10:58:20.818     0     0 I aw8695_vibrate: value=0, seq=1, index=1
08-03 10:58:20.940  3571  3571 D Window selected text:: null
08-03 10:58:20.943  3571  3571 D Window selected text:: null
08-03 10:58:20.992  3658  3692 I MediaProvider: Scanned external_primary due to REASON_DEMAND, found 1 items in 22ms, 0 inserts 0 updates 0 deletes
08-03 10:58:20.998  3658  3692 I MediaProvider: Open with lower FS for /storage/emulated/0/Torrents. Uid: 10058
08-03 10:58:21.057     0     0 I sec_ts 1-0048: [P] tID:0 x:897 y:1679 z:44 major:11 minor:9 tc:1 type:0 noise:0
08-03 10:58:21.071     0     0 I aw8695_activate_store: value=1
08-03 10:58:21.080     0     0 I aw8695_vibrate: value=28, seq=1, index=1
08-03 10:58:21.122     0     0 I aw8695_activate_store: value=0
08-03 10:58:21.130     0     0 I aw8695_vibrate: value=0, seq=1, index=1
08-03 10:58:21.148     0     0 I sec_ts 1-0048: [R] tID:0 mc:3 tc:0 lx:894 ly:1705 v:0000 cal:00 id(0,0) p:0 noise:0 lp:(0)
08-03 10:58:21.294  3571  3571 D Window selected text:: null
08-03 10:58:21.296  3571  3571 D Window selected text:: null
08-03 10:58:21.308     0     0 I sec_ts 1-0048: [P] tID:0 x:827 y:1982 z:43 major:11 minor:9 tc:1 type:0 noise:0
08-03 10:58:21.321     0     0 I aw8695_activate_store: value=1
08-03 10:58:21.332     0     0 I aw8695_vibrate: value=28, seq=1, index=1
08-03 10:58:21.372     0     0 I sec_ts 1-0048: [R] tID:0 mc:2 tc:0 lx:823 ly:1980 v:0000 cal:00 id(0,0) p:0 noise:0 lp:(0)
08-03 10:58:21.382     0     0 I aw8695_activate_store: value=0
08-03 10:58:21.394     0     0 I aw8695_vibrate: value=0, seq=1, index=1
08-03 10:58:21.449     0     0 I pm7250b_charger: default_irq_handler: IRQ: usbin-collapse
08-03 10:58:21.450     0     0 I pm7250b_charger: default_irq_handler: IRQ: aicl-done
08-03 10:58:21.455     0     0 I pm7250b_charger: default_irq_handler: IRQ: usbin-collapse
08-03 10:58:21.508  3571  3571 D Window selected text:: null
08-03 10:58:21.511  3571  3571 D Window selected text:: null
08-03 10:58:21.574  4919  4926 E ocessService0:0: failed to create Unix domain socket: Operation not permitted
08-03 10:58:21.733     0     0 I sec_ts 1-0048: [P] tID:1 x:266 y:1720 z:35 major:10 minor:8 tc:1 type:0 noise:0
08-03 10:58:21.745     0     0 I aw8695_activate_store: value=1
08-03 10:58:21.752     0     0 I aw8695_vibrate: value=28, seq=1, index=1
08-03 10:58:21.768     0     0 W sdcardfs: 171 user.relatime: invalid format
08-03 10:58:21.774     0     0 I sec_ts 1-0048: [R] tID:1 mc:0 tc:0 lx:266 ly:1720 v:0000 cal:00 id(0,0) p:0 noise:0 lp:(0)
08-03 10:58:21.795     0     0 I aw8695_activate_store: value=0
08-03 10:58:21.801     0     0 I aw8695_vibrate: value=0, seq=1, index=1
08-03 10:58:21.914  3571  3571 D Window selected text:: null
08-03 10:58:21.919  3571  3571 D Window selected text:: null
08-03 10:58:22.466     0     0 I pm7250b_charger: smblib_icl_change_work: icl_settled=650000
08-03 10:58:22.478     0     0 W healthd : battery l=81 v=4143 t=41.2 h=2 st=2 c=-39672 fc=4660000 cc=0 chg=a
08-03 10:58:22.492  2406  3322 D PowerUI : can't show warning due to - plugged: true status unknown: false
08-03 10:58:22.710     0     0 I sec_ts 1-0048: [P] tID:0 x:318 y:1494 z:51 major:11 minor:10 tc:1 type:0 noise:0
08-03 10:58:22.778     0     0 I sec_ts 1-0048: [R] tID:0 mc:2 tc:0 lx:320 ly:1492 v:0000 cal:00 id(0,0) p:0 noise:0 lp:(0)
08-03 10:58:22.794     0     0 I aw8695_activate_store: value=1
08-03 10:58:22.800     0     0 I aw8695_vibrate: value=28, seq=1, index=1
08-03 10:58:22.845     0     0 I aw8695_activate_store: value=0
08-03 10:58:22.851  9977 10320 E SpannableStringBuilder: SPAN_EXCLUSIVE_EXCLUSIVE spans cannot have a zero length
08-03 10:58:22.852  9977 10322 E SpannableStringBuilder: SPAN_EXCLUSIVE_EXCLUSIVE spans cannot have a zero length
08-03 10:58:22.853  9977 10320 E SpannableStringBuilder: SPAN_EXCLUSIVE_EXCLUSIVE spans cannot have a zero length
08-03 10:58:22.856  9977 10322 E SpannableStringBuilder: SPAN_EXCLUSIVE_EXCLUSIVE spans cannot have a zero length
08-03 10:58:22.851     0     0 I aw8695_vibrate: value=0, seq=1, index=1
08-03 10:58:22.928  3571  3571 D Window selected text:: null
08-03 10:58:22.932  3571  3571 D Window selected text:: null
08-03 10:58:23.341     0     0 I sec_ts 1-0048: [P] tID:0 x:492 y:1717 z:42 major:11 minor:9 tc:1 type:0 noise:0
08-03 10:58:23.354     0     0 I aw8695_activate_store: value=1
08-03 10:58:23.362     0     0 I aw8695_vibrate: value=28, seq=1, index=1
08-03 10:58:23.392     0     0 I sec_ts 1-0048: [R] tID:0 mc:0 tc:0 lx:492 ly:1717 v:0000 cal:00 id(0,0) p:0 noise:0 lp:(0)
08-03 10:58:23.405     0     0 I aw8695_activate_store: value=0
08-03 10:58:23.413     0     0 I aw8695_vibrate: value=0, seq=1, index=1
08-03 10:58:23.523  3571  3571 D Window selected text:: null
08-03 10:58:23.525  3571  3571 D Window selected text:: null
08-03 10:58:23.574  4919  4926 E ocessService0:0: failed to create Unix domain socket: Operation not permitted
08-03 10:58:23.734     0     0 I pm7250b_charger: wdog_snarl_irq_handler: IRQ: wdog-snarl
08-03 10:58:23.740     0     0 E         : batt power supply prop 4 not supported
08-03 10:58:23.753     0     0 W healthd : battery l=81 v=4137 t=41.2 h=2 st=2 c=-70190 fc=4660000 cc=0 chg=a
08-03 10:58:23.769  2406  3046 D PowerUI : can't show warning due to - plugged: true status unknown: false
08-03 10:58:23.771     0     0 I sec_ts 1-0048: [P] tID:0 x:913 y:1686 z:37 major:9 minor:8 tc:1 type:0 noise:0
08-03 10:58:23.783     0     0 I aw8695_activate_store: value=1
08-03 10:58:23.789     0     0 I aw8695_vibrate: value=28, seq=1, index=1
08-03 10:58:23.832     0     0 I aw8695_activate_store: value=0
08-03 10:58:23.839     0     0 I sec_ts 1-0048: [R] tID:0 mc:0 tc:0 lx:913 ly:1686 v:0000 cal:00 id(0,0) p:0 noise:0 lp:(0)
08-03 10:58:23.849     0     0 I aw8695_vibrate: value=0, seq=1, index=1
08-03 10:58:23.972  3571  3571 D Window selected text:: null
08-03 10:58:23.977  3571  3571 D Window selected text:: null
08-03 10:58:24.106     0     0 I sec_ts 1-0048: [P] tID:0 x:586 y:2096 z:50 major:11 minor:10 tc:1 type:0 noise:0
08-03 10:58:24.118     0     0 I aw8695_activate_store: value=1
08-03 10:58:24.125     0     0 I aw8695_vibrate: value=28, seq=1, index=1
08-03 10:58:24.169     0     0 I aw8695_activate_store: value=0
08-03 10:58:24.176     0     0 I aw8695_vibrate: value=0, seq=1, index=1
08-03 10:58:24.185     0     0 I sec_ts 1-0048: [R] tID:0 mc:7 tc:0 lx:579 ly:2086 v:0000 cal:00 id(0,0) p:0 noise:0 lp:(0)
08-03 10:58:24.204  1223  2158 I slpi-TCS3708: ALS lux 71.626045, bright 326, algo 1, pnl idx 2, 90 Hz, poll 10 ms, lux_s 1.000000, aT 1376, aG 2214, pwm 0, HBt:1
08-03 10:58:24.226  9977 10320 E SpannableStringBuilder: SPAN_EXCLUSIVE_EXCLUSIVE spans cannot have a zero length
08-03 10:58:24.226  9977 10320 E SpannableStringBuilder: SPAN_EXCLUSIVE_EXCLUSIVE spans cannot have a zero length
08-03 10:58:24.206     0     0 I pm7250b_charger: SMBMMI: mmi_chrg_usb_vin_config: DP DM pulse count = 2
08-03 10:58:24.214     0     0 I pm7250b_charger: SMBMMI: mmi_basic_charge_sm: batt_mv = 4141, batt_ma 108, batt_soc 81, batt_temp 41, usb_mv 4377, dc_mv 0, cp 1, vp 1 dp 0
08-03 10:58:24.228     0     0 I pm7250b_charger: SMBMMI: mmi_basic_charge_sm: Step State = NORMAL, Temp Zone 3, Health 1
08-03 10:58:24.238     0     0 I pm7250b_charger: SMBMMI: mmi_basic_charge_sm: IMPOSED: FV = 4450000, CDIS = 0, FCC = 2000000, USBICL = 3000000
08-03 10:58:24.257  9977 10054 E SpannableStringBuilder: SPAN_EXCLUSIVE_EXCLUSIVE spans cannot have a zero length
08-03 10:58:24.257  9977 10054 E SpannableStringBuilder: SPAN_EXCLUSIVE_EXCLUSIVE spans cannot have a zero length
08-03 10:58:24.258     0     0 W healthd : battery l=81 v=4075 t=41.2 h=2 st=2 c=-379638 fc=4660000 cc=0 chg=a
08-03 10:58:24.274  2406  3045 D PowerUI : can't show warning due to - plugged: true status unknown: false
08-03 10:58:24.354  3571  3571 D Window selected text:: null
08-03 10:58:24.357  3571  3571 D Window selected text:: null
08-03 10:58:24.446     0     0 I sec_ts 1-0048: [P] tID:0 x:334 y:1849 z:49 major:9 minor:8 tc:1 type:0 noise:0
08-03 10:58:24.459     0     0 I aw8695_activate_store: value=1
08-03 10:58:24.469     0     0 I aw8695_vibrate: value=28, seq=1, index=1
08-03 10:58:24.476     0     0 I sec_ts 1-0048: [R] tID:0 mc:0 tc:0 lx:334 ly:1849 v:0000 cal:00 id(0,0) p:0 noise:0 lp:(0)
08-03 10:58:24.525     0     0 I aw8695_activate_store: value=0
08-03 10:58:24.531     0     0 I aw8695_vibrate: value=0, seq=1, index=1
08-03 10:58:24.607  3571  3571 D Window selected text:: null
08-03 10:58:24.609  3571  3571 D Window selected text:: null
08-03 10:58:24.738     0     0 W sdcardfs: 171 user.relatime: invalid format
08-03 10:58:24.792     0     0 I sec_ts 1-0048: [P] tID:0 x:904 y:1704 z:39 major:10 minor:9 tc:1 type:0 noise:0
08-03 10:58:24.805     0     0 I aw8695_activate_store: value=1
08-03 10:58:24.810     0     0 I aw8695_vibrate: value=28, seq=1, index=1
08-03 10:58:24.839     0     0 I sec_ts 1-0048: [R] tID:0 mc:0 tc:0 lx:904 ly:1704 v:0000 cal:00 id(0,0) p:0 noise:0 lp:(0)
08-03 10:58:24.856     0     0 I aw8695_activate_store: value=0
08-03 10:58:24.865     0     0 I aw8695_vibrate: value=0, seq=1, index=1
08-03 10:58:24.974  3571  3571 D Window selected text:: null
08-03 10:58:24.977  3571  3571 D Window selected text:: null
08-03 10:58:25.328     0     0 I sec_ts 1-0048: [P] tID:0 x:594 y:2106 z:38 major:10 minor:8 tc:1 type:0 noise:0
08-03 10:58:25.342     0     0 I aw8695_activate_store: value=1
08-03 10:58:25.348     0     0 I aw8695_vibrate: value=28, seq=1, index=1
08-03 10:58:25.380     0     0 I sec_ts 1-0048: [R] tID:0 mc:0 tc:0 lx:594 ly:2106 v:0000 cal:00 id(0,0) p:0 noise:0 lp:(0)
08-03 10:58:25.392     0     0 I aw8695_activate_store: value=0
08-03 10:58:25.400     0     0 I aw8695_vibrate: value=0, seq=1, index=1
08-03 10:58:25.416  9977 10320 E SpannableStringBuilder: SPAN_EXCLUSIVE_EXCLUSIVE spans cannot have a zero length
08-03 10:58:25.416  9977 10320 E SpannableStringBuilder: SPAN_EXCLUSIVE_EXCLUSIVE spans cannot have a zero length
08-03 10:58:25.444  9977 10054 E SpannableStringBuilder: SPAN_EXCLUSIVE_EXCLUSIVE spans cannot have a zero length
08-03 10:58:25.444  9977 10054 E SpannableStringBuilder: SPAN_EXCLUSIVE_EXCLUSIVE spans cannot have a zero length
08-03 10:58:25.523  3571  3571 D Window selected text:: null
08-03 10:58:25.528  3571  3571 D Window selected text:: null
08-03 10:58:25.575  4919  4926 E ocessService0:0: failed to create Unix domain socket: Operation not permitted
08-03 10:58:25.970     0     0 I sec_ts 1-0048: [P] tID:1 x:161 y:1701 z:41 major:10 minor:9 tc:1 type:0 noise:0
08-03 10:58:25.982     0     0 I aw8695_activate_store: value=1
08-03 10:58:25.988     0     0 I aw8695_vibrate: value=28, seq=1, index=1
08-03 10:58:26.032     0     0 I aw8695_activate_store: value=0
08-03 10:58:26.037     0     0 I aw8695_vibrate: value=0, seq=1, index=1
08-03 10:58:26.038     0     0 I sec_ts 1-0048: [R] tID:1 mc:0 tc:0 lx:161 ly:1701 v:0000 cal:00 id(0,0) p:0 noise:0 lp:(0)
08-03 10:58:26.175  3571  3571 D Window selected text:: null
08-03 10:58:26.178  3571  3571 D Window selected text:: null
08-03 10:58:26.272     0     0 W sdcardfs: 171 user.relatime: invalid format
08-03 10:58:26.606     0     0 I sec_ts 1-0048: [P] tID:0 x:789 y:1701 z:43 major:10 minor:9 tc:1 type:0 noise:0
08-03 10:58:26.619     0     0 I aw8695_activate_store: value=1
08-03 10:58:26.625     0     0 I aw8695_vibrate: value=28, seq=1, index=1
08-03 10:58:26.670     0     0 I aw8695_activate_store: value=0
08-03 10:58:26.676     0     0 I aw8695_vibrate: value=0, seq=1, index=1
08-03 10:58:26.703     0     0 I sec_ts 1-0048: [R] tID:0 mc:5 tc:0 lx:752 ly:1699 v:0000 cal:00 id(0,0) p:0 noise:0 lp:(0)
08-03 10:58:26.831  3571  3571 D Window selected text:: null
08-03 10:58:26.834  3571  3571 D Window selected text:: null
08-03 10:58:26.907     0     0 I sec_ts 1-0048: [P] tID:0 x:463 y:1709 z:39 major:11 minor:9 tc:1 type:0 noise:0
08-03 10:58:26.920     0     0 I aw8695_activate_store: value=1
08-03 10:58:26.927     0     0 I aw8695_vibrate: value=28, seq=1, index=1
08-03 10:58:26.969     0     0 I aw8695_activate_store: value=0
08-03 10:58:26.971     0     0 I sec_ts 1-0048: [R] tID:0 mc:0 tc:0 lx:463 ly:1709 v:0000 cal:00 id(0,0) p:0 noise:0 lp:(0)
08-03 10:58:26.986     0     0 I aw8695_vibrate: value=0, seq=1, index=1
08-03 10:58:27.110  3571  3571 D Window selected text:: null
08-03 10:58:27.112  3571  3571 D Window selected text:: null
08-03 10:58:27.108     0     0 I sec_ts 1-0048: [P] tID:0 x:619 y:1867 z:42 major:9 minor:9 tc:1 type:0 noise:0
08-03 10:58:27.120     0     0 I aw8695_activate_store: value=1
08-03 10:58:27.126     0     0 I aw8695_vibrate: value=28, seq=1, index=1
08-03 10:58:27.170     0     0 I aw8695_activate_store: value=0
08-03 10:58:27.176     0     0 I aw8695_vibrate: value=0, seq=1, index=1
08-03 10:58:27.194     0     0 I sec_ts 1-0048: [R] tID:0 mc:3 tc:0 lx:620 ly:1870 v:0000 cal:00 id(0,0) p:0 noise:0 lp:(0)
08-03 10:58:27.329  3571  3571 D Window selected text:: null
08-03 10:58:27.332  3571  3571 D Window selected text:: null
08-03 10:58:27.575  4919  4926 E ocessService0:0: failed to create Unix domain socket: Operation not permitted
08-03 10:58:28.939     0     0 I sec_ts 1-0048: [P] tID:1 x:614 y:2100 z:38 major:11 minor:10 tc:1 type:0 noise:0
08-03 10:58:28.953     0     0 I aw8695_activate_store: value=1
08-03 10:58:28.959     0     0 I aw8695_vibrate: value=28, seq=1, index=1
08-03 10:58:29.002     0     0 I aw8695_activate_store: value=0
08-03 10:58:29.009     0     0 I aw8695_vibrate: value=0, seq=1, index=1
08-03 10:58:29.013     0     0 I sec_ts 1-0048: [R] tID:1 mc:0 tc:0 lx:614 ly:2100 v:0000 cal:00 id(0,0) p:0 noise:0 lp:(0)
08-03 10:58:29.044  9977 10320 E SpannableStringBuilder: SPAN_EXCLUSIVE_EXCLUSIVE spans cannot have a zero length
08-03 10:58:29.044  9977 10320 E SpannableStringBuilder: SPAN_EXCLUSIVE_EXCLUSIVE spans cannot have a zero length
08-03 10:58:29.071  9977 10051 E SpannableStringBuilder: SPAN_EXCLUSIVE_EXCLUSIVE spans cannot have a zero length
08-03 10:58:29.072  9977 10051 E SpannableStringBuilder: SPAN_EXCLUSIVE_EXCLUSIVE spans cannot have a zero length
08-03 10:58:29.148  3571  3571 D Window selected text:: null
08-03 10:58:29.152  3571  3571 D Window selected text:: null
08-03 10:58:29.323     0     0 I pm7250b_charger: SMBMMI: mmi_chrg_usb_vin_config: DP DM pulse count = 2
08-03 10:58:29.331     0     0 I pm7250b_charger: SMBMMI: mmi_basic_charge_sm: batt_mv = 4130, batt_ma 100, batt_soc 81, batt_temp 41, usb_mv 4388, dc_mv 0, cp 1, vp 1 dp 0
08-03 10:58:29.335     0     0 I sec_ts 1-0048: [P] tID:0 x:879 y:1992 z:37 major:9 minor:8 tc:1 type:0 noise:0
08-03 10:58:29.345     0     0 I pm7250b_charger: SMBMMI: mmi_basic_charge_sm: Step State = NORMAL, Temp Zone 3, Health 1
08-03 10:58:29.363     0     0 I pm7250b_charger: SMBMMI: mmi_basic_charge_sm: IMPOSED: FV = 4450000, CDIS = 0, FCC = 2000000, USBICL = 3000000
08-03 10:58:29.367     0     0 I aw8695_activate_store: value=1
08-03 10:58:29.382     0     0 W healthd : battery l=81 v=4128 t=41.2 h=2 st=2 c=-172119 fc=4660000 cc=0 chg=a
08-03 10:58:29.391     0     0 I aw8695_vibrate: value=28, seq=1, index=1
08-03 10:58:29.402  2406  3324 D PowerUI : can't show warning due to - plugged: true status unknown: false
08-03 10:58:29.421     0     0 I sec_ts 1-0048: [R] tID:0 mc:4 tc:0 lx:862 ly:1980 v:0000 cal:00 id(0,0) p:0 noise:0 lp:(0)
08-03 10:58:29.437     0     0 I aw8695_activate_store: value=0
08-03 10:58:29.445     0     0 I aw8695_vibrate: value=0, seq=1, index=1
08-03 10:58:29.557  3571  3571 D Window selected text:: null
08-03 10:58:29.559  3571  3571 D Window selected text:: null
