08-03 10:59:05.983  9977  9977 E SurfaceSyncer: Failed to find sync for id=19
08-03 10:59:05.983  9977  9977 E SurfaceSyncer: Failed to find sync for id=20
08-03 10:59:05.983  9977  9977 E SurfaceSyncer: Failed to find sync for id=21
08-03 10:59:05.983  9977  9977 E SurfaceSyncer: Failed to find sync for id=22
08-03 10:59:05.983  9977  9977 E SurfaceSyncer: Failed to find sync for id=23
08-03 10:59:05.983  9977  9977 E SurfaceSyncer: Failed to find sync for id=24
08-03 10:59:05.983  9977  9977 E SurfaceSyncer: Failed to find sync for id=25
08-03 10:59:05.983  9977  9977 E SurfaceSyncer: Failed to find sync for id=26
08-03 10:59:05.983  9977  9977 E SurfaceSyncer: Failed to find sync for id=27
08-03 10:59:05.983  9977  9977 E SurfaceSyncer: Failed to find sync for id=28
08-03 10:59:05.983  9977  9977 E SurfaceSyncer: Failed to find sync for id=29
08-03 10:59:05.983  9977  9977 E SurfaceSyncer: Failed to find sync for id=30
08-03 10:59:05.983  9977  9977 E SurfaceSyncer: Failed to find sync for id=31
08-03 10:59:05.983  9977  9977 E SurfaceSyncer: Failed to find sync for id=32
08-03 10:59:05.983  9977  9977 E SurfaceSyncer: Failed to find sync for id=33
08-03 10:59:05.983  9977  9977 E SurfaceSyncer: Failed to find sync for id=34
08-03 10:59:05.983  9977  9977 E SurfaceSyncer: Failed to find sync for id=35
08-03 10:59:05.983  9977  9977 E SurfaceSyncer: Failed to find sync for id=36
08-03 10:59:05.983  9977  9977 E SurfaceSyncer: Failed to find sync for id=37
08-03 10:59:05.983  9977  9977 E SurfaceSyncer: Failed to find sync for id=38
08-03 10:59:05.983  9977  9977 E SurfaceSyncer: Failed to find sync for id=39
08-03 10:59:05.983  9977  9977 E SurfaceSyncer: Failed to find sync for id=40
08-03 10:59:05.983  9977  9977 E SurfaceSyncer: Failed to find sync for id=41
08-03 10:59:05.983  9977  9977 E SurfaceSyncer: Failed to find sync for id=42
08-03 10:59:05.983  9977  9977 E SurfaceSyncer: Failed to find sync for id=43
08-03 10:59:05.983  9977  9977 E SurfaceSyncer: Failed to find sync for id=44
08-03 10:59:05.983  9977  9977 E SurfaceSyncer: Failed to find sync for id=45
08-03 10:59:05.983  9977  9977 E SurfaceSyncer: Failed to find sync for id=46
08-03 10:59:05.983  9977  9977 E SurfaceSyncer: Failed to find sync for id=47
08-03 10:59:05.983  9977  9977 E SurfaceSyncer: Failed to find sync for id=48
08-03 10:59:05.983  9977  9977 E SurfaceSyncer: Failed to find sync for id=49
08-03 10:59:05.983  9977  9977 E SurfaceSyncer: Failed to find sync for id=50
08-03 10:59:05.983  9977  9977 E SurfaceSyncer: Failed to find sync for id=51
08-03 10:59:06.003  9977 10053 I libglean_ffi: glean_core::upload: No more pings to upload! You are done.
08-03 10:59:06.005  9977 10043 I WM-WorkerWrapper: Worker result SUCCESS for Work [ id=9ad8304f-f94e-4cc2-b6a7-0e9f8489fb5d, tags={ mozilla.telemetry.glean.scheduler.PingUploadWorker, mozac_service_glean_ping_upload_worker } ]
08-03 10:59:06.006  1461  2824 D ConnectivityService: requestNetwork for uid/pid:10122/2406 asUid: 10205 activeRequest: null callbackRequest: 368 [NetworkRequest [ REQUEST id=369, [ Capabilities: INTERNET&NOT_RESTRICTED&TRUSTED&NOT_VCN_MANAGED Uid: 10205 RequestorUid: 10122 RequestorPkg: com.android.systemui UnderlyingNetworks: Null] ]] callback flags: 0 order: 2147483647
08-03 10:59:06.007  1461  2337 D ConnectivityService: NetReassign [369 : null → 100]
08-03 10:59:06.008  1461  2328 D WifiNetworkFactory: got request NetworkRequest [ REQUEST id=369, [ Capabilities: INTERNET&NOT_RESTRICTED&TRUSTED&NOT_VCN_MANAGED Uid: 10205 RequestorUid: 10122 RequestorPkg: com.android.systemui UnderlyingNetworks: Null] ]
08-03 10:59:06.009  1461  2328 D UntrustedWifiNetworkFactory: got request NetworkRequest [ REQUEST id=369, [ Capabilities: INTERNET&NOT_RESTRICTED&TRUSTED&NOT_VCN_MANAGED Uid: 10205 RequestorUid: 10122 RequestorPkg: com.android.systemui UnderlyingNetworks: Null] ]
08-03 10:59:06.009  2907  2907 D PhoneSwitcherNetworkRequstListener: got request NetworkRequest [ REQUEST id=369, [ Capabilities: INTERNET&NOT_RESTRICTED&TRUSTED&NOT_VCN_MANAGED Uid: 10205 RequestorUid: 10122 RequestorPkg: com.android.systemui UnderlyingNetworks: Null] ]
08-03 10:59:06.010  1461  2328 D OemPaidWifiNetworkFactory: got request NetworkRequest [ REQUEST id=369, [ Capabilities: INTERNET&NOT_RESTRICTED&TRUSTED&NOT_VCN_MANAGED Uid: 10205 RequestorUid: 10122 RequestorPkg: com.android.systemui UnderlyingNetworks: Null] ]
08-03 10:59:06.010  1461  2328 D MultiInternetWifiNetworkFactory: got request NetworkRequest [ REQUEST id=369, [ Capabilities: INTERNET&NOT_RESTRICTED&TRUSTED&NOT_VCN_MANAGED Uid: 10205 RequestorUid: 10122 RequestorPkg: com.android.systemui UnderlyingNetworks: Null] ]
08-03 10:59:06.018  1461  6946 W Parcel  : Expecting binder but got null!
08-03 10:59:06.022  9977  9977 I WebExtension: releasePendingMessages: extension=fxa@mozac.org nativeApp=mozacWebchannel session=org.mozilla.geckoview.GeckoSession@b282348
08-03 10:59:06.022  1461  6946 W Parcel  : Expecting binder but got null!
08-03 10:59:06.033  1461  2635 W JobScheduler: Job didn't exist in JobStore: d8b8f4c #u0a205/95829 io.github.forkmaintainers.iceraven/androidx.work.impl.background.systemjob.SystemJobService
08-03 10:59:06.079  4017  4017 E FullInputEventModel: onStartInput event aborted: al1: could not obtain extracted text (class al1)
08-03 10:59:06.165  3571  3571 D stopWindow: findFocus not editable
08-03 10:59:06.161     0     0 I sec_ts 1-0048: sec_ts_read_event: STATUS 1d 69 1 0 0 0 0 0
08-03 10:59:06.171  3571  3571 D stopWindow: findFocus not editable
08-03 10:59:06.265  3571  3571 D stopWindow: findFocus not editable
08-03 10:59:06.319  3658  3899 I FuseDaemon: Threshold exceeded - fadvising 67235840
08-03 10:59:06.319  3658  3899 I FuseDaemon: Threshold now 33153024
08-03 10:59:06.344  1223  2158 I slpi-TCS3708: ALS lux 95.919075, bright 326, algo 1, pnl idx 2, 90 Hz, poll 10 ms, lux_s 1.000000, aT 1376, aG 2214, pwm 0, HBt:0
08-03 10:59:06.519  1461  2635 D CoreBackPreview: Window{9eb91de u0 com.android.documentsui/com.android.documentsui.picker.PickActivity}: Setting back callback null
08-03 10:59:06.522  1461  2635 W InputManager-JNI: Input channel object '9eb91de com.android.documentsui/com.android.documentsui.picker.PickActivity (client)' was disposed without first being removed with the input manager!
08-03 10:59:06.545   902   945 W TransactionTracing: Could not find layer handle 0xb400007af2898a90
08-03 10:59:07.057  1461 10359 D ConnectivityService: requestNetwork for uid/pid:10205/9977 activeRequest: null callbackRequest: 370 [NetworkRequest [ REQUEST id=371, [ Capabilities: INTERNET&NOT_RESTRICTED&TRUSTED&NOT_VCN_MANAGED Uid: 10205 RequestorUid: 10205 RequestorPkg: io.github.forkmaintainers.iceraven UnderlyingNetworks: Null] ]] callback flags: 0 order: 2147483647
08-03 10:59:07.058  1461  2337 D ConnectivityService: NetReassign [371 : null → 100]
08-03 10:59:07.059  2907  2907 D PhoneSwitcherNetworkRequstListener: got request NetworkRequest [ REQUEST id=371, [ Capabilities: INTERNET&NOT_RESTRICTED&TRUSTED&NOT_VCN_MANAGED Uid: 10205 RequestorUid: 10205 RequestorPkg: io.github.forkmaintainers.iceraven UnderlyingNetworks: Null] ]
08-03 10:59:07.060  1461  2328 D WifiNetworkFactory: got request NetworkRequest [ REQUEST id=371, [ Capabilities: INTERNET&NOT_RESTRICTED&TRUSTED&NOT_VCN_MANAGED Uid: 10205 RequestorUid: 10205 RequestorPkg: io.github.forkmaintainers.iceraven UnderlyingNetworks: Null] ]
08-03 10:59:07.060  1461  2328 D UntrustedWifiNetworkFactory: got request NetworkRequest [ REQUEST id=371, [ Capabilities: INTERNET&NOT_RESTRICTED&TRUSTED&NOT_VCN_MANAGED Uid: 10205 RequestorUid: 10205 RequestorPkg: io.github.forkmaintainers.iceraven UnderlyingNetworks: Null] ]
08-03 10:59:07.060  1461  2328 D OemPaidWifiNetworkFactory: got request NetworkRequest [ REQUEST id=371, [ Capabilities: INTERNET&NOT_RESTRICTED&TRUSTED&NOT_VCN_MANAGED Uid: 10205 RequestorUid: 10205 RequestorPkg: io.github.forkmaintainers.iceraven UnderlyingNetworks: Null] ]
08-03 10:59:07.060  1461  2328 D MultiInternetWifiNetworkFactory: got request NetworkRequest [ REQUEST id=371, [ Capabilities: INTERNET&NOT_RESTRICTED&TRUSTED&NOT_VCN_MANAGED Uid: 10205 RequestorUid: 10205 RequestorPkg: io.github.forkmaintainers.iceraven UnderlyingNetworks: Null] ]
08-03 10:59:07.061  9977 10031 I sync_manager::manager: breadcrumb: SyncManager::sync started
08-03 10:59:07.082  9977 10031 I sync_manager::manager: breadcrumb: Checking engines requested (Some { engines: ["tabs"] }) vs local engines (["passwords", "tabs", "bookmarks", "addresses", "creditcards", "history"])
08-03 10:59:07.085  9977 10031 I sync_manager::manager: No backoff in effect (or we decided to ignore it), starting sync
08-03 10:59:07.085  9977 10031 I sync15::client::sync_multiple: Syncing 1 engines
08-03 10:59:07.085  9977 10031 I sync15::client::sync_multiple: Loading/initializing persisted state
08-03 10:59:07.085  9977 10031 I sync15::client::sync_multiple: Preparing client info
08-03 10:59:07.085  9977 10031 I sync15::client::sync_multiple: Entering sync state machine
08-03 10:59:07.085  9977 10031 I sync15::client::sync_multiple: Advancing state machine to ready (full)
08-03 10:59:07.585  4919  4926 E ocessService0:0: failed to create Unix domain socket: Operation not permitted
08-03 10:59:08.889     0     0 I qcom_rpmh DRV: apps_rsc TCS Busy, retrying RPMH message send: addr=0x50000
08-03 10:59:09.026     0     0 I qcom_rpmh DRV: apps_rsc TCS Busy, retrying RPMH message send: addr=0x50000
08-03 10:59:09.586  4919  4926 E ocessService0:0: failed to create Unix domain socket: Operation not permitted
08-03 10:59:09.765     0     0 I timerfd_poll: comm:hvdcp_opti pid:2227 exp:4631002
08-03 10:59:10.292     0     0 I pm7250b_charger: SMBMMI: mmi_chrg_usb_vin_config: DP DM pulse count = 2
08-03 10:59:10.300     0     0 I pm7250b_charger: SMBMMI: mmi_basic_charge_sm: batt_mv = 4099, batt_ma 346, batt_soc 81, batt_temp 41, usb_mv 4310, dc_mv 0, cp 1, vp 1 dp 0
08-03 10:59:10.314     0     0 I pm7250b_charger: SMBMMI: mmi_basic_charge_sm: Step State = NORMAL, Temp Zone 3, Health 1
08-03 10:59:10.324     0     0 I pm7250b_charger: SMBMMI: mmi_basic_charge_sm: IMPOSED: FV = 4450000, CDIS = 0, FCC = 2000000, USBICL = 3000000
08-03 10:59:10.344     0     0 W healthd : battery l=81 v=4104 t=41.3 h=2 st=2 c=-245361 fc=4660000 cc=0 chg=a
08-03 10:59:10.360  2406  2994 D PowerUI : can't show warning due to - plugged: true status unknown: false
08-03 10:59:11.168  3658  3692 I MediaProvider: Scanned external_primary due to REASON_DEMAND, found 1 items in 13ms, 0 inserts 0 updates 0 deletes
08-03 10:59:11.170  3658  3687 I MediaProvider: Open with lower FS for /storage/emulated/0/Torrents. Uid: 10058
08-03 10:59:11.586  4919  4926 E ocessService0:0: failed to create Unix domain socket: Operation not permitted
08-03 10:59:11.914  9977 10031 I sync15::client::storage_client: Successful request to "/1.5/187484362/info/collections", incoming x-last-modified=ServerTimestamp(1691073856450)
08-03 10:59:11.914  9977 10031 I sync15::client::sync_multiple: Synchronizing clients engine
08-03 10:59:11.914  9977 10031 I sync15::clients_engine::engine: Syncing collection clients
08-03 10:59:12.029     0     0 I qcom_rpmh DRV: apps_rsc TCS Busy, retrying RPMH message send: addr=0x30000
08-03 10:59:12.766     0     0 I pm7250b_charger: default_irq_handler: IRQ: aicl-done
08-03 10:59:12.767     0     0 I pm7250b_charger: default_irq_handler: IRQ: usbin-collapse
08-03 10:59:12.841     0     0 I pm7250b_charger: wdog_snarl_irq_handler: IRQ: wdog-snarl
08-03 10:59:12.847     0     0 E         : batt power supply prop 4 not supported
08-03 10:59:12.862     0     0 W healthd : battery l=81 v=4134 t=41.4 h=2 st=2 c=-144348 fc=4660000 cc=0 chg=a
08-03 10:59:12.880  2406  2989 D PowerUI : can't show warning due to - plugged: true status unknown: false
08-03 10:59:13.023  9977 10031 I sync15::client::storage_client: Successful request to "/1.5/187484362/storage/clients", incoming x-last-modified=ServerTimestamp(1691071521170)
08-03 10:59:13.023  9977 10031 I sync15::clients_engine::engine: Upload success (0 records success, 0 records failed)
08-03 10:59:13.023  9977 10031 I sync15::clients_engine::engine: Finished syncing clients
08-03 10:59:13.023  9977 10031 I sync15::client::sync_multiple: Synchronizing engines
08-03 10:59:13.024  9977 10031 I sync15::client::sync_multiple: Syncing tabs engine!
08-03 10:59:13.024  9977 10031 I sync15::client::sync: Syncing collection tabs
08-03 10:59:13.029  9977 10031 I sync15::client::sync: skipping incoming for tabs - not needed.
08-03 10:59:13.030  9977 10031 I sync15::client::sync: Applying changes
08-03 10:59:13.033  9977 10031 I sync15::client::sync: Uploading 1 outgoing changes
08-03 10:59:13.034  9977 10031 I sync15::client::request: Posting 1 records of 24678 bytes
08-03 10:59:13.587  4919  4926 E ocessService0:0: failed to create Unix domain socket: Operation not permitted
08-03 10:59:13.773     0     0 I pm7250b_charger: smblib_icl_change_work: icl_settled=550000
08-03 10:59:13.794     0     0 W healthd : battery l=81 v=4128 t=41.4 h=2 st=2 c=-86975 fc=4660000 cc=0 chg=a
08-03 10:59:13.813  2406  2995 D PowerUI : can't show warning due to - plugged: true status unknown: false
08-03 10:59:15.068  9977 10031 I sync15::client::storage_client: Successful request to "/1.5/187484362/storage/tabs", incoming x-last-modified=ServerTimestamp(1691074754980)
08-03 10:59:15.068  9977 10031 I sync15::client::sync: Upload success (1 records success, 0 records failed)
08-03 10:59:15.068  9977 10031 I tabs::sync::engine: sync uploaded 1 records
08-03 10:59:15.073  9977 10031 I sync15::client::sync: Sync finished!
08-03 10:59:15.073  9977 10031 I sync15::client::sync_multiple: Sync of tabs was successful!
08-03 10:59:15.073  9977 10031 I sync15::client::sync_multiple: Finished syncing engines.
08-03 10:59:15.073  9977 10031 I sync_manager::manager: Sync finished with status Ok
08-03 10:59:15.074  9977 10031 I sync_manager::manager: engine "tabs" status: Ok(())
08-03 10:59:15.074  9977 10031 I sync_manager::manager: breadcrumb: SyncManager sync ended
08-03 10:59:15.075  9977 10031 I SyncWorker: Successfully synced tabs
08-03 10:59:15.079  9977 10001 I libglean_ffi: glean_core::metrics::ping: Glean disabled: not submitting any pings.
08-03 10:59:15.079  9977 10001 I libglean_ffi: glean_core::metrics::ping: Glean disabled: not submitting any pings.
08-03 10:59:15.081  9977 10046 I WM-WorkerWrapper: Worker result SUCCESS for Work [ id=0bd4f6ba-b84c-41e4-a546-9b645fa3b1f0, tags={ mozilla.components.service.fxa.sync.WorkManagerSyncWorker, Debounce, Common } ]
08-03 10:59:15.404     0     0 I pm7250b_charger: SMBMMI: mmi_chrg_usb_vin_config: DP DM pulse count = 2
08-03 10:59:15.412     0     0 I pm7250b_charger: SMBMMI: mmi_basic_charge_sm: batt_mv = 4133, batt_ma 124, batt_soc 81, batt_temp 41, usb_mv 4422, dc_mv 0, cp 1, vp 1 dp 0
08-03 10:59:15.426     0     0 I pm7250b_charger: SMBMMI: mmi_basic_charge_sm: Step State = NORMAL, Temp Zone 3, Health 1
08-03 10:59:15.436     0     0 I pm7250b_charger: SMBMMI: mmi_basic_charge_sm: IMPOSED: FV = 4450000, CDIS = 0, FCC = 2000000, USBICL = 3000000
08-03 10:59:15.454     0     0 W healthd : battery l=81 v=4133 t=41.4 h=2 st=2 c=-124511 fc=4660000 cc=0 chg=a
08-03 10:59:15.473  2406  3186 D PowerUI : can't show warning due to - plugged: true status unknown: false
08-03 10:59:15.588  4919  4926 E ocessService0:0: failed to create Unix domain socket: Operation not permitted
08-03 10:59:15.928     0     0 W sdcardfs: 171 user.relatime: invalid format
08-03 10:59:16.761     0     0 W sdcardfs: 171 user.relatime: invalid format
08-03 10:59:17.086     0     0 I qcom_rpmh DRV: apps_rsc TCS Busy, retrying RPMH message send: addr=0x50000
08-03 10:59:17.589  4919  4926 E ocessService0:0: failed to create Unix domain socket: Operation not permitted
08-03 10:59:18.715     0     0 I qcom_rpmh DRV: apps_rsc TCS Busy, retrying RPMH message send: addr=0x50000
08-03 10:59:19.406     0     0 I qcom_rpmh DRV: apps_rsc TCS Busy, retrying RPMH message send: addr=0x50000
08-03 10:59:19.590  4919  4926 E ocessService0:0: failed to create Unix domain socket: Operation not permitted
08-03 10:59:20.417     0     0 I qcom_rpmh DRV: apps_rsc TCS Busy, retrying RPMH message send: addr=0x30000
08-03 10:59:20.527     0     0 I pm7250b_charger: SMBMMI: mmi_chrg_usb_vin_config: DP DM pulse count = 2
08-03 10:59:20.535     0     0 I pm7250b_charger: SMBMMI: mmi_basic_charge_sm: batt_mv = 4144, batt_ma 65, batt_soc 81, batt_temp 41, usb_mv 4589, dc_mv 0, cp 1, vp 1 dp 0
08-03 10:59:20.549     0     0 I pm7250b_charger: SMBMMI: mmi_basic_charge_sm: Step State = NORMAL, Temp Zone 3, Health 1
08-03 10:59:20.559     0     0 I pm7250b_charger: SMBMMI: mmi_basic_charge_sm: IMPOSED: FV = 4450000, CDIS = 0, FCC = 2000000, USBICL = 3000000
08-03 10:59:20.580     0     0 W healthd : battery l=81 v=4144 t=41.4 h=2 st=2 c=-65612 fc=4660000 cc=0 chg=a
08-03 10:59:20.610  2406  3322 D PowerUI : can't show warning due to - plugged: true status unknown: false
08-03 10:59:20.911     0     0 I qcom_rpmh DRV: apps_rsc TCS Busy, retrying RPMH message send: addr=0x50000
08-03 10:59:21.026     0     0 I pm7250b_charger: wdog_snarl_irq_handler: IRQ: wdog-snarl
08-03 10:59:21.033     0     0 E         : batt power supply prop 4 not supported
08-03 10:59:21.048     0     0 W healthd : battery l=81 v=4128 t=41.4 h=2 st=2 c=-113830 fc=4660000 cc=0 chg=a
08-03 10:59:21.068  2406  3046 D PowerUI : can't show warning due to - plugged: true status unknown: false
08-03 10:59:21.231  3658  3692 I MediaProvider: Scanned external_primary due to REASON_DEMAND, found 1 items in 12ms, 0 inserts 0 updates 0 deletes
08-03 10:59:21.233  3658  3687 I MediaProvider: Open with lower FS for /storage/emulated/0/Torrents. Uid: 10058
08-03 10:59:21.411     0     0 I qcom_rpmh DRV: apps_rsc TCS Busy, retrying RPMH message send: addr=0x50000
08-03 10:59:21.591  4919  4926 E ocessService0:0: failed to create Unix domain socket: Operation not permitted
08-03 10:59:22.179     0     0 I qcom_rpmh DRV: apps_rsc TCS Busy, retrying RPMH message send: addr=0x50000
08-03 10:59:22.914     0     0 I qcom_rpmh DRV: apps_rsc TCS Busy, retrying RPMH message send: addr=0x50000
08-03 10:59:23.593  4919  4926 E ocessService0:0: failed to create Unix domain socket: Operation not permitted
08-03 10:59:23.919     0     0 I qcom_rpmh DRV: apps_rsc TCS Busy, retrying RPMH message send: addr=0x50000
08-03 10:59:23.989     0     0 I qcom_rpmh DRV: apps_rsc TCS Busy, retrying RPMH message send: addr=0x50000
08-03 10:59:24.439  1461  1504 W System  : A resource failed to call HardwareBuffer.close. 
08-03 10:59:24.440  1461  1504 W System  : A resource failed to call HardwareBuffer.close. 
08-03 10:59:24.441  1461  1504 W System  : A resource failed to call HardwareBuffer.close. 
08-03 10:59:24.452  1461  1504 W System  : A resource failed to call HardwareBuffer.close. 
08-03 10:59:24.452  1461  1504 W System  : A resource failed to call HardwareBuffer.close. 
08-03 10:59:24.920     0     0 I qcom_rpmh DRV: apps_rsc TCS Busy, retrying RPMH message send: addr=0x50000
08-03 10:59:25.594  4919  4926 E ocessService0:0: failed to create Unix domain socket: Operation not permitted
08-03 10:59:25.633     0     0 I pm7250b_charger: default_irq_handler: IRQ: aicl-done
08-03 10:59:25.633     0     0 I pm7250b_charger: default_irq_handler: IRQ: usbin-collapse
08-03 10:59:25.654     0     0 I pm7250b_charger: SMBMMI: mmi_chrg_usb_vin_config: DP DM pulse count = 2
08-03 10:59:25.662     0     0 I pm7250b_charger: SMBMMI: mmi_basic_charge_sm: batt_mv = 4139, batt_ma 68, batt_soc 81, batt_temp 41, usb_mv 4381, dc_mv 0, cp 1, vp 1 dp 0
08-03 10:59:25.676     0     0 I pm7250b_charger: SMBMMI: mmi_basic_charge_sm: Step State = NORMAL, Temp Zone 3, Health 1
08-03 10:59:25.686     0     0 I pm7250b_charger: SMBMMI: mmi_basic_charge_sm: IMPOSED: FV = 4450000, CDIS = 0, FCC = 2000000, USBICL = 3000000
08-03 10:59:25.721     0     0 W healthd : battery l=81 v=4158 t=41.4 h=2 st=2 c=15563 fc=4660000 cc=0 chg=a
08-03 10:59:25.740  2406  3045 D PowerUI : can't show warning due to - plugged: true status unknown: false
08-03 10:59:25.755  1223  2158 D slpi-MOT_VSYNC: panel freq est last 89.451828 cur 89.420082
08-03 10:59:25.865     0     0 W sdcardfs: 171 user.relatime: invalid format
08-03 10:59:25.943     0     0 I qcom_rpmh DRV: apps_rsc TCS Busy, retrying RPMH message send: addr=0x50000
08-03 10:59:26.213     0     0 I qcom_rpmh DRV: apps_rsc TCS Busy, retrying RPMH message send: addr=0x50000
08-03 10:59:26.655     0     0 I pm7250b_charger: smblib_icl_change_work: icl_settled=700000
08-03 10:59:26.670     0     0 W healthd : battery l=81 v=4159 t=41.4 h=2 st=2 c=14038 fc=4660000 cc=0 chg=a
08-03 10:59:26.689  2406  3324 D PowerUI : can't show warning due to - plugged: true status unknown: false
08-03 10:59:26.867  3658  3899 I FuseDaemon: Threshold exceeded - fadvising 67203072
08-03 10:59:26.867  3658  3899 I FuseDaemon: Threshold now 33046528
08-03 10:59:27.155     0     0 W sdcardfs: 171 user.relatime: invalid format
08-03 10:59:27.227     0     0 I qcom_rpmh DRV: apps_rsc TCS Busy, retrying RPMH message send: addr=0x50000
08-03 10:59:27.596  4919  4926 E ocessService0:0: failed to create Unix domain socket: Operation not permitted
08-03 10:59:28.098     0     0 I qcom_rpmh DRV: apps_rsc TCS Busy, retrying RPMH message send: addr=0x50000
08-03 10:59:28.184     0     0 I qcom_rpmh DRV: apps_rsc TCS Busy, retrying RPMH message send: addr=0x50000
08-03 10:59:29.109     0     0 I qcom_rpmh DRV: apps_rsc TCS Busy, retrying RPMH message send: addr=0x50000
08-03 10:59:29.211     0     0 I pm7250b_charger: wdog_snarl_irq_handler: IRQ: wdog-snarl
08-03 10:59:29.217     0     0 E         : batt power supply prop 4 not supported
08-03 10:59:29.232     0     0 W healthd : battery l=81 v=4162 t=41.4 h=2 st=2 c=83007 fc=4660000 cc=0 chg=a
08-03 10:59:29.248  2406  2994 D PowerUI : can't show warning due to - plugged: true status unknown: false
08-03 10:59:29.428     0     0 I sec_ts 1-0048: [P] tID:1 x:887 y:1325 z:49 major:12 minor:12 tc:1 type:0 noise:0
08-03 10:59:29.447  9977 10002 D GeckoIdleService: next timeout 5000 msec from now
08-03 10:59:29.447  9977 10002 D GeckoIdleService: SetTimerExpiryIfBefore: next timeout 5000 msec from now
08-03 10:59:29.447  9977 10002 D GeckoIdleService: reset timer expiry to 5010 msec from now
08-03 10:59:29.447  9977 10002 D GeckoIdleService: Reset idle timeout: tell observer 0x77a2af2d48 user is back
08-03 10:59:29.597  4919  4926 E ocessService0:0: failed to create Unix domain socket: Operation not permitted
08-03 10:59:29.754  1223  2158 I slpi-TCS3708: ALS lux 130.328156, bright 326, algo 1, pnl idx 2, 90 Hz, poll 10 ms, lux_s 1.000000, aT 1376, aG 554, pwm 0, HBt:2
08-03 10:59:30.152     0     0 I sec_ts 1-0048: [R] tID:1 mc:112 tc:0 lx:619 ly:2067 v:0000 cal:00 id(0,0) p:0 noise:0 lp:(0)
08-03 10:59:30.411     0     0 I sec_ts 1-0048: [P] tID:2 x:891 y:1417 z:60 major:13 minor:12 tc:1 type:0 noise:0
08-03 10:59:30.629  3571  3571 D stopWindow: findFocus not editable
08-03 10:59:30.738  3571  3571 D stopWindow: findFocus not editable
08-03 10:59:30.734     0     0 I sec_ts 1-0048: sec_ts_read_event: STATUS 1d 69 0 0 0 0 0 0
08-03 10:59:30.762     0     0 I pm7250b_charger: SMBMMI: mmi_chrg_usb_vin_config: DP DM pulse count = 2
08-03 10:59:30.774     0     0 I pm7250b_charger: SMBMMI: mmi_basic_charge_sm: batt_mv = 4089, batt_ma 328, batt_soc 81, batt_temp 41, usb_mv 4396, dc_mv 0, cp 1, vp 1 dp 0
08-03 10:59:30.788     0     0 I pm7250b_charger: SMBMMI: mmi_basic_charge_sm: Step State = NORMAL, Temp Zone 3, Health 1
08-03 10:59:30.798     0     0 I pm7250b_charger: SMBMMI: mmi_basic_charge_sm: IMPOSED: FV = 4450000, CDIS = 0, FCC = 2000000, USBICL = 3000000
08-03 10:59:30.820     0     0 W healthd : battery l=81 v=4062 t=41.4 h=2 st=2 c=-482178 fc=4660000 cc=0 chg=a
08-03 10:59:30.836  2406  2989 D PowerUI : can't show warning due to - plugged: true status unknown: false
08-03 10:59:30.839  3571  3571 D Window selected text:: null
08-03 10:59:30.841  3571  3571 D stopWindow: findFocus not editable
08-03 10:59:30.938  3571  3571 D stopWindow: findFocus not editable
08-03 10:59:31.146  3571  3571 D stopWindow: findFocus not editable
08-03 10:59:31.186     0     0 I sec_ts 1-0048: [R] tID:2 mc:129 tc:0 lx:816 ly:1567 v:0000 cal:00 id(0,0) p:0 noise:0 lp:(0)
08-03 10:59:31.247  3571  3571 D stopWindow: findFocus not editable
08-03 10:59:31.291  3658  3692 I MediaProvider: Scanned external_primary due to REASON_DEMAND, found 1 items in 9ms, 0 inserts 0 updates 0 deletes
08-03 10:59:31.294  3658  3687 I MediaProvider: Open with lower FS for /storage/emulated/0/Torrents. Uid: 10058
08-03 10:59:31.562     0     0 I sec_ts 1-0048: sec_ts_read_event: STATUS 1d 69 1 0 0 0 0 0
08-03 10:59:31.597  4919  4926 E ocessService0:0: failed to create Unix domain socket: Operation not permitted
08-03 10:59:31.871     0     0 W sdcardfs: 171 user.relatime: invalid format
08-03 10:59:31.960     0     0 I qcom_rpmh DRV: apps_rsc TCS Busy, retrying RPMH message send: addr=0x30000
08-03 10:59:32.713     0     0 W sdcardfs: 171 user.relatime: invalid format
08-03 10:59:32.788     0     0 I qcom_rpmh DRV: apps_rsc TCS Busy, retrying RPMH message send: addr=0x50000
08-03 10:59:33.441     0     0 I qcom_rpmh DRV: apps_rsc TCS Busy, retrying RPMH message send: addr=0x50000
08-03 10:59:33.598  4919  4926 E ocessService0:0: failed to create Unix domain socket: Operation not permitted
08-03 10:59:34.113  3571  3571 D Window selected text:: null
08-03 10:59:34.122  3571  3571 D stopWindow: findFocus not editable
08-03 10:59:34.378     0     0 W sdcardfs: 171 user.relatime: invalid format
08-03 10:59:34.458  9977 10002 D GeckoIdleService: Get idle time: time since reset 3259 msec
08-03 10:59:34.458  9977 10002 D GeckoIdleService: Idle timer callback: current idle time 3259 msec
08-03 10:59:34.458  9977 10002 D GeckoIdleService: next timeout 1740 msec from now
08-03 10:59:34.458  9977 10002 D GeckoIdleService: SetTimerExpiryIfBefore: next timeout 1740 msec from now
08-03 10:59:34.458  9977 10002 D GeckoIdleService: reset timer expiry to 1750 msec from now
08-03 10:59:34.738     0     0 I qcom_rpmh DRV: apps_rsc TCS Busy, retrying RPMH message send: addr=0x50000
08-03 10:59:34.934     0     0 I qcom_rpmh DRV: apps_rsc TCS Busy, retrying RPMH message send: addr=0x50000
08-03 10:59:35.454  9977 10055 I SessionStorage/AutoSave: Save: Periodic
08-03 10:59:35.599  4919  4926 E ocessService0:0: failed to create Unix domain socket: Operation not permitted
08-03 10:59:35.635  9977  9991 W System  : A resource failed to call release. 
08-03 10:59:35.745     0     0 W sdcardfs: 171 user.relatime: invalid format
08-03 10:59:35.882     0     0 I pm7250b_charger: SMBMMI: mmi_chrg_usb_vin_config: DP DM pulse count = 2
08-03 10:59:35.892     0     0 I pm7250b_charger: SMBMMI: mmi_basic_charge_sm: batt_mv = 4073, batt_ma 428, batt_soc 81, batt_temp 41, usb_mv 4396, dc_mv 0, cp 1, vp 1 dp 0
08-03 10:59:35.906     0     0 I pm7250b_charger: SMBMMI: mmi_basic_charge_sm: Step State = NORMAL, Temp Zone 3, Health 1
08-03 10:59:35.916     0     0 I pm7250b_charger: SMBMMI: mmi_basic_charge_sm: IMPOSED: FV = 4450000, CDIS = 0, FCC = 2000000, USBICL = 3000000
08-03 10:59:35.933     0     0 W healthd : battery l=81 v=4062 t=41.4 h=2 st=2 c=-487976 fc=4660000 cc=0 chg=a
08-03 10:59:36.208  9977 10002 D GeckoIdleService: Get idle time: time since reset 5009 msec
08-03 10:59:36.208  9977 10002 D GeckoIdleService: Idle timer callback: current idle time 5009 msec
08-03 10:59:36.208  9977 10002 D GeckoIdleService: next timeout 4294967289990 msec from now
08-03 10:59:36.208  9977 10002 D GeckoIdleService: SetTimerExpiryIfBefore: next timeout 4294967289990 msec from now
08-03 10:59:36.208  9977 10002 D GeckoIdleService: reset timer expiry to 4294967290000 msec from now
08-03 10:59:36.208  9977 10002 D GeckoIdleService: Idle timer callback: tell observer 0x77a2af2d48 user is idle
08-03 10:59:36.429     0     0 I qcom_rpmh DRV: apps_rsc TCS Busy, retrying RPMH message send: addr=0x50000
08-03 10:59:36.777     0     0 I sec_ts 1-0048: sec_ts_read_event: STATUS 1d 69 0 0 0 0 0 0
08-03 10:59:37.395     0     0 I pm7250b_charger: wdog_snarl_irq_handler: IRQ: wdog-snarl
08-03 10:59:37.402     0     0 E         : batt power supply prop 4 not supported
08-03 10:59:37.426     0     0 W healthd : battery l=81 v=4076 t=41.4 h=2 st=2 c=-397033 fc=4660000 cc=0 chg=a
08-03 10:59:37.441  2406  2995 D PowerUI : can't show warning due to - plugged: true status unknown: false
08-03 10:59:37.599  4919  4926 E ocessService0:0: failed to create Unix domain socket: Operation not permitted
08-03 10:59:37.878     0     0 W sdcardfs: 171 user.relatime: invalid format
08-03 10:59:37.942     0     0 I qcom_rpmh DRV: apps_rsc TCS Busy, retrying RPMH message send: addr=0x50000
08-03 10:59:38.217     0     0 I qcom_rpmh DRV: apps_rsc TCS Busy, retrying RPMH message send: addr=0x50000
08-03 10:59:38.466     0     0 I qcom_rpmh DRV: apps_rsc TCS Busy, retrying RPMH message send: addr=0x50000
08-03 10:59:38.723     0     0 I pm7250b_charger: default_irq_handler: IRQ: aicl-done
08-03 10:59:38.724     0     0 I pm7250b_charger: default_irq_handler: IRQ: input-current-limiting
08-03 10:59:38.737     0     0 I pm7250b_charger: default_irq_handler: IRQ: input-current-limiting
08-03 10:59:39.601  4919  4926 E ocessService0:0: failed to create Unix domain socket: Operation not permitted
08-03 10:59:39.719     0     0 I pm7250b_charger: smblib_icl_change_work: icl_settled=650000
08-03 10:59:39.731     0     0 W healthd : battery l=81 v=4138 t=41.4 h=2 st=2 c=-50354 fc=4660000 cc=0 chg=a
08-03 10:59:39.742     0     0 I sec_ts 1-0048: sec_ts_read_event: STATUS 1d 69 1 0 0 0 0 0
08-03 10:59:39.757  2406  3186 D PowerUI : can't show warning due to - plugged: true status unknown: false
08-03 10:59:39.772     0     0 I timerfd_poll: comm:hvdcp_opti pid:2227 exp:4661012
08-03 10:59:39.783     0     0 I timerfd_poll: comm:health@2.1-serv pid:1237 exp:4661023
08-03 10:59:39.792     0     0 W healthd : battery l=81 v=4138 t=41.4 h=2 st=2 c=-50354 fc=4660000 cc=0 chg=a
08-03 10:59:39.893     0     0 W sdcardfs: 171 user.relatime: invalid format
08-03 10:59:39.980     0     0 I qcom_rpmh DRV: apps_rsc TCS Busy, retrying RPMH message send: addr=0x50000
08-03 10:59:40.434     0     0 I qcom_rpmh DRV: apps_rsc TCS Busy, retrying RPMH message send: addr=0x50000
08-03 10:59:40.937     0     0 I qcom_rpmh DRV: apps_rsc TCS Busy, retrying RPMH message send: addr=0x50000
08-03 10:59:41.009     0     0 I pm7250b_charger: SMBMMI: mmi_chrg_usb_vin_config: DP DM pulse count = 2
08-03 10:59:41.017     0     0 I pm7250b_charger: SMBMMI: mmi_basic_charge_sm: batt_mv = 4125, batt_ma 138, batt_soc 81, batt_temp 41, usb_mv 4488, dc_mv 0, cp 1, vp 1 dp 0
08-03 10:59:41.031     0     0 I pm7250b_charger: SMBMMI: mmi_basic_charge_sm: Step State = NORMAL, Temp Zone 3, Health 1
08-03 10:59:41.040     0     0 I pm7250b_charger: SMBMMI: mmi_basic_charge_sm: IMPOSED: FV = 4450000, CDIS = 0, FCC = 2000000, USBICL = 3000000
08-03 10:59:41.058     0     0 W healthd : battery l=81 v=4125 t=41.3 h=2 st=2 c=-147094 fc=4660000 cc=0 chg=a
08-03 10:59:41.078  2406  3322 D PowerUI : can't show warning due to - plugged: true status unknown: false
08-03 10:59:41.234     0     0 I qcom_rpmh DRV: apps_rsc TCS Busy, retrying RPMH message send: addr=0x50000
08-03 10:59:41.381  3658  3692 I MediaProvider: Scanned external_primary due to REASON_DEMAND, found 1 items in 24ms, 0 inserts 0 updates 0 deletes
08-03 10:59:41.387  3658  3692 I MediaProvider: Open with lower FS for /storage/emulated/0/Torrents. Uid: 10058
08-03 10:59:41.602  4919  4926 E ocessService0:0: failed to create Unix domain socket: Operation not permitted
08-03 10:59:41.793     0     0 I sec_ts 1-0048: sec_ts_read_event: STATUS 1d 69 0 0 0 0 0 0
08-03 10:59:41.865     0     0 I sec_ts 1-0048: [P] tID:0 x:886 y:894 z:45 major:11 minor:10 tc:1 type:0 noise:0
08-03 10:59:41.880  9977 10002 D GeckoIdleService: next timeout 5000 msec from now
08-03 10:59:41.880  9977 10002 D GeckoIdleService: SetTimerExpiryIfBefore: next timeout 5000 msec from now
08-03 10:59:41.880  9977 10002 D GeckoIdleService: reset timer expiry to 5010 msec from now
08-03 10:59:41.880  9977 10002 D GeckoIdleService: Reset idle timeout: tell observer 0x77a2af2d48 user is back
08-03 10:59:41.925     0     0 I sec_ts 1-0048: [R] tID:0 mc:0 tc:0 lx:886 ly:894 v:0000 cal:00 id(0,0) p:0 noise:0 lp:(0)
08-03 10:59:41.974  9977  9977 D InputMethodManager: showSoftInput() view=mozilla.components.browser.engine.gecko.GeckoEngineView$geckoView$1{f34b64e VFE...... .F...... 0,0-1080,1974 aid=1073741832} flags=0 reason=SHOW_SOFT_INPUT
08-03 10:59:41.977  1461  2824 I ActivityManager: Killing 11282:com.android.imsserviceentitlement/u0a88 (adj 945): empty for 1815s
08-03 10:59:41.978  1461  2824 I ActivityManager: Killing 11237:com.android.carrierdefaultapp/u0a77 (adj 955): empty for 1815s
08-03 10:59:41.992  4017  4017 E FullInputEventModel: onStartInputView event aborted: al1: Could not create reset composing text event (class al1)
08-03 10:59:41.992  9977  9977 D InputMethodManager: showSoftInput() view=mozilla.components.browser.engine.gecko.GeckoEngineView$geckoView$1{f34b64e VFE...... .F...... 0,0-1080,1974 aid=1073741832} flags=0 reason=SHOW_SOFT_INPUT
08-03 10:59:41.995  1461  1601 I libprocessgroup: Successfully killed process cgroup uid 10088 pid 11282 in 17ms
08-03 10:59:41.996  9977  9977 D InputMethodManager: showSoftInput() view=mozilla.components.browser.engine.gecko.GeckoEngineView$geckoView$1{f34b64e VFE...... .F...... 0,0-1080,1974 aid=1073741832} flags=0 reason=SHOW_SOFT_INPUT
08-03 10:59:41.998  1096  1096 I Zygote  : Process 11237 exited due to signal 9 (Killed)
08-03 10:59:42.000  1461  2635 I ActivityManager: Killing 9753:com.nll.cb/u0a153 (adj 999): empty for 1815s
08-03 10:59:42.001  4017  4017 E FullInputEventModel: selectionUpdated event aborted: al1: Could not create selection changed event (class al1)
08-03 10:59:42.004  1461  2824 D CoreBackPreview: Window{956fa6c u0 io.github.forkmaintainers.iceraven/io.github.forkmaintainers.iceraven.App}: Setting back callback OnBackInvokedCallbackInfo{mCallback=android.window.IOnBackInvokedCallback$Stub$Proxy@ef85a32, mPriority=0}
08-03 10:59:42.006  4017  4017 E FullInputEventModel: selectionUpdated event aborted: al1: Could not create selection changed event (class al1)
08-03 10:59:42.016  1096  1096 I Zygote  : Process 11282 exited due to signal 9 (Killed)
08-03 10:59:42.017  1461  1601 I libprocessgroup: Successfully killed process cgroup uid 10077 pid 11237 in 0ms
08-03 10:59:42.020  4017  4017 E ThemeUtils: View class r26 is an AppCompat widget that can only be used with a Theme.AppCompat theme (or descendant).
08-03 10:59:42.049  1461  2824 D ConnectivityService: ConnectivityService NetworkRequestInfo binderDied(uid/pid:10153/9753, [NetworkRequest [ REQUEST id=219, [ Capabilities: INTERNET&NOT_RESTRICTED&TRUSTED&NOT_VCN_MANAGED Uid: 10153 RequestorUid: 10153 RequestorPkg: com.nll.cb UnderlyingNetworks: Null] ]], android.os.BinderProxy@fe5d383)
08-03 10:59:42.049  1461  2337 D ConnectivityService: releasing NetworkRequest [ REQUEST id=219, [ Capabilities: INTERNET&NOT_RESTRICTED&TRUSTED&NOT_VCN_MANAGED Uid: 10153 RequestorUid: 10153 RequestorPkg: com.nll.cb UnderlyingNetworks: Null] ] (release request)
08-03 10:59:42.058  1096  1096 I Zygote  : Process 9753 exited due to signal 9 (Killed)
08-03 10:59:42.048     0     0 I binder  : undelivered transaction 2414536, process died.
08-03 10:59:42.058     0     0 I binder  : undelivered transaction 2415893, process died.
08-03 10:59:42.065     0     0 I binder  : undelivered transaction 2416662, process died.
08-03 10:59:42.064  1461  1601 I libprocessgroup: Successfully killed process cgroup uid 10153 pid 9753 in 46ms
08-03 10:59:42.064  4017  4105 E OpenGLRenderer: Unable to match the desired swap behavior.
08-03 10:59:42.064  9783  9783 D CR_CR_RemoteService (baff9de): onUnbind()
08-03 10:59:42.066  9783  9783 D CR_CR_RemoteService (baff9de): onDestroy()
08-03 10:59:42.071     0     0 I binder  : undelivered transaction 2417218, process died.
08-03 10:59:42.078     0     0 I binder  : undelivered transaction 2420558, process died.
08-03 10:59:42.085  9977  9977 D InsetsController: show(ime(), fromIme=true)
08-03 10:59:42.084     0     0 I binder  : undelivered transaction 1729012, process died.
08-03 10:59:42.091     0     0 I binder  : undelivered transaction 2083878, process died.
08-03 10:59:42.097   902   945 W TransactionTracing: Could not find layer handle 0xb400007af28ac530
08-03 10:59:42.098     0     0 I binder  : undelivered transaction 2086329, process died.
08-03 10:59:42.106  1461  1557 W ActivityManager: setHasOverlayUi called on unknown pid: 9753
08-03 10:59:42.106  9783  9798 D CR_CR_RemoteServiceImpl (5d51e8c): registerClientProcessDeath() -> Client died
08-03 10:59:42.106  9783  9798 D CR_CR_RemoteServiceImpl (5d51e8c): onUnbind() -> Calling internalStopRecordingAndCleanup() just to make sure stop recording when client dies
08-03 10:59:42.106  9783  9798 D CR_CR_RemoteServiceImpl (5d51e8c): internalStopRecordingAndCleanup()
08-03 10:59:42.107  9783  9798 D CR_CR_RecorderBridge: stopRecording()
08-03 10:59:42.107  9783  9798 D CR_CR_RemoteServiceImpl (5d51e8c): onUnbind() -> Calling stopRecording() asking client to conenct again
08-03 10:59:42.107  9783  9798 D CR_CR_ClientContentProviderHelper: askToClientToConnect()
08-03 10:59:42.110  1461  9739 D CompatibilityChangeReporter: Compat change id reported: 135634846; UID 10153; state: DISABLED
08-03 10:59:42.110  1461  9739 D CompatibilityChangeReporter: Compat change id reported: 177438394; UID 10153; state: DISABLED
08-03 10:59:42.110  1461  9739 D CompatibilityChangeReporter: Compat change id reported: 135772972; UID 10153; state: DISABLED
08-03 10:59:42.110  1461  9739 D CompatibilityChangeReporter: Compat change id reported: 135754954; UID 10153; state: ENABLED
08-03 10:59:42.111  1461  1565 D CompatibilityChangeReporter: Compat change id reported: 143937733; UID 10153; state: ENABLED
08-03 10:59:42.119  1461  9739 D ConnectivityService: ConnectivityService NetworkRequestInfo binderDied(uid/pid:10153/9753, [NetworkRequest [ REQUEST id=223, [ Capabilities: INTERNET&NOT_RESTRICTED&TRUSTED&NOT_VCN_MANAGED Uid: 10153 RequestorUid: 10153 RequestorPkg: com.nll.cb UnderlyingNetworks: Null] ]], android.os.BinderProxy@14dd52c)
08-03 10:59:42.119  1461  2337 D ConnectivityService: releasing NetworkRequest [ REQUEST id=223, [ Capabilities: INTERNET&NOT_RESTRICTED&TRUSTED&NOT_VCN_MANAGED Uid: 10153 RequestorUid: 10153 RequestorPkg: com.nll.cb UnderlyingNetworks: Null] ] (release request)
08-03 10:59:42.105     0     0 I binder  : undelivered transaction 2414537, process died.
08-03 10:59:42.112     0     0 I binder  : undelivered transaction 2415894, process died.
08-03 10:59:42.128  3571  3571 D Window selected text:: null
08-03 10:59:42.132  1096  1096 D Zygote  : Forked child process 12995
08-03 10:59:42.133  1461  1565 I ActivityManager: Start proc 12995:com.nll.cb/u0a153 for content provider {com.nll.cb/com.nll.helper.client.ClientContentProvider}
08-03 10:59:42.147  3571  8933 W Parcel  : Expecting binder but got null!
08-03 10:59:42.153  1461  2832 D CoreBackPreview: Window{591818 u0 com.catchingnow.undo}: Setting back callback OnBackInvokedCallbackInfo{mCallback=android.window.IOnBackInvokedCallback$Stub$Proxy@156856, mPriority=0}
08-03 10:59:42.164  3571  8933 E OpenGLRenderer: Unable to match the desired swap behavior.
08-03 10:59:42.168 12276 12281 I adbd    : jdwp connection from 12995
08-03 10:59:42.186 12995 12995 D CompatibilityChangeReporter: Compat change id reported: 171979766; UID 10153; state: ENABLED
08-03 10:59:42.193 12995 12995 W ziparchive: Unable to open '/system/framework/org.apache.http.legacy.dm': No such file or directory
08-03 10:59:42.193 12995 12995 W ziparchive: Unable to open '/system/framework/org.apache.http.legacy.dm': No such file or directory
08-03 10:59:42.274 12995 12995 V GraphicsEnvironment: ANGLE Developer option for 'com.nll.cb' set to: 'default'
08-03 10:59:42.275 12995 12995 V GraphicsEnvironment: ANGLE GameManagerService for com.nll.cb: false
08-03 10:59:42.275 12995 12995 V GraphicsEnvironment: Updatable production driver is not supported on the device.
08-03 10:59:42.280 12995 12995 D NetworkSecurityConfig: Using Network Security Config from resource network_security_trust_use_ca debugBuild: false
08-03 10:59:42.281 12995 12995 D NetworkSecurityConfig: Using Network Security Config from resource network_security_trust_use_ca debugBuild: false
08-03 10:59:42.297 12995 12995 D CompatibilityChangeReporter: Compat change id reported: 183155436; UID 10153; state: ENABLED
08-03 10:59:42.318 12995 13013 I n       : ACRA is enabled for com.nll.cb, initializing...
08-03 10:59:42.319  1461  2824 D CompatibilityChangeReporter: Compat change id reported: 161145287; UID 10153; state: DISABLED
08-03 10:59:42.333 12995 13024 E FirebaseMessaging: Google Play services missing or without correct permission.
08-03 10:59:42.345  9783  9797 D CR_CR_ServerContentProvider: call() -> method: server_version_data
08-03 10:59:42.345  9783  9797 D CR_CR_ServerContentProvider: call() -> Returning ServerVersionData
08-03 10:59:42.346 12995 13018 D CompatibilityChangeReporter: Compat change id reported: 160794467; UID 10153; state: ENABLED
08-03 10:59:42.360  9783  9783 D CR_CR_RemoteService (75f63f0): onCreate()
08-03 10:59:42.361  9783  9783 D CR_CR_RemoteService (75f63f0): onBind()
08-03 10:59:42.384  1461  1461 W NotificationHistory: Attempted to add notif for locked/gone/disabled user 0
08-03 10:59:42.381     0     0 W sdcardfs: 171 user.relatime: invalid format
08-03 10:59:42.403 12995 13032 D CompatibilityChangeReporter: Compat change id reported: 194532703; UID 10153; state: ENABLED
08-03 10:59:42.404  1461  2824 D CompatibilityChangeReporter: Compat change id reported: 194532703; UID 10153; state: ENABLED
08-03 10:59:42.414  1461  2824 D ConnectivityService: requestNetwork for uid/pid:10153/12995 activeRequest: null callbackRequest: 372 [NetworkRequest [ REQUEST id=373, [ Capabilities: INTERNET&NOT_RESTRICTED&TRUSTED&NOT_VCN_MANAGED Uid: 10153 RequestorUid: 10153 RequestorPkg: com.nll.cb UnderlyingNetworks: Null] ]] callback flags: 0 order: 2147483647
08-03 10:59:42.414  1461  2337 D ConnectivityService: NetReassign [373 : null → 100]
08-03 10:59:42.415  2406  2471 D LocalImageResolver: Couldn't use ImageDecoder for drawable, falling back to non-resized load.
08-03 10:59:42.416  1461  2328 D WifiNetworkFactory: got request NetworkRequest [ REQUEST id=373, [ Capabilities: INTERNET&NOT_RESTRICTED&TRUSTED&NOT_VCN_MANAGED Uid: 10153 RequestorUid: 10153 RequestorPkg: com.nll.cb UnderlyingNetworks: Null] ]
08-03 10:59:42.416  2907  2907 D PhoneSwitcherNetworkRequstListener: got request NetworkRequest [ REQUEST id=373, [ Capabilities: INTERNET&NOT_RESTRICTED&TRUSTED&NOT_VCN_MANAGED Uid: 10153 RequestorUid: 10153 RequestorPkg: com.nll.cb UnderlyingNetworks: Null] ]
08-03 10:59:42.416  1461  2328 D UntrustedWifiNetworkFactory: got request NetworkRequest [ REQUEST id=373, [ Capabilities: INTERNET&NOT_RESTRICTED&TRUSTED&NOT_VCN_MANAGED Uid: 10153 RequestorUid: 10153 RequestorPkg: com.nll.cb UnderlyingNetworks: Null] ]
08-03 10:59:42.417  1461  2328 D OemPaidWifiNetworkFactory: got request NetworkRequest [ REQUEST id=373, [ Capabilities: INTERNET&NOT_RESTRICTED&TRUSTED&NOT_VCN_MANAGED Uid: 10153 RequestorUid: 10153 RequestorPkg: com.nll.cb UnderlyingNetworks: Null] ]
08-03 10:59:42.417  1461  2328 D MultiInternetWifiNetworkFactory: got request NetworkRequest [ REQUEST id=373, [ Capabilities: INTERNET&NOT_RESTRICTED&TRUSTED&NOT_VCN_MANAGED Uid: 10153 RequestorUid: 10153 RequestorPkg: com.nll.cb UnderlyingNetworks: Null] ]
08-03 10:59:42.422  2406  2471 D LocalImageResolver: Couldn't use ImageDecoder for drawable, falling back to non-resized load.
08-03 10:59:42.477     0     0 I mmc0    : card is legacy
08-03 10:59:42.537  1461  2824 D ActivityManager: sync unfroze 3165 android.process.acore
08-03 10:59:42.537  9783 13030 D CR_CR_RemoteServiceImpl (9fa73ee): registerClientProcessDeath()
08-03 10:59:42.539  1461  2832 D CompatibilityChangeReporter: Compat change id reported: 183407956; UID 10153; state: ENABLED
08-03 10:59:42.546 12995 13044 W GooglePlayServicesUtil: com.nll.cb requires the Google Play Store, but it is missing.
08-03 10:59:42.577  2907  2925 W m.android.phone: Reducing the number of considered missed Gc histogram windows from 174 to 100
08-03 10:59:42.634  1223  2158 I slpi-TCS3708: ALS lux 173.523361, bright 326, algo 1, pnl idx 2, 90 Hz, poll 10 ms, lux_s 1.000000, aT 1376, aG 554, pwm 0, HBt:0
08-03 10:59:42.711     0     0 I sec_ts 1-0048: [P] tID:0 x:882 y:746 z:51 major:11 minor:10 tc:1 type:0 noise:0
08-03 10:59:42.786     0     0 I sec_ts 1-0048: [R] tID:0 mc:0 tc:0 lx:882 ly:746 v:0000 cal:00 id(0,0) p:0 noise:0 lp:(0)
08-03 10:59:42.816  9977  9977 D InputMethodManager: showSoftInput() view=mozilla.components.browser.engine.gecko.GeckoEngineView$geckoView$1{f34b64e VFE...... .F...... 0,0-1080,1095 aid=1073741832} flags=0 reason=SHOW_SOFT_INPUT
08-03 10:59:42.819  9977  9977 D InsetsController: show(ime(), fromIme=true)
08-03 10:59:42.922  3571  3571 D Window selected text:: null
08-03 10:59:43.324  1461  9166 D ConnectivityService: requestNetwork for uid/pid:10153/12995 activeRequest: null callbackRequest: 374 [NetworkRequest [ REQUEST id=375, [ Capabilities: INTERNET&NOT_RESTRICTED&TRUSTED&NOT_VCN_MANAGED Uid: 10153 RequestorUid: 10153 RequestorPkg: com.nll.cb UnderlyingNetworks: Null] ]] callback flags: 0 order: 2147483647
08-03 10:59:43.325  1461  2337 D ConnectivityService: NetReassign [375 : null → 100]
08-03 10:59:43.327  1461  2328 D WifiNetworkFactory: got request NetworkRequest [ REQUEST id=375, [ Capabilities: INTERNET&NOT_RESTRICTED&TRUSTED&NOT_VCN_MANAGED Uid: 10153 RequestorUid: 10153 RequestorPkg: com.nll.cb UnderlyingNetworks: Null] ]
08-03 10:59:43.328  2907  2907 D PhoneSwitcherNetworkRequstListener: got request NetworkRequest [ REQUEST id=375, [ Capabilities: INTERNET&NOT_RESTRICTED&TRUSTED&NOT_VCN_MANAGED Uid: 10153 RequestorUid: 10153 RequestorPkg: com.nll.cb UnderlyingNetworks: Null] ]
08-03 10:59:43.328  1461  2328 D UntrustedWifiNetworkFactory: got request NetworkRequest [ REQUEST id=375, [ Capabilities: INTERNET&NOT_RESTRICTED&TRUSTED&NOT_VCN_MANAGED Uid: 10153 RequestorUid: 10153 RequestorPkg: com.nll.cb UnderlyingNetworks: Null] ]
08-03 10:59:43.328  1461  2328 D OemPaidWifiNetworkFactory: got request NetworkRequest [ REQUEST id=375, [ Capabilities: INTERNET&NOT_RESTRICTED&TRUSTED&NOT_VCN_MANAGED Uid: 10153 RequestorUid: 10153 RequestorPkg: com.nll.cb UnderlyingNetworks: Null] ]
08-03 10:59:43.328  1461  2328 D MultiInternetWifiNetworkFactory: got request NetworkRequest [ REQUEST id=375, [ Capabilities: INTERNET&NOT_RESTRICTED&TRUSTED&NOT_VCN_MANAGED Uid: 10153 RequestorUid: 10153 RequestorPkg: com.nll.cb UnderlyingNetworks: Null] ]
08-03 10:59:43.603  4919  4926 E ocessService0:0: failed to create Unix domain socket: Operation not permitted
08-03 10:59:43.879  3658  3899 I FuseDaemon: Threshold exceeded - fadvising 67190784
08-03 10:59:43.879  3658  3899 I FuseDaemon: Threshold now 30044160
08-03 10:59:44.427     0     0 I timerfd_poll: comm:hvdcp_opti pid:2223 exp:4665666
08-03 10:59:45.382     0     0 W sdcardfs: 171 user.relatime: invalid format
08-03 10:59:45.386     0     0 I sec_ts 1-0048: [P] tID:0 x:1007 y:1965 z:31 major:11 minor:6 tc:1 type:0 noise:0
08-03 10:59:45.401     0     0 I aw8695_activate_store: value=1
08-03 10:59:45.408     0     0 I aw8695_vibrate: value=28, seq=1, index=1
08-03 10:59:45.452     0     0 I aw8695_activate_store: value=0
08-03 10:59:45.458     0     0 I aw8695_vibrate: value=0, seq=1, index=1
08-03 10:59:45.489     0     0 I sec_ts 1-0048: [R] tID:0 mc:8 tc:0 lx:1004 ly:1970 v:0000 cal:00 id(0,0) p:0 noise:0 lp:(0)
08-03 10:59:45.543  9977 10035 W Parcel  : Expecting binder but got null!
08-03 10:59:45.545  1461  2824 D CoreBackPreview: Window{2db3349 u0 PopupWindow:358dd3b}: Setting back callback OnBackInvokedCallbackInfo{mCallback=android.window.IOnBackInvokedCallback$Stub$Proxy@2d0096f, mPriority=0}
08-03 10:59:45.553  9977 10035 E OpenGLRenderer: Unable to match the desired swap behavior.
08-03 10:59:45.565  1461  2832 D CoreBackPreview: Window{2db3349 u0 PopupWindow:358dd3b}: Setting back callback null
08-03 10:59:45.566  1461  2824 W InputManager-JNI: Input channel object '2db3349 PopupWindow:358dd3b (client)' was disposed without first being removed with the input manager!
08-03 10:59:45.569  9977 10035 W Parcel  : Expecting binder but got null!
08-03 10:59:45.572  1461  2824 D CoreBackPreview: Window{fb30e68 u0 PopupWindow:358dd3b}: Setting back callback OnBackInvokedCallbackInfo{mCallback=android.window.IOnBackInvokedCallback$Stub$Proxy@8c78f26, mPriority=0}
08-03 10:59:45.580  9977 10035 E OpenGLRenderer: Unable to match the desired swap behavior.
08-03 10:59:45.580     0     0 I pm7250b_charger: wdog_snarl_irq_handler: IRQ: wdog-snarl
08-03 10:59:45.587     0     0 E         : batt power supply prop 4 not supported
08-03 10:59:45.603  4919  4926 E ocessService0:0: failed to create Unix domain socket: Operation not permitted
08-03 10:59:45.602     0     0 W healthd : battery l=81 v=4056 t=41.3 h=2 st=2 c=-480347 fc=4660000 cc=0 chg=a
08-03 10:59:45.616  2406  3046 D PowerUI : can't show warning due to - plugged: true status unknown: false
08-03 10:59:45.620  3571  3571 D Window selected text:: null
08-03 10:59:45.622  3571  3571 D Window selected text:: null
