08-03 10:58:53.915  9977 10006 I SessionPrioritizationMiddleware: Update the tab 5df9cc3e-3be2-4b7f-814c-79408632c024 priority to HIGH
08-03 10:58:53.916  9977 10006 I SessionPrioritizationMiddleware: Tab 5df9cc3e-3be2-4b7f-814c-79408632c024 will return to DEFAULT priority after 180000 ms
08-03 10:58:53.919 12824 12824 D WM-WrkMgrInitializer: Initializing WorkManager with default configuration.
08-03 10:58:53.923 12824 12851 E FirebaseMessaging: Google Play services missing or without correct permission.
08-03 10:58:53.939 12824 12852 D CompatibilityChangeReporter: Compat change id reported: 160794467; UID 10159; state: ENABLED
08-03 10:58:53.948  3571  3571 D stopWindow: findFocus not editable
08-03 10:58:53.955 12749 12749 D ProvidersAccess: Matched roots: [Root{userId=0, authority=null, rootId=null, title=Recent, isUsb=false, isSd=false, isMtp=false} @ content:/root/null, Root{userId=0, authority=com.android.externalstorage.documents, rootId=primary, title=Motorola Edge, isUsb=false, isSd=false, isMtp=false} @ content://com.android.externalstorage.documents/root/primary, Root{userId=0, authority=com.android.externalstorage.documents, rootId=7AC0-9AFD, title=SD card, isUsb=false, isSd=true, isMtp=false} @ content://com.android.externalstorage.documents/root/7AC0-9AFD, Root{userId=0, authority=com.android.providers.downloads.documents, rootId=downloads, title=Downloads, isUsb=false, isSd=false, isMtp=false} @ content://com.android.providers.downloads.documents/root/downloads, Root{userId=0, authority=com.android.providers.media.documents, rootId=images_root, title=Images, isUsb=false, isSd=false, isMtp=false} @ content://com.android.providers.media.documents/root/images_root, Root{userId=0, authority=com.android.providers.media.documents, rootId=videos_root, title=Videos, isUsb=false, isSd=false, isMtp=false} @ content://com.android.providers.media.documents/root/videos_root, Root{userId=0, authority=com.android.providers.media.documents, rootId=audio_root, title=Audio, isUsb=false, isSd=false, isMtp=false} @ content://com.android.providers.media.documents/root/audio_root, Root{userId=0, authority=com.android.providers.media.documents, rootId=documents_root, title=Documents, isUsb=false, isSd=false, isMtp=false} @ content://com.android.providers.media.documents/root/documents_root, Root{userId=0, authority=com.android.shell.documents, rootId=bugreport, title=Bug reports, isUsb=false, isSd=false, isMtp=false} @ content://com.android.shell.documents/root/bugreport]
08-03 10:58:53.961  1461 10359 D CompatibilityChangeReporter: Compat change id reported: 149924527; UID 10058; state: ENABLED
08-03 10:58:53.961  1461 10359 D CompatibilityChangeReporter: Compat change id reported: 132649864; UID 10058; state: DISABLED
08-03 10:58:53.965 12749 12749 D DocumentStack: Resetting the whole darn stack to: DocumentStack{root=Root{userId=0, authority=com.android.externalstorage.documents, rootId=7AC0-9AFD, title=SD card, isUsb=false, isSd=true, isMtp=false} @ content://com.android.externalstorage.documents/root/7AC0-9AFD, docStack=[DocumentInfo{docId=7AC0-9AFD:, userId=0, name=7AC0-9AFD, mimeType=vnd.android.document/directory, isContainer=true, isDirectory=true, isArchive=false, isInArchive=false, isPartial=false, isVirtual=false, isDeleteSupported=true, isCreateSupported=true, isMoveSupported=true, isRenameSupported=true, isMetadataSupported=true, isBlockedFromTree=true} @ content://com.android.externalstorage.documents/document/7AC0-9AFD%3A], stackTouched=true}
08-03 10:58:53.965 12749 12749 E oid.documentsui: No package ID ff found for ID 0xffffffff.
08-03 10:58:53.967 12749 12749 D DirectoryFragment: Showing directory: content://com.android.externalstorage.documents/document/7AC0-9AFD%3A
08-03 10:58:53.967 12749 12749 D DirectoryFragment: Creating new fragment for directory: content://com.android.externalstorage.documents/document/7AC0-9AFD%3A
08-03 10:58:53.979 12749 12749 W SelectionTracker: Setting gestureTooltypes is likely to result in unexpected behavior.
08-03 10:58:53.980 12749 12749 D AbstractActionHandler: Creating new directory loader for: content://com.android.externalstorage.documents/document/7AC0-9AFD%3A
08-03 10:58:53.984 12749 12749 E oid.documentsui: No package ID ff found for ID 0xffffffff.
08-03 10:58:53.985 12749 12779 D ProvidersAccess: Matched roots: [Root{userId=0, authority=null, rootId=null, title=Recent, isUsb=false, isSd=false, isMtp=false} @ content:/root/null, Root{userId=0, authority=com.android.externalstorage.documents, rootId=primary, title=Motorola Edge, isUsb=false, isSd=false, isMtp=false} @ content://com.android.externalstorage.documents/root/primary, Root{userId=0, authority=com.android.externalstorage.documents, rootId=7AC0-9AFD, title=SD card, isUsb=false, isSd=true, isMtp=false} @ content://com.android.externalstorage.documents/root/7AC0-9AFD, Root{userId=0, authority=com.android.providers.downloads.documents, rootId=downloads, title=Downloads, isUsb=false, isSd=false, isMtp=false} @ content://com.android.providers.downloads.documents/root/downloads, Root{userId=0, authority=com.android.providers.media.documents, rootId=images_root, title=Images, isUsb=false, isSd=false, isMtp=false} @ content://com.android.providers.media.documents/root/images_root, Root{userId=0, authority=com.android.providers.media.documents, rootId=videos_root, title=Videos, isUsb=false, isSd=false, isMtp=false} @ content://com.android.providers.media.documents/root/videos_root, Root{userId=0, authority=com.android.providers.media.documents, rootId=audio_root, title=Audio, isUsb=false, isSd=false, isMtp=false} @ content://com.android.providers.media.documents/root/audio_root, Root{userId=0, authority=com.android.providers.media.documents, rootId=documents_root, title=Documents, isUsb=false, isSd=false, isMtp=false} @ content://com.android.providers.media.documents/root/documents_root, Root{userId=0, authority=com.android.shell.documents, rootId=bugreport, title=Bug reports, isUsb=false, isSd=false, isMtp=false} @ content://com.android.shell.documents/root/bugreport]
08-03 10:58:53.988 12749 12749 D CompatibilityChangeReporter: Compat change id reported: 237531167; UID 10055; state: DISABLED
08-03 10:58:53.991 12749 12780 W Parcel  : Expecting binder but got null!
08-03 10:58:53.995  1461  2635 D CoreBackPreview: Window{9eb91de u0 com.android.documentsui/com.android.documentsui.picker.PickActivity}: Setting back callback OnBackInvokedCallbackInfo{mCallback=android.window.IOnBackInvokedCallback$Stub$Proxy@5b6768c, mPriority=0}
08-03 10:58:53.996 12749 12749 D DocumentsApplication: OverlayManager.setEnabled() result: false
08-03 10:58:53.996 12749 12749 V RefreshTask: Provider does not support refresh and did not refresh
08-03 10:58:53.999 12802 12815 D 3c.explorer: provider.queryRoots
08-03 10:58:54.001 12802 12815 D 3c.explorer: provider.queryRoots - listed 0
08-03 10:58:54.002 12749 12877 I ProvidersCache: Provider returned no roots. Possibly naughty: ccc71.explorer.shares
08-03 10:58:54.003 12824 12824 I [Koin]  : [init] declare Android Context
08-03 10:58:54.005 12824 12824 I [Koin]  : loaded 34 definitions - 0.303125 ms
08-03 10:58:54.005 12824 12824 I [Koin]  : create eager instances ...
08-03 10:58:54.053 12749 12749 E oid.documentsui: No package ID ff found for ID 0xffffffff.
08-03 10:58:54.065 12824 12824 I [Koin]  : Override Mapping 'com.truist.experienceapi.dashboard.datasource.accountsupport.AccountSupportDataSourceNetworkImpl::_root_' with [Singleton:'com.truist.experienceapi.dashboard.datasource.accountsupport.AccountSupportDataSourceNetworkImpl']
08-03 10:58:54.065   902   942 W ServiceManager: Permission failure: android.permission.ACCESS_SURFACE_FLINGER from uid=10055 pid=0
08-03 10:58:54.065   902   942 D PermissionCache: checking android.permission.ACCESS_SURFACE_FLINGER for uid=10055 => denied (245 us)
08-03 10:58:54.065   902   942 W ServiceManager: Permission failure: android.permission.ROTATE_SURFACE_FLINGER from uid=10055 pid=0
08-03 10:58:54.065   902   942 D PermissionCache: checking android.permission.ROTATE_SURFACE_FLINGER for uid=10055 => denied (111 us)
08-03 10:58:54.066   902   942 W ServiceManager: Permission failure: android.permission.INTERNAL_SYSTEM_WINDOW from uid=10055 pid=0
08-03 10:58:54.066   902   942 D PermissionCache: checking android.permission.INTERNAL_SYSTEM_WINDOW for uid=10055 => denied (138 us)
08-03 10:58:54.067 12749 12780 I AdrenoGLES-0: QUALCOMM build                   : 191610ae03, Ic907de5ed0
08-03 10:58:54.067 12749 12780 I AdrenoGLES-0: Build Date                       : 09/17/20
08-03 10:58:54.067 12749 12780 I AdrenoGLES-0: OpenGL ES Shader Compiler Version: EV031.32.02.01
08-03 10:58:54.067 12749 12780 I AdrenoGLES-0: Local Branch                     : 
08-03 10:58:54.067 12749 12780 I AdrenoGLES-0: Remote Branch                    : refs/tags/AU_LINUX_ANDROID_LA.UM.9.12.10.00.00.582.274
08-03 10:58:54.067 12749 12780 I AdrenoGLES-0: Remote Branch                    : NONE
08-03 10:58:54.067 12749 12780 I AdrenoGLES-0: Reconstruct Branch               : NOTHING
08-03 10:58:54.067 12749 12780 I AdrenoGLES-0: Build Config                     : S P 10.0.5 AArch64
08-03 10:58:54.067 12749 12780 I AdrenoGLES-0: Driver Path                      : /vendor/lib64/egl/libGLESv2_adreno.so
08-03 10:58:54.075 12749 12780 I AdrenoGLES-0: PFP: 0x016dd091, ME: 0x00000000
08-03 10:58:54.079     0     0 I mmc0    : card is legacy
08-03 10:58:54.095   904   904 I SDM     : HWCDisplay::GetColorModeCount: Supported color mode count = 3
08-03 10:58:54.095   904   904 I SDM     : HWCDisplay::GetColorModes: Color mode = 0 is supported
08-03 10:58:54.095   904   904 I SDM     : HWCDisplay::GetColorModes: Color mode = 7 is supported
08-03 10:58:54.095   904   904 I SDM     : HWCDisplay::GetColorModes: Color mode = 9 is supported
08-03 10:58:54.096 12749 12780 E OpenGLRenderer: Unable to match the desired swap behavior.
08-03 10:58:54.098 12824 12862 D TrafficStats: tagSocket(85) with statsTag=0xffffffff, statsUid=-1
08-03 10:58:54.100   809   809 I servicemanager: Could not find android.hardware.graphics.allocator.IAllocator/default in the VINTF manifest.
08-03 10:58:54.100 12749 12884 I Gralloc4: Adding additional valid usage bits: 0x8202000
08-03 10:58:54.111 12749 12779 D ProvidersAccess: Matched roots: [Root{userId=0, authority=null, rootId=null, title=Recent, isUsb=false, isSd=false, isMtp=false} @ content:/root/null, Root{userId=0, authority=com.android.externalstorage.documents, rootId=primary, title=Motorola Edge, isUsb=false, isSd=false, isMtp=false} @ content://com.android.externalstorage.documents/root/primary, Root{userId=0, authority=com.android.externalstorage.documents, rootId=7AC0-9AFD, title=SD card, isUsb=false, isSd=true, isMtp=false} @ content://com.android.externalstorage.documents/root/7AC0-9AFD, Root{userId=0, authority=com.android.providers.downloads.documents, rootId=downloads, title=Downloads, isUsb=false, isSd=false, isMtp=false} @ content://com.android.providers.downloads.documents/root/downloads, Root{userId=0, authority=com.android.providers.media.documents, rootId=images_root, title=Images, isUsb=false, isSd=false, isMtp=false} @ content://com.android.providers.media.documents/root/images_root, Root{userId=0, authority=com.android.providers.media.documents, rootId=videos_root, title=Videos, isUsb=false, isSd=false, isMtp=false} @ content://com.android.providers.media.documents/root/videos_root, Root{userId=0, authority=com.android.providers.media.documents, rootId=audio_root, title=Audio, isUsb=false, isSd=false, isMtp=false} @ content://com.android.providers.media.documents/root/audio_root, Root{userId=0, authority=com.android.providers.media.documents, rootId=documents_root, title=Documents, isUsb=false, isSd=false, isMtp=false} @ content://com.android.providers.media.documents/root/documents_root, Root{userId=0, authority=com.android.shell.documents, rootId=bugreport, title=Bug reports, isUsb=false, isSd=false, isMtp=false} @ content://com.android.shell.documents/root/bugreport]
08-03 10:58:54.127 12824 12824 I [Koin]  : Override Mapping 'com.truist.basemodule.chat.truistassist.usecase.ChatApiUseCase::_root_' with [Factory:'com.truist.basemodule.chat.truistassist.usecase.ChatApiUseCase']
08-03 10:58:54.143  1461  1554 I ActivityTaskManager: Displayed com.android.documentsui/.picker.PickActivity: +965ms
08-03 10:58:54.144 12749 12749 E oid.documentsui: No package ID ff found for ID 0xffffffff.
08-03 10:58:54.156 12749 12749 E oid.documentsui: No package ID ff found for ID 0xffffffff.
08-03 10:58:54.181     0     0 I pm7250b_charger: wdog_bark_irq_handler: IRQ: wdog-bark
08-03 10:58:54.192  1461  2824 D CompatibilityChangeReporter: Compat change id reported: 214016041; UID 10055; state: DISABLED
08-03 10:58:54.198 12749 12749 D AbstractActionHandler: Loader has finished for: content://com.android.externalstorage.documents/document/7AC0-9AFD%3A
08-03 10:58:54.198 12749 12749 I Model   : Updating model with new result set.
08-03 10:58:54.198 12749 12749 D DirectoryFragment: Received model update. Loading=false
08-03 10:58:54.199 12749 12749 D DefaultSelectionTracker: Ignoring onDataSetChange. No active selection.
08-03 10:58:54.204 12824 12824 I [Koin]  : Override Mapping 'com.truist.experienceapi.dashboard.datasource.insights.InsightsSharedPrefImpl::_root_' with [Singleton:'com.truist.experienceapi.dashboard.datasource.insights.InsightsSharedPrefImpl']
08-03 10:58:54.205 12824 12824 I [Koin]  : Override Mapping 'com.truist.experienceapi.dashboard.repository.chatjwetoken.JweTokenDelegate::_root_' with [Singleton:'com.truist.experienceapi.dashboard.repository.chatjwetoken.JweTokenDelegate']
08-03 10:58:54.205 12824 12824 I [Koin]  : Override Mapping 'com.truist.experienceapi.dashboard.datasource.chatjwetoken.JweTokenDataSourceImpl::_root_' with [Singleton:'com.truist.experienceapi.dashboard.datasource.chatjwetoken.JweTokenDataSourceImpl']
08-03 10:58:54.223 12824 12824 I [Koin]  : Override Mapping 'com.truist.basemodule.chat.truistassist.usecase.ChatApiUseCase::_root_' with [Factory:'com.truist.basemodule.chat.truistassist.usecase.ChatApiUseCase']
08-03 10:58:54.269 12824 12824 D AdobeExperienceSDK: TargetCore - TargetCore - Core initialization was successful
08-03 10:58:54.270 12824 12824 D AdobeExperienceSDK: AnalyticsCore - Registered AnalyticsExtension extension
08-03 10:58:54.270 12824 12824 D AdobeExperienceSDK: AnalyticsCore - Core initialization was successful
08-03 10:58:54.271 12824 12824 D AdobeExperienceSDK: UserProfileCore - Core initialization was successful
08-03 10:58:54.278 12824 12824 D AdobeExperienceSDK: AndroidEventHistoryDatabase - Table with name Events created.
08-03 10:58:54.280 12824 12891 D AdobeExperienceSDK: EventHub(AMSEventHub) - Extension with name com.adobe.edge.identity was registered successfully
08-03 10:58:54.290 12824 12891 D AdobeExperienceSDK: Edge - EdgeState - Collect consent is pending, suspending the Edge queue until (y/n).
08-03 10:58:54.291 12824 12891 D AdobeExperienceSDK: EventHub(AMSEventHub) - Extension with name com.adobe.edge was registered successfully
08-03 10:58:54.299 12824 12891 D AdobeExperienceSDK: EventHub(AMSEventHub) - Extension with name com.adobe.module.offerdecisioning was registered successfully
08-03 10:58:54.336 12824 12891 D AdobeExperienceSDK: EventHub(AMSEventHub) - Extension with name com.adobe.edge.consent was registered successfully
08-03 10:58:54.347 12824 12906 D AdobeExperienceSDK: AnalyticsExtension - getSharedState - Couldn't retrieve shared state for com.adobe.module.configuration. Please make sure you have registered and configured the com.adobe.module.configuration extension properly based on the documentation.
08-03 10:58:54.347 12824 12898 D AdobeExperienceSDK: ConfigurationExtension - Cached configuration loaded. 
08-03 10:58:54.347 12824 12898 D AdobeExperienceSDK:  {"target.timeout":5,"target.propertyToken":"","global.privacy":"optedin","analytics.launchHitDelay":2,"edge.configId":"bb71eb10-7e06-4e40-b57e-1aca0af49453","analytics.backdatePreviousSessionInfo":false,"analytics.offlineEnabled":false,"__dev__analytics.rsids":"suntrusttruistdevall","__stage__edge.configId":"bb71eb10-7e06-4e40-b57e-1aca0af49453:stage","build.environment":"prod","rules.url":"https://assets.adobedtm.com/550322ae7d69/6e7a3d54f6ae/launch-5f674b475103-rules.zip","experienceCloud.org":"AA7A3BC75245B3BC0A490D4D@AdobeOrg","target.clientCode":"suntrust","lifecycle.sessionTimeout":300,"target.environmentId":0,"__dev__edge.configId":"bb71eb10-7e06-4e40-b57e-1aca0af49453:dev","analytics.server":"suntrust.sc.omtrdc.net","__stage__analytics.rsids":"suntrusttruistdevall","analytics.rsids":"suntrusttruistglobal","analytics.batchLimit":0,"property.id":"PRbaadf1531a4b4752be6df5aca2646970","analytics.aamForwardingEnabled":false,"consent.default":{"consents":{"collect":{"val":"y"}}}}
08-03 10:58:54.348 12824 12899 W AdobeExperienceSDK: Lifecycle - LifecycleExtension - Failed to read lifecycle data from persistence
08-03 10:58:54.350 12824 12907 D AdobeExperienceSDK: EdgeIdentity - IdentityState - Edge Identity has successfully booted up
08-03 10:58:54.352 12824 12912 D AdobeExperienceSDK: Edge - EdgeState - Edge has successfully booted up
08-03 10:58:54.354 12824 12906 D AdobeExperienceSDK: AnalyticsExtension - getSharedState - Couldn't retrieve shared state for com.adobe.module.identity. Please make sure you have registered and configured the com.adobe.module.identity extension properly based on the documentation.
08-03 10:58:54.360 12824 12912 D AdobeExperienceSDK: Edge - EdgeState - Collect consent set to (y), resuming the Edge queue.
08-03 10:58:54.361 12824 12916 D AdobeExperienceSDK: ADBDatabase - query - Successfully read 0 rows from table(TB_AEP_DATA_ENTITY)
08-03 10:58:54.362 12824 12916 D AdobeExperienceSDK: SQLiteDataQueue - peek - 0 DataEntities fetch, returning null
08-03 10:58:54.363 12824 12918 D AdobeExperienceSDK: HttpConnectionHandler - Connecting to URL https://assets.adobedtm.com/550322ae7d69/6e7a3d54f6ae/launch-5f674b475103.json (GET)
08-03 10:58:54.369 12824 12906 D AdobeExperienceSDK: AnalyticsHitsDatabase - kick - Bring Analytics tracking online as it is over batch limit or offline tracking is not enabled
08-03 10:58:54.394 12824 12908 D AdobeExperienceSDK: IdentityExtension - generateURLEncodedValuesCustomerIdString : No Visitor ID exists in the provided list to generate for URL.
08-03 10:58:54.403 12824 12908 D AdobeExperienceSDK: IdentityHitsDatabase - updatePrivacyStatus : Privacy Status was opt-unknown, suspending the Identity hits processing from database.
08-03 10:58:54.404 12824 12908 D AdobeExperienceSDK: IdentityHitsDatabase - IdentityHitsDatabase.queue : Queued an identity sync call with URL: (https://dpm.demdex.net/id?d_ver=2&d_rtbd=json&d_orgid=AA7A3BC75245B3BC0A490D4D%40AdobeOrg&d_mid=85644252857317292015685164114323290984&d_blob=j8Odv6LonN4r3an7LhD3WZrU1bUpAkFkkiY1ncBR96t2PTI&dcs_region=7) resulted from the event: (028e9a57-e2c3-4d62-831e-eedc9c5a3476).
08-03 10:58:54.405 12824 12908 D AdobeExperienceSDK: IdentityHitsDatabase - updatePrivacyStatus : Privacy Status was opted-in, so attempting to send all the queued Identity hits from database.
08-03 10:58:54.407 12824 12921 D AdobeExperienceSDK: IdentityExtension - IdentityHitsDatabase.process : Sending request: (https://dpm.demdex.net/id?d_ver=2&d_rtbd=json&d_orgid=AA7A3BC75245B3BC0A490D4D%40AdobeOrg&d_mid=85644252857317292015685164114323290984&d_blob=j8Odv6LonN4r3an7LhD3WZrU1bUpAkFkkiY1ncBR96t2PTI&dcs_region=7).
08-03 10:58:54.409 12824 12923 D AdobeExperienceSDK: HttpConnectionHandler - Connecting to URL https://dpm.demdex.net/id?d_ver=2&d_rtbd=json&d_orgid=AA7A3BC75245B3BC0A490D4D%40AdobeOrg&d_mid=85644252857317292015685164114323290984&d_blob=j8Odv6LonN4r3an7LhD3WZrU1bUpAkFkkiY1ncBR96t2PTI&dcs_region=7 (GET)
08-03 10:58:54.419  1461 10360 D CoreBackPreview: Window{8354112 u0 Splash Screen com.android.documentsui EXITING}: Setting back callback null
08-03 10:58:54.421  1461 10360 W InputManager-JNI: Input channel object '8354112 Splash Screen com.android.documentsui (client)' was disposed without first being removed with the input manager!
08-03 10:58:54.428  9977  9977 I SessionStorage/AutoSave: Save: Background
08-03 10:58:54.430  9977 10001 I libglean_ffi: glean_core::metrics::ping: Glean disabled: not submitting any pings.
08-03 10:58:54.430  9977 10001 I libglean_ffi: glean_core::core: baseline ping not submitted on inactive
08-03 10:58:54.430  9977 10001 I libglean_ffi: glean_core::metrics::ping: Glean disabled: not submitting any pings.
08-03 10:58:54.430  9977 10001 I libglean_ffi: glean_core::core: events ping not submitted on inactive
08-03 10:58:54.432  3571  3571 D stopWindow: findFocus not editable
08-03 10:58:54.441   902   945 W TransactionTracing: Could not find layer handle 0xb400007af28afd10
08-03 10:58:54.442  4017  4017 E FullInputEventModel: onStartInput event aborted: al1: could not obtain extracted text (class al1)
08-03 10:58:54.446  3571  3571 D stopWindow: findFocus not editable
08-03 10:58:54.449  9977  9977 I MemoryController: onTrimMemory(20)
08-03 10:58:54.450  9977  9977 I FenixApplication: onTrimMemory(), level=20, main=true
08-03 10:58:54.468  2406  2467 W FrameTracker: Missing HWUI jank callback for vsyncId: 3134646, CUJ=J<SPLASHSCREEN_EXIT_ANIM>
08-03 10:58:54.468  2406  2467 W FrameTracker: Missing HWUI jank callback for vsyncId: 3134662, CUJ=J<SPLASHSCREEN_EXIT_ANIM>
08-03 10:58:54.479  1461 10360 D ConnectivityService: requestNetwork for uid/pid:10205/9977 activeRequest: null callbackRequest: 364 [NetworkRequest [ REQUEST id=365, [ Capabilities: INTERNET&NOT_RESTRICTED&TRUSTED&NOT_VCN_MANAGED Uid: 10205 RequestorUid: 10205 RequestorPkg: io.github.forkmaintainers.iceraven UnderlyingNetworks: Null] ]] callback flags: 0 order: 2147483647
08-03 10:58:54.480  1461  2337 D ConnectivityService: NetReassign [365 : null → 100]
08-03 10:58:54.481  1461  2328 D WifiNetworkFactory: got request NetworkRequest [ REQUEST id=365, [ Capabilities: INTERNET&NOT_RESTRICTED&TRUSTED&NOT_VCN_MANAGED Uid: 10205 RequestorUid: 10205 RequestorPkg: io.github.forkmaintainers.iceraven UnderlyingNetworks: Null] ]
08-03 10:58:54.482  1461  2328 D UntrustedWifiNetworkFactory: got request NetworkRequest [ REQUEST id=365, [ Capabilities: INTERNET&NOT_RESTRICTED&TRUSTED&NOT_VCN_MANAGED Uid: 10205 RequestorUid: 10205 RequestorPkg: io.github.forkmaintainers.iceraven UnderlyingNetworks: Null] ]
08-03 10:58:54.482  1461  2328 D OemPaidWifiNetworkFactory: got request NetworkRequest [ REQUEST id=365, [ Capabilities: INTERNET&NOT_RESTRICTED&TRUSTED&NOT_VCN_MANAGED Uid: 10205 RequestorUid: 10205 RequestorPkg: io.github.forkmaintainers.iceraven UnderlyingNetworks: Null] ]
08-03 10:58:54.482  2907  2907 D PhoneSwitcherNetworkRequstListener: got request NetworkRequest [ REQUEST id=365, [ Capabilities: INTERNET&NOT_RESTRICTED&TRUSTED&NOT_VCN_MANAGED Uid: 10205 RequestorUid: 10205 RequestorPkg: io.github.forkmaintainers.iceraven UnderlyingNetworks: Null] ]
08-03 10:58:54.482  1461  2328 D MultiInternetWifiNetworkFactory: got request NetworkRequest [ REQUEST id=365, [ Capabilities: INTERNET&NOT_RESTRICTED&TRUSTED&NOT_VCN_MANAGED Uid: 10205 RequestorUid: 10205 RequestorPkg: io.github.forkmaintainers.iceraven UnderlyingNetworks: Null] ]
08-03 10:58:54.491  9977 10742 I libglean_ffi: glean_core::upload: No more pings to upload! You are done.
08-03 10:58:54.494  9977 10029 I WM-WorkerWrapper: Worker result SUCCESS for Work [ id=3a57a13f-c8cf-44f7-9874-7f38779c21e6, tags={ mozilla.telemetry.glean.scheduler.PingUploadWorker, mozac_service_glean_ping_upload_worker } ]
08-03 10:58:54.536 12824 12923 D TrafficStats: tagSocket(92) with statsTag=0xffffffff, statsUid=-1
08-03 10:58:54.553 12824 12923 W AdobeExperienceSDK: HttpConnectionHandler - Connection failure (java.security.cert.CertPathValidatorException: Trust anchor for certification path not found.)
08-03 10:58:54.556 12824 12921 W AdobeExperienceSDK: HttpConnection - Could not get response code. (javax.net.ssl.SSLHandshakeException: java.security.cert.CertPathValidatorException: Trust anchor for certification path not found.)
08-03 10:58:54.556 12824 12921 W AdobeExperienceSDK: HttpConnection - Could not get response code. (javax.net.ssl.SSLHandshakeException: java.security.cert.CertPathValidatorException: Trust anchor for certification path not found.)
08-03 10:58:54.556 12824 12921 W AdobeExperienceSDK: HttpConnection - Could not get response code. (javax.net.ssl.SSLHandshakeException: java.security.cert.CertPathValidatorException: Trust anchor for certification path not found.)
08-03 10:58:54.556 12824 12921 D AdobeExperienceSDK: IdentityHitsDatabase - IdentityHitsDatabase.process : Discarding ECID Service request because of an un-recoverable network error with response code -1 occurred while processing it.
08-03 10:58:54.556 12824 12921 D AdobeExperienceSDK: IdentityExtension - handleNetworkResponseMap : Received an empty JSON in response from ECID Service, so there is nothing to handle.
08-03 10:58:54.561 12824 12921 D AdobeExperienceSDK: IdentityExtension - IdentityHitsDatabase.process : Sending request: (https://dpm.demdex.net/id?d_ver=2&d_rtbd=json&d_orgid=AA7A3BC75245B3BC0A490D4D%40AdobeOrg&d_mid=85644252857317292015685164114323290984&d_blob=j8Odv6LonN4r3an7LhD3WZrU1bUpAkFkkiY1ncBR96t2PTI&dcs_region=7).
08-03 10:58:54.562 12824 12923 D AdobeExperienceSDK: HttpConnectionHandler - Connecting to URL https://dpm.demdex.net/id?d_ver=2&d_rtbd=json&d_orgid=AA7A3BC75245B3BC0A490D4D%40AdobeOrg&d_mid=85644252857317292015685164114323290984&d_blob=j8Odv6LonN4r3an7LhD3WZrU1bUpAkFkkiY1ncBR96t2PTI&dcs_region=7 (GET)
08-03 10:58:54.562 12824 12923 D TrafficStats: tagSocket(92) with statsTag=0xffffffff, statsUid=-1
08-03 10:58:54.563  3571  3571 D stopWindow: findFocus not editable
08-03 10:58:54.573 12824 12923 W AdobeExperienceSDK: HttpConnectionHandler - Connection failure (java.security.cert.CertPathValidatorException: Trust anchor for certification path not found.)
08-03 10:58:54.573 12824 12921 W AdobeExperienceSDK: HttpConnection - Could not get response code. (javax.net.ssl.SSLHandshakeException: java.security.cert.CertPathValidatorException: Trust anchor for certification path not found.)
08-03 10:58:54.574 12824 12921 W AdobeExperienceSDK: HttpConnection - Could not get response code. (javax.net.ssl.SSLHandshakeException: java.security.cert.CertPathValidatorException: Trust anchor for certification path not found.)
08-03 10:58:54.574 12824 12921 W AdobeExperienceSDK: HttpConnection - Could not get response code. (javax.net.ssl.SSLHandshakeException: java.security.cert.CertPathValidatorException: Trust anchor for certification path not found.)
08-03 10:58:54.574 12824 12921 D AdobeExperienceSDK: IdentityHitsDatabase - IdentityHitsDatabase.process : Discarding ECID Service request because of an un-recoverable network error with response code -1 occurred while processing it.
08-03 10:58:54.574 12824 12921 D AdobeExperienceSDK: IdentityExtension - handleNetworkResponseMap : Received an empty JSON in response from ECID Service, so there is nothing to handle.
08-03 10:58:54.585   902   945 W TransactionTracing: Could not find layer handle 0xb400007af28ac6b0
08-03 10:58:54.602 12824 12918 D TrafficStats: tagSocket(90) with statsTag=0xffffffff, statsUid=-1
08-03 10:58:54.650 12824 12931 D TrafficStats: tagSocket(93) with statsTag=0xffffffff, statsUid=-1
08-03 10:58:54.662 12824 12913 W AdobeExperienceSDK: RemoteDownloader - File could not be downloaded from URL (https://assets.adobedtm.com/550322ae7d69/6e7a3d54f6ae/launch-5f674b475103.json) Response: (304) Message: (Not Modified)
08-03 10:58:54.666 12824 12906 D AdobeExperienceSDK: AnalyticsHitsDatabase - kick - Bring Analytics tracking online as it is over batch limit or offline tracking is not enabled
08-03 10:58:54.667 12824 12918 D AdobeExperienceSDK: HttpConnectionHandler - Connecting to URL https://assets.adobedtm.com/550322ae7d69/6e7a3d54f6ae/launch-5f674b475103.json (GET)
08-03 10:58:54.668 12824 12918 D AdobeExperienceSDK: HttpConnectionHandler - Connecting to URL https://assets.adobedtm.com/550322ae7d69/6e7a3d54f6ae/launch-5f674b475103-rules.zip (GET)
08-03 10:58:54.669 12824 12918 D TrafficStats: tagSocket(97) with statsTag=0xffffffff, statsUid=-1
08-03 10:58:54.696 12824 12913 W AdobeExperienceSDK: RemoteDownloader - File could not be downloaded from URL (https://assets.adobedtm.com/550322ae7d69/6e7a3d54f6ae/launch-5f674b475103.json) Response: (304) Message: (Not Modified)
08-03 10:58:54.700 12824 12906 D AdobeExperienceSDK: AnalyticsHitsDatabase - kick - Bring Analytics tracking online as it is over batch limit or offline tracking is not enabled
08-03 10:58:54.713 12824 12935 W AdobeExperienceSDK: RemoteDownloader - File could not be downloaded from URL (https://assets.adobedtm.com/550322ae7d69/6e7a3d54f6ae/launch-5f674b475103-rules.zip) Response: (304) Message: (Not Modified)
08-03 10:58:54.713 12824 12935 D AdobeExperienceSDK: ConfigurationExtension - Will not download rules from same url in 30 sec. 
08-03 10:58:54.926  9977  9991 W System  : A resource failed to call Surface.release. 
08-03 10:58:54.924     0     0 I pm7250b_charger: SMBMMI: mmi_chrg_usb_vin_config: DP DM pulse count = 2
08-03 10:58:54.932     0     0 I pm7250b_charger: SMBMMI: mmi_basic_charge_sm: batt_mv = 4125, batt_ma 161, batt_soc 81, batt_temp 41, usb_mv 4370, dc_mv 0, cp 1, vp 1 dp 0
08-03 10:58:54.946     0     0 I pm7250b_charger: SMBMMI: mmi_basic_charge_sm: Step State = NORMAL, Temp Zone 3, Health 1
08-03 10:58:54.955     0     0 I pm7250b_charger: SMBMMI: mmi_basic_charge_sm: IMPOSED: FV = 4450000, CDIS = 0, FCC = 2000000, USBICL = 3000000
08-03 10:58:54.967  1223  2158 I slpi-TCS3708: ALS lux 170.416565, bright 326, algo 1, pnl idx 2, 90 Hz, poll 10 ms, lux_s 1.000000, aT 1376, aG 554, pwm 0, HBt:2
08-03 10:58:54.971     0     0 I sec_ts 1-0048: [P] tID:2 x:632 y:1760 z:46 major:11 minor:11 tc:1 type:0 noise:0
08-03 10:58:54.987     0     0 W healthd : battery l=81 v=4119 t=41.3 h=2 st=2 c=-209961 fc=4660000 cc=0 chg=a
08-03 10:58:55.000  2406  2995 D PowerUI : can't show warning due to - plugged: true status unknown: false
08-03 10:58:55.073     0     0 I sec_ts 1-0048: [R] tID:2 mc:16 tc:0 lx:757 ly:1364 v:0000 cal:00 id(0,0) p:0 noise:0 lp:(0)
08-03 10:58:55.309  3571  3571 D stopWindow: findFocus not editable
08-03 10:58:55.424  3571  3571 D stopWindow: findFocus not editable
08-03 10:58:55.533  3571  3571 D stopWindow: findFocus not editable
08-03 10:58:55.582  4919  4926 E ocessService0:0: failed to create Unix domain socket: Operation not permitted
08-03 10:58:55.644  3571  3571 D stopWindow: findFocus not editable
08-03 10:58:55.701  9977  9991 W System  : A resource failed to call Surface.release. 
08-03 10:58:55.701  9977  9991 W System  : A resource failed to call Surface.release. 
08-03 10:58:55.763  3571  3571 D stopWindow: findFocus not editable
08-03 10:58:55.868  3571  3571 D stopWindow: findFocus not editable
08-03 10:58:55.965     0     0 I sec_ts 1-0048: [P] tID:0 x:850 y:1904 z:47 major:11 minor:9 tc:1 type:0 noise:0
08-03 10:58:55.999  3571  3571 D stopWindow: findFocus not editable
08-03 10:58:56.039     0     0 I sec_ts 1-0048: [R] tID:0 mc:10 tc:0 lx:893 ly:1558 v:0000 cal:00 id(0,0) p:0 noise:0 lp:(0)
08-03 10:58:56.131  3571  3571 D stopWindow: findFocus not editable
08-03 10:58:56.222  3571  3571 D stopWindow: findFocus not editable
08-03 10:58:56.249 11283 11312 D ExifInterface: No image meets the size requirements of a thumbnail image.
08-03 10:58:56.312     0     0 W sdcardfs: 171 user.relatime: invalid format
08-03 10:58:56.335  3571  3571 D stopWindow: findFocus not editable
08-03 10:58:56.438  3571  3571 D stopWindow: findFocus not editable
08-03 10:58:56.473     0     0 I pm7250b_charger: wdog_snarl_irq_handler: IRQ: wdog-snarl
08-03 10:58:56.479     0     0 E         : batt power supply prop 4 not supported
08-03 10:58:56.493     0     0 W healthd : battery l=81 v=4031 t=41.3 h=2 st=2 c=-701904 fc=4660000 cc=0 chg=a
08-03 10:58:56.509  2406  3186 D PowerUI : can't show warning due to - plugged: true status unknown: false
08-03 10:58:56.549  3571  3571 D stopWindow: findFocus not editable
08-03 10:58:56.660  3571  3571 D stopWindow: findFocus not editable
08-03 10:58:56.774  3571  3571 D stopWindow: findFocus not editable
08-03 10:58:57.583  4919  4926 E ocessService0:0: failed to create Unix domain socket: Operation not permitted
08-03 10:58:57.861  9977 10002 D GeckoIdleService: Get idle time: time since reset 4895 msec
08-03 10:58:57.861  9977 10002 D GeckoIdleService: Idle timer callback: current idle time 4895 msec
08-03 10:58:57.861  9977 10002 D GeckoIdleService: next timeout 104 msec from now
08-03 10:58:57.861  9977 10002 D GeckoIdleService: SetTimerExpiryIfBefore: next timeout 104 msec from now
08-03 10:58:57.861  9977 10002 D GeckoIdleService: reset timer expiry to 114 msec from now
08-03 10:58:57.974  9977 10002 D GeckoIdleService: Get idle time: time since reset 5009 msec
08-03 10:58:57.974  9977 10002 D GeckoIdleService: Idle timer callback: current idle time 5009 msec
08-03 10:58:57.974  9977 10002 D GeckoIdleService: next timeout 4294967289990 msec from now
08-03 10:58:57.974  9977 10002 D GeckoIdleService: SetTimerExpiryIfBefore: next timeout 4294967289990 msec from now
08-03 10:58:57.974  9977 10002 D GeckoIdleService: reset timer expiry to 4294967290000 msec from now
08-03 10:58:57.974  9977 10002 D GeckoIdleService: Idle timer callback: tell observer 0x77a2af2d48 user is idle
08-03 10:58:58.003     0     0 I sec_ts 1-0048: [P] tID:0 x:932 y:1582 z:44 major:12 minor:9 tc:1 type:0 noise:0
08-03 10:58:58.257  3571  3571 D stopWindow: findFocus not editable
08-03 10:58:58.311     0     0 W sdcardfs: 171 user.relatime: invalid format
08-03 10:58:58.369  3571  3571 D stopWindow: findFocus not editable
08-03 10:58:58.481  3571  3571 D stopWindow: findFocus not editable
08-03 10:58:58.591  3571  3571 D stopWindow: findFocus not editable
08-03 10:58:58.707  3571  3571 D stopWindow: findFocus not editable
08-03 10:58:58.707     0     0 I sec_ts 1-0048: [R] tID:0 mc:125 tc:0 lx:710 ly:2141 v:0000 cal:00 id(0,0) p:0 noise:0 lp:(0)
08-03 10:58:58.814  3571  3571 D stopWindow: findFocus not editable
08-03 10:58:58.925  3571  3571 D stopWindow: findFocus not editable
08-03 10:58:59.027  3571  3571 D stopWindow: findFocus not editable
08-03 10:58:59.063     0     0 I sec_ts 1-0048: [P] tID:0 x:883 y:1511 z:55 major:12 minor:11 tc:1 type:0 noise:0
08-03 10:58:59.129  3571  3571 D stopWindow: findFocus not editable
08-03 10:58:59.386  3571  3571 D stopWindow: findFocus not editable
08-03 10:58:59.470  1461  1562 I ActivityManager: Killing 11222:com.android.carrierconfig/u0a110 (adj 955): empty for 1800s
08-03 10:58:59.470  9977  9989 W ainers.iceraven: Suspending all threads took: 5.631ms
08-03 10:58:59.480 12728 12737 W android:ui: Cleared Reference was only reachable from finalizer (only reported once)
08-03 10:58:59.482  1461  1601 I libprocessgroup: Successfully killed process cgroup uid 10110 pid 11222 in 11ms
08-03 10:58:59.482  1797  1876 I ThermalEngine: Monitor:ACTIVE:REPORT-FRONT-TEMP:report=1:FRONT_TEMP=45066
08-03 10:58:59.482  1797  1876 I ThermalEngine: ACTION: REPORT - Sensor 'FRONT_TEMP' - temperature 45066, threshold level 1, is_trigger true
08-03 10:58:59.495  3571  3571 D stopWindow: findFocus not editable
08-03 10:58:59.583  4919  4926 E ocessService0:0: failed to create Unix domain socket: Operation not permitted
08-03 10:58:59.603  1096  1096 I Zygote  : Process 11222 exited due to signal 9 (Killed)
08-03 10:58:59.609  3571  3571 D stopWindow: findFocus not editable
08-03 10:58:59.634     0     0 I sec_ts 1-0048: [R] tID:0 mc:90 tc:0 lx:650 ly:2159 v:0000 cal:00 id(0,0) p:0 noise:0 lp:(0)
08-03 10:58:59.716  3571  3571 D stopWindow: findFocus not editable
08-03 10:58:59.819  3571  3571 D stopWindow: findFocus not editable
08-03 10:58:59.932  3571  3571 D stopWindow: findFocus not editable
08-03 10:59:00.001     0     0 I sec_ts 1-0048: [P] tID:0 x:906 y:1507 z:55 major:12 minor:11 tc:1 type:0 noise:0
08-03 10:59:00.042  3571  3571 D stopWindow: findFocus not editable
08-03 10:59:00.042     0     0 I pm7250b_charger: SMBMMI: mmi_chrg_usb_vin_config: DP DM pulse count = 2
08-03 10:59:00.050     0     0 I pm7250b_charger: SMBMMI: mmi_basic_charge_sm: batt_mv = 4087, batt_ma 362, batt_soc 81, batt_temp 41, usb_mv 4400, dc_mv 0, cp 1, vp 1 dp 0
08-03 10:59:00.064     0     0 I pm7250b_charger: SMBMMI: mmi_basic_charge_sm: Step State = NORMAL, Temp Zone 3, Health 1
08-03 10:59:00.074     0     0 I pm7250b_charger: SMBMMI: mmi_basic_charge_sm: IMPOSED: FV = 4450000, CDIS = 0, FCC = 2000000, USBICL = 3000000
08-03 10:59:00.099     0     0 W healthd : battery l=81 v=4106 t=41.3 h=2 st=2 c=-249633 fc=4660000 cc=0 chg=a
08-03 10:59:00.115  2406  3322 D PowerUI : can't show warning due to - plugged: true status unknown: false
08-03 10:59:00.143  3571  3571 D stopWindow: findFocus not editable
08-03 10:59:00.298  3571  3571 D stopWindow: findFocus not editable
08-03 10:59:00.338     0     0 I sec_ts 1-0048: [R] tID:0 mc:50 tc:0 lx:667 ly:2151 v:0000 cal:00 id(0,0) p:0 noise:0 lp:(0)
08-03 10:59:00.402  3571  3571 D stopWindow: findFocus not editable
08-03 10:59:00.512  3571  3571 D stopWindow: findFocus not editable
08-03 10:59:00.622  3571  3571 D stopWindow: findFocus not editable
08-03 10:59:00.724  3571  3571 D stopWindow: findFocus not editable
08-03 10:59:00.744     0     0 I pm7250b_charger: default_irq_handler: IRQ: usbin-collapse
08-03 10:59:00.745     0     0 I pm7250b_charger: default_irq_handler: IRQ: aicl-done
08-03 10:59:00.751     0     0 I pm7250b_charger: default_irq_handler: IRQ: usbin-collapse
08-03 10:59:00.817     0     0 W sdcardfs: 171 user.relatime: invalid format
08-03 10:59:00.836  3571  3571 D stopWindow: findFocus not editable
08-03 10:59:00.947  3571  3571 D stopWindow: findFocus not editable
08-03 10:59:00.967     0     0 I sec_ts 1-0048: [P] tID:0 x:873 y:1578 z:53 major:12 minor:11 tc:1 type:0 noise:0
08-03 10:59:01.063  3571  3571 D stopWindow: findFocus not editable
08-03 10:59:01.126  3658  3692 I MediaProvider: Scanned external_primary due to REASON_DEMAND, found 1 items in 14ms, 0 inserts 0 updates 0 deletes
08-03 10:59:01.129  3658  3687 I MediaProvider: Open with lower FS for /storage/emulated/0/Torrents. Uid: 10058
08-03 10:59:01.172  3571  3571 D stopWindow: findFocus not editable
08-03 10:59:01.282  3571  3571 D stopWindow: findFocus not editable
08-03 10:59:01.395  3571  3571 D stopWindow: findFocus not editable
08-03 10:59:01.507  3571  3571 D stopWindow: findFocus not editable
08-03 10:59:01.584  4919  4926 E ocessService0:0: failed to create Unix domain socket: Operation not permitted
08-03 10:59:01.619  3571  3571 D stopWindow: findFocus not editable
08-03 10:59:01.729  3571  3571 D stopWindow: findFocus not editable
08-03 10:59:01.745     0     0 I sec_ts 1-0048: [R] tID:0 mc:127 tc:0 lx:639 ly:2151 v:0000 cal:00 id(0,0) p:0 noise:0 lp:(0)
08-03 10:59:01.748     0     0 I pm7250b_charger: smblib_icl_change_work: icl_settled=650000
08-03 10:59:01.769     0     0 W healthd : battery l=81 v=4064 t=41.3 h=2 st=2 c=-451355 fc=4660000 cc=0 chg=a
08-03 10:59:01.787  2406  3046 D PowerUI : can't show warning due to - plugged: true status unknown: false
08-03 10:59:01.840  3571  3571 D stopWindow: findFocus not editable
08-03 10:59:01.952  3571  3571 D stopWindow: findFocus not editable
08-03 10:59:02.034     0     0 I sec_ts 1-0048: [P] tID:0 x:862 y:1585 z:61 major:13 minor:12 tc:1 type:0 noise:0
08-03 10:59:02.061  3571  3571 D stopWindow: findFocus not editable
08-03 10:59:02.162  3571  3571 D stopWindow: findFocus not editable
08-03 10:59:02.300  3571  3571 D stopWindow: findFocus not editable
08-03 10:59:02.317     0     0 W sdcardfs: 171 user.relatime: invalid format
08-03 10:59:02.409  3571  3571 D stopWindow: findFocus not editable
08-03 10:59:02.512  3571  3571 D stopWindow: findFocus not editable
08-03 10:59:02.623  3571  3571 D stopWindow: findFocus not editable
08-03 10:59:02.649     0     0 I sec_ts 1-0048: [R] tID:0 mc:102 tc:0 lx:613 ly:2172 v:0000 cal:00 id(0,0) p:0 noise:0 lp:(0)
08-03 10:59:02.733  3571  3571 D stopWindow: findFocus not editable
08-03 10:59:02.845  3571  3571 D stopWindow: findFocus not editable
08-03 10:59:02.957  3571  3571 D stopWindow: findFocus not editable
08-03 10:59:02.983     0     0 I sec_ts 1-0048: [P] tID:0 x:853 y:1562 z:60 major:13 minor:12 tc:1 type:0 noise:0
08-03 10:59:03.071  3571  3571 D stopWindow: findFocus not editable
08-03 10:59:03.272  3571  3571 D stopWindow: findFocus not editable
08-03 10:59:03.326  1461  1557 I ActivityManager: Killing 11438:com.topjohnwu.magisk/u0a133 (adj 955): empty for 1802s
08-03 10:59:03.332  1461  1601 I libprocessgroup: Successfully killed process cgroup uid 10133 pid 11438 in 5ms
08-03 10:59:03.348  1461  1601 I ActivityManager: Process PhantomProcessRecord {ce5eab 11460:11438:su/u0a133} died
08-03 10:59:03.348  1096  1096 I Zygote  : Process 11438 exited due to signal 9 (Killed)
08-03 10:59:03.347     0     0 I init    : Untracked pid 11460 received signal 9
08-03 10:59:03.354     0     0 I init    : Untracked pid 11460 did not have an associated service entry and will not be reaped
08-03 10:59:03.372 11471 11471 I com.topjohnwu.magisk:root:0: System.exit called, status: 0
08-03 10:59:03.372 11471 11471 I AndroidRuntime: VM exiting with result code 0.
08-03 10:59:03.380  3571  3571 D stopWindow: findFocus not editable
08-03 10:59:03.383     0     0 I init    : Untracked pid 11471 exited with status 0
08-03 10:59:03.389     0     0 I init    : Untracked pid 11471 did not have an associated service entry and will not be reaped
08-03 10:59:03.426 12749 12759 W oid.documentsui: Cleared Reference was only reachable from finalizer (only reported once)
08-03 10:59:03.495  3571  3571 D stopWindow: findFocus not editable
08-03 10:59:03.584  4919  4926 E ocessService0:0: failed to create Unix domain socket: Operation not permitted
08-03 10:59:03.605  3571  3571 D stopWindow: findFocus not editable
08-03 10:59:03.701     0     0 W sdcardfs: 171 user.relatime: invalid format
08-03 10:59:03.716  3571  3571 D stopWindow: findFocus not editable
08-03 10:59:03.828  3571  3571 D stopWindow: findFocus not editable
08-03 10:59:03.939  3571  3571 D stopWindow: findFocus not editable
08-03 10:59:04.041  3571  3571 D stopWindow: findFocus not editable
08-03 10:59:04.152  3571  3571 D stopWindow: findFocus not editable
08-03 10:59:04.262  3571  3571 D stopWindow: findFocus not editable
08-03 10:59:04.373  3571  3571 D stopWindow: findFocus not editable
08-03 10:59:04.499  3571  3571 D stopWindow: findFocus not editable
08-03 10:59:04.603     0     0 I sec_ts 1-0048: [R] tID:0 mc:243 tc:0 lx:610 ly:2140 v:0000 cal:00 id(0,0) p:0 noise:0 lp:(0)
08-03 10:59:04.632  3571  3571 D stopWindow: findFocus not editable
08-03 10:59:04.656     0     0 I pm7250b_charger: wdog_snarl_irq_handler: IRQ: wdog-snarl
08-03 10:59:04.663     0     0 E         : batt power supply prop 4 not supported
08-03 10:59:04.684     0     0 W healthd : battery l=81 v=4067 t=41.3 h=2 st=2 c=-412292 fc=4660000 cc=0 chg=a
08-03 10:59:04.699  2406  3045 D PowerUI : can't show warning due to - plugged: true status unknown: false
08-03 10:59:04.734  3571  3571 D stopWindow: findFocus not editable
08-03 10:59:04.845  3571  3571 D stopWindow: findFocus not editable
08-03 10:59:05.162     0     0 I pm7250b_charger: SMBMMI: mmi_chrg_usb_vin_config: DP DM pulse count = 2
08-03 10:59:05.170     0     0 I pm7250b_charger: SMBMMI: mmi_basic_charge_sm: batt_mv = 4105, batt_ma 261, batt_soc 81, batt_temp 41, usb_mv 4355, dc_mv 0, cp 1, vp 1 dp 0
08-03 10:59:05.184     0     0 I pm7250b_charger: SMBMMI: mmi_basic_charge_sm: Step State = NORMAL, Temp Zone 3, Health 1
08-03 10:59:05.194     0     0 I pm7250b_charger: SMBMMI: mmi_basic_charge_sm: IMPOSED: FV = 4450000, CDIS = 0, FCC = 2000000, USBICL = 3000000
08-03 10:59:05.214     0     0 W healthd : battery l=81 v=4095 t=41.3 h=2 st=2 c=-296325 fc=4660000 cc=0 chg=a
08-03 10:59:05.228  2406  3324 D PowerUI : can't show warning due to - plugged: true status unknown: false
08-03 10:59:05.252     0     0 I sec_ts 1-0048: [P] tID:2 x:293 y:1283 z:61 major:13 minor:12 tc:1 type:0 noise:0
08-03 10:59:05.363     0     0 I sec_ts 1-0048: [R] tID:2 mc:0 tc:0 lx:293 ly:1283 v:0000 cal:00 id(0,0) p:0 noise:0 lp:(0)
08-03 10:59:05.420 12749 12749 D PickerActionHandler: onFinished() [content://com.android.externalstorage.documents/document/7AC0-9AFD%3Abugreport-racer_retail-TQ3A.230705.001-2023-07-28-05-59-30.zip]
08-03 10:59:05.439  9977  9977 D CompatibilityChangeReporter: Compat change id reported: 78294732; UID 10205; state: ENABLED
08-03 10:59:05.441  9977  9977 W OnBackInvokedCallback: OnBackInvokedCallback is not enabled for the application.
08-03 10:59:05.441  9977  9977 W OnBackInvokedCallback: Set 'android:enableOnBackInvokedCallback="true"' in the application manifest.
08-03 10:59:05.444  9977  9977 I WebExtension: releasePendingMessages: extension=fxa@mozac.org nativeApp=mozacWebchannelBackground session=null
08-03 10:59:05.445  9977  9977 I WebExtension: releasePendingMessages: extension=readerview@mozac.org nativeApp=mozacReaderviewActive session=org.mozilla.geckoview.GeckoSession@b282348
08-03 10:59:05.445  9977  9977 I WebExtension: releasePendingMessages: extension=readerview@mozac.org nativeApp=mozacReaderview session=org.mozilla.geckoview.GeckoSession@b282348
08-03 10:59:05.452  9977 10001 I libglean_ffi: glean_core::metrics::ping: Glean disabled: not submitting any pings.
08-03 10:59:05.452  9977 10001 I libglean_ffi: glean_core::core: baseline ping not submitted on active
08-03 10:59:05.480  1461 10359 D ConnectivityService: requestNetwork for uid/pid:10205/9977 activeRequest: null callbackRequest: 366 [NetworkRequest [ REQUEST id=367, [ Capabilities: INTERNET&NOT_RESTRICTED&TRUSTED&NOT_VCN_MANAGED Uid: 10205 RequestorUid: 10205 RequestorPkg: io.github.forkmaintainers.iceraven UnderlyingNetworks: Null] ]] callback flags: 0 order: 2147483647
08-03 10:59:05.481  1461  2337 D ConnectivityService: NetReassign [367 : null → 100]
08-03 10:59:05.483  2907  2907 D PhoneSwitcherNetworkRequstListener: got request NetworkRequest [ REQUEST id=367, [ Capabilities: INTERNET&NOT_RESTRICTED&TRUSTED&NOT_VCN_MANAGED Uid: 10205 RequestorUid: 10205 RequestorPkg: io.github.forkmaintainers.iceraven UnderlyingNetworks: Null] ]
08-03 10:59:05.483  1461  2328 D WifiNetworkFactory: got request NetworkRequest [ REQUEST id=367, [ Capabilities: INTERNET&NOT_RESTRICTED&TRUSTED&NOT_VCN_MANAGED Uid: 10205 RequestorUid: 10205 RequestorPkg: io.github.forkmaintainers.iceraven UnderlyingNetworks: Null] ]
08-03 10:59:05.483  1461  2328 D UntrustedWifiNetworkFactory: got request NetworkRequest [ REQUEST id=367, [ Capabilities: INTERNET&NOT_RESTRICTED&TRUSTED&NOT_VCN_MANAGED Uid: 10205 RequestorUid: 10205 RequestorPkg: io.github.forkmaintainers.iceraven UnderlyingNetworks: Null] ]
08-03 10:59:05.483  1461  2328 D OemPaidWifiNetworkFactory: got request NetworkRequest [ REQUEST id=367, [ Capabilities: INTERNET&NOT_RESTRICTED&TRUSTED&NOT_VCN_MANAGED Uid: 10205 RequestorUid: 10205 RequestorPkg: io.github.forkmaintainers.iceraven UnderlyingNetworks: Null] ]
08-03 10:59:05.483  1461  2328 D MultiInternetWifiNetworkFactory: got request NetworkRequest [ REQUEST id=367, [ Capabilities: INTERNET&NOT_RESTRICTED&TRUSTED&NOT_VCN_MANAGED Uid: 10205 RequestorUid: 10205 RequestorPkg: io.github.forkmaintainers.iceraven UnderlyingNetworks: Null] ]
08-03 10:59:05.485  3658  3692 I MediaProvider: Open with lower FS for /storage/7AC0-9AFD/bugreport-racer_retail-TQ3A.230705.001-2023-07-28-05-59-30.zip. Uid: 10058
08-03 10:59:05.577     0     0 I mmc0    : card is legacy
08-03 10:59:05.585  4919  4926 E ocessService0:0: failed to create Unix domain socket: Operation not permitted
08-03 10:59:05.688     0     0 W sdcardfs: 171 user.relatime: invalid format
08-03 10:59:05.972  9977  9977 I Choreographer: Skipped 47 frames!  The application may be doing too much work on its main thread.
08-03 10:59:05.972  9977 12966 I StartupTypeTelemetry: Recorded start up: hot_unknown
08-03 10:59:05.981  9977 10035 E OpenGLRenderer: Unable to match the desired swap behavior.
08-03 10:59:05.982  9977  9977 E SurfaceSyncer: Failed to find sync for id=0
08-03 10:59:05.982  9977  9977 E SurfaceSyncer: Failed to find sync for id=1
08-03 10:59:05.982  9977  9977 E SurfaceSyncer: Failed to find sync for id=2
08-03 10:59:05.983  9977  9977 E SurfaceSyncer: Failed to find sync for id=3
08-03 10:59:05.983  9977  9977 E SurfaceSyncer: Failed to find sync for id=4
08-03 10:59:05.983  9977  9977 E SurfaceSyncer: Failed to find sync for id=5
08-03 10:59:05.983  9977  9977 E SurfaceSyncer: Failed to find sync for id=6
08-03 10:59:05.983  9977  9977 E SurfaceSyncer: Failed to find sync for id=7
08-03 10:59:05.983  9977  9977 E SurfaceSyncer: Failed to find sync for id=8
08-03 10:59:05.983  9977  9977 E SurfaceSyncer: Failed to find sync for id=9
08-03 10:59:05.983  9977  9977 E SurfaceSyncer: Failed to find sync for id=10
08-03 10:59:05.983  9977  9977 E SurfaceSyncer: Failed to find sync for id=11
08-03 10:59:05.983  9977  9977 E SurfaceSyncer: Failed to find sync for id=12
08-03 10:59:05.983  9977  9977 E SurfaceSyncer: Failed to find sync for id=13
08-03 10:59:05.983  9977  9977 E SurfaceSyncer: Failed to find sync for id=14
08-03 10:59:05.983  9977  9977 E SurfaceSyncer: Failed to find sync for id=15
08-03 10:59:05.983  9977  9977 E SurfaceSyncer: Failed to find sync for id=16
08-03 10:59:05.983  9977  9977 E SurfaceSyncer: Failed to find sync for id=17
08-03 10:59:05.983  9977  9977 E SurfaceSyncer: Failed to find sync for id=18
