08-03 11:01:30.426     0     0 I sec_ts 1-0048: [R] tID:1 mc:1 tc:0 lx:107 ly:1863 v:0000 cal:00 id(0,0) p:0 noise:0 lp:(0)
08-03 11:01:30.541     0     0 W sdcardfs: 171 user.relatime: invalid format
08-03 11:01:30.562  3571  3571 D Window selected text:: null
08-03 11:01:30.565  3571  3571 D Window selected text:: null
08-03 11:01:30.787     0     0 I sec_ts 1-0048: [P] tID:0 x:739 y:2000 z:44 major:11 minor:10 tc:1 type:0 noise:0
08-03 11:01:30.800     0     0 I aw8695_activate_store: value=1
08-03 11:01:30.808     0     0 I aw8695_vibrate: value=28, seq=1, index=1
08-03 11:01:30.853     0     0 I aw8695_activate_store: value=0
08-03 11:01:30.859     0     0 I aw8695_vibrate: value=0, seq=1, index=1
08-03 11:01:30.867     0     0 I sec_ts 1-0048: [R] tID:0 mc:4 tc:0 lx:706 ly:2002 v:0000 cal:00 id(0,0) p:0 noise:0 lp:(0)
08-03 11:01:31.000  3571  3571 D Window selected text:: null
08-03 11:01:31.003  3571  3571 D Window selected text:: null
08-03 11:01:31.100     0     0 I sec_ts 1-0048: [P] tID:0 x:325 y:1875 z:36 major:10 minor:9 tc:1 type:0 noise:0
08-03 11:01:31.113     0     0 I aw8695_activate_store: value=1
08-03 11:01:31.119     0     0 I aw8695_vibrate: value=28, seq=1, index=1
08-03 11:01:31.162     0     0 I aw8695_activate_store: value=0
08-03 11:01:31.169     0     0 I aw8695_vibrate: value=0, seq=1, index=1
08-03 11:01:31.208     0     0 I sec_ts 1-0048: [R] tID:0 mc:9 tc:0 lx:322 ly:1871 v:0000 cal:00 id(0,0) p:0 noise:0 lp:(0)
08-03 11:01:31.349  3571  3571 D Window selected text:: null
08-03 11:01:31.352  3571  3571 D Window selected text:: null
08-03 11:01:31.368     0     0 I sec_ts 1-0048: [P] tID:0 x:387 y:1704 z:40 major:11 minor:9 tc:1 type:0 noise:0
08-03 11:01:31.381     0     0 I aw8695_activate_store: value=1
08-03 11:01:31.387     0     0 I aw8695_vibrate: value=28, seq=1, index=1
08-03 11:01:31.403     0     0 I sec_ts 1-0048: [R] tID:0 mc:0 tc:0 lx:387 ly:1704 v:0000 cal:00 id(0,0) p:0 noise:0 lp:(0)
08-03 11:01:31.448  3658  3899 I FuseDaemon: Threshold exceeded - fadvising 67190784
08-03 11:01:31.449  3658  3899 I FuseDaemon: Threshold now 30498816
08-03 11:01:31.449     0     0 I aw8695_activate_store: value=0
08-03 11:01:31.456     0     0 I aw8695_vibrate: value=0, seq=1, index=1
08-03 11:01:31.535  3571  3571 D Window selected text:: null
08-03 11:01:31.538  3571  3571 D Window selected text:: null
08-03 11:01:31.630  4919  4926 E ocessService0:0: failed to create Unix domain socket: Operation not permitted
08-03 11:01:31.753  3658  3692 I MediaProvider: Scanned external_primary due to REASON_DEMAND, found 1 items in 25ms, 0 inserts 0 updates 0 deletes
08-03 11:01:31.758  3658  3692 I MediaProvider: Open with lower FS for /storage/emulated/0/Torrents. Uid: 10058
08-03 11:01:31.974     0     0 I pm7250b_charger: wdog_snarl_irq_handler: IRQ: wdog-snarl
08-03 11:01:31.981     0     0 E         : batt power supply prop 4 not supported
08-03 11:01:32.000     0     0 W healthd : battery l=81 v=4158 t=41.5 h=2 st=2 c=43640 fc=4660000 cc=0 chg=a
08-03 11:01:32.013  2406  2994 D PowerUI : can't show warning due to - plugged: true status unknown: false
08-03 11:01:32.390     0     0 I sec_ts 1-0048: [P] tID:0 x:601 y:1482 z:48 major:11 minor:9 tc:1 type:0 noise:0
08-03 11:01:32.428     0     0 W sdcardfs: 171 user.relatime: invalid format
08-03 11:01:32.464     0     0 I sec_ts 1-0048: [R] tID:0 mc:0 tc:0 lx:601 ly:1482 v:0000 cal:00 id(0,0) p:0 noise:0 lp:(0)
08-03 11:01:32.479     0     0 I aw8695_activate_store: value=1
08-03 11:01:32.490     0     0 I aw8695_vibrate: value=28, seq=1, index=1
08-03 11:01:32.537  9977 10320 E SpannableStringBuilder: SPAN_EXCLUSIVE_EXCLUSIVE spans cannot have a zero length
08-03 11:01:32.540  9977 10320 E SpannableStringBuilder: SPAN_EXCLUSIVE_EXCLUSIVE spans cannot have a zero length
08-03 11:01:32.541  9977 10322 E SpannableStringBuilder: SPAN_EXCLUSIVE_EXCLUSIVE spans cannot have a zero length
08-03 11:01:32.535     0     0 I aw8695_activate_store: value=0
08-03 11:01:32.541  9977 10322 E SpannableStringBuilder: SPAN_EXCLUSIVE_EXCLUSIVE spans cannot have a zero length
08-03 11:01:32.542     0     0 I aw8695_vibrate: value=0, seq=1, index=1
08-03 11:01:32.616  3571  3571 D Window selected text:: null
08-03 11:01:32.621  3571  3571 D Window selected text:: null
08-03 11:01:33.032     0     0 I sec_ts 1-0048: [P] tID:1 x:251 y:1728 z:37 major:10 minor:9 tc:1 type:0 noise:0
08-03 11:01:33.045     0     0 I aw8695_activate_store: value=1
08-03 11:01:33.053     0     0 I aw8695_vibrate: value=28, seq=1, index=1
08-03 11:01:33.098     0     0 I aw8695_activate_store: value=0
08-03 11:01:33.104     0     0 I aw8695_vibrate: value=0, seq=1, index=1
08-03 11:01:33.123     0     0 I sec_ts 1-0048: [R] tID:1 mc:0 tc:0 lx:251 ly:1728 v:0000 cal:00 id(0,0) p:0 noise:0 lp:(0)
08-03 11:01:33.253  3571  3571 D Window selected text:: null
08-03 11:01:33.256  3571  3571 D Window selected text:: null
08-03 11:01:33.306     0     0 I sec_ts 1-0048: [P] tID:1 x:405 y:1725 z:34 major:9 minor:8 tc:1 type:0 noise:0
08-03 11:01:33.318     0     0 I aw8695_activate_store: value=1
08-03 11:01:33.326     0     0 I aw8695_vibrate: value=28, seq=1, index=1
08-03 11:01:33.368     0     0 I aw8695_activate_store: value=0
08-03 11:01:33.377     0     0 I aw8695_vibrate: value=0, seq=1, index=1
08-03 11:01:33.386     0     0 I sec_ts 1-0048: [R] tID:1 mc:0 tc:0 lx:405 ly:1725 v:0000 cal:00 id(0,0) p:0 noise:0 lp:(0)
08-03 11:01:33.458     0     0 I sec_ts 1-0048: [P] tID:1 x:413 y:1719 z:33 major:10 minor:9 tc:1 type:0 noise:0
08-03 11:01:33.470     0     0 I aw8695_activate_store: value=1
08-03 11:01:33.475     0     0 W sdcardfs: 171 user.relatime: invalid format
08-03 11:01:33.482     0     0 I aw8695_vibrate: value=28, seq=1, index=1
08-03 11:01:33.520     0     0 I sec_ts 1-0048: [R] tID:1 mc:0 tc:0 lx:413 ly:1719 v:0000 cal:00 id(0,0) p:0 noise:0 lp:(0)
08-03 11:01:33.529     0     0 I aw8695_activate_store: value=0
08-03 11:01:33.533  3571  3571 D Window selected text:: null
08-03 11:01:33.537  3571  3571 D Window selected text:: null
08-03 11:01:33.538     0     0 I aw8695_vibrate: value=0, seq=1, index=1
08-03 11:01:33.630  4919  4926 E ocessService0:0: failed to create Unix domain socket: Operation not permitted
08-03 11:01:33.643     0     0 I pm7250b_charger: SMBMMI: mmi_chrg_usb_vin_config: DP DM pulse count = 2
08-03 11:01:33.651     0     0 I pm7250b_charger: SMBMMI: mmi_basic_charge_sm: batt_mv = 4179, batt_ma 651, batt_soc 81, batt_temp 41, usb_mv 4421, dc_mv 0, cp 1, vp 1 dp 0
08-03 11:01:33.665     0     0 I pm7250b_charger: SMBMMI: mmi_basic_charge_sm: Step State = NORMAL, Temp Zone 3, Health 1
08-03 11:01:33.667  3571  3571 D Window selected text:: null
08-03 11:01:33.671  3571  3571 D Window selected text:: null
08-03 11:01:33.675     0     0 I pm7250b_charger: SMBMMI: mmi_basic_charge_sm: IMPOSED: FV = 4450000, CDIS = 0, FCC = 2000000, USBICL = 3000000
08-03 11:01:33.692     0     0 W healthd : battery l=81 v=4171 t=41.5 h=2 st=2 c=122680 fc=4660000 cc=0 chg=a
08-03 11:01:33.706  2406  2989 D PowerUI : can't show warning due to - plugged: true status unknown: false
08-03 11:01:34.071     0     0 I sec_ts 1-0048: [P] tID:0 x:922 y:1696 z:37 major:9 minor:7 tc:1 type:0 noise:0
08-03 11:01:34.083     0     0 I aw8695_activate_store: value=1
08-03 11:01:34.089     0     0 I aw8695_vibrate: value=28, seq=1, index=1
08-03 11:01:34.132     0     0 I aw8695_activate_store: value=0
08-03 11:01:34.134     0     0 I sec_ts 1-0048: [R] tID:0 mc:2 tc:0 lx:918 ly:1696 v:0000 cal:00 id(0,0) p:0 noise:0 lp:(0)
08-03 11:01:34.148     0     0 I aw8695_vibrate: value=0, seq=1, index=1
08-03 11:01:34.277  3571  3571 D Window selected text:: null
08-03 11:01:34.279  3571  3571 D Window selected text:: null
08-03 11:01:34.696     0     0 I sec_ts 1-0048: [P] tID:1 x:378 y:1760 z:40 major:10 minor:8 tc:1 type:0 noise:0
08-03 11:01:34.709     0     0 I aw8695_activate_store: value=1
08-03 11:01:34.718     0     0 I aw8695_vibrate: value=28, seq=1, index=1
08-03 11:01:34.742     0     0 I sec_ts 1-0048: [R] tID:1 mc:0 tc:0 lx:378 ly:1760 v:0000 cal:00 id(0,0) p:0 noise:0 lp:(0)
08-03 11:01:34.762     0     0 I aw8695_activate_store: value=0
08-03 11:01:34.768     0     0 I aw8695_vibrate: value=0, seq=1, index=1
08-03 11:01:34.878  3571  3571 D Window selected text:: null
08-03 11:01:34.883  3571  3571 D Window selected text:: null
08-03 11:01:35.453  9977 10055 I SessionStorage/AutoSave: Save: Periodic
08-03 11:01:35.502     0     0 I sec_ts 1-0048: [P] tID:1 x:88 y:2144 z:31 major:9 minor:7 tc:1 type:0 noise:0
08-03 11:01:35.514     0     0 I aw8695_activate_store: value=1
08-03 11:01:35.520     0     0 I aw8695_vibrate: value=28, seq=1, index=1
08-03 11:01:35.566     0     0 I aw8695_activate_store: value=0
08-03 11:01:35.572     0     0 I aw8695_vibrate: value=0, seq=1, index=1
08-03 11:01:35.574     0     0 I sec_ts 1-0048: [R] tID:1 mc:1 tc:0 lx:88 ly:2141 v:0000 cal:00 id(0,0) p:0 noise:0 lp:(0)
08-03 11:01:35.630  4919  4926 E ocessService0:0: failed to create Unix domain socket: Operation not permitted
08-03 11:01:35.652  2406  2415 I ndroid.systemui: Background young concurrent copying GC freed 335476(14MB) AllocSpace objects, 0(0B) LOS objects, 42% free, 18MB/33MB, paused 197us,132us total 108.668ms
08-03 11:01:36.036     0     0 I sec_ts 1-0048: [P] tID:0 x:804 y:1980 z:49 major:11 minor:9 tc:1 type:0 noise:0
08-03 11:01:36.048     0     0 I aw8695_activate_store: value=1
08-03 11:01:36.056     0     0 I aw8695_vibrate: value=28, seq=1, index=1
08-03 11:01:36.098     0     0 I aw8695_activate_store: value=0
08-03 11:01:36.105     0     0 I sec_ts 1-0048: [R] tID:0 mc:6 tc:0 lx:798 ly:1985 v:0000 cal:00 id(0,0) p:0 noise:0 lp:(0)
08-03 11:01:36.118     0     0 I aw8695_vibrate: value=0, seq=1, index=1
08-03 11:01:36.249  3571  3571 D Window selected text:: null
08-03 11:01:36.252  3571  3571 D Window selected text:: null
08-03 11:01:36.405  1461  1502 I system_server: Background young concurrent copying GC freed 149805(11MB) AllocSpace objects, 0(0B) LOS objects, 24% free, 37MB/49MB, paused 229us,230us total 103.770ms
08-03 11:01:36.568     0     0 I pm7250b_charger: default_irq_handler: IRQ: usbin-collapse
08-03 11:01:36.570     0     0 I pm7250b_charger: default_irq_handler: IRQ: aicl-done
08-03 11:01:36.575     0     0 I pm7250b_charger: default_irq_handler: IRQ: usbin-collapse
08-03 11:01:37.586     0     0 I pm7250b_charger: smblib_icl_change_work: icl_settled=800000
08-03 11:01:37.598     0     0 W healthd : battery l=81 v=3984 t=41.5 h=2 st=2 c=-830383 fc=4660000 cc=0 chg=a
08-03 11:01:37.614  2406  2995 D PowerUI : can't show warning due to - plugged: true status unknown: false
08-03 11:01:37.631  4919  4926 E ocessService0:0: failed to create Unix domain socket: Operation not permitted
08-03 11:01:38.502     0     0 I pm7250b_charger: default_irq_handler: IRQ: usbin-collapse
08-03 11:01:38.504     0     0 I pm7250b_charger: default_irq_handler: IRQ: aicl-done
08-03 11:01:38.509     0     0 I pm7250b_charger: default_irq_handler: IRQ: usbin-collapse
08-03 11:01:38.664  1223  2158 I slpi-TCS3708: ALS lux 128.176590, bright 326, algo 1, pnl idx 2, 90 Hz, poll 10 ms, lux_s 1.000000, aT 1376, aG 554, pwm 0, HBt:1
08-03 11:01:38.764     0     0 I pm7250b_charger: SMBMMI: mmi_chrg_usb_vin_config: DP DM pulse count = 2
08-03 11:01:38.772     0     0 I pm7250b_charger: SMBMMI: mmi_basic_charge_sm: batt_mv = 4172, batt_ma -65, batt_soc 81, batt_temp 41, usb_mv 4417, dc_mv 0, cp 1, vp 1 dp 0
08-03 11:01:38.786     0     0 I pm7250b_charger: SMBMMI: mmi_basic_charge_sm: Step State = NORMAL, Temp Zone 3, Health 1
08-03 11:01:38.796     0     0 I pm7250b_charger: SMBMMI: mmi_basic_charge_sm: IMPOSED: FV = 4450000, CDIS = 0, FCC = 2000000, USBICL = 3000000
08-03 11:01:38.813     0     0 W healthd : battery l=81 v=4172 t=41.5 h=2 st=2 c=65307 fc=4660000 cc=0 chg=a
08-03 11:01:38.832  2406  3186 D PowerUI : can't show warning due to - plugged: true status unknown: false
08-03 11:01:39.052     0     0 W sdcardfs: 171 user.relatime: invalid format
08-03 11:01:39.214  1223  2158 I slpi-TCS3708: ALS lux 175.895905, bright 326, algo 1, pnl idx 2, 90 Hz, poll 10 ms, lux_s 1.000000, aT 1376, aG 554, pwm 0, HBt:0
08-03 11:01:39.631  4919  4926 E ocessService0:0: failed to create Unix domain socket: Operation not permitted
08-03 11:01:39.783     0     0 I timerfd_poll: comm:health@2.1-serv pid:1237 exp:4781023
08-03 11:01:39.793     0     0 W healthd : battery l=81 v=4185 t=41.6 h=2 st=2 c=155334 fc=4660000 cc=0 chg=a
08-03 11:01:39.809  2406  3322 D PowerUI : can't show warning due to - plugged: true status unknown: false
08-03 11:01:39.813     0     0 I timerfd_poll: comm:hvdcp_opti pid:2227 exp:4781052
08-03 11:01:40.158     0     0 I pm7250b_charger: wdog_snarl_irq_handler: IRQ: wdog-snarl
08-03 11:01:40.164     0     0 E         : batt power supply prop 4 not supported
08-03 11:01:40.179     0     0 W healthd : battery l=81 v=4184 t=41.6 h=2 st=2 c=171203 fc=4660000 cc=0 chg=a
08-03 11:01:40.196  2406  3046 D PowerUI : can't show warning due to - plugged: true status unknown: false
08-03 11:01:40.353     0     0 I sec_ts 1-0048: [P] tID:1 x:655 y:2143 z:37 major:10 minor:9 tc:1 type:0 noise:0
08-03 11:01:40.368     0     0 I aw8695_activate_store: value=1
08-03 11:01:40.374     0     0 I aw8695_vibrate: value=28, seq=1, index=1
08-03 11:01:40.419     0     0 I aw8695_activate_store: value=0
08-03 11:01:40.426     0     0 I aw8695_vibrate: value=0, seq=1, index=1
08-03 11:01:40.455     0     0 I sec_ts 1-0048: [R] tID:1 mc:0 tc:0 lx:655 ly:2143 v:0000 cal:00 id(0,0) p:0 noise:0 lp:(0)
08-03 11:01:40.515  9977 10320 E SpannableStringBuilder: SPAN_EXCLUSIVE_EXCLUSIVE spans cannot have a zero length
08-03 11:01:40.515  9977 10322 E SpannableStringBuilder: SPAN_EXCLUSIVE_EXCLUSIVE spans cannot have a zero length
08-03 11:01:40.515  9977 10320 E SpannableStringBuilder: SPAN_EXCLUSIVE_EXCLUSIVE spans cannot have a zero length
08-03 11:01:40.515  9977 10322 E SpannableStringBuilder: SPAN_EXCLUSIVE_EXCLUSIVE spans cannot have a zero length
08-03 11:01:40.591  3571  3571 D Window selected text:: null
08-03 11:01:40.595  3571  3571 D Window selected text:: null
08-03 11:01:40.757     0     0 I sec_ts 1-0048: [P] tID:2 x:95 y:2166 z:30 major:10 minor:6 tc:1 type:0 noise:0
08-03 11:01:40.769     0     0 I aw8695_activate_store: value=1
08-03 11:01:40.775     0     0 I aw8695_vibrate: value=28, seq=1, index=1
08-03 11:01:40.819     0     0 I aw8695_activate_store: value=0
08-03 11:01:40.823     0     0 I sec_ts 1-0048: [R] tID:2 mc:5 tc:0 lx:100 ly:2163 v:0000 cal:00 id(0,0) p:0 noise:0 lp:(0)
08-03 11:01:40.835     0     0 I aw8695_vibrate: value=0, seq=1, index=1
08-03 11:01:40.842  9977 10320 E SpannableStringBuilder: SPAN_EXCLUSIVE_EXCLUSIVE spans cannot have a zero length
08-03 11:01:40.842  9977 10320 E SpannableStringBuilder: SPAN_EXCLUSIVE_EXCLUSIVE spans cannot have a zero length
08-03 11:01:40.843  9977 10322 E SpannableStringBuilder: SPAN_EXCLUSIVE_EXCLUSIVE spans cannot have a zero length
08-03 11:01:40.843  9977 10322 E SpannableStringBuilder: SPAN_EXCLUSIVE_EXCLUSIVE spans cannot have a zero length
08-03 11:01:40.943     0     0 W sdcardfs: 171 user.relatime: invalid format
08-03 11:01:41.276     0     0 I sec_ts 1-0048: [P] tID:2 x:95 y:2003 z:32 major:10 minor:7 tc:1 type:0 noise:0
08-03 11:01:41.290     0     0 I aw8695_activate_store: value=1
08-03 11:01:41.296     0     0 I aw8695_vibrate: value=28, seq=1, index=1
08-03 11:01:41.337     0     0 I sec_ts 1-0048: [R] tID:2 mc:7 tc:0 lx:96 ly:1996 v:0000 cal:00 id(0,0) p:0 noise:0 lp:(0)
08-03 11:01:41.346     0     0 I aw8695_activate_store: value=0
08-03 11:01:41.357     0     0 I aw8695_vibrate: value=0, seq=1, index=1
08-03 11:01:41.632  4919  4926 E ocessService0:0: failed to create Unix domain socket: Operation not permitted
08-03 11:01:41.780  3658  3692 I MediaProvider: Scanned external_primary due to REASON_DEMAND, found 1 items in 22ms, 0 inserts 0 updates 0 deletes
08-03 11:01:41.787  3658  3692 I MediaProvider: Open with lower FS for /storage/emulated/0/Torrents. Uid: 10058
08-03 11:01:41.968     0     0 I sec_ts 1-0048: [P] tID:1 x:176 y:1726 z:41 major:11 minor:10 tc:1 type:0 noise:0
08-03 11:01:41.981     0     0 I aw8695_activate_store: value=1
08-03 11:01:41.987     0     0 I aw8695_vibrate: value=28, seq=1, index=1
08-03 11:01:42.032     0     0 I aw8695_activate_store: value=0
08-03 11:01:42.035     0     0 I sec_ts 1-0048: [R] tID:1 mc:2 tc:0 lx:180 ly:1722 v:0000 cal:00 id(0,0) p:0 noise:0 lp:(0)
08-03 11:01:42.053     0     0 I aw8695_vibrate: value=0, seq=1, index=1
08-03 11:01:42.178  3571  3571 D Window selected text:: null
08-03 11:01:42.183  3571  3571 D Window selected text:: null
08-03 11:01:42.421     0     0 I sec_ts 1-0048: [P] tID:0 x:636 y:1822 z:39 major:10 minor:9 tc:1 type:0 noise:0
08-03 11:01:42.434     0     0 I aw8695_activate_store: value=1
08-03 11:01:42.443     0     0 I aw8695_vibrate: value=28, seq=1, index=1
08-03 11:01:42.486     0     0 I aw8695_activate_store: value=0
08-03 11:01:42.493     0     0 I aw8695_vibrate: value=0, seq=1, index=1
08-03 11:01:42.521     0     0 I sec_ts 1-0048: [R] tID:0 mc:13 tc:0 lx:599 ly:1827 v:0000 cal:00 id(0,0) p:0 noise:0 lp:(0)
08-03 11:01:42.660  3571  3571 D Window selected text:: null
08-03 11:01:42.662  3571  3571 D Window selected text:: null
08-03 11:01:42.804     0     0 I sec_ts 1-0048: [P] tID:1 x:208 y:1729 z:39 major:10 minor:9 tc:1 type:0 noise:0
08-03 11:01:42.817     0     0 I aw8695_activate_store: value=1
08-03 11:01:42.823     0     0 I aw8695_vibrate: value=28, seq=1, index=1
08-03 11:01:42.865     0     0 I aw8695_activate_store: value=0
08-03 11:01:42.872     0     0 I aw8695_vibrate: value=0, seq=1, index=1
08-03 11:01:42.901     0     0 I sec_ts 1-0048: [R] tID:1 mc:1 tc:0 lx:211 ly:1729 v:0000 cal:00 id(0,0) p:0 noise:0 lp:(0)
08-03 11:01:42.907     0     0 W sdcardfs: 171 user.relatime: invalid format
08-03 11:01:42.993     0     0 I sec_ts 1-0048: [P] tID:0 x:398 y:1704 z:42 major:10 minor:10 tc:1 type:0 noise:0
08-03 11:01:43.005     0     0 I aw8695_activate_store: value=1
08-03 11:01:43.012     0     0 I aw8695_vibrate: value=28, seq=1, index=1
08-03 11:01:43.038  3571  3571 D Window selected text:: null
08-03 11:01:43.039  3571  3571 D Window selected text:: null
08-03 11:01:43.059     0     0 I aw8695_activate_store: value=0
08-03 11:01:43.065     0     0 I aw8695_vibrate: value=0, seq=1, index=1
08-03 11:01:43.085     0     0 I sec_ts 1-0048: [R] tID:0 mc:0 tc:0 lx:398 ly:1704 v:0000 cal:00 id(0,0) p:0 noise:0 lp:(0)
08-03 11:01:43.211     0     0 I sec_ts 1-0048: [P] tID:0 x:268 y:1725 z:41 major:11 minor:10 tc:1 type:0 noise:0
08-03 11:01:43.222  3571  3571 D Window selected text:: null
08-03 11:01:43.226  3571  3571 D Window selected text:: null
08-03 11:01:43.225     0     0 I aw8695_activate_store: value=1
08-03 11:01:43.232     0     0 I aw8695_vibrate: value=28, seq=1, index=1
08-03 11:01:43.275     0     0 I aw8695_activate_store: value=0
08-03 11:01:43.280     0     0 I sec_ts 1-0048: [R] tID:0 mc:0 tc:0 lx:268 ly:1725 v:0000 cal:00 id(0,0) p:0 noise:0 lp:(0)
08-03 11:01:43.292     0     0 I aw8695_vibrate: value=0, seq=1, index=1
08-03 11:01:43.420  3571  3571 D Window selected text:: null
08-03 11:01:43.424  3571  3571 D Window selected text:: null
08-03 11:01:43.632  4919  4926 E ocessService0:0: failed to create Unix domain socket: Operation not permitted
08-03 11:01:43.864  1223  2158 I slpi-TCS3708: ALS lux 229.663727, bright 326, algo 1, pnl idx 2, 90 Hz, poll 10 ms, lux_s 1.000000, aT 1376, aG 554, pwm 0, HBt:0
08-03 11:01:43.883     0     0 I pm7250b_charger: SMBMMI: mmi_chrg_usb_vin_config: DP DM pulse count = 2
08-03 11:01:43.891     0     0 I pm7250b_charger: SMBMMI: mmi_basic_charge_sm: batt_mv = 4194, batt_ma -174, batt_soc 81, batt_temp 41, usb_mv 4416, dc_mv 0, cp 1, vp 1 dp 0
08-03 11:01:43.905     0     0 I pm7250b_charger: SMBMMI: mmi_basic_charge_sm: Step State = NORMAL, Temp Zone 3, Health 1
08-03 11:01:43.915     0     0 I pm7250b_charger: SMBMMI: mmi_basic_charge_sm: IMPOSED: FV = 4450000, CDIS = 0, FCC = 2000000, USBICL = 3000000
08-03 11:01:43.934     0     0 W healthd : battery l=81 v=4194 t=41.6 h=2 st=2 c=174865 fc=4660000 cc=0 chg=a
08-03 11:01:43.954  2406  3045 D PowerUI : can't show warning due to - plugged: true status unknown: false
08-03 11:01:44.127     0     0 I sec_ts 1-0048: [P] tID:0 x:592 y:1478 z:48 major:11 minor:9 tc:1 type:0 noise:0
08-03 11:01:44.179     0     0 I sec_ts 1-0048: [R] tID:0 mc:0 tc:0 lx:592 ly:1478 v:0000 cal:00 id(0,0) p:0 noise:0 lp:(0)
08-03 11:01:44.193     0     0 I aw8695_activate_store: value=1
08-03 11:01:44.201     0     0 I aw8695_vibrate: value=28, seq=1, index=1
08-03 11:01:44.245  9977 10320 E SpannableStringBuilder: SPAN_EXCLUSIVE_EXCLUSIVE spans cannot have a zero length
08-03 11:01:44.245  9977 10320 E SpannableStringBuilder: SPAN_EXCLUSIVE_EXCLUSIVE spans cannot have a zero length
08-03 11:01:44.245  9977 10322 E SpannableStringBuilder: SPAN_EXCLUSIVE_EXCLUSIVE spans cannot have a zero length
08-03 11:01:44.247  9977 10054 E SpannableStringBuilder: SPAN_EXCLUSIVE_EXCLUSIVE spans cannot have a zero length
08-03 11:01:44.245     0     0 I aw8695_activate_store: value=0
08-03 11:01:44.251     0     0 I aw8695_vibrate: value=0, seq=1, index=1
08-03 11:01:44.322  3571  3571 D Window selected text:: null
08-03 11:01:44.324  3571  3571 D Window selected text:: null
08-03 11:01:44.447     0     0 I timerfd_poll: comm:hvdcp_opti pid:2223 exp:4785686
08-03 11:01:44.802     0     0 I sec_ts 1-0048: [P] tID:1 x:319 y:1896 z:39 major:10 minor:9 tc:1 type:0 noise:0
08-03 11:01:44.814     0     0 I aw8695_activate_store: value=1
08-03 11:01:44.821     0     0 I aw8695_vibrate: value=28, seq=1, index=1
08-03 11:01:44.867     0     0 I aw8695_activate_store: value=0
08-03 11:01:44.873     0     0 I aw8695_vibrate: value=0, seq=1, index=1
08-03 11:01:44.888     0     0 I sec_ts 1-0048: [R] tID:1 mc:0 tc:0 lx:319 ly:1896 v:0000 cal:00 id(0,0) p:0 noise:0 lp:(0)
08-03 11:01:45.017  3571  3571 D Window selected text:: null
08-03 11:01:45.021  3571  3571 D Window selected text:: null
08-03 11:01:45.109     0     0 I sec_ts 1-0048: [P] tID:0 x:913 y:1662 z:36 major:10 minor:8 tc:1 type:0 noise:0
08-03 11:01:45.121     0     0 I aw8695_activate_store: value=1
08-03 11:01:45.128     0     0 I aw8695_vibrate: value=28, seq=1, index=1
08-03 11:01:45.172     0     0 I aw8695_activate_store: value=0
08-03 11:01:45.179     0     0 I aw8695_vibrate: value=0, seq=1, index=1
08-03 11:01:45.200     0     0 I sec_ts 1-0048: [R] tID:0 mc:3 tc:0 lx:891 ly:1670 v:0000 cal:00 id(0,0) p:0 noise:0 lp:(0)
08-03 11:01:45.341  3571  3571 D Window selected text:: null
08-03 11:01:45.342  3571  3571 D Window selected text:: null
08-03 11:01:45.489     0     0 I sec_ts 1-0048: [P] tID:0 x:276 y:1700 z:46 major:10 minor:10 tc:1 type:0 noise:0
08-03 11:01:45.502     0     0 I aw8695_activate_store: value=1
08-03 11:01:45.508     0     0 I aw8695_vibrate: value=28, seq=1, index=1
08-03 11:01:45.552     0     0 I aw8695_activate_store: value=0
08-03 11:01:45.560     0     0 I aw8695_vibrate: value=0, seq=1, index=1
08-03 11:01:45.569     0     0 I sec_ts 1-0048: [R] tID:0 mc:1 tc:0 lx:276 ly:1703 v:0000 cal:00 id(0,0) p:0 noise:0 lp:(0)
08-03 11:01:45.633  4919  4926 E ocessService0:0: failed to create Unix domain socket: Operation not permitted
08-03 11:01:45.706  3571  3571 D Window selected text:: null
08-03 11:01:45.708  3571  3571 D Window selected text:: null
08-03 11:01:45.734     0     0 I sec_ts 1-0048: [P] tID:0 x:199 y:1884 z:45 major:11 minor:10 tc:1 type:0 noise:0
08-03 11:01:45.748     0     0 I aw8695_activate_store: value=1
08-03 11:01:45.758     0     0 I aw8695_vibrate: value=28, seq=1, index=1
08-03 11:01:45.802     0     0 I aw8695_activate_store: value=0
08-03 11:01:45.810     0     0 I aw8695_vibrate: value=0, seq=1, index=1
08-03 11:01:45.837     0     0 I sec_ts 1-0048: [R] tID:0 mc:3 tc:0 lx:201 ly:1884 v:0000 cal:00 id(0,0) p:0 noise:0 lp:(0)
08-03 11:01:45.971  3571  3571 D Window selected text:: null
08-03 11:01:45.973  3571  3571 D Window selected text:: null
08-03 11:01:46.204     0     0 I sec_ts 1-0048: [P] tID:0 x:467 y:2101 z:37 major:11 minor:8 tc:1 type:0 noise:0
08-03 11:01:46.217     0     0 I aw8695_activate_store: value=1
08-03 11:01:46.225     0     0 I aw8695_vibrate: value=28, seq=1, index=1
08-03 11:01:46.267     0     0 I sec_ts 1-0048: [R] tID:0 mc:0 tc:0 lx:467 ly:2101 v:0000 cal:00 id(0,0) p:0 noise:0 lp:(0)
08-03 11:01:46.277     0     0 I aw8695_activate_store: value=0
08-03 11:01:46.288     0     0 I aw8695_vibrate: value=0, seq=1, index=1
08-03 11:01:46.303  9977 10320 E SpannableStringBuilder: SPAN_EXCLUSIVE_EXCLUSIVE spans cannot have a zero length
08-03 11:01:46.304  9977 10320 E SpannableStringBuilder: SPAN_EXCLUSIVE_EXCLUSIVE spans cannot have a zero length
08-03 11:01:46.329  9977 10427 E SpannableStringBuilder: SPAN_EXCLUSIVE_EXCLUSIVE spans cannot have a zero length
08-03 11:01:46.329  9977 10427 E SpannableStringBuilder: SPAN_EXCLUSIVE_EXCLUSIVE spans cannot have a zero length
08-03 11:01:46.409  3571  3571 D Window selected text:: null
08-03 11:01:46.413  3571  3571 D Window selected text:: null
08-03 11:01:46.653     0     0 I sec_ts 1-0048: [P] tID:2 x:93 y:2042 z:33 major:10 minor:7 tc:1 type:0 noise:0
08-03 11:01:46.666     0     0 I aw8695_activate_store: value=1
08-03 11:01:46.678     0     0 I aw8695_vibrate: value=28, seq=1, index=1
08-03 11:01:46.722     0     0 I aw8695_activate_store: value=0
08-03 11:01:46.725     0     0 I sec_ts 1-0048: [R] tID:2 mc:0 tc:0 lx:93 ly:2042 v:0000 cal:00 id(0,0) p:0 noise:0 lp:(0)
08-03 11:01:46.738     0     0 I aw8695_vibrate: value=0, seq=1, index=1
08-03 11:01:47.516     0     0 I sec_ts 1-0048: [P] tID:0 x:1002 y:2004 z:37 major:10 minor:7 tc:1 type:0 noise:0
08-03 11:01:47.529     0     0 I aw8695_activate_store: value=1
08-03 11:01:47.538     0     0 I aw8695_vibrate: value=28, seq=1, index=1
08-03 11:01:47.553  3658  3899 I FuseDaemon: Threshold exceeded - fadvising 67235840
08-03 11:01:47.553  3658  3899 I FuseDaemon: Threshold now 30486528
08-03 11:01:47.582     0     0 I aw8695_activate_store: value=0
08-03 11:01:47.589     0     0 I aw8695_vibrate: value=0, seq=1, index=1
08-03 11:01:47.602     0     0 I sec_ts 1-0048: [R] tID:0 mc:0 tc:0 lx:1002 ly:2004 v:0000 cal:00 id(0,0) p:0 noise:0 lp:(0)
08-03 11:01:47.633  4919  4926 E ocessService0:0: failed to create Unix domain socket: Operation not permitted
08-03 11:01:47.683     0     0 I sec_ts 1-0048: [P] tID:0 x:998 y:1995 z:39 major:9 minor:7 tc:1 type:0 noise:0
08-03 11:01:47.695     0     0 I aw8695_activate_store: value=1
08-03 11:01:47.702     0     0 I aw8695_vibrate: value=28, seq=1, index=1
08-03 11:01:47.725     0     0 I sec_ts 1-0048: [R] tID:0 mc:0 tc:0 lx:998 ly:1995 v:0000 cal:00 id(0,0) p:0 noise:0 lp:(0)
08-03 11:01:47.737  3571  3571 D Window selected text:: null
08-03 11:01:47.742  3571  3571 D Window selected text:: null
08-03 11:01:47.745     0     0 I aw8695_activate_store: value=0
08-03 11:01:47.752     0     0 I aw8695_vibrate: value=0, seq=1, index=1
08-03 11:01:47.817     0     0 I sec_ts 1-0048: [P] tID:0 x:994 y:1989 z:37 major:9 minor:8 tc:1 type:0 noise:0
08-03 11:01:47.830     0     0 I aw8695_activate_store: value=1
08-03 11:01:47.836     0     0 I aw8695_vibrate: value=28, seq=1, index=1
08-03 11:01:47.855  3571  3571 D Window selected text:: null
08-03 11:01:47.857  3571  3571 D Window selected text:: null
08-03 11:01:47.879     0     0 I aw8695_activate_store: value=0
08-03 11:01:47.881     0     0 I sec_ts 1-0048: [R] tID:0 mc:0 tc:0 lx:994 ly:1989 v:0000 cal:00 id(0,0) p:0 noise:0 lp:(0)
08-03 11:01:47.898     0     0 I aw8695_vibrate: value=0, seq=1, index=1
08-03 11:01:47.974     0     0 I sec_ts 1-0048: [P] tID:0 x:990 y:2001 z:35 major:9 minor:8 tc:1 type:0 noise:0
08-03 11:01:47.986     0     0 I aw8695_activate_store: value=1
08-03 11:01:47.992     0     0 I aw8695_vibrate: value=28, seq=1, index=1
08-03 11:01:48.023  3571  3571 D Window selected text:: null
08-03 11:01:48.015     0     0 I sec_ts 1-0048: [R] tID:0 mc:0 tc:0 lx:990 ly:2001 v:0000 cal:00 id(0,0) p:0 noise:0 lp:(0)
08-03 11:01:48.026  3571  3571 D Window selected text:: null
08-03 11:01:48.036     0     0 I aw8695_activate_store: value=0
08-03 11:01:48.042     0     0 I aw8695_vibrate: value=0, seq=1, index=1
08-03 11:01:48.119     0     0 I sec_ts 1-0048: [P] tID:0 x:990 y:2007 z:37 major:8 minor:7 tc:1 type:0 noise:0
08-03 11:01:48.132     0     0 I aw8695_activate_store: value=1
08-03 11:01:48.139     0     0 I aw8695_vibrate: value=28, seq=1, index=1
08-03 11:01:48.149  3571  3571 D Window selected text:: null
08-03 11:01:48.151  3571  3571 D Window selected text:: null
08-03 11:01:48.160     0     0 I sec_ts 1-0048: [R] tID:0 mc:0 tc:0 lx:990 ly:2007 v:0000 cal:00 id(0,0) p:0 noise:0 lp:(0)
08-03 11:01:48.176  9977 10320 E SpannableStringBuilder: SPAN_EXCLUSIVE_EXCLUSIVE spans cannot have a zero length
08-03 11:01:48.176  9977 10320 E SpannableStringBuilder: SPAN_EXCLUSIVE_EXCLUSIVE spans cannot have a zero length
08-03 11:01:48.182     0     0 I aw8695_activate_store: value=0
08-03 11:01:48.195  9977 10320 E SpannableStringBuilder: SPAN_EXCLUSIVE_EXCLUSIVE spans cannot have a zero length
08-03 11:01:48.195  9977 10320 E SpannableStringBuilder: SPAN_EXCLUSIVE_EXCLUSIVE spans cannot have a zero length
08-03 11:01:48.191     0     0 I aw8695_vibrate: value=0, seq=1, index=1
08-03 11:01:48.197  9977 10051 E SpannableStringBuilder: SPAN_EXCLUSIVE_EXCLUSIVE spans cannot have a zero length
08-03 11:01:48.197  9977 10051 E SpannableStringBuilder: SPAN_EXCLUSIVE_EXCLUSIVE spans cannot have a zero length
08-03 11:01:48.302  3571  3571 D Window selected text:: null
08-03 11:01:48.305  3571  3571 D Window selected text:: null
08-03 11:01:48.341     0     0 I pm7250b_charger: wdog_snarl_irq_handler: IRQ: wdog-snarl
08-03 11:01:48.347     0     0 E         : batt power supply prop 4 not supported
08-03 11:01:48.362     0     0 W healthd : battery l=81 v=4183 t=41.6 h=2 st=2 c=150146 fc=4660000 cc=0 chg=a
08-03 11:01:48.376  2406  3324 D PowerUI : can't show warning due to - plugged: true status unknown: false
08-03 11:01:48.460     0     0 I sec_ts 1-0048: [P] tID:0 x:1002 y:1978 z:36 major:10 minor:8 tc:1 type:0 noise:0
08-03 11:01:48.473     0     0 I aw8695_activate_store: value=1
08-03 11:01:48.482     0     0 I aw8695_vibrate: value=28, seq=1, index=1
08-03 11:01:48.525     0     0 I aw8695_activate_store: value=0
08-03 11:01:48.532     0     0 I aw8695_vibrate: value=0, seq=1, index=1
08-03 11:01:48.546     0     0 I sec_ts 1-0048: [R] tID:0 mc:0 tc:0 lx:1002 ly:1978 v:0000 cal:00 id(0,0) p:0 noise:0 lp:(0)
08-03 11:01:48.558     0     0 W sdcardfs: 171 user.relatime: invalid format
08-03 11:01:48.612     0     0 I sec_ts 1-0048: [P] tID:0 x:1000 y:1977 z:31 major:10 minor:7 tc:1 type:0 noise:0
08-03 11:01:48.626     0     0 I aw8695_activate_store: value=1
08-03 11:01:48.634     0     0 I aw8695_vibrate: value=28, seq=1, index=1
08-03 11:01:48.685  3571  3571 D Window selected text:: null
08-03 11:01:48.678     0     0 I aw8695_activate_store: value=0
08-03 11:01:48.688  3571  3571 D Window selected text:: null
08-03 11:01:48.686     0     0 I aw8695_vibrate: value=0, seq=1, index=1
08-03 11:01:48.691     0     0 I sec_ts 1-0048: [R] tID:0 mc:2 tc:0 lx:1000 ly:1980 v:0000 cal:00 id(0,0) p:0 noise:0 lp:(0)
08-03 11:01:48.819  3571  3571 D Window selected text:: null
08-03 11:01:48.813     0     0 I sec_ts 1-0048: [P] tID:0 x:1000 y:1969 z:33 major:9 minor:7 tc:1 type:0 noise:0
08-03 11:01:48.824  3571  3571 D Window selected text:: null
08-03 11:01:48.826     0     0 I aw8695_activate_store: value=1
08-03 11:01:48.832     0     0 I aw8695_vibrate: value=28, seq=1, index=1
08-03 11:01:48.836     0     0 I sec_ts 1-0048: [R] tID:0 mc:0 tc:0 lx:1000 ly:1969 v:0000 cal:00 id(0,0) p:0 noise:0 lp:(0)
08-03 11:01:48.890     0     0 I aw8695_activate_store: value=0
08-03 11:01:48.896     0     0 I aw8695_vibrate: value=0, seq=1, index=1
08-03 11:01:48.925     0     0 W sdcardfs: 171 user.relatime: invalid format
08-03 11:01:48.947     0     0 I sec_ts 1-0048: [P] tID:0 x:1000 y:1971 z:31 major:10 minor:7 tc:1 type:0 noise:0
08-03 11:01:48.960     0     0 I aw8695_activate_store: value=1
08-03 11:01:48.965     0     0 I aw8695_vibrate: value=28, seq=1, index=1
08-03 11:01:48.972  3571  3571 D Window selected text:: null
08-03 11:01:48.974  3571  3571 D Window selected text:: null
08-03 11:01:49.002     0     0 I pm7250b_charger: SMBMMI: mmi_chrg_usb_vin_config: DP DM pulse count = 2
08-03 11:01:49.003     0     0 I sec_ts 1-0048: [R] tID:0 mc:0 tc:0 lx:1000 ly:1971 v:0000 cal:00 id(0,0) p:0 noise:0 lp:(0)
08-03 11:01:49.011     0     0 I pm7250b_charger: SMBMMI: mmi_basic_charge_sm: batt_mv = 4173, batt_ma 40, batt_soc 81, batt_temp 41, usb_mv 4423, dc_mv 0, cp 1, vp 1 dp 0
08-03 11:01:49.034     0     0 I aw8695_activate_store: value=0
08-03 11:01:49.039     0     0 I pm7250b_charger: SMBMMI: mmi_basic_charge_sm: Step State = NORMAL, Temp Zone 3, Health 1
08-03 11:01:49.042     0     0 I aw8695_vibrate: value=0, seq=1, index=1
08-03 11:01:49.049     0     0 I pm7250b_charger: SMBMMI: mmi_basic_charge_sm: IMPOSED: FV = 4450000, CDIS = 0, FCC = 2000000, USBICL = 3000000
08-03 11:01:49.064     0     0 W sdcardfs: 171 user.relatime: invalid format
08-03 11:01:49.073     0     0 W healthd : battery l=81 v=4043 t=41.6 h=2 st=2 c=-619202 fc=4660000 cc=0 chg=a
08-03 11:01:49.088  2406  2994 D PowerUI : can't show warning due to - plugged: true status unknown: false
08-03 11:01:49.172  3571  3571 D Window selected text:: null
08-03 11:01:49.175  3571  3571 D Window selected text:: null
08-03 11:01:49.241     0     0 I sec_ts 1-0048: [P] tID:0 x:1000 y:1972 z:31 major:9 minor:7 tc:1 type:0 noise:0
08-03 11:01:49.256     0     0 I aw8695_activate_store: value=1
08-03 11:01:49.265     0     0 I aw8695_vibrate: value=28, seq=1, index=1
08-03 11:01:49.309     0     0 I aw8695_activate_store: value=0
08-03 11:01:49.317     0     0 I aw8695_vibrate: value=0, seq=1, index=1
08-03 11:01:49.333     0     0 I sec_ts 1-0048: [R] tID:0 mc:0 tc:0 lx:1000 ly:1972 v:0000 cal:00 id(0,0) p:0 noise:0 lp:(0)
08-03 11:01:49.420     0     0 I sec_ts 1-0048: [P] tID:0 x:1001 y:1970 z:32 major:11 minor:8 tc:1 type:0 noise:0
08-03 11:01:49.432     0     0 I aw8695_activate_store: value=1
08-03 11:01:49.439     0     0 I aw8695_vibrate: value=28, seq=1, index=1
08-03 11:01:49.469  3571  3571 D Window selected text:: null
08-03 11:01:49.472  3571  3571 D Window selected text:: null
08-03 11:01:49.482     0     0 I aw8695_activate_store: value=0
08-03 11:01:49.490     0     0 I aw8695_vibrate: value=0, seq=1, index=1
08-03 11:01:49.523     0     0 I sec_ts 1-0048: [R] tID:0 mc:0 tc:0 lx:1001 ly:1970 v:0000 cal:00 id(0,0) p:0 noise:0 lp:(0)
08-03 11:01:49.538  9977 10320 E SpannableStringBuilder: SPAN_EXCLUSIVE_EXCLUSIVE spans cannot have a zero length
08-03 11:01:49.538  9977 10320 E SpannableStringBuilder: SPAN_EXCLUSIVE_EXCLUSIVE spans cannot have a zero length
08-03 11:01:49.554  9977 10320 E SpannableStringBuilder: SPAN_EXCLUSIVE_EXCLUSIVE spans cannot have a zero length
08-03 11:01:49.554  9977 10320 E SpannableStringBuilder: SPAN_EXCLUSIVE_EXCLUSIVE spans cannot have a zero length
08-03 11:01:49.569  9977 10051 E SpannableStringBuilder: SPAN_EXCLUSIVE_EXCLUSIVE spans cannot have a zero length
08-03 11:01:49.570  9977 10051 E SpannableStringBuilder: SPAN_EXCLUSIVE_EXCLUSIVE spans cannot have a zero length
08-03 11:01:49.634  4919  4926 E ocessService0:0: failed to create Unix domain socket: Operation not permitted
08-03 11:01:49.670  3571  3571 D Window selected text:: null
08-03 11:01:49.672  3571  3571 D Window selected text:: null
08-03 11:01:50.972     0     0 I pm7250b_charger: default_irq_handler: IRQ: usbin-collapse
08-03 11:01:50.973     0     0 I pm7250b_charger: default_irq_handler: IRQ: aicl-done
08-03 11:01:50.979     0     0 I pm7250b_charger: default_irq_handler: IRQ: usbin-collapse
08-03 11:01:51.352     0     0 I pm7250b_charger: default_irq_handler: IRQ: usbin-collapse
08-03 11:01:51.353     0     0 I pm7250b_charger: default_irq_handler: IRQ: aicl-done
08-03 11:01:51.359     0     0 I pm7250b_charger: default_irq_handler: IRQ: usbin-collapse
08-03 11:01:51.635  4919  4926 E ocessService0:0: failed to create Unix domain socket: Operation not permitted
08-03 11:01:51.830  3658  3692 I MediaProvider: Scanned external_primary due to REASON_DEMAND, found 1 items in 28ms, 0 inserts 0 updates 0 deletes
08-03 11:01:51.835  3658  3692 I MediaProvider: Open with lower FS for /storage/emulated/0/Torrents. Uid: 10058
08-03 11:01:51.986     0     0 I pm7250b_charger: smblib_icl_change_work: icl_settled=750000
08-03 11:01:51.997     0     0 W healthd : battery l=81 v=4158 t=41.6 h=2 st=2 c=-35095 fc=4660000 cc=0 chg=a
08-03 11:01:52.001     0     0 I sec_ts 1-0048: [P] tID:0 x:1009 y:1969 z:29 major:10 minor:6 tc:1 type:0 noise:0
08-03 11:01:52.026  2406  2989 D PowerUI : can't show warning due to - plugged: true status unknown: false
08-03 11:01:52.020     0     0 I aw8695_activate_store: value=1
08-03 11:01:52.029     0     0 I aw8695_vibrate: value=28, seq=1, index=1
08-03 11:01:52.072     0     0 I aw8695_activate_store: value=0
08-03 11:01:52.078     0     0 I aw8695_vibrate: value=0, seq=1, index=1
08-03 11:01:52.109     0     0 I sec_ts 1-0048: [R] tID:0 mc:0 tc:0 lx:1009 ly:1969 v:0000 cal:00 id(0,0) p:0 noise:0 lp:(0)
08-03 11:01:52.242  3571  3571 D Window selected text:: null
08-03 11:01:52.246  3571  3571 D Window selected text:: null
08-03 11:01:53.635  4919  4926 E ocessService0:0: failed to create Unix domain socket: Operation not permitted
08-03 11:01:53.918  9977 10006 I SessionPrioritizationMiddleware: Update the tab 5df9cc3e-3be2-4b7f-814c-79408632c024 priority back to DEFAULT
08-03 11:01:53.931     0     0 W sdcardfs: 171 user.relatime: invalid format
08-03 11:01:54.123     0     0 I pm7250b_charger: SMBMMI: mmi_chrg_usb_vin_config: DP DM pulse count = 2
08-03 11:01:54.131     0     0 I pm7250b_charger: SMBMMI: mmi_basic_charge_sm: batt_mv = 4108, batt_ma 252, batt_soc 81, batt_temp 41, usb_mv 4433, dc_mv 0, cp 1, vp 1 dp 0
08-03 11:01:54.145     0     0 I pm7250b_charger: SMBMMI: mmi_basic_charge_sm: Step State = NORMAL, Temp Zone 3, Health 1
08-03 11:01:54.155     0     0 I pm7250b_charger: SMBMMI: mmi_basic_charge_sm: IMPOSED: FV = 4450000, CDIS = 0, FCC = 2000000, USBICL = 3000000
08-03 11:01:54.173     0     0 W healthd : battery l=81 v=4163 t=41.6 h=2 st=2 c=1525 fc=4660000 cc=0 chg=a
08-03 11:01:54.185  2406  2995 D PowerUI : can't show warning due to - plugged: true status unknown: false
08-03 11:01:55.636  4919  4926 E ocessService0:0: failed to create Unix domain socket: Operation not permitted
08-03 11:01:56.526     0     0 I pm7250b_charger: wdog_snarl_irq_handler: IRQ: wdog-snarl
08-03 11:01:56.532     0     0 E         : batt power supply prop 4 not supported
08-03 11:01:56.546     0     0 W healthd : battery l=81 v=4170 t=41.6 h=2 st=2 c=33264 fc=4660000 cc=0 chg=a
08-03 11:01:56.569  2406  3186 D PowerUI : can't show warning due to - plugged: true status unknown: false
08-03 11:01:56.574     0     0 W sdcardfs: 171 user.relatime: invalid format
08-03 11:01:56.655     0     0 I sec_ts 1-0048: [P] tID:0 x:918 y:996 z:48 major:12 minor:10 tc:1 type:0 noise:0
08-03 11:01:56.668  9977 10002 D GeckoIdleService: next timeout 5000 msec from now
08-03 11:01:56.668  9977 10002 D GeckoIdleService: SetTimerExpiryIfBefore: next timeout 5000 msec from now
08-03 11:01:56.668  9977 10002 D GeckoIdleService: reset timer expiry to 5010 msec from now
08-03 11:01:56.668  9977 10002 D GeckoIdleService: Reset idle timeout: tell observer 0x77a2af2d48 user is back
08-03 11:01:56.698  1223  2158 D slpi-MOT_VSYNC: panel freq est last 89.446991 cur 89.416435
08-03 11:01:57.081     0     0 I sec_ts 1-0048: [R] tID:0 mc:70 tc:0 lx:961 ly:782 v:0000 cal:00 id(0,0) p:0 noise:0 lp:(0)
08-03 11:01:57.636  4919  4926 E ocessService0:0: failed to create Unix domain socket: Operation not permitted
08-03 11:01:58.562     0     0 I pm7250b_charger: default_irq_handler: IRQ: usbin-collapse
08-03 11:01:58.564     0     0 I pm7250b_charger: default_irq_handler: IRQ: aicl-done
08-03 11:01:58.569     0     0 I pm7250b_charger: default_irq_handler: IRQ: usbin-collapse
08-03 11:01:58.600   935  3321 W libperfmgr: Slow writing to file: '/sys/class/devfreq/soc:qcom,cpu-llcc-ddr-bw/min_freq' with value: '762' took: 6 ms
08-03 11:01:58.593     0     0 I pm7250b_charger: default_irq_handler: IRQ: usbin-collapse
08-03 11:01:58.595     0     0 I pm7250b_charger: default_irq_handler: IRQ: aicl-done
08-03 11:01:58.600     0     0 I pm7250b_charger: default_irq_handler: IRQ: usbin-collapse
08-03 11:01:58.956     0     0 W sdcardfs: 171 user.relatime: invalid format
08-03 11:01:59.243     0     0 I pm7250b_charger: SMBMMI: mmi_chrg_usb_vin_config: DP DM pulse count = 2
08-03 11:01:59.251     0     0 I pm7250b_charger: SMBMMI: mmi_basic_charge_sm: batt_mv = 4149, batt_ma 93, batt_soc 81, batt_temp 41, usb_mv 4377, dc_mv 0, cp 1, vp 1 dp 0
08-03 11:01:59.265     0     0 I pm7250b_charger: SMBMMI: mmi_basic_charge_sm: Step State = NORMAL, Temp Zone 3, Health 1
08-03 11:01:59.274     0     0 I pm7250b_charger: SMBMMI: mmi_basic_charge_sm: IMPOSED: FV = 4450000, CDIS = 0, FCC = 2000000, USBICL = 3000000
08-03 11:01:59.292     0     0 W healthd : battery l=81 v=4130 t=41.6 h=2 st=2 c=-108642 fc=4660000 cc=0 chg=a
08-03 11:01:59.307  2406  3322 D PowerUI : can't show warning due to - plugged: true status unknown: false
08-03 11:01:59.637  4919  4926 E ocessService0:0: failed to create Unix domain socket: Operation not permitted
08-03 11:02:01.638  4919  4926 E ocessService0:0: failed to create Unix domain socket: Operation not permitted
08-03 11:02:01.678  9977 10002 D GeckoIdleService: Get idle time: time since reset 4584 msec
08-03 11:02:01.678  9977 10002 D GeckoIdleService: Idle timer callback: current idle time 4584 msec
08-03 11:02:01.678  9977 10002 D GeckoIdleService: next timeout 415 msec from now
08-03 11:02:01.678  9977 10002 D GeckoIdleService: SetTimerExpiryIfBefore: next timeout 415 msec from now
08-03 11:02:01.679  9977 10002 D GeckoIdleService: reset timer expiry to 425 msec from now
08-03 11:02:01.877  3658  3692 I MediaProvider: Scanned external_primary due to REASON_DEMAND, found 1 items in 30ms, 0 inserts 0 updates 0 deletes
08-03 11:02:01.882  3658  3692 I MediaProvider: Open with lower FS for /storage/emulated/0/Torrents. Uid: 10058
08-03 11:02:02.103  9977 10002 D GeckoIdleService: Get idle time: time since reset 5009 msec
08-03 11:02:02.103  9977 10002 D GeckoIdleService: Idle timer callback: current idle time 5009 msec
08-03 11:02:02.103  9977 10002 D GeckoIdleService: next timeout 4294967289991 msec from now
08-03 11:02:02.103  9977 10002 D GeckoIdleService: SetTimerExpiryIfBefore: next timeout 4294967289991 msec from now
08-03 11:02:02.103  9977 10002 D GeckoIdleService: reset timer expiry to 4294967290001 msec from now
08-03 11:02:02.103  9977 10002 D GeckoIdleService: Idle timer callback: tell observer 0x77a2af2d48 user is idle
08-03 11:02:03.614     0     0 I sec_ts 1-0048: [P] tID:0 x:946 y:1056 z:43 major:10 minor:8 tc:1 type:0 noise:0
08-03 11:02:03.626  9977 10002 D GeckoIdleService: next timeout 5000 msec from now
08-03 11:02:03.626  9977 10002 D GeckoIdleService: SetTimerExpiryIfBefore: next timeout 5000 msec from now
08-03 11:02:03.626  9977 10002 D GeckoIdleService: reset timer expiry to 5010 msec from now
08-03 11:02:03.626  9977 10002 D GeckoIdleService: Reset idle timeout: tell observer 0x77a2af2d48 user is back
08-03 11:02:03.638  4919  4926 E ocessService0:0: failed to create Unix domain socket: Operation not permitted
08-03 11:02:03.914  1223  2158 I slpi-TCS3708: ALS lux 121.922531, bright 326, algo 1, pnl idx 2, 90 Hz, poll 10 ms, lux_s 1.000000, aT 1376, aG 2214, pwm 0, HBt:0
08-03 11:02:04.014  1223  2158 I slpi-TCS3708: ALS lux 78.779877, bright 326, algo 1, pnl idx 2, 90 Hz, poll 10 ms, lux_s 1.000000, aT 1376, aG 2214, pwm 0, HBt:1
08-03 11:02:04.373     0     0 I pm7250b_charger: SMBMMI: mmi_chrg_usb_vin_config: DP DM pulse count = 2
08-03 11:02:04.382     0     0 I pm7250b_charger: SMBMMI: mmi_basic_charge_sm: batt_mv = 4124, batt_ma 233, batt_soc 81, batt_temp 41, usb_mv 4463, dc_mv 0, cp 1, vp 1 dp 0
08-03 11:02:04.399     0     0 I pm7250b_charger: SMBMMI: mmi_basic_charge_sm: Step State = NORMAL, Temp Zone 3, Health 1
08-03 11:02:04.409     0     0 I pm7250b_charger: SMBMMI: mmi_basic_charge_sm: IMPOSED: FV = 4450000, CDIS = 0, FCC = 2000000, USBICL = 3000000
08-03 11:02:04.420     0     0 I sec_ts 1-0048: [R] tID:0 mc:140 tc:0 lx:1002 ly:411 v:0000 cal:00 id(0,0) p:0 noise:0 lp:(0)
08-03 11:02:04.436     0     0 W healthd : battery l=81 v=4121 t=41.6 h=2 st=2 c=-251770 fc=4660000 cc=0 chg=a
08-03 11:02:04.450  2406  3046 D PowerUI : can't show warning due to - plugged: true status unknown: false
08-03 11:02:04.709     0     0 I pm7250b_charger: wdog_snarl_irq_handler: IRQ: wdog-snarl
08-03 11:02:04.716     0     0 E         : batt power supply prop 4 not supported
08-03 11:02:04.728     0     0 W healthd : battery l=81 v=4155 t=41.6 h=2 st=2 c=40588 fc=4660000 cc=0 chg=a
08-03 11:02:04.741  2406  3045 D PowerUI : can't show warning due to - plugged: true status unknown: false
08-03 11:02:05.453  9977 10055 I SessionStorage/AutoSave: Save: Periodic
08-03 11:02:05.576     0     0 W sdcardfs: 171 user.relatime: invalid format
08-03 11:02:05.585  3658  3899 I FuseDaemon: Threshold exceeded - fadvising 67162112
08-03 11:02:05.585  3658  3899 I FuseDaemon: Threshold now 29859840
08-03 11:02:05.638  4919  4926 E ocessService0:0: failed to create Unix domain socket: Operation not permitted
08-03 11:02:06.050     0     0 I sec_ts 1-0048: [P] tID:0 x:981 y:834 z:41 major:11 minor:8 tc:1 type:0 noise:0
08-03 11:02:06.533  1223  2158 I slpi-TCS3708: ALS lux 105.589539, bright 326, algo 1, pnl idx 2, 90 Hz, poll 10 ms, lux_s 1.000000, aT 1376, aG 554, pwm 0, HBt:2
08-03 11:02:06.653  1461  1557 W AccessibilityWindowsPopulator: Windows change within in 2 frames continuously over 500 ms and notify windows changed immediately
08-03 11:02:06.967     0     0 I sec_ts 1-0048: [R] tID:0 mc:137 tc:0 lx:972 ly:834 v:0000 cal:00 id(0,0) p:0 noise:0 lp:(0)
08-03 11:02:07.353     0     0 I sec_ts 1-0048: [P] tID:0 x:925 y:1009 z:43 major:11 minor:9 tc:1 type:0 noise:0
08-03 11:02:07.403     0     0 I sec_ts 1-0048: [R] tID:0 mc:0 tc:0 lx:925 ly:1009 v:0000 cal:00 id(0,0) p:0 noise:0 lp:(0)
08-03 11:02:07.506  1461  9166 D CoreBackPreview: Window{956fa6c u0 io.github.forkmaintainers.iceraven/io.github.forkmaintainers.iceraven.App}: Setting back callback OnBackInvokedCallbackInfo{mCallback=android.window.IOnBackInvokedCallback$Stub$Proxy@4c60b75, mPriority=0}
08-03 11:02:07.546  4017  4017 E FullInputEventModel: onStartInput event aborted: al1: could not obtain extracted text (class al1)
08-03 11:02:07.639  4919  4926 E ocessService0:0: failed to create Unix domain socket: Operation not permitted
08-03 11:02:07.644  3571  3571 D Window selected text:: null
08-03 11:02:07.652  3571  3571 D stopWindow: findFocus not editable
08-03 11:02:07.657  3571  3571 D stopWindow: findFocus not editable
08-03 11:02:07.657  3571  3571 I com.catchingnow.undo: onDestroy
08-03 11:02:07.724  1223  2158 I slpi-TCS3708: ALS lux 72.268272, bright 326, algo 1, pnl idx 2, 90 Hz, poll 10 ms, lux_s 1.000000, aT 1376, aG 2214, pwm 0, HBt:1
08-03 11:02:07.822  9977 10427 W GeckoEditable: Invalid token
08-03 11:02:07.877  9977  9989 I ainers.iceraven: Background concurrent copying GC freed 360316(11MB) AllocSpace objects, 21(3640KB) LOS objects, 49% free, 14MB/28MB, paused 221us,96us total 103.524ms
08-03 11:02:07.877  9977  9991 W System  : A resource failed to call Surface.release. 
08-03 11:02:07.877  9977  9991 W System  : A resource failed to call Surface.release. 
08-03 11:02:07.877  9977  9991 W System  : A resource failed to call Surface.release. 
08-03 11:02:07.877  9977  9991 W System  : A resource failed to call Surface.release. 
08-03 11:02:07.911  3571  3571 D Window selected text:: null
08-03 11:02:07.912  3571  3571 D stopWindow: findFocus not editable
08-03 11:02:07.917  3571  3571 D stopWindow: findFocus not editable
08-03 11:02:07.953  3571  3571 D stopWindow: findFocus not editable
08-03 11:02:08.071  3571  3571 D stopWindow: findFocus not editable
08-03 11:02:08.085  1461  3325 D CoreBackPreview: Window{591818 u0 com.catchingnow.undo}: Setting back callback null
08-03 11:02:08.086  1461 10865 W InputManager-JNI: Input channel object '591818 com.catchingnow.undo (client)' was disposed without first being removed with the input manager!
08-03 11:02:08.087  1461  1557 W NotificationHistory: Attempted to remove channel for locked/gone/disabled user 0
08-03 11:02:08.093   902   945 W TransactionTracing: Could not find layer handle 0xb400007af28b0370
08-03 11:02:08.122  3571  3571 D Window selected text:: null
08-03 11:02:08.124  3571  3571 D stopWindow: findFocus not editable
08-03 11:02:08.488  1461  1502 I system_server: Background concurrent copying GC freed 358280(22MB) AllocSpace objects, 4(80KB) LOS objects, 46% free, 27MB/51MB, paused 175us,251us total 390.200ms
08-03 11:02:08.517  1461  1504 W System  : A resource failed to call close. 
08-03 11:02:08.517  1461  1504 W System  : A resource failed to call HardwareBuffer.close. 
08-03 11:02:08.517  1461  1504 W System  : A resource failed to call close. 
08-03 11:02:08.585     0     0 W sdcardfs: 171 user.relatime: invalid format
