08-03 10:36:25.693  2406  3322 D PowerUI : can't show warning due to - plugged: true status unknown: false
08-03 10:36:27.545  1461  1564 I ActivityManager: Killing 9925:com.android.calllogbackup/u0a54 (adj 965): empty for 1882s
08-03 10:36:27.547  1461  1564 I ActivityManager: Killing 9895:com.android.dialer/u0a94 (adj 965): empty for 1882s
08-03 10:36:27.580  1461  2325 D CompatibilityChangeReporter: Compat change id reported: 218533173; UID 10094; state: DISABLED
08-03 10:36:28.431  2406  3046 D PowerUI : can't show warning due to - plugged: true status unknown: false
08-03 10:36:33.571  2406  3045 D PowerUI : can't show warning due to - plugged: true status unknown: false
08-03 10:36:38.680  2406  3324 D PowerUI : can't show warning due to - plugged: true status unknown: false
08-03 10:36:42.066  2406  2989 D PowerUI : can't show warning due to - plugged: true status unknown: false
08-03 10:36:43.790  2406  2994 D PowerUI : can't show warning due to - plugged: true status unknown: false
08-03 10:36:48.911  2406  2995 D PowerUI : can't show warning due to - plugged: true status unknown: false
08-03 10:36:49.612  2406  3186 D PowerUI : can't show warning due to - plugged: true status unknown: false
08-03 10:36:50.256  2406  3322 D PowerUI : can't show warning due to - plugged: true status unknown: false
08-03 10:36:54.041  2406  3046 D PowerUI : can't show warning due to - plugged: true status unknown: false
08-03 10:36:58.431  2406  3045 D PowerUI : can't show warning due to - plugged: true status unknown: false
08-03 10:36:59.150  2406  3324 D PowerUI : can't show warning due to - plugged: true status unknown: false
08-03 10:37:02.733  2406  2989 D PowerUI : can't show warning due to - plugged: true status unknown: false
08-03 10:37:04.269  2406  2994 D PowerUI : can't show warning due to - plugged: true status unknown: false
08-03 10:37:06.623  2406  2995 D PowerUI : can't show warning due to - plugged: true status unknown: false
08-03 10:37:09.406  2406  3186 D PowerUI : can't show warning due to - plugged: true status unknown: false
08-03 10:37:14.521  2406  3322 D PowerUI : can't show warning due to - plugged: true status unknown: false
08-03 10:37:14.822  2406  3046 D PowerUI : can't show warning due to - plugged: true status unknown: false
08-03 10:37:19.630  2406  3045 D PowerUI : can't show warning due to - plugged: true status unknown: false
08-03 10:37:21.053  2406  3324 D PowerUI : can't show warning due to - plugged: true status unknown: false
08-03 10:37:22.994  2406  2989 D PowerUI : can't show warning due to - plugged: true status unknown: false
08-03 10:37:24.750  2406  2994 D PowerUI : can't show warning due to - plugged: true status unknown: false
08-03 10:37:29.868  2406  2995 D PowerUI : can't show warning due to - plugged: true status unknown: false
08-03 10:37:31.178  2406  3186 D PowerUI : can't show warning due to - plugged: true status unknown: false
08-03 10:37:34.148  2406  3322 D PowerUI : can't show warning due to - plugged: true status unknown: false
08-03 10:37:34.993  2406  3046 D PowerUI : can't show warning due to - plugged: true status unknown: false
08-03 10:37:35.030  1461  1647 V DisplayPowerController[0]: Brightness [0.05] reason changing to: 'manual [ dim ]', previous reason: 'manual'.
08-03 10:37:35.030  1461  1647 I DisplayPowerController[0]: BrightnessEvent: disp=0, physDisp=local:4630947043778501761, brt=0.05, initBrt=1.0, rcmdBrt=NaN, preBrt=NaN, lux=0.0, preLux=0.0, hbmMax=1.0, hbmMode=off, rbcStrength=50, powerFactor=1.0, thrmMax=1.0, wasShortTermModelActive=false, flags=, reason=manual [ dim ], autoBrightness=false
08-03 10:37:35.908  1461  1647 I DisplayPowerController[0]: BrightnessEvent: disp=0, physDisp=local:4630947043778501761, brt=0.05, initBrt=0.05, rcmdBrt=NaN, preBrt=NaN, lux=0.0, preLux=0.0, hbmMax=1.0, hbmMode=off, rbcStrength=50, powerFactor=1.0, thrmMax=1.0, wasShortTermModelActive=false, flags=, reason=manual [ dim ], autoBrightness=false
08-03 10:37:39.364  2406  3045 D PowerUI : can't show warning due to - plugged: true status unknown: false
08-03 10:37:39.810  2406  3324 D PowerUI : can't show warning due to - plugged: true status unknown: false
08-03 10:37:40.109  2406  2989 D PowerUI : can't show warning due to - plugged: true status unknown: false
08-03 10:37:42.029  1461  1647 I PowerGroup: Powering off display group due to timeout (groupId= 0, uid= 1000, millisSinceLastUserActivity=120002, lastUserActivityEvent=touch)...
08-03 10:37:42.029  1461  1647 I PowerManagerService: Going to sleep due to timeout (uid 1000, screenOffTimeout=120000, activityTimeoutWM=-1, maxDimRatio=0.20000005, maxDimDur=7000)...
08-03 10:37:42.036  1461 10359 D CoreBackPreview: Window{956fa6c u0 io.github.forkmaintainers.iceraven/io.github.forkmaintainers.iceraven.App}: Setting back callback OnBackInvokedCallbackInfo{mCallback=android.window.IOnBackInvokedCallback$Stub$Proxy@7d486f1, mPriority=0}
08-03 10:37:42.089  1461  1647 V DisplayPowerController[0]: Brightness [1.0] reason changing to: 'manual', previous reason: 'manual [ dim ]'.
08-03 10:37:42.089  1461  1647 I DisplayPowerController[0]: BrightnessEvent: disp=0, physDisp=local:4630947043778501761, brt=1.0, initBrt=0.05, rcmdBrt=NaN, preBrt=NaN, lux=0.0, preLux=0.0, hbmMax=1.0, hbmMode=off, rbcStrength=50, powerFactor=1.0, thrmMax=1.0, wasShortTermModelActive=false, flags=, reason=manual, autoBrightness=false
08-03 10:37:42.500  1461  1647 I DisplayPowerController[0]: Blocking screen off
08-03 10:37:42.500  1461  1647 I DisplayPowerController[0]: Unblocked screen off after 1 ms
08-03 10:37:42.519  1461  1647 D ActivityTaskManager: Top Process State changed to PROCESS_STATE_TOP_SLEEPING
08-03 10:37:42.523  1461  1647 V DisplayPowerController[0]: Brightness [0.0] reason changing to: 'screen_off', previous reason: 'manual'.
08-03 10:37:42.523  1461  1647 I DisplayPowerController[0]: BrightnessEvent: disp=0, physDisp=local:4630947043778501761, brt=0.0, initBrt=1.0, rcmdBrt=NaN, preBrt=NaN, lux=0.0, preLux=0.0, hbmMax=1.0, hbmMode=off, rbcStrength=50, powerFactor=1.0, thrmMax=1.0, wasShortTermModelActive=false, flags=, reason=screen_off, autoBrightness=false
08-03 10:37:42.525  1461  1647 I DisplayPowerController[0]: BrightnessEvent: disp=0, physDisp=local:4630947043778501761, brt=0.0, initBrt=0.0, rcmdBrt=NaN, preBrt=NaN, lux=0.0, preLux=0.0, hbmMax=1.0, hbmMode=off, rbcStrength=50, powerFactor=1.0, thrmMax=1.0, wasShortTermModelActive=false, flags=, reason=screen_off, autoBrightness=false
08-03 10:37:42.531  1461  1557 I DisplayDeviceRepository: Display device changed state: "Built-in Screen", OFF
08-03 10:37:42.558  1461  2493 I DisplayDevice: [0] Layerstack set to -1 for local:4630947043778501761
08-03 10:37:42.591  1461 10359 D SystemServerTiming: getUserSwitchability-0
08-03 10:37:42.591  1461 10359 D SystemServerTiming: TM.isInCall
08-03 10:37:42.592  1461 10359 V SystemServerTiming: TM.isInCall took to complete: 0ms
08-03 10:37:42.592  1461 10359 D SystemServerTiming: hasUserRestriction-DISALLOW_USER_SWITCH
08-03 10:37:42.592  1461 10359 V SystemServerTiming: hasUserRestriction-DISALLOW_USER_SWITCH took to complete: 1ms
08-03 10:37:42.592  1461 10359 D SystemServerTiming: getInt-ALLOW_USER_SWITCHING_WHEN_SYSTEM_USER_LOCKED
08-03 10:37:42.592  1461 10359 V SystemServerTiming: getInt-ALLOW_USER_SWITCHING_WHEN_SYSTEM_USER_LOCKED took to complete: 0ms
08-03 10:37:42.592  1461 10359 D SystemServerTiming: isUserUnlocked-USER_SYSTEM
08-03 10:37:42.592  1461 10359 V SystemServerTiming: isUserUnlocked-USER_SYSTEM took to complete: 0ms
08-03 10:37:42.592  1461 10359 V SystemServerTiming: getUserSwitchability-0 took to complete: 1ms
08-03 10:37:42.596  1461  9739 D SystemServerTiming: getUserSwitchability-0
08-03 10:37:42.596  1461  9739 D SystemServerTiming: TM.isInCall
08-03 10:37:42.596  1461  9739 V SystemServerTiming: TM.isInCall took to complete: 0ms
08-03 10:37:42.596  1461  9739 D SystemServerTiming: hasUserRestriction-DISALLOW_USER_SWITCH
08-03 10:37:42.596  1461  9739 V SystemServerTiming: hasUserRestriction-DISALLOW_USER_SWITCH took to complete: 0ms
08-03 10:37:42.596  1461  9739 D SystemServerTiming: getInt-ALLOW_USER_SWITCHING_WHEN_SYSTEM_USER_LOCKED
08-03 10:37:42.596  1461  9739 V SystemServerTiming: getInt-ALLOW_USER_SWITCHING_WHEN_SYSTEM_USER_LOCKED took to complete: 0ms
08-03 10:37:42.596  1461  9739 D SystemServerTiming: isUserUnlocked-USER_SYSTEM
08-03 10:37:42.596  1461  9739 V SystemServerTiming: isUserUnlocked-USER_SYSTEM took to complete: 0ms
08-03 10:37:42.596  1461  9739 V SystemServerTiming: getUserSwitchability-0 took to complete: 0ms
08-03 10:37:42.856  1461  1557 I DisplayDeviceRepository: Display device changed state: "Built-in Screen", OFF
08-03 10:37:42.857  1461  1647 I DisplayPowerController[0]: BrightnessEvent: disp=0, physDisp=local:4630947043778501761, brt=0.0, initBrt=0.0, rcmdBrt=NaN, preBrt=NaN, lux=0.0, preLux=0.0, hbmMax=1.0, hbmMode=off, rbcStrength=50, powerFactor=1.0, thrmMax=1.0, wasShortTermModelActive=false, flags=, reason=screen_off, autoBrightness=false
08-03 10:37:42.858  1461  1647 I DreamManagerService: Entering dreamland.
08-03 10:37:42.859  1461  1647 I PowerManagerService: Dozing...
08-03 10:37:42.862  1461  1554 I DreamController: Starting dream: name=ComponentInfo{com.android.systemui/com.android.systemui.doze.DozeService}, isPreviewMode=false, canDoze=true, userId=0, reason='power manager request'
08-03 10:37:42.870  1461  1554 D AutofillManagerService: Close system dialogs
08-03 10:37:42.922  1461  1647 I DisplayPowerController[0]: BrightnessEvent: disp=0, physDisp=local:4630947043778501761, brt=0.0, initBrt=0.0, rcmdBrt=NaN, preBrt=NaN, lux=0.0, preLux=0.0, hbmMax=1.0, hbmMode=off, rbcStrength=50, powerFactor=1.0, thrmMax=1.0, wasShortTermModelActive=false, flags=, reason=screen_off, autoBrightness=false
08-03 10:37:42.929  1461  1461 I PowerManagerService: onFlip(): Face up.
08-03 10:37:42.931  1461  1557 W NotificationHistory: Attempted to remove channel for locked/gone/disabled user 0
08-03 10:37:42.949  1461  1557 W AccessibilityWindowsPopulator: The displayInfo of this displayId (0) called back from the surface fligner is null
08-03 10:37:42.970  1461  1557 W AccessibilityWindowsPopulator: The displayInfo of this displayId (0) called back from the surface fligner is null
08-03 10:37:42.988  1461  1557 W AccessibilityWindowsPopulator: The displayInfo of this displayId (0) called back from the surface fligner is null
08-03 10:37:42.999  1461 10360 W AccessibilityWindowsPopulator: The displayInfo of this displayId (0) called back from the surface fligner is null
08-03 10:37:43.162  1461  1554 I UsbPortManager: USB HAL HIDL version: 13
08-03 10:37:45.228  2406  2994 D PowerUI : can't show warning due to - plugged: true status unknown: false
08-03 10:37:47.561  2406  2995 D PowerUI : can't show warning due to - plugged: true status unknown: false
08-03 10:37:49.861  2406  3186 D PowerUI : can't show warning due to - plugged: true status unknown: false
08-03 10:37:50.361  2406  3322 D PowerUI : can't show warning due to - plugged: true status unknown: false
08-03 10:37:55.473  2406  3046 D PowerUI : can't show warning due to - plugged: true status unknown: false
08-03 10:37:55.736  2406  3045 D PowerUI : can't show warning due to - plugged: true status unknown: false
08-03 10:38:00.594  2406  3324 D PowerUI : can't show warning due to - plugged: true status unknown: false
08-03 10:38:02.983  2406  2989 D PowerUI : can't show warning due to - plugged: true status unknown: false
08-03 10:38:03.927  2406  2994 D PowerUI : can't show warning due to - plugged: true status unknown: false
08-03 10:38:05.716  2406  2995 D PowerUI : can't show warning due to - plugged: true status unknown: false
08-03 10:38:10.851  2406  3186 D PowerUI : can't show warning due to - plugged: true status unknown: false
08-03 10:38:12.094  1461  1461 D BiometricService: Sensor ID(0), oemStrength: 15, updatedStrength: 15, modality 2, state: 0, cookie: 0, sensorId 0, hasEnrollments: false cannot participate in Keystore operations
08-03 10:38:12.102   894   911 I keystore2: keystore2::authorization: on_lock_screen_event(LockScreenEvent(1), user_id=0, password.is_some()=false, unlocking_sids=Some([]))
08-03 10:38:12.102   894   911 I keystore2: keystore2::super_key: Locking screen bound for user 0 sids []
08-03 10:38:12.109  1461 10360 D SystemServerTiming: getUserSwitchability-0
08-03 10:38:12.109  1461 10360 D SystemServerTiming: TM.isInCall
08-03 10:38:12.110  1461 10360 V SystemServerTiming: TM.isInCall took to complete: 0ms
08-03 10:38:12.110  1461 10360 D SystemServerTiming: hasUserRestriction-DISALLOW_USER_SWITCH
08-03 10:38:12.110  1461 10360 V SystemServerTiming: hasUserRestriction-DISALLOW_USER_SWITCH took to complete: 0ms
08-03 10:38:12.110  1461 10360 D SystemServerTiming: getInt-ALLOW_USER_SWITCHING_WHEN_SYSTEM_USER_LOCKED
08-03 10:38:12.110  1461 10360 V SystemServerTiming: getInt-ALLOW_USER_SWITCHING_WHEN_SYSTEM_USER_LOCKED took to complete: 0ms
08-03 10:38:12.110  1461 10360 D SystemServerTiming: isUserUnlocked-USER_SYSTEM
08-03 10:38:12.110  1461 10360 V SystemServerTiming: isUserUnlocked-USER_SYSTEM took to complete: 0ms
08-03 10:38:12.110  1461 10360 V SystemServerTiming: getUserSwitchability-0 took to complete: 0ms
08-03 10:38:12.152  2406  3322 D PowerUI : can't show warning due to - plugged: true status unknown: false
08-03 10:38:12.185  1461  1557 W AccessibilityWindowsPopulator: The displayInfo of this displayId (0) called back from the surface fligner is null
08-03 10:38:12.362  1461  1554 I UsbPortManager: USB HAL HIDL version: 13
08-03 10:38:12.362  1461  1554 D UsbDeviceManager: applyOemOverride usbfunctions=adb bootmode=normal
08-03 10:38:12.362  1461  1554 I UsbDeviceManager: Setting USB config to adb
08-03 10:38:12.628  1461  3214 W AdbDebuggingManager: Read failed with count -1
08-03 10:38:12.919  1461  1554 W Looper  : Slow dispatch took 559ms android.fg h=com.android.server.usb.UsbDeviceManager$UsbHandlerLegacy c=null m=13
08-03 10:38:12.920  1461  1554 W Looper  : Slow delivery took 290ms android.fg h=com.android.server.adb.AdbDebuggingManager$AdbDebuggingHandler c=null m=27
08-03 10:38:13.633  1461  1554 W Looper  : Drained
08-03 10:38:15.953  2406  3046 D PowerUI : can't show warning due to - plugged: true status unknown: false
08-03 10:38:16.066  2406  3045 D PowerUI : can't show warning due to - plugged: true status unknown: false
08-03 10:38:20.312  2406  3324 D PowerUI : can't show warning due to - plugged: true status unknown: false
08-03 10:38:21.068  2406  2989 D PowerUI : can't show warning due to - plugged: true status unknown: false
08-03 10:38:22.595   894 12212 I keystore2: keystore2::watchdog: Watchdog thread idle -> terminating. Have a great day.
08-03 10:38:26.204  2406  2994 D PowerUI : can't show warning due to - plugged: true status unknown: false
08-03 10:38:29.161  2406  2995 D PowerUI : can't show warning due to - plugged: true status unknown: false
08-03 10:38:31.325  2406  3186 D PowerUI : can't show warning due to - plugged: true status unknown: false
08-03 10:38:34.315  1461  1608 W BatteryExternalStatsWorker: error reading Bluetooth stats: 9
08-03 10:38:36.429  2406  3322 D PowerUI : can't show warning due to - plugged: true status unknown: false
08-03 10:38:36.673  2406  3046 D PowerUI : can't show warning due to - plugged: true status unknown: false
08-03 10:38:39.827  2406  3045 D PowerUI : can't show warning due to - plugged: true status unknown: false
08-03 10:38:41.558  2406  3324 D PowerUI : can't show warning due to - plugged: true status unknown: false
08-03 10:38:42.254  2406  2989 D PowerUI : can't show warning due to - plugged: true status unknown: false
08-03 10:38:44.865  2406  2994 D PowerUI : can't show warning due to - plugged: true status unknown: false
08-03 10:38:46.672  2406  2995 D PowerUI : can't show warning due to - plugged: true status unknown: false
08-03 10:38:51.807  2406  3186 D PowerUI : can't show warning due to - plugged: true status unknown: false
08-03 10:38:53.066  2406  3322 D PowerUI : can't show warning due to - plugged: true status unknown: false
08-03 10:38:55.379  2406  3046 D PowerUI : can't show warning due to - plugged: true status unknown: false
08-03 10:38:56.912  2406  3045 D PowerUI : can't show warning due to - plugged: true status unknown: false
08-03 10:38:58.961  1461  2209 D ActivityManager: freezing 11222 com.android.carrierconfig
08-03 10:39:01.242  2406  3324 D PowerUI : can't show warning due to - plugged: true status unknown: false
08-03 10:39:01.392  1461  2209 D ActivityManager: freezing 11438 com.topjohnwu.magisk
08-03 10:39:02.035  2406  2989 D PowerUI : can't show warning due to - plugged: true status unknown: false
08-03 10:39:07.149  2406  2994 D PowerUI : can't show warning due to - plugged: true status unknown: false
08-03 10:39:08.483  2406  2995 D PowerUI : can't show warning due to - plugged: true status unknown: false
08-03 10:39:09.431  2406  3186 D PowerUI : can't show warning due to - plugged: true status unknown: false
08-03 10:39:12.282  2406  3322 D PowerUI : can't show warning due to - plugged: true status unknown: false
08-03 10:39:17.392  2406  3046 D PowerUI : can't show warning due to - plugged: true status unknown: false
08-03 10:39:21.563  2406  3045 D PowerUI : can't show warning due to - plugged: true status unknown: false
08-03 10:39:22.506  2406  3324 D PowerUI : can't show warning due to - plugged: true status unknown: false
08-03 10:39:25.806  2406  2989 D PowerUI : can't show warning due to - plugged: true status unknown: false
08-03 10:39:26.184  1461  2209 D ActivityManager: freezing 11237 com.android.carrierdefaultapp
08-03 10:39:26.192  1461  2209 D ActivityManager: freezing 11282 com.android.imsserviceentitlement
08-03 10:39:27.628  2406  2994 D PowerUI : can't show warning due to - plugged: true status unknown: false
08-03 10:39:32.761  2406  2995 D PowerUI : can't show warning due to - plugged: true status unknown: false
08-03 10:39:33.989  2406  3186 D PowerUI : can't show warning due to - plugged: true status unknown: false
08-03 10:39:34.680  2406  3322 D PowerUI : can't show warning due to - plugged: true status unknown: false
08-03 10:39:36.304  1461  2209 D ActivityManager: freezing 9753 com.nll.cb
08-03 10:39:37.875  2406  3046 D PowerUI : can't show warning due to - plugged: true status unknown: false
08-03 10:39:39.817  2406  3045 D PowerUI : can't show warning due to - plugged: true status unknown: false
08-03 10:39:42.176  2406  3324 D PowerUI : can't show warning due to - plugged: true status unknown: false
08-03 10:39:44.713  1461  2209 D ActivityManager: freezing 11736 android.process.media
08-03 10:39:45.003  1461  2209 D ActivityManager: freezing 11368 com.buak.Link2SD
08-03 10:39:45.127  1461  2209 D ActivityManager: freezing 11756 com.dataviz.docstogo
08-03 10:39:45.144  1461  2209 D ActivityManager: freezing 4799 me.bluemail.mail
08-03 10:39:45.149  1461  2209 D ActivityManager: freezing 4919 com.android.webview:sandboxed_process0:org.chromium.content.app.SandboxedProcessService0:0
08-03 10:39:45.151  1461  2209 D ActivityManager: freezing 11177 org.fdroid.fdroid
08-03 10:39:47.775  2406  2989 D PowerUI : can't show warning due to - plugged: true status unknown: false
08-03 10:39:48.113  2406  2994 D PowerUI : can't show warning due to - plugged: true status unknown: false
08-03 10:39:50.372  2406  2995 D PowerUI : can't show warning due to - plugged: true status unknown: false
08-03 10:39:53.239  2406  3186 D PowerUI : can't show warning due to - plugged: true status unknown: false
08-03 10:39:58.361  2406  3322 D PowerUI : can't show warning due to - plugged: true status unknown: false
08-03 10:39:58.571  2406  3046 D PowerUI : can't show warning due to - plugged: true status unknown: false
08-03 10:40:00.868  2406  3045 D PowerUI : can't show warning due to - plugged: true status unknown: false
08-03 10:40:03.475  2406  3324 D PowerUI : can't show warning due to - plugged: true status unknown: false
08-03 10:40:06.761  2406  2989 D PowerUI : can't show warning due to - plugged: true status unknown: false
08-03 10:40:08.592  2406  2994 D PowerUI : can't show warning due to - plugged: true status unknown: false
08-03 10:40:12.827  1461  2209 D ActivityManager: freezing 11254 com.android.cellbroadcastreceiver.module
08-03 10:40:13.709  2406  2995 D PowerUI : can't show warning due to - plugged: true status unknown: false
08-03 10:40:13.997  2406  3186 D PowerUI : can't show warning due to - plugged: true status unknown: false
08-03 10:40:14.940  2406  3322 D PowerUI : can't show warning due to - plugged: true status unknown: false
08-03 10:40:18.842  2406  3046 D PowerUI : can't show warning due to - plugged: true status unknown: false
08-03 10:40:23.951  2406  3045 D PowerUI : can't show warning due to - plugged: true status unknown: false
08-03 10:40:27.100  2406  3324 D PowerUI : can't show warning due to - plugged: true status unknown: false
08-03 10:40:29.098  2406  2989 D PowerUI : can't show warning due to - plugged: true status unknown: false
08-03 10:40:31.325  2406  2994 D PowerUI : can't show warning due to - plugged: true status unknown: false
08-03 10:40:34.196  2406  2995 D PowerUI : can't show warning due to - plugged: true status unknown: false
08-03 10:40:39.324  2406  3186 D PowerUI : can't show warning due to - plugged: true status unknown: false
08-03 10:40:39.515  2406  3322 D PowerUI : can't show warning due to - plugged: true status unknown: false
08-03 10:40:39.819  2406  3046 D PowerUI : can't show warning due to - plugged: true status unknown: false
08-03 10:40:40.176  2406  3045 D PowerUI : can't show warning due to - plugged: true status unknown: false
08-03 10:40:44.437  2406  3324 D PowerUI : can't show warning due to - plugged: true status unknown: false
08-03 10:40:46.059  2406  2989 D PowerUI : can't show warning due to - plugged: true status unknown: false
08-03 10:40:47.696  2406  2994 D PowerUI : can't show warning due to - plugged: true status unknown: false
08-03 10:40:49.555  2406  2995 D PowerUI : can't show warning due to - plugged: true status unknown: false
08-03 10:40:53.296  2406  3186 D PowerUI : can't show warning due to - plugged: true status unknown: false
08-03 10:40:54.675  2406  3322 D PowerUI : can't show warning due to - plugged: true status unknown: false
08-03 10:40:55.886  2406  3046 D PowerUI : can't show warning due to - plugged: true status unknown: false
08-03 10:40:57.334  1461  2209 D ActivityManager: freezing 3165 android.process.acore
08-03 10:40:59.790  2406  3045 D PowerUI : can't show warning due to - plugged: true status unknown: false
08-03 10:41:04.076  2406  3324 D PowerUI : can't show warning due to - plugged: true status unknown: false
08-03 10:41:04.918  2406  2989 D PowerUI : can't show warning due to - plugged: true status unknown: false
08-03 10:41:06.389  2406  2994 D PowerUI : can't show warning due to - plugged: true status unknown: false
08-03 10:41:10.027  2406  2995 D PowerUI : can't show warning due to - plugged: true status unknown: false
08-03 10:41:12.270  2406  3186 D PowerUI : can't show warning due to - plugged: true status unknown: false
08-03 10:41:14.240  1461  2209 D ActivityManager: freezing 8232 xyz.klinker.messenger
08-03 10:41:15.153  2406  3322 D PowerUI : can't show warning due to - plugged: true status unknown: false
08-03 10:41:19.491  2406  3046 D PowerUI : can't show warning due to - plugged: true status unknown: false
08-03 10:41:20.267  2406  3045 D PowerUI : can't show warning due to - plugged: true status unknown: false
08-03 10:41:20.455  2406  3324 D PowerUI : can't show warning due to - plugged: true status unknown: false
08-03 10:41:25.392  2406  2989 D PowerUI : can't show warning due to - plugged: true status unknown: false
08-03 10:41:28.642  2406  2994 D PowerUI : can't show warning due to - plugged: true status unknown: false
08-03 10:41:30.516  2406  2995 D PowerUI : can't show warning due to - plugged: true status unknown: false
08-03 10:41:32.609  2406  3186 D PowerUI : can't show warning due to - plugged: true status unknown: false
08-03 10:41:35.635  2406  3322 D PowerUI : can't show warning due to - plugged: true status unknown: false
08-03 10:41:36.830  2406  3046 D PowerUI : can't show warning due to - plugged: true status unknown: false
08-03 10:41:39.819  2406  3045 D PowerUI : can't show warning due to - plugged: true status unknown: false
08-03 10:41:40.750  2406  3324 D PowerUI : can't show warning due to - plugged: true status unknown: false
08-03 10:41:45.034  2406  2989 D PowerUI : can't show warning due to - plugged: true status unknown: false
08-03 10:41:45.698  2406  2994 D PowerUI : can't show warning due to - plugged: true status unknown: false
08-03 10:41:45.867  2406  2995 D PowerUI : can't show warning due to - plugged: true status unknown: false
08-03 10:41:50.996  2406  3186 D PowerUI : can't show warning due to - plugged: true status unknown: false
08-03 10:41:53.215  2406  3322 D PowerUI : can't show warning due to - plugged: true status unknown: false
08-03 10:41:56.113  2406  3046 D PowerUI : can't show warning due to - plugged: true status unknown: false
08-03 10:41:58.801  1461  1608 W BatteryExternalStatsWorker: error reading Bluetooth stats: 9
08-03 10:41:58.814  2406  3045 D PowerUI : can't show warning due to - plugged: true status unknown: false
08-03 10:42:01.231  2406  3324 D PowerUI : can't show warning due to - plugged: true status unknown: false
08-03 10:42:01.397  2406  2989 D PowerUI : can't show warning due to - plugged: true status unknown: false
08-03 10:42:06.352  2406  2994 D PowerUI : can't show warning due to - plugged: true status unknown: false
08-03 10:42:09.595  2406  2995 D PowerUI : can't show warning due to - plugged: true status unknown: false
08-03 10:42:11.481  2406  3186 D PowerUI : can't show warning due to - plugged: true status unknown: false
08-03 10:42:11.905  2406  3322 D PowerUI : can't show warning due to - plugged: true status unknown: false
08-03 10:42:16.594  2406  3046 D PowerUI : can't show warning due to - plugged: true status unknown: false
08-03 10:42:16.705  1461  1562 I UsageStatsService: User[0] Flushing usage stats to disk
08-03 10:42:17.783  2406  3045 D PowerUI : can't show warning due to - plugged: true status unknown: false
08-03 10:42:21.711  2406  3324 D PowerUI : can't show warning due to - plugged: true status unknown: false
08-03 10:42:25.011  2406  2989 D PowerUI : can't show warning due to - plugged: true status unknown: false
08-03 10:42:25.973  2406  2994 D PowerUI : can't show warning due to - plugged: true status unknown: false
08-03 10:42:26.835  2406  2995 D PowerUI : can't show warning due to - plugged: true status unknown: false
08-03 10:42:31.951  2406  3186 D PowerUI : can't show warning due to - plugged: true status unknown: false
08-03 10:42:34.169  2406  3322 D PowerUI : can't show warning due to - plugged: true status unknown: false
08-03 10:42:37.079  2406  3046 D PowerUI : can't show warning due to - plugged: true status unknown: false
08-03 10:42:38.134  2406  3045 D PowerUI : can't show warning due to - plugged: true status unknown: false
08-03 10:42:39.821  2406  3324 D PowerUI : can't show warning due to - plugged: true status unknown: false
08-03 10:42:42.190  2406  2989 D PowerUI : can't show warning due to - plugged: true status unknown: false
08-03 10:42:42.354  2406  2994 D PowerUI : can't show warning due to - plugged: true status unknown: false
08-03 10:42:47.314  2406  2995 D PowerUI : can't show warning due to - plugged: true status unknown: false
08-03 10:42:50.556  2406  3186 D PowerUI : can't show warning due to - plugged: true status unknown: false
08-03 10:42:51.215  2406  3322 D PowerUI : can't show warning due to - plugged: true status unknown: false
08-03 10:42:52.439  2406  3046 D PowerUI : can't show warning due to - plugged: true status unknown: false
08-03 10:42:57.563  2406  3045 D PowerUI : can't show warning due to - plugged: true status unknown: false
08-03 10:42:58.733  2406  3324 D PowerUI : can't show warning due to - plugged: true status unknown: false
08-03 10:43:02.676  2406  2989 D PowerUI : can't show warning due to - plugged: true status unknown: false
08-03 10:43:04.335  2406  2994 D PowerUI : can't show warning due to - plugged: true status unknown: false
08-03 10:43:06.921  2406  2995 D PowerUI : can't show warning due to - plugged: true status unknown: false
08-03 10:43:07.789  2406  3186 D PowerUI : can't show warning due to - plugged: true status unknown: false
08-03 10:43:12.913  2406  3322 D PowerUI : can't show warning due to - plugged: true status unknown: false
08-03 10:43:15.112  2406  3046 D PowerUI : can't show warning due to - plugged: true status unknown: false
08-03 10:43:17.431  2406  3045 D PowerUI : can't show warning due to - plugged: true status unknown: false
08-03 10:43:18.029  2406  3324 D PowerUI : can't show warning due to - plugged: true status unknown: false
08-03 10:43:23.163  2406  2989 D PowerUI : can't show warning due to - plugged: true status unknown: false
08-03 10:43:23.305  2406  2994 D PowerUI : can't show warning due to - plugged: true status unknown: false
08-03 10:43:27.766  1461 10359 W JobScheduler: Job didn't exist in JobStore: f65c1dd #u0a158/758213420 hu.tagsoft.ttorrent.noads/com.google.android.gms.measurement.AppMeasurementJobService
08-03 10:43:28.279  2406  2995 D PowerUI : can't show warning due to - plugged: true status unknown: false
08-03 10:43:31.491  2406  3186 D PowerUI : can't show warning due to - plugged: true status unknown: false
08-03 10:43:33.385  2406  3322 D PowerUI : can't show warning due to - plugged: true status unknown: false
08-03 10:43:35.275  1461  1608 W BatteryExternalStatsWorker: error reading Bluetooth stats: 9
08-03 10:43:36.921  1461  1647 I DisplayPowerController[0]: Blocking screen on until initial contents have been drawn.
08-03 10:43:36.923  1461  1647 V DisplayPowerController[0]: Brightness [0.062992126] reason changing to: 'doze', previous reason: 'screen_off'.
08-03 10:43:36.924  1461  1647 I DisplayPowerController[0]: BrightnessEvent: disp=0, physDisp=local:4630947043778501761, brt=0.062992126, initBrt=0.0, rcmdBrt=NaN, preBrt=NaN, lux=0.0, preLux=0.0, hbmMax=1.0, hbmMode=off, rbcStrength=50, powerFactor=1.0, thrmMax=1.0, wasShortTermModelActive=false, flags=, reason=doze, autoBrightness=false
08-03 10:43:36.925  1461  1557 I DisplayDeviceRepository: Display device changed state: "Built-in Screen", ON
08-03 10:43:36.926  1461  1647 I DisplayPowerController[0]: BrightnessEvent: disp=0, physDisp=local:4630947043778501761, brt=0.062992126, initBrt=0.062992126, rcmdBrt=NaN, preBrt=NaN, lux=0.0, preLux=0.0, hbmMax=1.0, hbmMode=off, rbcStrength=50, powerFactor=1.0, thrmMax=1.0, wasShortTermModelActive=false, flags=, reason=doze, autoBrightness=false
08-03 10:43:36.929  1461  1558 I DisplayDevice: [0] Layerstack set to 0 for local:4630947043778501761
08-03 10:43:37.086  1461  1557 W AccessibilityWindowsPopulator: The displayInfo of this displayId (0) called back from the surface fligner is null
08-03 10:43:37.161  1461  1557 I DisplayDeviceRepository: Display device changed state: "Built-in Screen", ON
08-03 10:43:37.219  1461  1647 I DisplayPowerController[0]: Unblocked screen on after 297 ms
08-03 10:43:37.220  1461  1647 I DisplayPowerController[0]: BrightnessEvent: disp=0, physDisp=local:4630947043778501761, brt=0.062992126, initBrt=0.062992126, rcmdBrt=NaN, preBrt=NaN, lux=0.0, preLux=0.0, hbmMax=1.0, hbmMode=off, rbcStrength=50, powerFactor=1.0, thrmMax=1.0, wasShortTermModelActive=false, flags=, reason=doze, autoBrightness=false
08-03 10:43:37.220  1461  1647 I DisplayPowerController[0]: BrightnessEvent: disp=0, physDisp=local:4630947043778501761, brt=0.062992126, initBrt=0.062992126, rcmdBrt=NaN, preBrt=NaN, lux=0.0, preLux=0.0, hbmMax=1.0, hbmMode=off, rbcStrength=50, powerFactor=1.0, thrmMax=1.0, wasShortTermModelActive=false, flags=, reason=doze, autoBrightness=false
08-03 10:43:38.509  2406  3046 D PowerUI : can't show warning due to - plugged: true status unknown: false
08-03 10:43:38.758  1461  2236 I PowerGroup: Waking up power group from Dozing (groupId=0, uid=1000, reason=WAKE_REASON_POWER_BUTTON, details=android.policy:POWER)...
08-03 10:43:38.759  1461  2236 I PowerManagerService: Waking up from Dozing (uid=1000, reason=WAKE_REASON_POWER_BUTTON, details=android.policy:POWER)...
08-03 10:43:38.760  1461  1461 E ActivityManager: Cancel pending or running compactions as system is awake
08-03 10:43:38.762  1461  1647 V DisplayPowerController[0]: Brightness [1.0] reason changing to: 'manual', previous reason: 'doze'.
08-03 10:43:38.762  1461  1647 I DisplayPowerController[0]: BrightnessEvent: disp=0, physDisp=local:4630947043778501761, brt=1.0, initBrt=0.062992126, rcmdBrt=NaN, preBrt=NaN, lux=0.0, preLux=0.0, hbmMax=1.0, hbmMode=off, rbcStrength=50, powerFactor=1.0, thrmMax=1.0, wasShortTermModelActive=false, flags=, reason=manual, autoBrightness=false
08-03 10:43:38.762  1461  1647 I DreamManagerService: Gently waking up from dream.
08-03 10:43:38.777  1461  9739 I DreamManagerService: Leaving dreamland.
08-03 10:43:38.778  1461  1554 I DreamController: Stopping dream: name=ComponentInfo{com.android.systemui/com.android.systemui.doze.DozeService}, isPreviewMode=false, canDoze=true, userId=0, reason='finished self'(from 'power manager request')
08-03 10:43:38.958  1461  1461 I FingerprintManager: onPowerPressed
08-03 10:43:38.958  1461  1461 D WindowManager: powerPress: eventTime=3699992 interactive=true count=1 beganFromNonInteractive=true mShortPressOnPowerBehavior=1
08-03 10:43:38.958  1461  1461 E Fingerprint21: onPowerPressed not supported for HIDL clients
08-03 10:43:39.024  1461  1554 I UsbPortManager: USB HAL HIDL version: 13
08-03 10:43:39.566  1461  1647 I DisplayPowerController[0]: BrightnessEvent: disp=0, physDisp=local:4630947043778501761, brt=1.0, initBrt=1.0, rcmdBrt=NaN, preBrt=NaN, lux=0.0, preLux=0.0, hbmMax=1.0, hbmMode=off, rbcStrength=50, powerFactor=1.0, thrmMax=1.0, wasShortTermModelActive=false, flags=, reason=manual, autoBrightness=false
08-03 10:43:39.691  2406  3045 D PowerUI : can't show warning due to - plugged: true status unknown: false
08-03 10:43:39.809  2406  3324 D PowerUI : can't show warning due to - plugged: true status unknown: false
08-03 10:43:42.406  1461  9739 D LockSettingsService: spBasedDoVerifyCredential: user=0 hasEnrolledBiometrics=false
08-03 10:43:42.535   894   911 I keystore2: keystore2::authorization: on_lock_screen_event(LockScreenEvent(0), user_id=0, password.is_some()=true, unlocking_sids=None)
08-03 10:43:42.540   894   911 I keystore2: keystore2::super_key: In unlock_and_get_user_state. Trying to unlock when already unlocked.
08-03 10:43:42.540  1461  9739 I LockSettingsService: Unlocking user 0 with secret only, length 32
08-03 10:43:42.540  1461  9739 D LockSettingsService: unlockUser finished
08-03 10:43:42.541  1461  9739 D SystemServerTiming: finishUserUnlocking-0
08-03 10:43:42.541  1461  9739 W ActivityManager: UserLifecycleEvent 5 received without an active userJourneySession.
08-03 10:43:42.541  1461  9739 V SystemServerTiming: finishUserUnlocking-0 took to complete: 0ms
08-03 10:43:42.541  1461  9739 D LockSettingsService: unlockUser finished
08-03 10:43:42.541  1461  9739 I LockSettingsService: Disabling escrow token on user 0
08-03 10:43:42.695  1461  9739 D ActivityTaskManager: Top Process State changed to PROCESS_STATE_TOP
08-03 10:43:42.847  1461  2493 W JobScheduler: Job didn't exist in JobStore: fc06208 #u0a205/95820 io.github.forkmaintainers.iceraven/androidx.work.impl.background.systemjob.SystemJobService
08-03 10:43:43.016  1461  1461 D BiometricService: Sensor ID(0), oemStrength: 15, updatedStrength: 15, modality 2, state: 0, cookie: 0, sensorId 0, hasEnrollments: false cannot participate in Keystore operations
08-03 10:43:43.016   894   911 I keystore2: keystore2::authorization: on_lock_screen_event(LockScreenEvent(0), user_id=0, password.is_some()=false, unlocking_sids=Some([]))
08-03 10:43:43.021  1461  1564 W BroadcastQueue: Exported Denial: sending Intent { act=android.intent.action.USER_PRESENT flg=0x24200010 }, action: android.intent.action.USER_PRESENT from com.android.systemui (uid=10122) due to receiver ProcessRecord{850a33b 6840:com.pextor.batterychargeralarm/u0a209} (uid 10209) not specifying RECEIVER_EXPORTED
08-03 10:43:43.021  1461  1564 W BroadcastQueue: Exported Denial: sending Intent { act=android.intent.action.USER_PRESENT flg=0x24200010 }, action: android.intent.action.USER_PRESENT from com.android.systemui (uid=10122) due to receiver ProcessRecord{850a33b 6840:com.pextor.batterychargeralarm/u0a209} (uid 10209) not specifying RECEIVER_EXPORTED
08-03 10:43:43.022  1461  1564 W BroadcastQueue: Background execution not allowed: receiving Intent { act=android.intent.action.USER_PRESENT flg=0x24200010 } to com.android.chrome/org.chromium.chrome.browser.sharing.click_to_call.ClickToCallMessageHandler$PhoneUnlockedReceiver
08-03 10:43:43.022  1461  1564 W BroadcastQueue: Background execution not allowed: receiving Intent { act=android.intent.action.USER_PRESENT flg=0x24200010 } to com.brave.browser/org.chromium.chrome.browser.sharing.click_to_call.ClickToCallMessageHandler$PhoneUnlockedReceiver
08-03 10:43:43.022  1461  1564 W BroadcastQueue: Background execution not allowed: receiving Intent { act=android.intent.action.USER_PRESENT flg=0x24200010 } to com.utility.autoapporganizer/.ReceiverUserPresent
08-03 10:43:43.022  1461  1564 W BroadcastQueue: Background execution not allowed: receiving Intent { act=android.intent.action.USER_PRESENT flg=0x24200010 } to com.utility.autoapporganizer/.NotifService$UserPresentReceiver
08-03 10:43:43.023  1461  1564 W BroadcastQueue: Background execution not allowed: receiving Intent { act=android.intent.action.USER_PRESENT flg=0x24200010 } to com.weather.Weather/com.weather.dal2.system.UniversalBroadcastReceiver
08-03 10:43:43.023  1461  1564 W BroadcastQueue: Background execution not allowed: receiving Intent { act=android.intent.action.USER_PRESENT flg=0x24200010 } to de.appzer.Pushsafer/com.tonikorin.cordova.plugin.autostart.UserPresentReceiver
08-03 10:43:43.023  1461  1564 W BroadcastQueue: Background execution not allowed: receiving Intent { act=android.intent.action.USER_PRESENT flg=0x24200010 } to org.leetzone.android.yatsewidgetfree/org.leetzone.android.yatsewidget.receivers.YatseEventReceiver
08-03 10:43:43.030  1461  2493 D SystemServerTiming: getUserSwitchability-0
08-03 10:43:43.030  1461  2493 D SystemServerTiming: TM.isInCall
08-03 10:43:43.030  1461  2493 V SystemServerTiming: TM.isInCall took to complete: 1ms
08-03 10:43:43.030  1461  2493 D SystemServerTiming: hasUserRestriction-DISALLOW_USER_SWITCH
08-03 10:43:43.030  1461  2493 V SystemServerTiming: hasUserRestriction-DISALLOW_USER_SWITCH took to complete: 0ms
08-03 10:43:43.030  1461  2493 D SystemServerTiming: getInt-ALLOW_USER_SWITCHING_WHEN_SYSTEM_USER_LOCKED
08-03 10:43:43.030  1461  2493 V SystemServerTiming: getInt-ALLOW_USER_SWITCHING_WHEN_SYSTEM_USER_LOCKED took to complete: 0ms
08-03 10:43:43.030  1461  2493 D SystemServerTiming: isUserUnlocked-USER_SYSTEM
08-03 10:43:43.030  1461  2493 V SystemServerTiming: isUserUnlocked-USER_SYSTEM took to complete: 0ms
08-03 10:43:43.030  1461  2493 V SystemServerTiming: getUserSwitchability-0 took to complete: 1ms
08-03 10:43:43.123  1461  1461 W Looper  : Slow dispatch took 102ms main h=android.app.ActivityThread$H c=android.app.LoadedApk$ReceiverDispatcher$Args$$ExternalSyntheticLambda0@286b62d m=0
08-03 10:43:43.269  1461  1554 I UsbPortManager: USB HAL HIDL version: 13
08-03 10:43:43.269  1461  1554 D UsbDeviceManager: applyOemOverride usbfunctions=mtp,adb bootmode=normal
08-03 10:43:43.269  1461  1554 I UsbDeviceManager: Setting USB config to mtp,adb
08-03 10:43:43.326  1461  1461 W NotificationHistory: Attempted to add notif for locked/gone/disabled user 0
08-03 10:43:43.537  1461  3214 W AdbDebuggingManager: Read failed with count -1
08-03 10:43:43.539  1461  3214 E AdbDebuggingManager: Caught an exception opening the socket: java.io.IOException: Connection refused
08-03 10:43:43.640  2406  2994 D PowerUI : can't show warning due to - plugged: true status unknown: false
08-03 10:43:43.923  1461  1554 W Looper  : Slow dispatch took 655ms android.fg h=com.android.server.usb.UsbDeviceManager$UsbHandlerLegacy c=null m=13
08-03 10:43:43.923  1461  1554 W Looper  : Slow delivery took 384ms android.fg h=com.android.server.adb.AdbDebuggingManager$AdbDebuggingHandler c=null m=27
08-03 10:43:44.540  1461  1554 W Looper  : Drained
08-03 10:43:46.898  1461  1554 D AutofillManagerService: Close system dialogs
08-03 10:43:46.899  1461  1555 I ActivityTaskManager: START u0 {act=android.intent.action.MAIN cat=[android.intent.category.HOME] flg=0x10000100 cmp=ginlemon.flowerfree/ginlemon.flower.HomeScreen (has extras)} from uid 0
08-03 10:43:47.506  1461 10359 D CoreBackPreview: Window{8f9b706 u0 com.catchingnow.undo}: Setting back callback null
08-03 10:43:47.508  1461  1557 W NotificationHistory: Attempted to remove channel for locked/gone/disabled user 0
08-03 10:43:47.778  1461 10360 I ActivityTaskManager: START u0 {act=android.intent.action.MAIN cat=[android.intent.category.LAUNCHER] flg=0x10000000 cmp=xyz.klinker.messenger/.activity.MessengerActivity} from uid 10281
08-03 10:43:47.781  1461 10360 I ActivityTaskManager: Launching r: ActivityRecord{754edfc u0 xyz.klinker.messenger/.activity.MessengerActivity} from background: ActivityRecord{407da44 u0 ginlemon.flowerfree/ginlemon.flower.HomeScreen} t8733}. New task: false
08-03 10:43:47.790  1461  2493 D ActivityManager: quick sync unfreeze 8232
08-03 10:43:47.800  1461  1557 D ActivityManager: sync unfroze 8232 xyz.klinker.messenger
08-03 10:43:47.879  2406  2995 D PowerUI : can't show warning due to - plugged: true status unknown: false
08-03 10:43:48.755  2406  3186 D PowerUI : can't show warning due to - plugged: true status unknown: false
08-03 10:43:48.861  1461 10360 D CoreBackPreview: Window{4747ab6 u0 xyz.klinker.messenger/xyz.klinker.messenger.activity.MessengerActivity}: Setting back callback OnBackInvokedCallbackInfo{mCallback=android.window.IOnBackInvokedCallback$Stub$Proxy@3865190, mPriority=0}
08-03 10:43:49.931  1461 10359 D CoreBackPreview: Window{4747ab6 u0 xyz.klinker.messenger/xyz.klinker.messenger.activity.MessengerActivity}: Setting back callback null
08-03 10:43:49.934  1461  2832 D ActivityManager: sync unfroze 3165 android.process.acore
08-03 10:43:49.943  1461  1557 V WindowManager: Unknown focus tokens, dropping reportFocusChanged
08-03 10:43:50.677  1461  1461 W NotificationHistory: Attempted to add notif for locked/gone/disabled user 0
08-03 10:43:50.678  1461  1461 E NotificationService: Muting recently noisy 0|xyz.klinker.messenger|959604090|null|10257
08-03 10:43:50.682  1461  1461 E NotificationService: Muting recently noisy 0|xyz.klinker.messenger|959604090|null|10257
08-03 10:43:51.507  2406  3322 D PowerUI : can't show warning due to - plugged: true status unknown: false
08-03 10:43:53.517   894 12261 I keystore2: keystore2::watchdog: Watchdog thread idle -> terminating. Have a great day.
08-03 10:43:53.868  2406  3046 D PowerUI : can't show warning due to - plugged: true status unknown: false
08-03 10:43:56.065  2406  3045 D PowerUI : can't show warning due to - plugged: true status unknown: false
08-03 10:43:57.386  2406  2406 V DeadZone: consuming errant click: (550.0,30.0)
08-03 10:43:57.386  2406  2406 V DeadZone: consuming errant click: (550.0,30.0)
08-03 10:43:58.320  1461  1554 D AutofillManagerService: Close system dialogs
08-03 10:43:58.321  1461  1555 I ActivityTaskManager: START u0 {act=android.intent.action.MAIN cat=[android.intent.category.HOME] flg=0x10000100 cmp=ginlemon.flowerfree/ginlemon.flower.HomeScreen (has extras)} from uid 0
08-03 10:43:58.987  2406  3324 D PowerUI : can't show warning due to - plugged: true status unknown: false
08-03 10:44:03.422  1461 10359 I ActivityTaskManager: START u0 {act=android.intent.action.MAIN flg=0x10000000 cmp=io.github.forkmaintainers.iceraven/.App} from uid 10281
08-03 10:44:03.423  1461 10359 I ActivityTaskManager: Launching r: ActivityRecord{d055865 u0 io.github.forkmaintainers.iceraven/.App} from background: ActivityRecord{407da44 u0 ginlemon.flowerfree/ginlemon.flower.HomeScreen} t8733}. New task: false
08-03 10:44:03.578  1461  3325 W JobScheduler: Job didn't exist in JobStore: b866353 #u0a205/95823 io.github.forkmaintainers.iceraven/androidx.work.impl.background.systemjob.SystemJobService
08-03 10:44:03.587  1461 10359 D CoreBackPreview: Window{6e01ef9 u0 com.catchingnow.undo}: Setting back callback OnBackInvokedCallbackInfo{mCallback=android.window.IOnBackInvokedCallback$Stub$Proxy@3fc949f, mPriority=0}
08-03 10:44:03.848  1461  1461 W NotificationHistory: Attempted to add notif for locked/gone/disabled user 0
08-03 10:44:04.109  2406  2994 D PowerUI : can't show warning due to - plugged: true status unknown: false
08-03 10:44:04.246  2406  2989 D PowerUI : can't show warning due to - plugged: true status unknown: false
08-03 10:44:05.403  1461  3325 W JobScheduler: Job didn't exist in JobStore: 47ea452 #u0a205/95824 io.github.forkmaintainers.iceraven/androidx.work.impl.background.systemjob.SystemJobService
08-03 10:44:05.907  2406  2995 D PowerUI : can't show warning due to - plugged: true status unknown: false
08-03 10:44:09.236  2406  3186 D PowerUI : can't show warning due to - plugged: true status unknown: false
08-03 10:44:12.438  2406  3322 D PowerUI : can't show warning due to - plugged: true status unknown: false
08-03 10:44:12.775  1461  1554 D AutofillManagerService: Close system dialogs
08-03 10:44:12.776  1461  1555 I ActivityTaskManager: START u0 {act=android.intent.action.MAIN cat=[android.intent.category.HOME] flg=0x10000100 cmp=ginlemon.flowerfree/ginlemon.flower.HomeScreen (has extras)} from uid 0
08-03 10:44:13.409  1461  2824 D CoreBackPreview: Window{6e01ef9 u0 com.catchingnow.undo}: Setting back callback null
08-03 10:44:13.410  1461  1557 W NotificationHistory: Attempted to remove channel for locked/gone/disabled user 0
08-03 10:44:14.366  1461  9739 I ActivityTaskManager: START u0 {act=android.intent.action.MAIN flg=0x10000000 cmp=io.github.forkmaintainers.iceraven/.App} from uid 10281
08-03 10:44:14.369  1461  9739 I ActivityTaskManager: Launching r: ActivityRecord{96fa70c u0 io.github.forkmaintainers.iceraven/.App} from background: ActivityRecord{407da44 u0 ginlemon.flowerfree/ginlemon.flower.HomeScreen} t8733}. New task: false
08-03 10:44:14.381  2406  3046 D PowerUI : can't show warning due to - plugged: true status unknown: false
08-03 10:44:14.500  1461 10360 W JobScheduler: Job didn't exist in JobStore: 4177a79 #u0a205/95826 io.github.forkmaintainers.iceraven/androidx.work.impl.background.systemjob.SystemJobService
08-03 10:44:14.531  1461  2832 D CoreBackPreview: Window{820f6b3 u0 com.catchingnow.undo}: Setting back callback OnBackInvokedCallbackInfo{mCallback=android.window.IOnBackInvokedCallback$Stub$Proxy@10ef3e9, mPriority=0}
08-03 10:44:14.799  1461  1461 W NotificationHistory: Attempted to add notif for locked/gone/disabled user 0
08-03 10:44:15.307  1461 10360 D CoreBackPreview: Window{956fa6c u0 io.github.forkmaintainers.iceraven/io.github.forkmaintainers.iceraven.App}: Setting back callback OnBackInvokedCallbackInfo{mCallback=android.window.IOnBackInvokedCallback$Stub$Proxy@4b87e83, mPriority=0}
08-03 10:44:18.998  2406  3045 D PowerUI : can't show warning due to - plugged: true status unknown: false
08-03 10:44:19.469  2406  3324 D PowerUI : can't show warning due to - plugged: true status unknown: false
08-03 10:44:20.630  2406  2994 D PowerUI : can't show warning due to - plugged: true status unknown: false
08-03 10:44:24.594  2406  2989 D PowerUI : can't show warning due to - plugged: true status unknown: false
08-03 10:44:28.821  2406  2995 D PowerUI : can't show warning due to - plugged: true status unknown: false
08-03 10:44:29.719  2406  3186 D PowerUI : can't show warning due to - plugged: true status unknown: false
08-03 10:44:32.119  2406  3322 D PowerUI : can't show warning due to - plugged: true status unknown: false
08-03 10:44:34.830  2406  3046 D PowerUI : can't show warning due to - plugged: true status unknown: false
08-03 10:44:37.024  2406  3045 D PowerUI : can't show warning due to - plugged: true status unknown: false
08-03 10:44:38.777  1461  1608 W BatteryExternalStatsWorker: error reading Bluetooth stats: 9
08-03 10:44:39.817  2406  3324 D PowerUI : can't show warning due to - plugged: true status unknown: false
08-03 10:44:39.955  2406  2994 D PowerUI : can't show warning due to - plugged: true status unknown: false
08-03 10:44:45.071  2406  2989 D PowerUI : can't show warning due to - plugged: true status unknown: false
08-03 10:44:45.186  2406  2995 D PowerUI : can't show warning due to - plugged: true status unknown: false
08-03 10:44:46.545  2406  3186 D PowerUI : can't show warning due to - plugged: true status unknown: false
08-03 10:44:50.192  2406  3322 D PowerUI : can't show warning due to - plugged: true status unknown: false
08-03 10:44:53.370  2406  3046 D PowerUI : can't show warning due to - plugged: true status unknown: false
08-03 10:44:55.326  2406  3045 D PowerUI : can't show warning due to - plugged: true status unknown: false
08-03 10:45:00.429  2406  3324 D PowerUI : can't show warning due to - plugged: true status unknown: false
08-03 10:45:01.564  2406  2994 D PowerUI : can't show warning due to - plugged: true status unknown: false
08-03 10:45:05.553  2406  2989 D PowerUI : can't show warning due to - plugged: true status unknown: false
