D/RILJ    (  403): [1897]< VOICE_REGISTRATION_STATE {1, null, null, 6, 4241, 1681358324, 4194305, 0, 112, 5, 64, 1, 68, 0}

D/RIL[V]  (  113): RX: IPC_NET_CMD(0x08)	IPC_NET_REGIST(0x05)	IPC_CMD_RESP(0x02)		[ 13 02 02 00 00 00 00 00 00 00 00 ... ]

D/RIL[V]  (  113): RX: IPC_MISC_CMD(0x0A)	IPC_MISC_PHONE_DEBUG(0x08)	IPC_CMD_NOTI(0x03)		[ FATAL_ERROR_CP_LTE_UART_LINK_FAI... ]

D/RIL[V]  (  113): RX: IPC_MISC_CMD(0x0A)	IPC_MISC_PHONE_DEBUG(0x08)	IPC_CMD_NOTI(0x03)		[ [LTE-RUICC] No ACK for CGLA from... ]

D/RIL[V]  (  113): RX: IPC_SEC_CMD(0x05)	IPC_SEC_PIN_STATUS(0x01)	IPC_CMD_NOTI(0x03)		[ 84 00 ]

D/RIL[V]  (  113): Got the CDMA SIM status notification

D/RIL[V]  (  113): RX: IPC_MISC_CMD(0x0A)	IPC_MISC_PHONE_DEBUG(0x08)	IPC_CMD_NOTI(0x03)		[ [MMC] MMC OVERALL STATE IS 13... ]

D/RIL[V]  (  113): RX: IPC_MISC_CMD(0x0A)	IPC_MISC_PHONE_DEBUG(0x08)	IPC_CMD_NOTI(0x03)		[ [MMC] 1x status UPDATED 0... ]

D/RIL[V]  (  113): RX: IPC_MISC_CMD(0x0A)	IPC_MISC_PHONE_DEBUG(0x08)	IPC_CMD_NOTI(0x03)		[ [MMC] DO Status UPDATED 0... ]

D/RIL[V]  (  113): RX: IPC_MISC_CMD(0x0A)	IPC_MISC_PHONE_DEBUG(0x08)	IPC_CMD_NOTI(0x03)		[ [MMC] PS PRI CLASS UPDATED 2... ]

D/RIL[V]  (  113): RX: IPC_MISC_CMD(0x0A)	IPC_MISC_PHONE_DEBUG(0x08)	IPC_CMD_NOTI(0x03)		[ [MMC] PS Data Type UPDATED 0... ]

D/RIL[V]  (  113): RX: IPC_NET_CMD(0x08)	IPC_NET_REGIST(0x05)	IPC_CMD_NOTI(0x03)		[ FF 04 01 00 00 00 00 00 00 00 00 ... ]

D/RILJ    (  403): [UNSL]< UNSOL_RESPONSE_VOICE_NETWORK_STATE_CHANGED

D/RILJ    (  403): [1899]> OPERATOR

D/RILJ    (  403): [1900]> VOICE_REGISTRATION_STATE

D/RIL[V]  (  113): TX: IPC_NET_CMD(0x08)	IPC_NET_SERVING_NETWORK(0x03)	IPC_CMD_GET(0x02)		[ ]

D/CDMA    (  403): [CdmaLteSST] pollState: network mode here is = 7

D/RILJ    (  403): [1901]> DATA_REGISTRATION_STATE

D/RIL[V]  (  113): RX: IPC_NET_CMD(0x08)	IPC_NET_SERVING_NETWORK(0x03)	IPC_CMD_RESP(0x02)		[ 01 01 FF 03 01 00 00 00 23 11 70 ... ]

D/RIL[V]  (  113): TX: IPC_NET_CMD(0x08)	IPC_NET_REGIST(0x05)	IPC_CMD_GET(0x02)		[ FF 02 ]

D/RILJ    (  403): [1899]< OPERATOR {, , }

D/CDMA    (  403): [CdmaLteSST] RIL_REQUEST_OPERATOR.response[2], the numeric,  is bad. Using SystemProperties 'ro.cdma.home.operator.numeric'= 310004

D/RIL[V]  (  113): RX: IPC_PWR_CMD(0x01)	IPC_PWR_PHONE_STATE(0x07)	IPC_CMD_NOTI(0x03)		[ 04 ]

D/RIL[V]  (  113): RX: IPC_PWR_CMD(0x01)	IPC_PWR_PHONE_RESET(0x03)	IPC_CMD_INDI(0x01)		[ 01 02 ]

D/RIL[V]  (  113): RxPWR_PhoneReset_CDMA

D/RIL[C]  (  113): __silent_reset [***** SILENT RESET START *****]

D/RIL[C]  (  113): ReaderLoop Terminated!

D/RIL[C]  (  113): StopRXReader: trans_fd(19) closed

D/RIL[C]  (  113): StopRXReader: trans_fd(20) closed

D/RIL[C]  (  113): StopRXReader: rfs_fd(21) closed

D/RIL[C]  (  113): __silent_reset StopRXReader() OK!

D/RIL[C]  (  113): InformNewEvent g_bexit_thread has been signaled!

D/RIL[C]  (  113): WaitForEvent g_bexit_thread is 0

D/RIL[C]  (  113): RilProcessorLoop Finished!

D/RIL[C]  (  113): RilProcessorLoop Terminated!

D/RIL[C]  (  113): __silent_reset StopRilProcessor() OK!

D/RIL[C]  (  113): CancelAllRequests [EVT]:Req(2), RX(0)

D/RIL[C]  (  113): CancelAllRequests [EVT]:Req(2), RX(0)

E/GSM     (  403): Unrecognized RIL errno 7

D/RILJ    (  403): [1900]< VOICE_REGISTRATION_STATE error: com.android.internal.telephony.CommandException: INVALID_RESPONSE

E/CDMA    (  403): [CdmaLteSST] handlePollStateResult: RIL returned an error where it must succeedcom.android.internal.telephony.CommandException: INVALID_RESPONSE

D/RIL[C]  (  113): selectCurrentDataModemIndex() : CDMA regi:0, LTE regi:1

E/GSM     (  403): Unrecognized RIL errno 7

D/RILJ    (  403): [1898]< DATA_REGISTRATION_STATE error: com.android.internal.telephony.CommandException: INVALID_RESPONSE

D/CDMA    (  403): [CdmaLteSST] handleMessage EVENT_POLL_STATE_GPRS

D/RIL[C]  (  113): selectCurrentDataModemIndex() : CDMA regi:0, LTE regi:1

E/GSM     (  403): Unrecognized RIL errno 7

D/RILJ    (  403): [1901]< DATA_REGISTRATION_STATE error: com.android.internal.telephony.CommandException: INVALID_RESPONSE

D/CDMA    (  403): [CdmaLteSST] handleMessage EVENT_POLL_STATE_GPRS

E/CDMA    (  403): [CdmaLteSST] handlePollStateResult: RIL returned an error where it must succeedcom.android.internal.telephony.CommandException: INVALID_RESPONSE

D/CDMA    (  403): [CdmaLteSST] Set CDMA Roaming Indicator to: 64. mCdmaRoaming = false, isPrlLoaded = true. namMatch = true , mIsInPrl = true, mRoamingIndicator = 64, mDefaultRoamingIndicator= 68

D/CDMA    (  403): [CdmaLteSST] pollStateDone CDMA STATE_IN_SERVICE newNetworkType = 6 mNewDataConnectionState = 0

D/RIL[C]  (  113): __silent_reset CancelAllRequests() OK!

D/RIL[C]  (  113): __silent_reset CancelAllReceived() OK!

D/CDMA    (  403): [CdmaLteSST] pollStateDone: oldSS=[0 home Verizon Wireless US 311480  LTE:14 CSS not supported 5 112 RoamInd=64 DefRoamInd=68 EmergOnly=false] newSS=[0 home   310004  1xRTT:6 CSS not supported 5 112 RoamInd=64 DefRoamInd=68 EmergOnly=false]

D/CDMA    (  403): [CdmaLteSST] pollStateDone: hasRegistered=false hasDeegistered=false hasCdmaDataConnectionAttached=false hasCdmaDataConnectionDetached=false hasCdmaDataConnectionChanged=false hasNetworkTypeChanged = true hasChanged=true hasRoamingOn=false hasRoamingOff=false hasLocationChanged=true has4gHandoff = false hasMultiApnSupport=false hasLostMultiApnSupport=true

D/RIL[C]  (  113): [dl_boot_lte] dl_boot_lte!

D/CDMA    (  403): [CdmaLteSST] GsmDataConnectionTracker disposed

D/GSM     (  403): [GsmDCT] cleanUpAllConnections: tearDown=false reason=null

D/GSM     (  403): [ApnContext] set reason as null, for type fota,current state IDLE

D/RIL[C]  (  113): [dl_boot_lte] OPEN USB_BOOT_DEV Succeeded!

D/RIL[C]  (  113): IOCTL_MODEM_RESET

D/GSM     (  403): [GsmDCT] cleanUpConnection: tearDown=false reason=null

D/GSM     (  403): [ApnContext] setState: IDLE for type fota, previous state:IDLE

D/CDMA    (  403): [CDMALTEPhone] getDataConnectionState apnType=fota ret=DISCONNECTED

D/GSM     (  403): [GsmDCT] isDataPossible(fota): possible=true isDataAllowed=true apnTypePossible=true apnContextisEnabled=false apnContextState()=IDLE

D/GSM     (  403): [GsmDCT] get active apn string for type:fota

D/GSM     (  403): [ApnContext] set reason as null, for type dun,current state IDLE

D/GSM     (  403): [GsmDCT] cleanUpConnection: tearDown=false reason=null

D/GSM     (  403): [ApnContext] setState: IDLE for type dun, previous state:IDLE

D/CDMA    (  403): [CDMALTEPhone] getDataConnectionState apnType=dun ret=DISCONNECTED

D/GSM     (  403): [GsmDCT] isDataPossible(dun): possible=true isDataAllowed=true apnTypePossible=true apnContextisEnabled=false apnContextState()=IDLE

D/GSM     (  403): [GsmDCT] get active apn string for type:dun

D/CDMA    (  403): [CDMALTEPhone] getDataConnectionState apnType=default ret=CONNECTED

D/GSM     (  403): [ApnContext] set reason as null, for type supl,current state IDLE

D/GSM     (  403): [GsmDCT] cleanUpConnection: tearDown=false reason=null

D/GSM     (  403): [ApnContext] setState: IDLE for type supl, previous state:IDLE

D/CDMA    (  403): [CDMALTEPhone] getDataConnectionState apnType=supl ret=DISCONNECTED

D/GSM     (  403): [GsmDCT] isDataPossible(supl): possible=true isDataAllowed=true apnTypePossible=true apnContextisEnabled=false apnContextState()=IDLE

D/GSM     (  403): [GsmDCT] get active apn string for type:supl

D/CDMA    (  403): [CDMALTEPhone] getDataConnectionState apnType=default ret=CONNECTED

D/GSM     (  403): [ApnContext] set reason as null, for type hipri,current state IDLE

D/GSM     (  403): [GsmDCT] cleanUpConnection: tearDown=false reason=null

D/GSM     (  403): [ApnContext] setState: IDLE for type hipri, previous state:IDLE

D/CDMA    (  403): [CDMALTEPhone] getDataConnectionState apnType=hipri ret=DISCONNECTED

D/GSM     (  403): [GsmDCT] isDataPossible(hipri): possible=true isDataAllowed=true apnTypePossible=true apnContextisEnabled=false apnContextState()=IDLE

D/GSM     (  403): [GsmDCT] get active apn string for type:hipri

D/GSM     (  403): [ApnContext] set reason as null, for type ims,current state CONNECTED

D/GSM     (  403): [GsmDCT] cleanUpConnection: tearDown=false reason=null

D/GSM     (  403): [GsmDC-40] clearSettings

D/CDMA    (  403): [CDMALTEPhone] getDataConnectionState apnType=default ret=CONNECTED

D/GSM     (  403): [ApnContext] setState: IDLE for type ims, previous state:CONNECTED

D/CDMA    (  403): [CDMALTEPhone] getDataConnectionState apnType=ims ret=DISCONNECTED

D/GSM     (  403): [GsmDCT] isDataPossible(ims): possible=true isDataAllowed=true apnTypePossible=true apnContextisEnabled=true apnContextState()=IDLE

D/GSM     (  403): [GsmDCT] get active apn string for type:ims

D/GSM     (  403): [ApnContext] set reason as null, for type default,current state CONNECTED

D/GSM     (  403): [GsmDCT] cleanUpConnection: tearDown=false reason=null

D/GSM     (  403): [GsmDC-39] clearSettings

D/GSM     (  403): [ApnContext] setState: IDLE for type default, previous state:CONNECTED

D/CDMA    (  403): [CDMALTEPhone] getDataConnectionState apnType=default ret=DISCONNECTED

D/GSM     (  403): [GsmDCT] isDataPossible(default): possible=true isDataAllowed=true apnTypePossible=true apnContextisEnabled=true apnContextState()=IDLE

D/GSM     (  403): [GsmDCT] get active apn string for type:default

D/CDMA    (  403): [CDMALTEPhone] getDataConnectionState apnType=default ret=DISCONNECTED

D/GSM     (  403): [ApnContext] set reason as null, for type mms,current state IDLE

D/GSM     (  403): [GsmDCT] cleanUpConnection: tearDown=false reason=null

D/GSM     (  403): [ApnContext] setState: IDLE for type mms, previous state:IDLE

D/CDMA    (  403): [CDMALTEPhone] getDataConnectionState apnType=mms ret=DISCONNECTED

D/GSM     (  403): [GsmDCT] isDataPossible(mms): possible=true isDataAllowed=true apnTypePossible=true apnContextisEnabled=false apnContextState()=IDLE

D/GSM     (  403): [GsmDCT] get active apn string for type:mms

D/CDMA    (  403): [CDMALTEPhone] getDataConnectionState apnType=default ret=DISCONNECTED

D/GSM     (  403): [ApnContext] set reason as null, for type cbs,current state IDLE

D/GSM     (  403): [GsmDCT] cleanUpConnection: tearDown=false reason=null

D/GSM     (  403): [ApnContext] setState: IDLE for type cbs, previous state:IDLE

D/CDMA    (  403): [CDMALTEPhone] getDataConnectionState apnType=cbs ret=DISCONNECTED

D/GSM     (  403): [GsmDCT] isDataPossible(cbs): possible=true isDataAllowed=true apnTypePossible=true apnContextisEnabled=false apnContextState()=IDLE

D/GSM     (  403): [GsmDCT] get active apn string for type:cbs

D/GSM     (  403): [GsmDCT] stopNetStatPoll

D/GSM     (  403): [GsmDCT] stopDataStallAlarm: current tag=19297389 mDataStallAlarmIntent=PendingIntent{41874888: android.os.BinderProxy@41957418}

D/CDMA    (  403): [CDMALTEPhone] getDataConnectionState apnType=default ret=DISCONNECTED

D/GSM     (  403): [GsmDCT] destroyDataConnections: clear mDataConnectionList

D/CDMA    (  403): [CDMALTEPhone] getDataConnectionState apnType=default ret=DISCONNECTED

D/CDMA    (  403): [CdmaDC-42] DataConnection constructor E

D/CDMA    (  403): [CdmaDC-42] DataConnection constructor X

D/RILB    (  403): registerForRilConnected h=Handler (com.android.internal.util.StateMachine$SmHandler) {41916970} w=262149

D/RILB    (  403): Notifying: ril connected mRilVersion=6

D/CDMA    (  403): [CdmaDC-42] clearSettings

D/CDMA    (  403): [CdmaDC-42] Made CdmaDC-42

D/CDMA    (  403): [CdmaDC-42] DcDefaultState: msg.what=EVENT_RIL_CONNECTED mRilVersion=6

D/CDMA    (  403): [CdmaDCT] Fully connected

D/CDMA    (  403): [CDMALTEPhone] getDataConnectionState apnType=default ret=DISCONNECTED

D/CDMA    (  403): [CDMALTEPhone] getDataConnectionState apnType=default ret=DISCONNECTED

D/CDMA    (  403): [CdmaLteSST] getOtasp: state=3

D/CDMA    (  403): [CdmaLteSST] getOtasp: state=3

D/CDMA    (  403): [CdmaDCT] Data not possible.  No coverage: dataState = IDLE

D/GSM     (  403): [GsmDCT] handleMessage msg={ what=69636 when=-50ms obj=com.android.internal.telephony.DataConnectionAc@418a4970 }

E/GSM     (  403): [GsmDCT] handleMessage: Ignore GSM msgs since GSM phone is inactive

D/GSM     (  403): [GsmDCT] handleMessage msg={ what=69636 when=-50ms obj=com.android.internal.telephony.DataConnectionAc@419181c0 }

E/GSM     (  403): [GsmDCT] handleMessage: Ignore GSM msgs since GSM phone is inactive

D/GSM     (  403): [GsmDCT] handleMessage msg={ what=69636 when=-50ms obj=com.android.internal.telephony.DataConnectionAc@41933770 }

E/GSM     (  403): [GsmDCT] handleMessage: Ignore GSM msgs since GSM phone is inactive

D/CDMA    (  403): [CdmaDCT] onReceive: action=android.net.wifi.STATE_CHANGE

D/CDMA    (  403): [CdmaDCT] onReceive: action=android.net.wifi.WIFI_STATE_CHANGED

D/CDMA    (  403): [CdmaDCT] CdmaDCT handleMessage msg={ what=270337 when=-27ms obj=android.os.AsyncResult@4197e660 }

D/CDMA    (  403): [CdmaDCT] notifyOffApnsOfAvailability - reason= null

D/CDMA    (  403): [CdmaLteSST] getOtasp: state=3

D/CDMA    (  403): [CdmaLteSST] getOtasp: state=3

D/CDMA    (  403): [CdmaDCT] Data not possible.  No coverage: dataState = IDLE

D/CDMA    (  403): [CDMALTEPhone] getDataConnectionState apnType=default ret=DISCONNECTED

D/CDMA    (  403): [CDMALTEPhone] getDataConnectionState apnType=default ret=DISCONNECTED

D/CDMA    (  403): [CdmaLteSST] getOtasp: state=3

D/CDMA    (  403): [CdmaLteSST] getOtasp: state=3

D/CDMA    (  403): [CdmaDCT] Data not possible.  No coverage: dataState = IDLE

D/CDMA    (  403): [CdmaLteSST] getOtasp: state=3

D/CDMA    (  403): [CdmaLteSST] getOtasp: state=3

D/CDMA    (  403): [CdmaDCT] Data not possible.  No coverage: dataState = IDLE

D/CDMA    (  403): [CDMALTEPhone] getDataConnectionState apnType=default ret=DISCONNECTED

D/CDMA    (  403): [CdmaLteSST] getOtasp: state=3

D/CDMA    (  403): [CdmaLteSST] getOtasp: state=3

D/CDMA    (  403): [CdmaDCT] Data not possible.  No coverage: dataState = IDLE

D/CDMA    (  403): [CdmaLteSST] getOtasp: state=3

D/CDMA    (  403): [CdmaLteSST] getOtasp: state=3

D/CDMA    (  403): [CdmaDCT] Data not possible.  No coverage: dataState = IDLE

D/CDMA    (  403): [CDMALTEPhone] getDataConnectionState apnType=default ret=DISCONNECTED

D/CDMA    (  403): [CDMALTEPhone] getDataConnectionState apnType=default ret=DISCONNECTED

D/CDMA    (  403): [CdmaLteSST] getOtasp: state=3

D/CDMA    (  403): [CdmaLteSST] getOtasp: state=3

D/CDMA    (  403): [CdmaDCT] Data not possible.  No coverage: dataState = IDLE

D/CDMA    (  403): [CdmaLteSST] getOtasp: state=3

D/CDMA    (  403): [CdmaLteSST] getOtasp: state=3

D/CDMA    (  403): [CdmaDCT] Data not possible.  No coverage: dataState = IDLE

D/CDMA    (  403): [CdmaDCT] CdmaDCT handleMessage msg={ what=270338 when=-79ms obj=android.os.AsyncResult@4197e740 }

D/CDMA    (  403): [CdmaDCT] CdmaDCT handleMessage msg={ what=270339 when=-79ms obj=android.os.AsyncResult@4197e8b0 }

D/CDMA    (  403): [CdmaDCT] ***trySetupData due to (unspecified)

D/CDMA    (  403): [CdmaLteSST] getOtasp: state=3

D/CDMA    (  403): [CdmaDCT] isEmergency: result=false

D/CDMA    (  403): [CdmaDCT] found free GsmDataConnection

D/CDMA    (  403): [CdmaDCT] call conn.bringUp mActiveApn=[ApnSettingV2] , 0, , , , , , , , 0, default | mms | hipri, IP, IP, true, 0

D/CDMA    (  403): [CdmaDCT] setState: INITING

D/CDMA    (  403): [CDMALTEPhone] getDataConnectionState apnType=default ret=CONNECTING

D/CDMA    (  403): [CdmaLteSST] getOtasp: state=3

D/CDMA    (  403): [CdmaDC-42] DcInactiveState msg.what=EVENT_CONNECT.RefCount = 0

D/CDMA    (  403): [CdmaDC-42] CdmaDataConnection Connecting...

D/RILJ    (  403): [1902]> SETUP_DATA_CALL 8 0 null null null 3 IP

D/RILJ    (  403): [1902]< SETUP_DATA_CALL error: com.android.internal.telephony.CommandException: GENERIC_FAILURE

D/CDMA    (  403): [CdmaDC-42] DcActivatingState msg.what=EVENT_SETUP_DATA_CONNECTION_DONE

D/CDMA    (  403): [CdmaDC-42] onSetupConnectionCompleted failed, ar.exception=com.android.internal.telephony.CommandException: GENERIC_FAILURE response=null

D/CDMA    (  403): [CdmaDC-42] DcActivatingState onSetupConnectionCompleted result=ERR_GetLastErrorFromRil  SetupResult.mFailCause=NONE

D/RILJ    (  403): [1903]> LAST_DATA_CALL_FAIL_CAUSE

D/CDMA    (  403): [CdmaDCT] notifyOffApnsOfAvailability - reason= null

D/CDMA    (  403): [CdmaLteSST] getOtasp: state=3

D/RILJ    (  403): [1903]< LAST_DATA_CALL_FAIL_CAUSE error: com.android.internal.telephony.CommandException: GENERIC_FAILURE

D/CDMA    (  403): [CdmaDC-42] DcActivatingState msg.what=EVENT_GET_LAST_FAIL_DONE

D/CDMA    (  403): [CdmaDC-42] notifyConnectionCompleted at 1326341206400 cause=UNKNOWN

D/CDMA    (  403): [CdmaDC-42] clearSettings

D/CDMA    (  403): [CdmaLteSST] getOtasp: state=3

D/CDMA    (  403): [CDMALTEPhone] getDataConnectionState apnType=default ret=CONNECTING

D/CDMA    (  403): [CdmaLteSST] getOtasp: state=3

D/CDMA    (  403): [CdmaLteSST] getOtasp: state=3

D/CDMA    (  403): [CDMALTEPhone] getDataConnectionState apnType=default ret=CONNECTING

D/CDMA    (  403): [CdmaLteSST] getOtasp: state=3

D/CDMA    (  403): [CDMALTEPhone] getDataConnectionState apnType=default ret=CONNECTING

D/CDMA    (  403): [CdmaLteSST] getOtasp: state=3

D/CDMA    (  403): [CDMALTEPhone] getDataConnectionState apnType=default ret=CONNECTING

D/CDMA    (  403): [CdmaLteSST] getOtasp: state=3

D/CDMA    (  403): [CdmaDCT] notifyOffApnsOfAvailability - reason= null

D/CDMA    (  403): [CdmaLteSST] getOtasp: state=3

D/CDMA    (  403): [CdmaLteSST] getOtasp: state=3

D/CDMA    (  403): [CdmaLteSST] getOtasp: state=3

D/CDMA    (  403): [CDMALTEPhone] getDataConnectionState apnType=default ret=CONNECTING

D/CDMA    (  403): [CdmaLteSST] getOtasp: state=3

D/CDMA    (  403): [CDMALTEPhone] getDataConnectionState apnType=default ret=CONNECTING

D/CDMA    (  403): [CdmaLteSST] getOtasp: state=3

D/CDMA    (  403): [CdmaLteSST] getOtasp: state=3

D/CDMA    (  403): [CDMALTEPhone] getDataConnectionState apnType=default ret=CONNECTING

D/CDMA    (  403): [CdmaLteSST] getOtasp: state=3

D/CDMA    (  403): [CDMALTEPhone] getDataConnectionState apnType=default ret=CONNECTING

D/CDMA    (  403): [CdmaDCT] CdmaDCT handleMessage msg={ what=270348 when=-258ms obj=android.os.AsyncResult@4197e9b0 }

D/CDMA    (  403): [CdmaDCT] notifyOffApnsOfAvailability - reason= roamingOff

D/CDMA    (  403): [CdmaLteSST] getOtasp: state=3

D/CDMA    (  403): [CdmaLteSST] getOtasp: state=3

D/CDMA    (  403): [CdmaLteSST] getOtasp: state=3

D/CDMA    (  403): [CDMALTEPhone] getDataConnectionState apnType=default ret=CONNECTING

D/CDMA    (  403): [CdmaLteSST] getOtasp: state=3

D/CDMA    (  403): [CDMALTEPhone] getDataConnectionState apnType=default ret=CONNECTING

D/CDMA    (  403): [CdmaLteSST] getOtasp: state=3

D/CDMA    (  403): [CdmaLteSST] getOtasp: state=3

D/CDMA    (  403): [CdmaLteSST] getOtasp: state=3

D/CDMA    (  403): [CdmaDCT] ***trySetupData due to roamingOff

D/CDMA    (  403): [CdmaDCT] notifyOffApnsOfAvailability - reason= roamingOff

D/CDMA    (  403): [CdmaLteSST] getOtasp: state=3

D/CDMA    (  403): [CdmaLteSST] getOtasp: state=3

D/CDMA    (  403): [CdmaLteSST] getOtasp: state=3

D/CDMA    (  403): [CdmaLteSST] getOtasp: state=3

D/CDMA    (  403): [CdmaLteSST] getOtasp: state=3

D/CDMA    (  403): [CDMALTEPhone] getDataConnectionState apnType=default ret=CONNECTING

D/CDMA    (  403): [CdmaLteSST] getOtasp: state=3

D/CDMA    (  403): [CDMALTEPhone] getDataConnectionState apnType=default ret=CONNECTING

D/CDMA    (  403): [CdmaLteSST] getOtasp: state=3

D/CDMA    (  403): [CDMALTEPhone] getDataConnectionState apnType=default ret=CONNECTING

D/CDMA    (  403): [CDMALTEPhone] getDataConnectionState apnType=default ret=CONNECTING

D/CDMA    (  403): [CdmaDCT] CdmaDCT handleMessage msg={ what=270339 when=-300ms obj=simLoaded }

D/CDMA    (  403): [CdmaDCT] ***trySetupData due to simLoaded

D/CDMA    (  403): [CdmaDCT] notifyOffApnsOfAvailability - reason= simLoaded

D/CDMA    (  403): [CdmaLteSST] getOtasp: state=3

D/CDMA    (  403): [CdmaLteSST] getOtasp: state=3

D/CDMA    (  403): [CdmaLteSST] getOtasp: state=3

D/CDMA    (  403): [CDMALTEPhone] getDataConnectionState apnType=default ret=CONNECTING

D/CDMA    (  403): [CdmaLteSST] getOtasp: state=3

D/CDMA    (  403): [CdmaLteSST] getOtasp: state=3

D/CDMA    (  403): [CDMALTEPhone] getDataConnectionState apnType=default ret=CONNECTING

D/CDMA    (  403): [CdmaLteSST] getOtasp: state=3

D/CDMA    (  403): [CDMALTEPhone] getDataConnectionState apnType=default ret=CONNECTING

D/CDMA    (  403): [CdmaLteSST] getOtasp: state=3

D/CDMA    (  403): [CdmaDCT] CdmaDCT handleMessage msg={ what=270336 when=-327ms arg1=-1 obj=android.os.AsyncResult@419378b8 }

D/CDMA    (  403): [CdmaDCT] isDataSetupCompleteOk return false, ar.result=UNKNOWN

D/CDMA    (  403): [CdmaDCT] Data Connection setup failed UNKNOWN

D/CDMA    (  403): [CdmaDCT] setState: FAILED

D/CDMA    (  403): [CdmaDCT] notifyOffApnsOfAvailability - reason= null

D/CDMA    (  403): [CdmaLteSST] getOtasp: state=3

D/CDMA    (  403): [CdmaLteSST] getOtasp: state=3

D/CDMA    (  403): [CdmaDCT] Data not possible.  No coverage: dataState = FAILED

D/CDMA    (  403): [CdmaLteSST] getOtasp: state=3

D/CDMA    (  403): [CdmaLteSST] getOtasp: state=3

D/CDMA    (  403): [CdmaDCT] Data not possible.  No coverage: dataState = FAILED

D/CDMA    (  403): [CDMALTEPhone] getDataConnectionState apnType=default ret=DISCONNECTED

D/CDMA    (  403): [CdmaLteSST] getOtasp: state=3

D/CDMA    (  403): [CdmaLteSST] getOtasp: state=3

D/CDMA    (  403): [CdmaDCT] Data not possible.  No coverage: dataState = FAILED

D/CDMA    (  403): [CDMALTEPhone] getDataConnectionState apnType=default ret=DISCONNECTED

D/CDMA    (  403): [CdmaLteSST] getOtasp: state=3

D/CDMA    (  403): [CdmaLteSST] getOtasp: state=3

D/CDMA    (  403): [CdmaDCT] Data not possible.  No coverage: dataState = FAILED

D/CDMA    (  403): [CdmaLteSST] getOtasp: state=3

D/CDMA    (  403): [CdmaLteSST] getOtasp: state=3

D/CDMA    (  403): [CdmaDCT] Data not possible.  No coverage: dataState = FAILED

D/CDMA    (  403): [CdmaLteSST] getOtasp: state=3

D/CDMA    (  403): [CdmaLteSST] getOtasp: state=3

D/CDMA    (  403): [CdmaDCT] Data not possible.  No coverage: dataState = FAILED

D/CDMA    (  403): [CdmaLteSST] getOtasp: state=3

D/CDMA    (  403): [CdmaLteSST] getOtasp: state=3

D/CDMA    (  403): [CdmaDCT] Data not possible.  No coverage: dataState = FAILED

D/CDMA    (  403): [CdmaDCT] Data Connection activate failed. Scheduling next attempt for 1s

D/CDMA    (  403): [CDMALTEPhone] getDataConnectionState apnType=default ret=DISCONNECTED

D/CDMA    (  403): [CdmaDCT] NOT Posting Data Connection Unavailable notification -- likely transient error

D/CDMA    (  403): [CDMALTEPhone] getDataConnectionState apnType=default ret=DISCONNECTED

D/CDMA    (  403): [CDMALTEPhone] getDataConnectionState apnType=default ret=DISCONNECTED

D/CDMA    (  403): [CDMALTEPhone] getDataConnectionState apnType=default ret=DISCONNECTED

D/CDMA    (  403): [CDMALTEPhone] getDataConnectionState apnType=default ret=DISCONNECTED

D/CDMA    (  403): [CDMALTEPhone] getDataConnectionState apnType=default ret=DISCONNECTED

D/CDMA    (  403): [CDMALTEPhone] getDataConnectionState apnType=default ret=DISCONNECTED

D/CDMA    (  403): [CDMALTEPhone] getDataConnectionState apnType=default ret=DISCONNECTED

D/CDMA    (  403): [CDMALTEPhone] getDataConnectionState apnType=default ret=DISCONNECTED

D/CDMA    (  403): [CDMALTEPhone] getDataConnectionState apnType=default ret=DISCONNECTED

D/CDMA    (  403): [CDMALTEPhone] getDataConnectionState apnType=default ret=DISCONNECTED

D/CDMA    (  403): [CDMALTEPhone] getDataConnectionState apnType=default ret=DISCONNECTED

D/CDMA    (  403): [CDMALTEPhone] getDataConnectionState apnType=default ret=DISCONNECTED

D/CDMA    (  403): [CDMALTEPhone] getDataConnectionState apnType=default ret=DISCONNECTED

D/CDMA    (  403): [CDMALTEPhone] getDataConnectionState apnType=default ret=DISCONNECTED

D/CDMA    (  403): [CDMALTEPhone] getDataConnectionState apnType=default ret=DISCONNECTED

D/CDMA    (  403): [CDMALTEPhone] getDataConnectionState apnType=default ret=DISCONNECTED

D/CDMA    (  403): [CDMALTEPhone] getDataConnectionState apnType=default ret=DISCONNECTED

D/CDMA    (  403): [CDMALTEPhone] getDataConnectionState apnType=default ret=DISCONNECTED

D/CDMA    (  403): [CDMALTEPhone] getDataConnectionState apnType=default ret=DISCONNECTED

D/CDMA    (  403): [CDMALTEPhone] getDataConnectionState apnType=default ret=DISCONNECTED

D/CDMA    (  403): [CDMALTEPhone] getDataConnectionState apnType=default ret=DISCONNECTED

D/CDMA    (  403): [CDMALTEPhone] getDataConnectionState apnType=default ret=DISCONNECTED

D/CDMA    (  403): [CDMALTEPhone] getDataConnectionState apnType=default ret=DISCONNECTED

D/CDMA    (  403): [CDMALTEPhone] getDataConnectionState apnType=default ret=DISCONNECTED

D/CDMA    (  403): [CDMALTEPhone] getDataConnectionState apnType=default ret=DISCONNECTED

D/CDMA    (  403): [CDMALTEPhone] getDataConnectionState apnType=default ret=DISCONNECTED

D/CDMA    (  403): [CdmaDCT] onReceive: action=com.android.internal.telephony.cdma-reconnect

D/CDMA    (  403): [CdmaDCT] Reconnect alarm. Previous state was FAILED

D/CDMA    (  403): [CdmaDCT] CdmaDCT handleMessage msg={ what=270360 when=-1ms }

D/CDMA    (  403): [CdmaDCT] cleanUpConnection: reason: null

D/CDMA    (  403): [CdmaDCT] setState: DISCONNECTING

D/CDMA    (  403): [CdmaDCT] notifyOffApnsOfAvailability - reason= null

D/CDMA    (  403): [CdmaLteSST] getOtasp: state=3

D/CDMA    (  403): [CdmaLteSST] getOtasp: state=3

D/CDMA    (  403): [CdmaLteSST] getOtasp: state=3

D/CDMA    (  403): [CDMALTEPhone] getDataConnectionState apnType=default ret=CONNECTED

D/CDMA    (  403): [CdmaLteSST] getOtasp: state=3

D/CDMA    (  403): [CdmaLteSST] getOtasp: state=3

D/CDMA    (  403): [CdmaLteSST] getOtasp: state=3

D/CDMA    (  403): [CDMALTEPhone] getDataConnectionState apnType=default ret=CONNECTED

D/CDMA    (  403): [CdmaLteSST] getOtasp: state=3

D/CDMA    (  403): [CdmaDCT] cleanUpConnection: !tearDown, call conn.resetSynchronously

D/CDMA    (  403): [CdmaDC-42] DcInactiveState: msg.what=RSP_RESET, ignore we're already reset

D/CDMA    (  403): [CdmaDCT] [DataConnection] Stop poll NetStat

D/CDMA    (  403): [CdmaDCT] cleanupConnection: !notificationDeferred

D/CDMA    (  403): [CdmaDCT] gotoIdleAndNotifyDataConnection: reason=null

D/CDMA    (  403): [CdmaDCT] setState: IDLE

D/CDMA    (  403): [CDMALTEPhone] getDataConnectionState apnType=default ret=DISCONNECTED

D/CDMA    (  403): [CdmaLteSST] getOtasp: state=3

D/CDMA    (  403): [CdmaLteSST] getOtasp: state=3

D/CDMA    (  403): [CdmaDCT] Data not possible.  No coverage: dataState = IDLE

D/CDMA    (  403): [CdmaDCT] notifyOffApnsOfAvailability - reason= null

D/CDMA    (  403): [CdmaLteSST] getOtasp: state=3

D/CDMA    (  403): [CdmaLteSST] getOtasp: state=3

D/CDMA    (  403): [CdmaDCT] Data not possible.  No coverage: dataState = IDLE

D/CDMA    (  403): [CDMALTEPhone] getDataConnectionState apnType=default ret=DISCONNECTED

D/CDMA    (  403): [CdmaLteSST] getOtasp: state=3

D/CDMA    (  403): [CdmaLteSST] getOtasp: state=3

D/CDMA    (  403): [CdmaDCT] Data not possible.  No coverage: dataState = IDLE

D/CDMA    (  403): [CdmaLteSST] getOtasp: state=3

D/CDMA    (  403): [CdmaLteSST] getOtasp: state=3

D/CDMA    (  403): [CdmaDCT] Data not possible.  No coverage: dataState = IDLE

D/CDMA    (  403): [CdmaLteSST] getOtasp: state=3

D/CDMA    (  403): [CdmaLteSST] getOtasp: state=3

D/CDMA    (  403): [CdmaDCT] Data not possible.  No coverage: dataState = IDLE

D/CDMA    (  403): [CdmaLteSST] getOtasp: state=3

D/CDMA    (  403): [CdmaLteSST] getOtasp: state=3

D/CDMA    (  403): [CdmaDCT] Data not possible.  No coverage: dataState = IDLE

D/CDMA    (  403): [CdmaLteSST] getOtasp: state=3

D/CDMA    (  403): [CdmaLteSST] getOtasp: state=3

D/CDMA    (  403): [CdmaDCT] Data not possible.  No coverage: dataState = IDLE

D/CDMA    (  403): [CdmaLteSST] getOtasp: state=3

D/CDMA    (  403): [CdmaLteSST] getOtasp: state=3

D/CDMA    (  403): [CdmaDCT] Data not possible.  No coverage: dataState = IDLE

D/CDMA    (  403): [CDMALTEPhone] getDataConnectionState apnType=default ret=DISCONNECTED

D/CDMA    (  403): [CdmaDCT] CdmaDCT handleMessage msg={ what=270339 when=-108ms }

D/CDMA    (  403): [CdmaDCT] ***trySetupData due to (unspecified)

D/CDMA    (  403): [CdmaLteSST] getOtasp: state=3

D/CDMA    (  403): [CdmaDCT] isEmergency: result=false

D/CDMA    (  403): [CdmaDCT] found free GsmDataConnection

D/CDMA    (  403): [CdmaDCT] call conn.bringUp mActiveApn=[ApnSettingV2] , 0, , , , , , , , 0, default | mms | hipri, IP, IP, true, 0

D/CDMA    (  403): [CdmaDCT] setState: INITING

D/CDMA    (  403): [CdmaDC-42] DcInactiveState msg.what=EVENT_CONNECT.RefCount = 0

D/CDMA    (  403): [CDMALTEPhone] getDataConnectionState apnType=default ret=CONNECTING

D/CDMA    (  403): [CdmaDC-42] CdmaDataConnection Connecting...

D/CDMA    (  403): [CdmaLteSST] getOtasp: state=3

D/RILJ    (  403): [1904]> SETUP_DATA_CALL 8 0 null null null 3 IP

D/RILJ    (  403): [1904]< SETUP_DATA_CALL error: com.android.internal.telephony.CommandException: GENERIC_FAILURE

D/CDMA    (  403): [CdmaDC-42] DcActivatingState msg.what=EVENT_SETUP_DATA_CONNECTION_DONE

D/CDMA    (  403): [CdmaDC-42] onSetupConnectionCompleted failed, ar.exception=com.android.internal.telephony.CommandException: GENERIC_FAILURE response=null

D/CDMA    (  403): [CdmaDC-42] DcActivatingState onSetupConnectionCompleted result=ERR_GetLastErrorFromRil  SetupResult.mFailCause=NONE

D/RILJ    (  403): [1905]> LAST_DATA_CALL_FAIL_CAUSE

D/RILJ    (  403): [1905]< LAST_DATA_CALL_FAIL_CAUSE error: com.android.internal.telephony.CommandException: GENERIC_FAILURE

D/CDMA    (  403): [CdmaDC-42] DcActivatingState msg.what=EVENT_GET_LAST_FAIL_DONE

D/CDMA    (  403): [CdmaDC-42] notifyConnectionCompleted at 1326341207974 cause=UNKNOWN

D/CDMA    (  403): [CdmaDC-42] clearSettings

D/CDMA    (  403): [CdmaDCT] notifyOffApnsOfAvailability - reason= null

D/CDMA    (  403): [CdmaLteSST] getOtasp: state=3

D/CDMA    (  403): [CdmaLteSST] getOtasp: state=3

D/CDMA    (  403): [CDMALTEPhone] getDataConnectionState apnType=default ret=CONNECTING

D/CDMA    (  403): [CdmaLteSST] getOtasp: state=3

D/CDMA    (  403): [CdmaLteSST] getOtasp: state=3

D/CDMA    (  403): [CDMALTEPhone] getDataConnectionState apnType=default ret=CONNECTING

D/CDMA    (  403): [CdmaLteSST] getOtasp: state=3

D/CDMA    (  403): [CdmaLteSST] getOtasp: state=3

D/CDMA    (  403): [CdmaLteSST] getOtasp: state=3

D/CDMA    (  403): [CdmaDCT] notifyOffApnsOfAvailability - reason= null

D/CDMA    (  403): [CdmaLteSST] getOtasp: state=3

D/CDMA    (  403): [CdmaLteSST] getOtasp: state=3

D/CDMA    (  403): [CDMALTEPhone] getDataConnectionState apnType=default ret=CONNECTING

D/RIL[C]  (  113): set_sysfs(): set sysfs [/sys/bus/usb/devices/usb1/power/control] IN : on

D/CDMA    (  403): [CdmaLteSST] getOtasp: state=3

D/CDMA    (  403): [CdmaLteSST] getOtasp: state=3

D/CDMA    (  403): [CDMALTEPhone] getDataConnectionState apnType=default ret=CONNECTING

D/CDMA    (  403): [CdmaLteSST] getOtasp: state=3

D/CDMA    (  403): [CdmaLteSST] getOtasp: state=3

D/CDMA    (  403): [CdmaLteSST] getOtasp: state=3

D/CDMA    (  403): [CdmaDCT] CdmaDCT handleMessage msg={ what=270336 when=-71ms arg1=-1 obj=android.os.AsyncResult@4188d928 }

D/CDMA    (  403): [CdmaDCT] isDataSetupCompleteOk return false, ar.result=UNKNOWN

D/CDMA    (  403): [CdmaDCT] Data Connection setup failed UNKNOWN

D/CDMA    (  403): [CdmaDCT] setState: FAILED

D/CDMA    (  403): [CdmaDCT] notifyOffApnsOfAvailability - reason= null

D/CDMA    (  403): [CdmaLteSST] getOtasp: state=3

D/CDMA    (  403): [CdmaLteSST] getOtasp: state=3

D/CDMA    (  403): [CdmaDCT] Data not possible.  No coverage: dataState = FAILED

D/CDMA    (  403): [CDMALTEPhone] getDataConnectionState apnType=default ret=DISCONNECTED

D/CDMA    (  403): [CdmaLteSST] getOtasp: state=3

D/CDMA    (  403): [CdmaLteSST] getOtasp: state=3

D/CDMA    (  403): [CdmaDCT] Data not possible.  No coverage: dataState = FAILED

D/CDMA    (  403): [CdmaLteSST] getOtasp: state=3

D/CDMA    (  403): [CdmaLteSST] getOtasp: state=3

D/CDMA    (  403): [CdmaDCT] Data not possible.  No coverage: dataState = FAILED

D/CDMA    (  403): [CDMALTEPhone] getDataConnectionState apnType=default ret=DISCONNECTED

D/CDMA    (  403): [CdmaLteSST] getOtasp: state=3

D/CDMA    (  403): [CdmaLteSST] getOtasp: state=3

D/CDMA    (  403): [CdmaDCT] Data not possible.  No coverage: dataState = FAILED

D/CDMA    (  403): [CdmaLteSST] getOtasp: state=3

D/CDMA    (  403): [CdmaLteSST] getOtasp: state=3

D/CDMA    (  403): [CdmaDCT] Data not possible.  No coverage: dataState = FAILED

D/CDMA    (  403): [CdmaLteSST] getOtasp: state=3

D/CDMA    (  403): [CdmaLteSST] getOtasp: state=3

D/CDMA    (  403): [CdmaDCT] Data not possible.  No coverage: dataState = FAILED

D/CDMA    (  403): [CdmaLteSST] getOtasp: state=3

D/CDMA    (  403): [CdmaLteSST] getOtasp: state=3

D/CDMA    (  403): [CdmaDCT] Data not possible.  No coverage: dataState = FAILED

D/CDMA    (  403): [CdmaDCT] Data Connection activate failed. Scheduling next attempt for 1s

D/CDMA    (  403): [CdmaDCT] NOT Posting Data Connection Unavailable notification -- likely transient error

D/CDMA    (  403): [CDMALTEPhone] getDataConnectionState apnType=default ret=DISCONNECTED

D/CDMA    (  403): [CDMALTEPhone] getDataConnectionState apnType=default ret=DISCONNECTED

D/CDMA    (  403): [CDMALTEPhone] getDataConnectionState apnType=default ret=DISCONNECTED

D/CDMA    (  403): [CDMALTEPhone] getDataConnectionState apnType=default ret=DISCONNECTED

D/CDMA    (  403): [CDMALTEPhone] getDataConnectionState apnType=default ret=DISCONNECTED

D/CDMA    (  403): [CDMALTEPhone] getDataConnectionState apnType=default ret=DISCONNECTED

D/CDMA    (  403): [CDMALTEPhone] getDataConnectionState apnType=default ret=DISCONNECTED

D/CDMA    (  403): [CDMALTEPhone] getDataConnectionState apnType=default ret=DISCONNECTED

D/CDMA    (  403): [CDMALTEPhone] getDataConnectionState apnType=default ret=DISCONNECTED

D/CDMA    (  403): [CDMALTEPhone] getDataConnectionState apnType=default ret=DISCONNECTED

D/CDMA    (  403): [CDMALTEPhone] getDataConnectionState apnType=default ret=DISCONNECTED

D/CDMA    (  403): [CDMALTEPhone] getDataConnectionState apnType=default ret=DISCONNECTED

D/RIL[C]  (  113): set_sysfs(): set sysfs [/sys/bus/usb/devices/usb1/power/control] OUT : on

D/CDMA    (  403): [CDMALTEPhone] getDataConnectionState apnType=default ret=DISCONNECTED

D/RIL[C]  (  113): Open LTE SPI: 17

D/RIL[C]  (  113): Open imgdev: 18

D/RIL[C]  (  113): Open imgdev: 18

D/RIL[C]  (  113): Load Boot. 

D/RIL[C]  (  113): Actual Size of img Header is : 2428

D/RIL[C]  (  113): Load boot img: 2428 byte

D/CDMA    (  403): [CDMALTEPhone] getDataConnectionState apnType=default ret=DISCONNECTED

D/CDMA    (  403): [CDMALTEPhone] getDataConnectionState apnType=default ret=DISCONNECTED

D/CDMA    (  403): [CDMALTEPhone] getDataConnectionState apnType=default ret=DISCONNECTED

D/RIL[C]  (  113): Send boot image OK

D/CDMA    (  403): [CDMALTEPhone] getDataConnectionState apnType=default ret=DISCONNECTED

D/CDMA    (  403): [CDMALTEPhone] getDataConnectionState apnType=default ret=DISCONNECTED

D/CDMA    (  403): [CDMALTEPhone] getDataConnectionState apnType=default ret=DISCONNECTED

D/CDMA    (  403): [CDMALTEPhone] getDataConnectionState apnType=default ret=DISCONNECTED

D/CDMA    (  403): [CDMALTEPhone] getDataConnectionState apnType=default ret=DISCONNECTED

D/CDMA    (  403): [CDMALTEPhone] getDataConnectionState apnType=default ret=DISCONNECTED

D/CDMA    (  403): [CDMALTEPhone] getDataConnectionState apnType=default ret=DISCONNECTED

D/CDMA    (  403): [CDMALTEPhone] getDataConnectionState apnType=default ret=DISCONNECTED

D/CDMA    (  403): [CDMALTEPhone] getDataConnectionState apnType=default ret=DISCONNECTED

D/CDMA    (  403): [CDMALTEPhone] getDataConnectionState apnType=default ret=DISCONNECTED

D/CDMA    (  403): [CDMALTEPhone] getDataConnectionState apnType=default ret=DISCONNECTED

D/RIL[C]  (  113): dl_boot_lte(): LTE2AP STATUS Change : 299

D/RIL[C]  (  113): Start Loading Loader Image.

D/RIL[C]  (  113): Actual Size of img Header is : 64288

D/RIL[C]  (  113): End Loading Loader Image.

D/RIL[C]  (  113): Send Loader Image.

D/RIL[C]  (  113): Load & Send binary OK

D/RIL[C]  (  113): dl_boot_lte(): LTE2AP STATUS Change : 300

D/CDMA    (  403): [CdmaDCT] onReceive: action=com.android.internal.telephony.cdma-reconnect

D/CDMA    (  403): [CdmaDCT] Reconnect alarm. Previous state was FAILED

D/CDMA    (  403): [CdmaDCT] CdmaDCT handleMessage msg={ what=270360 when=0 }

D/CDMA    (  403): [CdmaDCT] cleanUpConnection: reason: null

D/CDMA    (  403): [CdmaDCT] setState: DISCONNECTING

D/CDMA    (  403): [CdmaDCT] notifyOffApnsOfAvailability - reason= null

D/CDMA    (  403): [CdmaLteSST] getOtasp: state=3

D/CDMA    (  403): [CdmaLteSST] getOtasp: state=3

D/CDMA    (  403): [CDMALTEPhone] getDataConnectionState apnType=default ret=CONNECTED

D/CDMA    (  403): [CdmaLteSST] getOtasp: state=3

D/CDMA    (  403): [CdmaLteSST] getOtasp: state=3

D/CDMA    (  403): [CDMALTEPhone] getDataConnectionState apnType=default ret=CONNECTED

D/CDMA    (  403): [CdmaLteSST] getOtasp: state=3

D/CDMA    (  403): [CdmaLteSST] getOtasp: state=3

D/CDMA    (  403): [CDMALTEPhone] getDataConnectionState apnType=default ret=CONNECTED

D/CDMA    (  403): [CdmaLteSST] getOtasp: state=3

D/CDMA    (  403): [CdmaDCT] cleanUpConnection: !tearDown, call conn.resetSynchronously

D/CDMA    (  403): [CdmaDC-42] DcInactiveState: msg.what=RSP_RESET, ignore we're already reset

D/CDMA    (  403): [CdmaDCT] [DataConnection] Stop poll NetStat

D/CDMA    (  403): [CdmaDCT] cleanupConnection: !notificationDeferred

D/CDMA    (  403): [CdmaDCT] gotoIdleAndNotifyDataConnection: reason=null

D/CDMA    (  403): [CdmaDCT] setState: IDLE

D/CDMA    (  403): [CDMALTEPhone] getDataConnectionState apnType=default ret=DISCONNECTED

D/CDMA    (  403): [CdmaLteSST] getOtasp: state=3

D/CDMA    (  403): [CdmaLteSST] getOtasp: state=3

D/CDMA    (  403): [CdmaDCT] Data not possible.  No coverage: dataState = IDLE

D/CDMA    (  403): [CdmaDCT] notifyOffApnsOfAvailability - reason= null

D/CDMA    (  403): [CdmaLteSST] getOtasp: state=3

D/CDMA    (  403): [CdmaLteSST] getOtasp: state=3

D/CDMA    (  403): [CdmaDCT] Data not possible.  No coverage: dataState = IDLE

D/CDMA    (  403): [CdmaLteSST] getOtasp: state=3

D/CDMA    (  403): [CdmaLteSST] getOtasp: state=3

D/CDMA    (  403): [CdmaDCT] Data not possible.  No coverage: dataState = IDLE

D/CDMA    (  403): [CDMALTEPhone] getDataConnectionState apnType=default ret=DISCONNECTED

D/CDMA    (  403): [CdmaLteSST] getOtasp: state=3

D/CDMA    (  403): [CdmaLteSST] getOtasp: state=3

D/CDMA    (  403): [CdmaDCT] Data not possible.  No coverage: dataState = IDLE

D/CDMA    (  403): [CDMALTEPhone] getDataConnectionState apnType=default ret=DISCONNECTED

D/CDMA    (  403): [CdmaLteSST] getOtasp: state=3

D/CDMA    (  403): [CdmaLteSST] getOtasp: state=3

D/CDMA    (  403): [CdmaDCT] Data not possible.  No coverage: dataState = IDLE

D/CDMA    (  403): [CDMALTEPhone] getDataConnectionState apnType=default ret=DISCONNECTED

D/CDMA    (  403): [CdmaLteSST] getOtasp: state=3

D/CDMA    (  403): [CdmaLteSST] getOtasp: state=3

D/CDMA    (  403): [CdmaDCT] Data not possible.  No coverage: dataState = IDLE

D/CDMA    (  403): [CDMALTEPhone] getDataConnectionState apnType=default ret=DISCONNECTED

D/CDMA    (  403): [CdmaLteSST] getOtasp: state=3

D/CDMA    (  403): [CdmaLteSST] getOtasp: state=3

D/CDMA    (  403): [CdmaDCT] Data not possible.  No coverage: dataState = IDLE

D/CDMA    (  403): [CdmaLteSST] getOtasp: state=3

D/CDMA    (  403): [CdmaLteSST] getOtasp: state=3

D/CDMA    (  403): [CdmaDCT] Data not possible.  No coverage: dataState = IDLE

D/CDMA    (  403): [CdmaDCT] CdmaDCT handleMessage msg={ what=270339 when=-103ms }

D/CDMA    (  403): [CdmaDCT] ***trySetupData due to (unspecified)

D/CDMA    (  403): [CdmaLteSST] getOtasp: state=3

D/CDMA    (  403): [CdmaDCT] isEmergency: result=false

D/CDMA    (  403): [CdmaDCT] found free GsmDataConnection

D/CDMA    (  403): [CdmaDCT] call conn.bringUp mActiveApn=[ApnSettingV2] , 0, , , , , , , , 0, default | mms | hipri, IP, IP, true, 0

D/CDMA    (  403): [CdmaDC-42] DcInactiveState msg.what=EVENT_CONNECT.RefCount = 0

D/CDMA    (  403): [CdmaDC-42] CdmaDataConnection Connecting...

D/RILJ    (  403): [1906]> SETUP_DATA_CALL 8 0 null null null 3 IP

D/CDMA    (  403): [CdmaDCT] setState: INITING

D/CDMA    (  403): [CDMALTEPhone] getDataConnectionState apnType=default ret=CONNECTING

D/CDMA    (  403): [CdmaLteSST] getOtasp: state=3

D/RILJ    (  403): [1906]< SETUP_DATA_CALL error: com.android.internal.telephony.CommandException: GENERIC_FAILURE

D/CDMA    (  403): [CdmaDC-42] DcActivatingState msg.what=EVENT_SETUP_DATA_CONNECTION_DONE

D/CDMA    (  403): [CdmaDC-42] onSetupConnectionCompleted failed, ar.exception=com.android.internal.telephony.CommandException: GENERIC_FAILURE response=null

D/CDMA    (  403): [CdmaDC-42] DcActivatingState onSetupConnectionCompleted result=ERR_GetLastErrorFromRil  SetupResult.mFailCause=NONE

D/RILJ    (  403): [1907]> LAST_DATA_CALL_FAIL_CAUSE

D/CDMA    (  403): [CdmaDCT] notifyOffApnsOfAvailability - reason= null

D/CDMA    (  403): [CdmaLteSST] getOtasp: state=3

D/RILJ    (  403): [1907]< LAST_DATA_CALL_FAIL_CAUSE error: com.android.internal.telephony.CommandException: GENERIC_FAILURE

D/CDMA    (  403): [CdmaDC-42] DcActivatingState msg.what=EVENT_GET_LAST_FAIL_DONE

D/CDMA    (  403): [CdmaDC-42] notifyConnectionCompleted at 1326341209267 cause=UNKNOWN

D/CDMA    (  403): [CdmaDC-42] clearSettings

D/CDMA    (  403): [CdmaLteSST] getOtasp: state=3

D/CDMA    (  403): [CDMALTEPhone] getDataConnectionState apnType=default ret=CONNECTING

D/CDMA    (  403): [CdmaLteSST] getOtasp: state=3

D/CDMA    (  403): [CdmaLteSST] getOtasp: state=3

D/CDMA    (  403): [CdmaLteSST] getOtasp: state=3

D/CDMA    (  403): [CdmaLteSST] getOtasp: state=3

D/CDMA    (  403): [CdmaLteSST] getOtasp: state=3

D/CDMA    (  403): [CDMALTEPhone] getDataConnectionState apnType=default ret=CONNECTING

D/CDMA    (  403): [CdmaDCT] notifyOffApnsOfAvailability - reason= null

D/CDMA    (  403): [CdmaLteSST] getOtasp: state=3

D/CDMA    (  403): [CdmaLteSST] getOtasp: state=3

D/CDMA    (  403): [CdmaLteSST] getOtasp: state=3

D/CDMA    (  403): [CDMALTEPhone] getDataConnectionState apnType=default ret=CONNECTING

D/CDMA    (  403): [CdmaLteSST] getOtasp: state=3

D/CDMA    (  403): [CDMALTEPhone] getDataConnectionState apnType=default ret=CONNECTING

D/CDMA    (  403): [CdmaLteSST] getOtasp: state=3

D/CDMA    (  403): [CDMALTEPhone] getDataConnectionState apnType=default ret=CONNECTING

D/CDMA    (  403): [CdmaLteSST] getOtasp: state=3

D/RIL[C]  (  113): IsUSBDriverReady STATE_LOADER_DONE 294

D/RIL[C]  (  113): Start Loading Loader_Dump Image.

D/RIL[C]  (  113): Actual Size of img Header is : 63868

D/RIL[C]  (  113): End Loading Loader_Dump Image.

D/RIL[C]  (  113): Start Loading Main Image.

D/RIL[C]  (  113): Actual Size of img Header is : 6710732

D/RIL[C]  (  113): len 6710732 6710732

D/CDMA    (  403): [CdmaLteSST] getOtasp: state=3

D/CDMA    (  403): [CDMALTEPhone] getDataConnectionState apnType=default ret=CONNECTING

D/CDMA    (  403): [CDMALTEPhone] getDataConnectionState apnType=default ret=CONNECTING

D/CDMA    (  403): [CdmaDCT] CdmaDCT handleMessage msg={ what=270336 when=-238ms arg1=-1 obj=android.os.AsyncResult@4199a6f0 }

D/CDMA    (  403): [CdmaDCT] isDataSetupCompleteOk return false, ar.result=UNKNOWN

D/CDMA    (  403): [CdmaDCT] Data Connection setup failed UNKNOWN

D/CDMA    (  403): [CdmaDCT] setState: FAILED

D/CDMA    (  403): [CdmaDCT] notifyOffApnsOfAvailability - reason= null

D/CDMA    (  403): [CdmaLteSST] getOtasp: state=3

D/CDMA    (  403): [CdmaLteSST] getOtasp: state=3

D/CDMA    (  403): [CdmaDCT] Data not possible.  No coverage: dataState = FAILED

D/CDMA    (  403): [CDMALTEPhone] getDataConnectionState apnType=default ret=DISCONNECTED

D/CDMA    (  403): [CdmaLteSST] getOtasp: state=3

D/CDMA    (  403): [CdmaLteSST] getOtasp: state=3

D/CDMA    (  403): [CdmaDCT] Data not possible.  No coverage: dataState = FAILED

D/CDMA    (  403): [CdmaLteSST] getOtasp: state=3

D/CDMA    (  403): [CdmaLteSST] getOtasp: state=3

D/CDMA    (  403): [CdmaDCT] Data not possible.  No coverage: dataState = FAILED

D/CDMA    (  403): [CdmaLteSST] getOtasp: state=3

D/CDMA    (  403): [CdmaLteSST] getOtasp: state=3

D/CDMA    (  403): [CdmaDCT] Data not possible.  No coverage: dataState = FAILED

D/CDMA    (  403): [CDMALTEPhone] getDataConnectionState apnType=default ret=DISCONNECTED

D/CDMA    (  403): [CdmaLteSST] getOtasp: state=3

D/CDMA    (  403): [CdmaLteSST] getOtasp: state=3

D/CDMA    (  403): [CdmaDCT] Data not possible.  No coverage: dataState = FAILED

D/CDMA    (  403): [CdmaLteSST] getOtasp: state=3

D/CDMA    (  403): [CdmaLteSST] getOtasp: state=3

D/CDMA    (  403): [CdmaDCT] Data not possible.  No coverage: dataState = FAILED

D/CDMA    (  403): [CDMALTEPhone] getDataConnectionState apnType=default ret=DISCONNECTED

D/CDMA    (  403): [CdmaLteSST] getOtasp: state=3

D/CDMA    (  403): [CdmaLteSST] getOtasp: state=3

D/CDMA    (  403): [CdmaDCT] Data not possible.  No coverage: dataState = FAILED

D/CDMA    (  403): [CdmaDCT] Data Connection activate failed. Scheduling next attempt for 121s

D/CDMA    (  403): [CDMALTEPhone] getDataConnectionState apnType=default ret=DISCONNECTED

D/CDMA    (  403): [CdmaDCT] NOT Posting Data Connection Unavailable notification -- likely transient error

D/CDMA    (  403): [CDMALTEPhone] getDataConnectionState apnType=default ret=DISCONNECTED

D/CDMA    (  403): [CDMALTEPhone] getDataConnectionState apnType=default ret=DISCONNECTED

D/CDMA    (  403): [CDMALTEPhone] getDataConnectionState apnType=default ret=DISCONNECTED

D/CDMA    (  403): [CDMALTEPhone] getDataConnectionState apnType=default ret=DISCONNECTED

D/RIL[C]  (  113): End Loading Main Image.

D/RIL[C]  (  113): Send Main Image.

D/RIL[C]  (  113): __send_Image(): to_send size is  6710736

D/CDMA    (  403): [CDMALTEPhone] getDataConnectionState apnType=default ret=DISCONNECTED

D/CDMA    (  403): [CDMALTEPhone] getDataConnectionState apnType=default ret=DISCONNECTED

D/CDMA    (  403): [CDMALTEPhone] getDataConnectionState apnType=default ret=DISCONNECTED

D/CDMA    (  403): [CDMALTEPhone] getDataConnectionState apnType=default ret=DISCONNECTED

D/RIL[C]  (  113): Load & Send binary OK

D/CDMA    (  403): [CDMALTEPhone] getDataConnectionState apnType=default ret=DISCONNECTED

D/CDMA    (  403): [CDMALTEPhone] getDataConnectionState apnType=default ret=DISCONNECTED

D/CDMA    (  403): [CDMALTEPhone] getDataConnectionState apnType=default ret=DISCONNECTED

D/CDMA    (  403): [CDMALTEPhone] getDataConnectionState apnType=default ret=DISCONNECTED

D/CDMA    (  403): [CDMALTEPhone] getDataConnectionState apnType=default ret=DISCONNECTED

D/CDMA    (  403): [CDMALTEPhone] getDataConnectionState apnType=default ret=DISCONNECTED

D/CDMA    (  403): [CDMALTEPhone] getDataConnectionState apnType=default ret=DISCONNECTED

D/CDMA    (  403): [CDMALTEPhone] getDataConnectionState apnType=default ret=DISCONNECTED

D/CDMA    (  403): [CDMALTEPhone] getDataConnectionState apnType=default ret=DISCONNECTED

D/GSM     (  403): [GsmDCT] finalize

D/CDMA    (  403): [CDMALTEPhone] getDataConnectionState apnType=default ret=DISCONNECTED

D/CDMA    (  403): [CDMALTEPhone] getDataConnectionState apnType=default ret=DISCONNECTED

D/RIL[C]  (  113): send_Image(): LTE2AP STATUS Change : 297

D/RIL[C]  (  113): check_md5_GED : md5 for /data/radio/nv_data.bin.

D/RIL[C]  (  113): MD5 check OK. (459d469d4a1d98d4fcc760436c0028d3)

D/RIL[C]  (  113): len 131072 131072

D/RIL[C]  (  113): Load NV_REG data OK /data/radio/nv_data.bin

D/RIL[C]  (  113): __send_Image(): to_send size is  131076

D/RIL[C]  (  113): Send NV_REG data OK

D/RIL[C]  (  113): send_Image(): LTE2AP STATUS Change : 299

D/RIL[C]  (  113): len 131072 131072

D/RIL[C]  (  113): Load NV_CAL data OK /data/radio/nv_data.bin

D/RIL[C]  (  113): __send_Image(): to_send size is  131076

D/RIL[C]  (  113): Send NV_CAL data OK

D/RIL[C]  (  113): send_Image(): LTE2AP STATUS Change : 299

D/RIL[C]  (  113): send_Image received [0x73]

D/RIL[C]  (  113): send_Image [CAL_VALIDITY_CHECK] Result : Pass!

D/RIL[C]  (  113): Sending ACK!

D/RIL[C]  (  113): Load & Send binary OK

D/RIL[C]  (  113): Boot OK

D/RIL[C]  (  113): dl_boot_lte(): LTE2AP STATUS Change : 300

D/RIL[C]  (  113): set_sysfs(): set sysfs [/sys/bus/usb/devices/usb1/power/control] IN : auto

D/RIL[C]  (  113): set_sysfs(): set sysfs [/sys/bus/usb/devices/usb1/power/control] OUT : auto

D/RIL[C]  (  113): ims_service_client_close: server_fd 43

D/RIL[C]  (  113): make_bridge_dev(): bridge already exists, can't create with the same name!

D/RIL[C]  (  113): make_bridge_dev(): Add Bridge complete

D/RIL[C]  (  113): detach_bridge_dev():failed to remove the interface from the bridge

D/RIL[C]  (  113): deactivate_bridge_dev(): failed to detach device

D/RIL[C]  (  113): Unable to delete the specified ipv6 address for rmnet0: Cannot assign requested address:99

D/RIL[C]  (  113): ifc_remove_ipv6_routes(): remove gw ::

D/RIL[C]  (  113): ifc_remove_ipv6_routes(): remove gw ::1

D/RIL[C]  (  113): ifc_remove_ipv6_routes(): remove gw ::1

D/RIL[C]  (  113): ifc_remove_ipv6_routes(): remove gw ::1

D/RIL[C]  (  113): handleIpv6DelAddr()

