D/GSM     (  403): [GsmDCT] onDataStateChanged(ar): Found ConnId=1 newState=DataCallState: {version=6 status=0 retry=-1 cid=1 active=2 type=IPV6' ifname='rmnet0' addresses=[2600:1010:8009:b798:0:1f:f3d2:4301/64] dnses=[2001:4888:3:fffe:c0:d:0:3,2001:4888:2:fffe:a0:d:0:3] gateways=[]}

D/GSM     (  403): addr/pl=2600:1010:8009:b798:0:1f:f3d2:4301/64

D/GSM     (  403): [GsmDCT] onDataStateChanged(ar): no change

D/GSM     (  403): [GsmDCT] onDataStateChanged(ar): Found ConnId=2 newState=DataCallState: {version=6 status=0 retry=-1 cid=2 active=2 type=IPV4V6' ifname='rmnet1' addresses=[10.167.13.182,2600:1010:b005:790f:0:1f:f3d2:4901/64] dnses=[66.174.92.14,69.78.96.14,2001:4888:3:fffe:c0:d:0:3,2001:4888:2:fffe:a0:d:0:3] gateways=[10.167.13.1,2600:1010:b005:790f::1]}

D/GSM     (  403): addr/pl=10.167.13.182/32

D/GSM     (  403): addr/pl=2600:1010:b005:790f:0:1f:f3d2:4901/64

D/GSM     (  403): [GsmDCT] onDataStateChanged(ar): no change

D/GSM     (  403): [GsmDCT] onDataStateChanged(ar): X

D/CDMA    (  403): [CDMALTEPhone] getDataConnectionState apnType=default ret=CONNECTED

D/RIL[L]  (  113): RX: IPC_SAT_CMD(0x0E)	IPC_SAT_PROACTIVE_CMD(0x03)	IPC_CMD_INDI(0x01)		[ 29 00 D0 27 81 03 01 40 03 82 02 ... ]

D/RIL_BIPJ(13177): [UNSL]< UNSOL_STK_PROACTIVE_COMMAND d0278103014003820281823501033902058e470908767a7761646d696e3c030220fb3e0521454e82e7

D/RIL_BIP_STK(13177): StkBIPManager: networkType13 isCDMANetwork - false, mIMSIMProvisioned - true, isMdnProgrammed - true

D/GSM     (  403): [GsmDCT] enableApnType: fota mState(IDLE)

D/GSM     (  403): [GsmDCT] setEnabled(6, true) with old state = false and enabledCount = 1

D/GSM     (  403): [GsmDCT] enableApnType: new apn request for type fota return APN_REQUEST_STARTED

D/GSM     (  403): [GsmDCT] handleMessage msg={ what=270349 when=0 arg1=6 arg2=1 }

D/GSM     (  403): [GsmDCT] onEnableApn: apnContext=state=IDLE apnType=fota call applyNewState

D/GSM     (  403): [GsmDCT] applyNewState(fota, true(false), true(true))

D/GSM     (  403): [ApnContext] set reason as dataEnabled, for type fota,current state IDLE

D/GSM     (  403): [ApnContext] set enabled as true, for type fota, current state is false

D/GSM     (  403): [ApnContext] set mDependencyMet as true, for type fota, current state is true

D/GSM     (  403): [GsmDCT] trySetupData for type:fota due to dataEnabled

D/GSM     (  403): [GsmDCT] trySetupData with mIsPsRestricted=false

D/GSM     (  403): [GsmDCT] isEmergency: result=false

D/GSM     (  403): [GsmDCT] apn info : [ApnSettingV2] LTE - Verizon FOTA, 7, 311480, VZWADMIN, null, null, null, null, null, -1, fota, IPV4V6, IPV4V6, true, 14

D/GSM     (  403): [GsmDCT] buildWaitingApns: X apnList=[[ApnSettingV2] LTE - Verizon FOTA, 7, 311480, VZWADMIN, null, null, null, null, null, -1, fota, IPV4V6, IPV4V6, true, 14]

D/GSM     (  403): [GsmDCT] trySetupData: Create from mAllApns : [[ApnSettingV2] LTE - Verizon Internet, 6, 311480, VZWINTERNET, null, null, null, null, null, -1, default | dun, IPV4V6, IPV4V6, true, 14][[ApnSettingV2] LTE - Verizon FOTA, 7, 311480, VZWADMIN, null, null, null, null, null, -1, fota, IPV4V6, IPV4V6, true, 14][[ApnSettingV2] LTE - Verizon IMS, 8, 311480, VZWIMS, null, null, null, null, null, -1, ims, IPV4V6, IPV4V6, true, 14][[ApnSettingV2] LTE - Verizon CBS, 9, 311480, VZWAPP, null, http://mms.vtext.com/servlets/mms, null, null, null, -1, cbs | mms, IPV4V6, IPV4V6, true, 14][[ApnSettingV2] EHRPD - Verizon Internet, 30, 311480, VZWINTERNET, null, null, null, null, null, -1, default | dun, IPV4V6, IPV4V6, true, 13][[ApnSettingV2] EHRPD - Verizon FOTA, 31, 311480, VZWADMIN, null, null, null, null, null, -1, fota, IPV4V6, IPV4V6, true, 13][[ApnSettingV2] EHRPD - Verizon IMS, 32, 311480, VZWIMS, null, null, null, null, null, -1, ims, IPV4V6, IPV4V6, true, 13][[ApnSettingV2] EHRPD - Verizon CBS, 33, 311480, VZWAPP, null, http://mms.vtext.com/servlets/mms, null, null, null, -1, cbs | mms, IPV4V6, IPV4V6, true, 13]

D/GSM     (  403): [GsmDCT] Setup watingApns : [[ApnSettingV2] LTE - Verizon FOTA, 7, 311480, VZWADMIN, null, null, null, null, null, -1, fota, IPV4V6, IPV4V6, true, 14]

D/GSM     (  403): [GsmDCT] setupData: apnContext=state=IDLE apnType=fota

D/GSM     (  403): [GsmDCT] checkForConnectionForApnContext: apnContext=state=IDLE apnType=fota NO conn

D/GSM     (  403): [GsmDCT] findReadyDataConnection: apn string <[ApnSettingV2] LTE - Verizon FOTA, 7, 311480, VZWADMIN, null, null, null, null, null, -1, fota, IPV4V6, IPV4V6, true, 14>

D/GSM     (  403): [GsmDCT] findReadyDataConnection: dc apn string <[ApnSettingV2] LTE - Verizon Internet, 6, 311480, VZWINTERNET, null, null, null, null, null, -1, default | dun, IPV4V6, IPV4V6, true, 14>

D/GSM     (  403): [GsmDCT] findReadyDataConnection: dc apn string <[ApnSettingV2] LTE - Verizon IMS, 8, 311480, VZWIMS, null, null, null, null, null, -1, ims, IPV4V6, IPV4V6, true, 14>

D/GSM     (  403): [GsmDCT] setupData: No ready GsmDataConnection found!

D/GSM     (  403): [GsmDCT] findFreeDataConnection: NO free GsmDataConnection

D/GSM     (  403): [GsmDCT] createDataConnection E

D/RIL_BIP_STK(13177): StkBIPManager: requestDataConnection() returns 1

D/GSM     (  403): [GsmDC-45] DataConnection constructor E

D/GSM     (  403): [GsmDC-45] DataConnection constructor X

D/RILB    (  403): registerForRilConnected h=Handler (com.android.internal.util.StateMachine$SmHandler) {41890ed8} w=262149

D/RILB    (  403): Notifying: ril connected mRilVersion=6

D/GSM     (  403): [GsmDC-45] clearSettings

D/GSM     (  403): [GsmDC-45] DcDefaultState: msg.what=EVENT_RIL_CONNECTED mRilVersion=6

D/GSM     (  403): [GsmDC-45] Made GsmDC-45

D/GSM     (  403): [GsmDCT] createDataConnection() X id=2

D/GSM     (  403): [GsmDCT] setupData: init dc and apnContext refCount=0

D/GSM     (  403): [ApnContext] setState: INITING for type fota, previous state:IDLE

D/CDMA    (  403): [CDMALTEPhone] getDataConnectionState apnType=fota ret=CONNECTING

D/GSM     (  403): [GsmDCT] isDataPossible(fota): possible=true isDataAllowed=true apnTypePossible=true apnContextisEnabled=true apnContextState()=INITING

D/GSM     (  403): [GsmDCT] get active apn string for type:fota

D/GSM     (  403): [GsmDCT] setupData: initing!

D/GSM     (  403): [GsmDC-45] DcInactiveState msg.what=EVENT_CONNECT.RefCount = 0

D/GSM     (  403): [GsmDC-45] Connecting to carrier: 'LTE - Verizon FOTA' APN: 'VZWADMIN' proxy: 'null' port: 'null

D/RILJ    (  403): [1993]> SETUP_DATA_CALL 16 3 VZWADMIN null null 0 IPV4V6

D/GSM     (  403): [GsmDCT] notifyOffApnsOfAvailability skipped apn due to isReady==false: state=INITING apnType=fota

D/GSM     (  403): [GsmDCT] notifyOffApnOfAvailability type:dun

D/GSM     (  403): [GsmDCT] isDataPossible(dun): possible=true isDataAllowed=true apnTypePossible=true apnContextisEnabled=false apnContextState()=IDLE

D/GSM     (  403): [GsmDCT] get active apn string for type:dun

D/RIL[L]  (  113): requestSetupDefaultPDPLTE(): cid(3) iptype(3) pcscfflag(0) apn(VZWADMIN) con_type(IPV4V6)

D/RIL[L]  (  113): TX: IPC_GPRS_CMD(0x0D)	IPC_GPRS_DEFINE_PDP_CONTEXT(0x01)	IPC_CMD_SET(0x03)		[ 01 03 06 56 5A 57 41 44 4D 49 4E ... ]

D/RIL[L]  (  113): RX: IPC_GEN_CMD(0x80)	IPC_GEN_PHONE_RES(0x01)	IPC_CMD_RESP(0x02)		[ 0D 01 03 00 80 ]

D/RIL[L]  (  113): requestSetupDefaultPDPLTE(): cid(3) iptype(3) pcscfflag(0) apn(VZWADMIN) con_type(IPV4V6)

D/RIL[L]  (  113): TX: IPC_GPRS_CMD(0x0D)	IPC_GPRS_PDP_CONTEXT(0x04)	IPC_CMD_SET(0x03)		[ 01 03 00 00 00 00 00 00 00 00 00 ... ]

D/RIL[L]  (  113): requestSetupDefaultPDPLTE(): state(2)

D/RIL[L]  (  113): RX: IPC_GEN_CMD(0x80)	IPC_GEN_PHONE_RES(0x01)	IPC_CMD_RESP(0x02)		[ 0D 04 03 00 80 ]

D/RIL[L]  (  113): requestSetupDefaultPDPLTE(): cid(3) iptype(3) pcscfflag(0) apn(VZWADMIN) con_type(IPV4V6)

D/RIL[L]  (  113): requestSetupDefaultPDPLTE(): Waiting cid (3)

D/GSM     (  403): [GsmDCT] notifyOffApnOfAvailability type:supl

D/GSM     (  403): [GsmDCT] isDataPossible(supl): possible=true isDataAllowed=true apnTypePossible=true apnContextisEnabled=false apnContextState()=IDLE

D/GSM     (  403): [GsmDCT] get active apn string for type:supl

D/CDMA    (  403): [CDMALTEPhone] getDataConnectionState apnType=default ret=CONNECTED

D/GSM     (  403): [GsmDCT] notifyOffApnOfAvailability type:hipri

D/GSM     (  403): [GsmDCT] isDataPossible(hipri): possible=true isDataAllowed=true apnTypePossible=true apnContextisEnabled=false apnContextState()=IDLE

D/GSM     (  403): [GsmDCT] get active apn string for type:hipri

D/GSM     (  403): [GsmDCT] notifyOffApnsOfAvailability skipped apn due to isReady==false: state=CONNECTED apnType=ims

D/GSM     (  403): [GsmDCT] notifyOffApnsOfAvailability skipped apn due to isReady==false: state=CONNECTED apnType=default

D/GSM     (  403): [GsmDCT] notifyOffApnOfAvailability type:mms

D/GSM     (  403): [GsmDCT] isDataPossible(mms): possible=true isDataAllowed=true apnTypePossible=true apnContextisEnabled=false apnContextState()=IDLE

D/GSM     (  403): [GsmDCT] get active apn string for type:mms

D/CDMA    (  403): [CDMALTEPhone] getDataConnectionState apnType=default ret=CONNECTED

D/GSM     (  403): [GsmDCT] notifyOffApnOfAvailability type:cbs

D/GSM     (  403): [GsmDCT] isDataPossible(cbs): possible=true isDataAllowed=true apnTypePossible=true apnContextisEnabled=false apnContextState()=IDLE

D/GSM     (  403): [GsmDCT] get active apn string for type:cbs

D/CDMA    (  403): [CDMALTEPhone] getDataConnectionState apnType=default ret=CONNECTED

D/CDMA    (  403): [CDMALTEPhone] getDataConnectionState apnType=default ret=CONNECTED

D/CDMA    (  403): [CDMALTEPhone] getDataConnectionState apnType=default ret=CONNECTED

D/CDMA    (  403): [CDMALTEPhone] getDataConnectionState apnType=default ret=CONNECTED

D/RIL[L]  (  113): RX: IPC_GPRS_CMD(0x0D)	IPC_GPRS_IP_CONFIGURATION(0x09)	IPC_CMD_NOTI(0x03)		[ 03 47 03 0A 84 A5 C1 42 AE 5C 0E ... ]

D/RIL[L]  (  113): RECEIVED IP has both IPv4 and IPv6

D/RIL[L]  (  113): RECEIVED FIELD FLAG(839)

D/RIL[L]  (  113):  [*]IP:            10.132.165.193

D/RIL[L]  (  113):  [*]GATEWAY:       0.0.0.0

D/RIL[L]  (  113):  [*]Primary DNS:   66.174.92.14

D/RIL[L]  (  113):  [*]Secondary DNS: 69.78.96.14

D/RIL[L]  (  113):  [*]Subnet Mask:   0.0.0.0

D/RIL[L]  (  113):  [*]PCSCF ADDR:   0.0.0.0

D/RIL[L]  (  113):  [*]IPv6 RAW IFACE ID 0000001FF3D26201

D/RIL[L]  (  113):  [*]IPv6 IFACE ID 0000:001F:F3D2:6201

D/RIL[L]  (  113):  [*]IPv6 Primary DNS ADDR 2001:4888:3:fffe:c0:d:0:3

D/RIL[L]  (  113):  [*]IPv6 Secondary  DNS ADDR 2001:4888:2:fffe:a0:d:0:3

D/RIL[L]  (  113): RX: IPC_GPRS_CMD(0x0D)	IPC_GPRS_CALL_STATUS(0x10)	IPC_CMD_NOTI(0x03)		[ 03 01 00 00 00 ]

D/RIL[L]  (  113): requestSetupDefaultPDPLTE(): cid(3) iptype(3) pcscfflag(0) apn(VZWADMIN) con_type(IPV4V6)

D/RIL[L]  (  113): requestSetupDefaultPDPLTE(): Waiting cid (3)

D/RIL[L]  (  113): RxLTE_ResCallStatus_LTE(): waiting cid(3), cid(3)

D/RIL[L]  (  113): RxLTE_ResCallStatus_LTE(): Call Status changed --> cid(3), state(1), reason(0)

D/RIL[C]  (  113): setup_network_interface_ipv4v6() INTERFACE IS UP 

D/RIL[C]  (  113): Invalid mtu size stored in property

D/RIL[C]  (  113): activate_bridge_dev() Initial attach

D/RIL[C]  (  113): detach_bridge_dev():failed to remove the interface from the bridge

D/RIL[C]  (  113): Unable to delete the specified ipv6 address for rmnet2: Cannot assign requested address:99

D/RIL[C]  (  113): attach_bridge_dev(): No device is connected to bridge as of now

D/RIL[C]  (  113): attach_bridge_dev(): Added Interface lte_rmnet2 to bridge rmnet2

D/RIL[C]  (  113): ifc_remove_ipv6_linklocal_addr(): remove ipv6 addr with index(18)

D/RIL[L]  (  113): resumeDataChannelLTE(): channel 2, state = 1

D/RIL[L]  (  113): RxLTE_ResCallStatus_LTE(): waiting ipv6 configuration

D/RIL[C]  (  113): handleIpv6NewPrefix() global addr for rmnet2: 2600:1010:d:298c:0:1f:f3d2:6201

D/RIL[L]  (  113): requestIpv6ConfigureLTE()

D/RIL[C]  (  113): sendDataCallResponse(): status=0, cid=3, active=2, ifname=rmnet2, type=IPV4V6

D/RIL[C]  (  113): sendDataCallResponse(): addresses=10.132.165.193 2600:1010:d:298c:0:1f:f3d2:6201/64, dnses=66.174.92.14 69.78.96.14 2001:4888:3:fffe:c0:d:0:3 2001:4888:2:fffe:a0:d:0:3, gateways=

D/RILJ    (  403): [1993]< SETUP_DATA_CALL DataCallState: {version=6 status=0 retry=-1 cid=3 active=2 type=IPV4V6' ifname='rmnet2' addresses=[10.132.165.193,2600:1010:d:298c:0:1f:f3d2:6201/64] dnses=[66.174.92.14,69.78.96.14,2001:4888:3:fffe:c0:d:0:3,2001:4888:2:fffe:a0:d:0:3] gateways=[]}

D/GSM     (  403): [GsmDC-45] DcActivatingState msg.what=EVENT_SETUP_DATA_CONNECTION_DONE

D/GSM     (  403): [GsmDC-45] onSetupConnectionCompleted received DataCallState: DataCallState: {version=6 status=0 retry=-1 cid=3 active=2 type=IPV4V6' ifname='rmnet2' addresses=[10.132.165.193,2600:1010:d:298c:0:1f:f3d2:6201/64] dnses=[66.174.92.14,69.78.96.14,2001:4888:3:fffe:c0:d:0:3,2001:4888:2:fffe:a0:d:0:3] gateways=[]}

D/GSM     (  403): addr/pl=10.132.165.193/32

D/GSM     (  403): addr/pl=2600:1010:d:298c:0:1f:f3d2:6201/64

D/GSM     (  403): [GsmDC-45] updateLinkProperty old != new

D/GSM     (  403): [GsmDC-45] DcActivatingState onSetupConnectionCompleted result=SUCCESS  SetupResult.mFailCause=NONE

D/GSM     (  403): [GsmDC-45] notifyConnectionCompleted at 1326341283729 cause=NONE

D/GSM     (  403): [GsmDCT] handleMessage msg={ what=270336 when=0 arg1=3 obj=android.os.AsyncResult@4198fb80 }

D/GSM     (  403): [GsmDCT] isDataSetupCompleteOk return true

D/GSM     (  403): [GsmDCT] onDataSetupComplete: success apn=VZWADMIN

D/GSM     (  403): [GsmDCT] notifyDefaultData: type=fota, reason:dataEnabled

D/GSM     (  403): [ApnContext] setState: CONNECTED for type fota, previous state:INITING

D/CDMA    (  403): [CDMALTEPhone] getDataConnectionState apnType=fota ret=CONNECTED

D/GSM     (  403): [GsmDCT] return link properites for fota

D/GSM     (  403): [GsmDCT] get active pdp is not null, return link Capabilities for fota

D/GSM     (  403): [GsmDCT] isDataPossible(fota): possible=true isDataAllowed=true apnTypePossible=true apnContextisEnabled=true apnContextState()=CONNECTED

D/GSM     (  403): [GsmDCT] get active apn string for type:fota

D/RIL[C]  (  113): sendDataCallList(): status=0, cid=1, active=2, ifname=rmnet0, type=IPV6

D/RIL[C]  (  113): sendDataCallList(): addresses=2600:1010:8009:b798:0:1f:f3d2:4301/64, dnses=2001:4888:3:fffe:c0:d:0:3 2001:4888:2:fffe:a0:d:0:3, gateways=

D/RIL[C]  (  113): sendDataCallList(): status=0, cid=2, active=2, ifname=rmnet1, type=IPV4V6

D/RIL[C]  (  113): sendDataCallList(): addresses=10.167.13.182 2600:1010:b005:790f:0:1f:f3d2:4901/64, dnses=66.174.92.14 69.78.96.14 2001:4888:3:fffe:c0:d:0:3 2001:4888:2:fffe:a0:d:0:3, gateways=10.167.13.1 2600:1010:b005:790f::1

D/RIL[C]  (  113): sendDataCallList(): status=0, cid=3, active=2, ifname=rmnet2, type=IPV4V6

D/RIL[C]  (  113): sendDataCallList(): addresses=10.132.165.193 2600:1010:d:298c:0:1f:f3d2:6201/64, dnses=66.174.92.14 69.78.96.14 2001:4888:3:fffe:c0:d:0:3 2001:4888:2:fffe:a0:d:0:3, gateways=

D/RILJ    (  403): responseDataCallList ver=6 num=3

D/RILJ    (  403): [UNSL]< UNSOL_DATA_CALL_LIST_CHANGED [DataCallState: {version=6 status=0 retry=-1 cid=1 active=2 type=IPV6' ifname='rmnet0' addresses=[2600:1010:8009:b798:0:1f:f3d2:4301/64] dnses=[2001:4888:3:fffe:c0:d:0:3,2001:4888:2:fffe:a0:d:0:3] gateways=[]}, DataCallState: {version=6 status=0 retry=-1 cid=2 active=2 type=IPV4V6' ifname='rmnet1' addresses=[10.167.13.182,2600:1010:b005:790f:0:1f:f3d2:4901/64] dnses=[66.174.92.14,69.78.96.14,2001:4888:3:fffe:c0:d:0:3,2001:4888:2:fffe:a0:d:0:3] gateways=[10.167.13.1,2600:1010:b005:790f::1]}, DataCallState: {version=6 status=0 retry=-1 cid=3 active=2 type=IPV4V6' ifname='rmnet2' addresses=[10.132.165.193,2600:1010:d:298c:0:1f:f3d2:6201/64] dnses=[66.174.92.14,69.78.96.14,2001:4888:3:fffe:c0:d:0:3,2001:4888:2:fffe:a0:d:0:3] gateways=[]}]

D/GSM     (  403): [GsmDCT] overall state is CONNECTED

D/GSM     (  403): [GsmDCT] startDataStallAlarm: tag=20865154 delay=360s

D/CDMA    (  403): [CDMALTEPhone] getDataConnectionState apnType=default ret=CONNECTED

D/GSM     (  403): [GsmDCT] handleMessage msg={ what=270340 when=-20ms obj=android.os.AsyncResult@418ba298 }

D/GSM     (  403): [GsmDCT] onDataStateChanged(ar): E

D/GSM     (  403): [GsmDCT] onDataStateChanged(ar): DataCallState size=3

D/GSM     (  403): [GsmDCT] onDataStateChanged(ar): Found ConnId=1 newState=DataCallState: {version=6 status=0 retry=-1 cid=1 active=2 type=IPV6' ifname='rmnet0' addresses=[2600:1010:8009:b798:0:1f:f3d2:4301/64] dnses=[2001:4888:3:fffe:c0:d:0:3,2001:4888:2:fffe:a0:d:0:3] gateways=[]}

D/GSM     (  403): addr/pl=2600:1010:8009:b798:0:1f:f3d2:4301/64

D/GSM     (  403): [GsmDCT] onDataStateChanged(ar): no change

D/GSM     (  403): [GsmDCT] onDataStateChanged(ar): Found ConnId=2 newState=DataCallState: {version=6 status=0 retry=-1 cid=2 active=2 type=IPV4V6' ifname='rmnet1' addresses=[10.167.13.182,2600:1010:b005:790f:0:1f:f3d2:4901/64] dnses=[66.174.92.14,69.78.96.14,2001:4888:3:fffe:c0:d:0:3,2001:4888:2:fffe:a0:d:0:3] gateways=[10.167.13.1,2600:1010:b005:790f::1]}

D/GSM     (  403): addr/pl=10.167.13.182/32

D/GSM     (  403): addr/pl=2600:1010:b005:790f:0:1f:f3d2:4901/64

D/GSM     (  403): [GsmDCT] onDataStateChanged(ar): no change

D/GSM     (  403): [GsmDCT] onDataStateChanged(ar): Found ConnId=3 newState=DataCallState: {version=6 status=0 retry=-1 cid=3 active=2 type=IPV4V6' ifname='rmnet2' addresses=[10.132.165.193,2600:1010:d:298c:0:1f:f3d2:6201/64] dnses=[66.174.92.14,69.78.96.14,2001:4888:3:fffe:c0:d:0:3,2001:4888:2:fffe:a0:d:0:3] gateways=[]}

D/GSM     (  403): addr/pl=10.132.165.193/32

D/GSM     (  403): addr/pl=2600:1010:d:298c:0:1f:f3d2:6201/64

D/GSM     (  403): [GsmDCT] onDataStateChanged(ar): no change

D/GSM     (  403): [GsmDCT] onDataStateChanged(ar): X

D/RIL_BIP_STK(13177): StkBIPManager: Data from Listner :: nwInfo.getType()  = 10 ConnectionState = CONNECTED , DetailedConnectionState = CONNECTED

D/RIL_BIP_STK(13177): StkBIPClientConnection: Opening socket with69.78.130.231 at 8443

D/RIL_BIPJ(13177): writing packet: 108 bytes

D/RIL[L]  (  113): TX: IPC_SAT_CMD(0x0E)	IPC_SAT_PROACTIVE_CMD(0x03)	IPC_CMD_GET(0x02)		[ 17 81 03 01 40 03 82 02 82 81 83 ... ]

D/RIL[L]  (  113): RX: IPC_SAT_CMD(0x0E)	IPC_SAT_PROACTIVE_CMD(0x03)	IPC_CMD_RESP(0x02)		[ 91 46 ]

D/RIL_BIPJ(13177): [0001]< REQUEST_STK_SEND_TERMINAL_RESPONSE 

D/RIL[L]  (  113): RX: IPC_SAT_CMD(0x0E)	IPC_SAT_PROACTIVE_CMD(0x03)	IPC_CMD_INDI(0x01)		[ 46 00 D0 44 81 03 01 43 01 82 02 ... ]

D/RIL_BIPJ(13177): [UNSL]< UNSOL_STK_PROACTIVE_COMMAND d0448103014301820281213639160301003401000030030167531ad850fd3119dce2cda0d1ce2cfa8432ab36a03b0d6381b3665de20dda1f000002008b010000050001000101

D/RIL_BIP_STK(13177): StkBIPManager: con.isfirstTime = false

D/RIL_BIP_STK(13177): StkBIPManager: TCP Remote Client Socket is neither Closed nor Not Connected

D/RIL_BIPJ(13177): writing packet: 76 bytes

D/RIL[L]  (  113): TX: IPC_SAT_CMD(0x0E)	IPC_SAT_PROACTIVE_CMD(0x03)	IPC_CMD_GET(0x02)		[ 0F 81 03 01 43 01 82 02 82 81 83 ... ]

D/RIL[L]  (  113): RX: IPC_SAT_CMD(0x0E)	IPC_SAT_PROACTIVE_CMD(0x03)	IPC_CMD_RESP(0x02)		[ 91 0F ]

D/RIL_BIPJ(13177): [0002]< REQUEST_STK_SEND_TERMINAL_RESPONSE 

D/RIL_BIPJ(13177): writing packet: 80 bytes

D/RIL[L]  (  113): TX: IPC_SAT_CMD(0x0E)	IPC_SAT_ENVELOPE_CMD(0x02)	IPC_CMD_EXEC(0x01)		[ 10 D6 0E 99 01 09 82 02 82 81 B8 ... ]

D/RIL[L]  (  113): RX: IPC_GEN_CMD(0x80)	IPC_GEN_PHONE_RES(0x01)	IPC_CMD_RESP(0x02)		[ 0E 02 01 00 80 ]

D/RIL[L]  (  113): RX: IPC_SAT_CMD(0x0E)	IPC_SAT_ENVELOPE_CMD(0x02)	IPC_CMD_NOTI(0x03)		[ 91 0E 00 ]

D/RIL_BIPJ(13177): [0003]< REQUEST_STK_SEND_ENVELOPE_COMMAND 

D/RIL[L]  (  113): RX: IPC_SAT_CMD(0x0E)	IPC_SAT_PROACTIVE_CMD(0x03)	IPC_CMD_INDI(0x01)		[ 0E 00 D0 0C 81 03 01 42 00 82 02 ... ]

D/RIL_BIPJ(13177): [UNSL]< UNSOL_STK_PROACTIVE_COMMAND d00c81030142008202812137015f

D/RIL_BIPJ(13177): writing packet: 464 bytes

D/RIL[L]  (  113): TX: IPC_SAT_CMD(0x0E)	IPC_SAT_PROACTIVE_CMD(0x03)	IPC_CMD_GET(0x02)		[ 70 81 03 01 42 00 82 02 82 81 83 ... ]

D/RIL[L]  (  113): RX: IPC_SAT_CMD(0x0E)	IPC_SAT_PROACTIVE_CMD(0x03)	IPC_CMD_RESP(0x02)		[ 91 97 ]

D/RIL_BIPJ(13177): [0004]< REQUEST_STK_SEND_TERMINAL_RESPONSE 

D/RIL[L]  (  113): RX: IPC_SAT_CMD(0x0E)	IPC_SAT_PROACTIVE_CMD(0x03)	IPC_CMD_INDI(0x01)		[ 97 00 D0 81 94 81 03 01 43 01 82 ... ]

D/RIL_BIPJ(13177): [UNSL]< UNSOL_STK_PROACTIVE_COMMAND d0819481030143018202812136818816030100501000004c004a3031303130313130304138393134383030303030303130353730303332333631313432303237374233463333344142344431353743444544434430373743303332433243463945414330140301000101160301002890c6303741b0c3a05093566e15bafd7e3e97c95110c2a22ce22e2b42ef507582d8fee02cfe8217c5

D/RIL_BIP_STK(13177): StkBIPManager: con.isfirstTime = false

D/RIL_BIP_STK(13177): StkBIPManager: TCP Remote Client Socket is neither Closed nor Not Connected

D/RIL_BIPJ(13177): writing packet: 76 bytes

D/RIL[L]  (  113): TX: IPC_SAT_CMD(0x0E)	IPC_SAT_PROACTIVE_CMD(0x03)	IPC_CMD_GET(0x02)		[ 0F 81 03 01 43 01 82 02 82 81 83 ... ]

D/RIL[L]  (  113): RX: IPC_SAT_CMD(0x0E)	IPC_SAT_PROACTIVE_CMD(0x03)	IPC_CMD_RESP(0x02)		[ 90 00 ]

D/RILJ    (  403): [UNSL]< UNSOL_STK_SESSION_END

D/RIL_BIPJ(13177): [0005]< REQUEST_STK_SEND_TERMINAL_RESPONSE 

D/RIL_BIPJ(13177): writing packet: 80 bytes

D/RIL[L]  (  113): TX: IPC_SAT_CMD(0x0E)	IPC_SAT_ENVELOPE_CMD(0x02)	IPC_CMD_EXEC(0x01)		[ 10 D6 0E 99 01 09 82 02 82 81 B8 ... ]

D/RIL[L]  (  113): RX: IPC_GEN_CMD(0x80)	IPC_GEN_PHONE_RES(0x01)	IPC_CMD_RESP(0x02)		[ 0E 02 01 00 80 ]

D/RIL[L]  (  113): RX: IPC_SAT_CMD(0x0E)	IPC_SAT_ENVELOPE_CMD(0x02)	IPC_CMD_NOTI(0x03)		[ 91 0E 00 ]

D/RIL_BIPJ(13177): [0006]< REQUEST_STK_SEND_ENVELOPE_COMMAND 

D/RIL[L]  (  113): RX: IPC_SAT_CMD(0x0E)	IPC_SAT_PROACTIVE_CMD(0x03)	IPC_CMD_INDI(0x01)		[ 0E 00 D0 0C 81 03 01 42 00 82 02 ... ]

D/RIL_BIPJ(13177): [UNSL]< UNSOL_STK_PROACTIVE_COMMAND d00c810301420082028121370133

D/RIL_BIPJ(13177): writing packet: 288 bytes

D/RIL[L]  (  113): TX: IPC_SAT_CMD(0x0E)	IPC_SAT_PROACTIVE_CMD(0x03)	IPC_CMD_GET(0x02)		[ 44 81 03 01 42 00 82 02 82 81 83 ... ]

D/RIL[L]  (  113): RX: IPC_SAT_CMD(0x0E)	IPC_SAT_PROACTIVE_CMD(0x03)	IPC_CMD_RESP(0x02)		[ 91 CC ]

D/RIL_BIPJ(13177): [0007]< REQUEST_STK_SEND_TERMINAL_RESPONSE 

D/RIL[L]  (  113): RX: IPC_SAT_CMD(0x0E)	IPC_SAT_PROACTIVE_CMD(0x03)	IPC_CMD_INDI(0x01)		[ CC 00 D0 81 C9 81 03 01 43 01 82 ... ]

D/RIL_BIPJ(13177): [UNSL]< UNSOL_STK_PROACTIVE_COMMAND d081c98103014301820281213681bd17030100b850d2c4547ddaf5b02b8090600c7278e907d8675cadc5fc018b0df9ea82bea50114e192e72ac814997f71c9322fff6a04d3d2615eb79ecad23c6150921f2a5286ae6374401966c1ee5df0daa9db8f946ba609a92dc6c4263bd9b90ffe761726ed4c450046fda62e3ecf60ee9fe11c41b5fdbb341fbcdc24289bb76ba6f07e219cd9ba668ffccdd42ccd51703745d225b1e3c4f0e8d4f8b4726089bf92929ba81c1f449d275ce6366f93cbb91af292477bf0733d03e81ac693

D/RIL_BIP_STK(13177): StkBIPManager: con.isfirstTime = false

D/RIL_BIP_STK(13177): StkBIPManager: TCP Remote Client Socket is neither Closed nor Not Connected

D/RIL_BIPJ(13177): writing packet: 76 bytes

D/RIL[L]  (  113): TX: IPC_SAT_CMD(0x0E)	IPC_SAT_PROACTIVE_CMD(0x03)	IPC_CMD_GET(0x02)		[ 0F 81 03 01 43 01 82 02 82 81 83 ... ]

D/RIL[L]  (  113): RX: IPC_SAT_CMD(0x0E)	IPC_SAT_PROACTIVE_CMD(0x03)	IPC_CMD_RESP(0x02)		[ 90 00 ]

D/RILJ    (  403): [UNSL]< UNSOL_STK_SESSION_END

D/RIL_BIPJ(13177): [0008]< REQUEST_STK_SEND_TERMINAL_RESPONSE 

D/RIL_BIPJ(13177): writing packet: 80 bytes

D/RIL[L]  (  113): TX: IPC_SAT_CMD(0x0E)	IPC_SAT_ENVELOPE_CMD(0x02)	IPC_CMD_EXEC(0x01)		[ 10 D6 0E 99 01 09 82 02 82 81 B8 ... ]

D/RIL[L]  (  113): RX: IPC_GEN_CMD(0x80)	IPC_GEN_PHONE_RES(0x01)	IPC_CMD_RESP(0x02)		[ 0E 02 01 00 80 ]

D/RIL[L]  (  113): RX: IPC_SAT_CMD(0x0E)	IPC_SAT_ENVELOPE_CMD(0x02)	IPC_CMD_NOTI(0x03)		[ 91 0E 00 ]

D/RIL_BIPJ(13177): [0009]< REQUEST_STK_SEND_ENVELOPE_COMMAND 

D/RIL[L]  (  113): RX: IPC_SAT_CMD(0x0E)	IPC_SAT_PROACTIVE_CMD(0x03)	IPC_CMD_INDI(0x01)		[ 0E 00 D0 0C 81 03 01 42 00 82 02 ... ]

D/RIL_BIPJ(13177): [UNSL]< UNSOL_STK_PROACTIVE_COMMAND d00c8103014200820281213701e6

D/RIL_BIPJ(13177): writing packet: 1008 bytes

D/RIL[L]  (  113): TX: IPC_SAT_CMD(0x0E)	IPC_SAT_PROACTIVE_CMD(0x03)	IPC_CMD_GET(0x02)		[ F8 81 03 01 42 00 82 02 82 81 83 ... ]

D/RIL[L]  (  113): RX: IPC_SAT_CMD(0x0E)	IPC_SAT_PROACTIVE_CMD(0x03)	IPC_CMD_RESP(0x02)		[ 91 2A ]

D/RIL_BIPJ(13177): [0010]< REQUEST_STK_SEND_TERMINAL_RESPONSE 

D/RIL[L]  (  113): RX: IPC_SAT_CMD(0x0E)	IPC_SAT_PROACTIVE_CMD(0x03)	IPC_CMD_INDI(0x01)		[ 2A 00 D0 28 81 03 01 43 01 82 02 ... ]

D/RIL_BIPJ(13177): [UNSL]< UNSOL_STK_PROACTIVE_COMMAND d028810301430182028121361d1503010018d859dd45871576b33f52a5ece10e0028e88ed7b3823b0d25

D/RIL_BIP_STK(13177): StkBIPManager: con.isfirstTime = false

D/RIL_BIP_STK(13177): StkBIPManager: TCP Remote Client Socket is neither Closed nor Not Connected

D/RIL_BIPJ(13177): writing packet: 76 bytes

D/RIL[L]  (  113): TX: IPC_SAT_CMD(0x0E)	IPC_SAT_PROACTIVE_CMD(0x03)	IPC_CMD_GET(0x02)		[ 0F 81 03 01 43 01 82 02 82 81 83 ... ]

D/RIL[L]  (  113): RX: IPC_SAT_CMD(0x0E)	IPC_SAT_PROACTIVE_CMD(0x03)	IPC_CMD_RESP(0x02)		[ 91 0B ]

D/RIL_BIPJ(13177): [0011]< REQUEST_STK_SEND_TERMINAL_RESPONSE 

D/RIL[L]  (  113): RX: IPC_SAT_CMD(0x0E)	IPC_SAT_PROACTIVE_CMD(0x03)	IPC_CMD_INDI(0x01)		[ 0B 00 D0 09 81 03 01 41 00 82 02 ... ]

D/RIL_BIPJ(13177): [UNSL]< UNSOL_STK_PROACTIVE_COMMAND d009810301410082028121

D/RIL_BIP_STK(13177): tcpRxThread: Interrupt Received!

D/RIL_BIPJ(13177): writing packet: 64 bytes

D/RIL[L]  (  113): TX: IPC_SAT_CMD(0x0E)	IPC_SAT_PROACTIVE_CMD(0x03)	IPC_CMD_GET(0x02)		[ 0C 81 03 01 41 00 82 02 82 81 83 ... ]

D/RIL[L]  (  113): RX: IPC_SAT_CMD(0x0E)	IPC_SAT_PROACTIVE_CMD(0x03)	IPC_CMD_RESP(0x02)		[ 91 0B ]

D/RIL_BIPJ(13177): [0012]< REQUEST_STK_SEND_TERMINAL_RESPONSE 

D/RIL[L]  (  113): RX: IPC_SAT_CMD(0x0E)	IPC_SAT_PROACTIVE_CMD(0x03)	IPC_CMD_INDI(0x01)		[ 0B 00 D0 09 81 03 01 26 03 82 02 ... ]

D/RILJ    (  403): [UNSL]< UNSOL_STK_PROACTIVE_COMMAND d009810301260382028182

D/RILJ    (  403): [1994]> REQUEST_STK_SEND_TERMINAL_RESPONSE

D/RIL[L]  (  113): TX: IPC_SAT_CMD(0x0E)	IPC_SAT_PROACTIVE_CMD(0x03)	IPC_CMD_GET(0x02)		[ 15 81 03 01 26 03 02 02 82 81 83 ... ]

D/RIL[L]  (  113): RX: IPC_SAT_CMD(0x0E)	IPC_SAT_PROACTIVE_CMD(0x03)	IPC_CMD_RESP(0x02)		[ 91 13 ]

D/RILJ    (  403): [1994]< REQUEST_STK_SEND_TERMINAL_RESPONSE 

D/RIL[V]  (  113): RX: IPC_DISP_CMD(0x07)	IPC_DISP_ICON_INFO(0x01)	IPC_CMD_NOTI(0x03)		[ 01 03 00 00 ]

D/GSM     (  403): [GsmDCT] disableApnType:fota

D/GSM     (  403): [GsmDCT] setEnabled(6, false) with old state = false and enabledCount = 1

D/GSM     (  403): [GsmDCT] diableApnType: return APN_REQUEST_STARTED

D/GSM     (  403): [GsmDCT] handleMessage msg={ what=270349 when=0 arg1=6 }

D/GSM     (  403): [GsmDCT] onEnableApn: apnContext=state=CONNECTED apnType=fota call applyNewState

D/GSM     (  403): [GsmDCT] applyNewState(fota, false(true), true(true))

D/GSM     (  403): [ApnContext] set reason as dataDisabled, for type fota,current state CONNECTED

D/GSM     (  403): [ApnContext] set enabled as false, for type fota, current state is true

D/GSM     (  403): [ApnContext] set mDependencyMet as true, for type fota, current state is true

D/GSM     (  403): [GsmDCT] cleanUpConnection: tearDown=true reason=dataDisabled

D/GSM     (  403): [GsmDCT] cleanUpConnection: tearing down

D/GSM     (  403): [ApnContext] setState: DISCONNECTING for type fota, previous state:CONNECTED

D/GSM     (  403): [GsmDC-45] DcActiveState msg.what=EVENT_DISCONNECT RefCount=0

D/GSM     (  403): [GsmDC-45] tearDownData radio is on, call deactivateDataCall

D/RILJ    (  403): [1995]> DEACTIVATE_DATA_CALL 3 0

D/RIL[C]  (  113): selectCurrentDataModemIndex() : CDMA regi:0, LTE regi:1

D/RIL[L]  (  113): requestDeactivateDataCallLTE()

D/RIL[L]  (  113): TX: IPC_GPRS_CMD(0x0D)	IPC_GPRS_PDP_CONTEXT(0x04)	IPC_CMD_SET(0x03)		[ 00 03 00 00 00 00 00 00 00 00 00 ... ]

D/RIL[L]  (  113): RX: IPC_GEN_CMD(0x80)	IPC_GEN_PHONE_RES(0x01)	IPC_CMD_RESP(0x02)		[ 0D 04 03 00 80 ]

D/RIL[L]  (  113): requestDeactivateDataCallLTE()

D/RIL[L]  (  113): requestDeactivateDefaultPDPLTE(): Waiting cid (3)

D/RIL[L]  (  113): RX: IPC_GPRS_CMD(0x0D)	IPC_GPRS_CALL_STATUS(0x10)	IPC_CMD_NOTI(0x03)		[ 03 03 01 00 00 ]

D/RIL[L]  (  113): requestDeactivateDataCallLTE()

D/RIL[L]  (  113): requestDeactivateDefaultPDPLTE(): Waiting cid (3)

D/RIL[L]  (  113): RxLTE_ResCallStatus_LTE(): waiting cid(3), cid(3)

D/RIL[L]  (  113): RxLTE_ResCallStatus_LTE(): Call Status changed --> cid(3), state(3), reason(1)

D/RIL[L]  (  113): RxLTE_ResCallStatus_LTE(): IPC_DATA_TE2_DATA_CALL_RESULT_ERROR

D/RIL[L]  (  113): Normal PDN Deactivated Indication so we need to remove the bridge

D/RIL[C]  (  113): handleIpv6DelAddr()

D/RIL[C]  (  113): ifc_remove_ipv6_routes(): remove gw ::

D/RIL[C]  (  113): ifc_remove_ipv6_routes(): remove gw ::1

D/RIL[C]  (  113): ifc_remove_ipv6_routes(): remove gw ::1

D/RIL[L]  (  113): resumeDataChannelLTE(): channel 2, state = 0

D/RIL[C]  (  113): Handover reconnection cnt(LTE) reset.

D/RILJ    (  403): [1995]< DEACTIVATE_DATA_CALL 

D/GSM     (  403): [GsmDC-45] DcDisconnectingState msg.what=EVENT_DEACTIVATE_DONE

D/RIL[C]  (  113): sendDataCallList(): status=0, cid=1, active=2, ifname=rmnet0, type=IPV6

D/GSM     (  403): [GsmDC-45] NotifyDisconnectCompleted DisconnectParams=com.android.internal.telephony.DataConnection$DisconnectParams@41843378

D/GSM     (  403): [GsmDC-45] clearSettings

D/GSM     (  403): [GsmDCT] handleMessage msg={ what=270351 when=0 obj=android.os.AsyncResult@418929e0 }

D/GSM     (  403): [GsmDCT] DataConnectoinTracker.handleMessage: EVENT_DISCONNECT_DONE msg={ what=270351 when=0 obj=android.os.AsyncResult@418929e0 }

D/GSM     (  403): [GsmDCT] onDisconnectDone: EVENT_DISCONNECT_DONE connId=0

D/GSM     (  403): [ApnContext] setState: IDLE for type fota, previous state:DISCONNECTING

D/CDMA    (  403): [CDMALTEPhone] getDataConnectionState apnType=fota ret=DISCONNECTED

D/GSM     (  403): [GsmDCT] isDataPossible(fota): possible=true isDataAllowed=true apnTypePossible=true apnContextisEnabled=false apnContextState()=IDLE

D/GSM     (  403): [GsmDCT] get active apn string for type:fota

D/RIL[C]  (  113): sendDataCallList(): addresses=2600:1010:8009:b798:0:1f:f3d2:4301/64, dnses=2001:4888:3:fffe:c0:d:0:3 2001:4888:2:fffe:a0:d:0:3, gateways=

D/RIL[C]  (  113): sendDataCallList(): status=0, cid=2, active=2, ifname=rmnet1, type=IPV4V6

D/RIL[C]  (  113): sendDataCallList(): addresses=10.167.13.182 2600:1010:b005:790f:0:1f:f3d2:4901/64, dnses=66.174.92.14 69.78.96.14 2001:4888:3:fffe:c0:d:0:3 2001:4888:2:fffe:a0:d:0:3, gateways=10.167.13.1 2600:1010:b005:790f::1

D/RILJ    (  403): responseDataCallList ver=6 num=2

D/RILJ    (  403): [UNSL]< UNSOL_DATA_CALL_LIST_CHANGED [DataCallState: {version=6 status=0 retry=-1 cid=1 active=2 type=IPV6' ifname='rmnet0' addresses=[2600:1010:8009:b798:0:1f:f3d2:4301/64] dnses=[2001:4888:3:fffe:c0:d:0:3,2001:4888:2:fffe:a0:d:0:3] gateways=[]}, DataCallState: {version=6 status=0 retry=-1 cid=2 active=2 type=IPV4V6' ifname='rmnet1' addresses=[10.167.13.182,2600:1010:b005:790f:0:1f:f3d2:4901/64] dnses=[66.174.92.14,69.78.96.14,2001:4888:3:fffe:c0:d:0:3,2001:4888:2:fffe:a0:d:0:3] gateways=[10.167.13.1,2600:1010:b005:790f::1]}]

D/CDMA    (  403): [CDMALTEPhone] getDataConnectionState apnType=default ret=CONNECTED

D/GSM     (  403): [GsmDCT] handleMessage msg={ what=270340 when=-8ms obj=android.os.AsyncResult@41915700 }

D/GSM     (  403): [GsmDCT] onDataStateChanged(ar): E

D/GSM     (  403): [GsmDCT] onDataStateChanged(ar): DataCallState size=2

D/GSM     (  403): [GsmDCT] onDataStateChanged(ar): Found ConnId=1 newState=DataCallState: {version=6 status=0 retry=-1 cid=1 active=2 type=IPV6' ifname='rmnet0' addresses=[2600:1010:8009:b798:0:1f:f3d2:4301/64] dnses=[2001:4888:3:fffe:c0:d:0:3,2001:4888:2:fffe:a0:d:0:3] gateways=[]}

D/GSM     (  403): addr/pl=2600:1010:8009:b798:0:1f:f3d2:4301/64

D/GSM     (  403): [GsmDCT] onDataStateChanged(ar): no change

D/GSM     (  403): [GsmDCT] onDataStateChanged(ar): Found ConnId=2 newState=DataCallState: {version=6 status=0 retry=-1 cid=2 active=2 type=IPV4V6' ifname='rmnet1' addresses=[10.167.13.182,2600:1010:b005:790f:0:1f:f3d2:4901/64] dnses=[66.174.92.14,69.78.96.14,2001:4888:3:fffe:c0:d:0:3,2001:4888:2:fffe:a0:d:0:3] gateways=[10.167.13.1,2600:1010:b005:790f::1]}

D/GSM     (  403): addr/pl=10.167.13.182/32

D/GSM     (  403): addr/pl=2600:1010:b005:790f:0:1f:f3d2:4901/64

D/GSM     (  403): [GsmDCT] onDataStateChanged(ar): no change

D/GSM     (  403): [GsmDCT] onDataStateChanged(ar): X

D/GSM     (  403): [GsmDCT] onReceive: action=com.android.internal.telephony.gprs-data-stall

D/GSM     (  403): [GsmDCT] handleMessage msg={ what=270353 when=-3ms arg1=20865154 obj=com.android.internal.telephony.gprs-data-stall }

D/GSM     (  403): [GsmDCT] startDataStallAlarm: tag=20865155 delay=360s

D/RIL[V]  (  113): RX: IPC_DISP_CMD(0x07)	IPC_DISP_ICON_INFO(0x01)	IPC_CMD_NOTI(0x03)		[ 01 02 00 00 ]

D/RIL[V]  (  113): RX: IPC_DISP_CMD(0x07)	IPC_DISP_ICON_INFO(0x01)	IPC_CMD_NOTI(0x03)		[ 01 03 00 00 ]

D/RIL[V]  (  113): RX: IPC_DISP_CMD(0x07)	IPC_DISP_ICON_INFO(0x01)	IPC_CMD_NOTI(0x03)		[ 01 02 00 00 ]

D/RIL[V]  (  113): RX: IPC_DISP_CMD(0x07)	IPC_DISP_ICON_INFO(0x01)	IPC_CMD_NOTI(0x03)		[ 01 03 00 00 ]

D/RIL[V]  (  113): RX: IPC_DISP_CMD(0x07)	IPC_DISP_ICON_INFO(0x01)	IPC_CMD_NOTI(0x03)		[ 01 02 00 00 ]

D/RILJ    (  403): [1996]> SCREEN_STATE: true

D/RIL[V]  (  113): TX: IPC_MISC_CMD(0x0A)	IPC_MISC_SCREEN_STATUS(0x0D)	IPC_CMD_EVENT(0x05)		[ 01 ]

D/RIL[L]  (  113): TX: IPC_MISC_CMD(0x0A)	IPC_MISC_SCREEN_STATUS(0x0D)	IPC_CMD_EVENT(0x05)		[ 01 ]

D/RILJ    (  403): [1996]< SCREEN_STATE 

D/GSM     (  403): [GsmDCT] onReceive: action=android.intent.action.SCREEN_ON

D/GSM     (  403): [GsmDCT] stopNetStatPoll

D/GSM     (  403): [GsmDCT] overall state is CONNECTED

D/GSM     (  403): [GsmDCT] startNetStatPoll

D/RIL[L]  (  113): RX: IPC_DISP_CMD(0x07)	IPC_DISP_ICON_INFO(0x01)	IPC_CMD_NOTI(0x03)		[ 01 02 00 00 63 69 04 D4 00 0B ]

D/RILJ    (  403): [1997]> RIL_REQUEST_CDMA_SEND_SMS

D/RIL[V]  (  113): destination address :  9167168137

D/RIL[V]  (  113):  msg_encoding : 2 

D/RIL[V]  (  113): TX: IPC_SMS_CMD(0x04)	IPC_SMS_SEND_MSG(0x01)	IPC_CMD_EXEC(0x01)		[ 01 36 01 02 02 10 03 0F 00 00 00 ... ]

D/RIL[V]  (  113): RX: IPC_GEN_CMD(0x80)	IPC_GEN_PHONE_RES(0x01)	IPC_CMD_RESP(0x02)		[ 04 01 00 80 ]

D/RIL[V]  (  113): RX: IPC_DISP_CMD(0x07)	IPC_DISP_ICON_INFO(0x01)	IPC_CMD_NOTI(0x03)		[ 01 01 00 00 ]

D/RIL[V]  (  113): RX: IPC_SMS_CMD(0x04)	IPC_SMS_SEND_MSG(0x01)	IPC_CMD_NOTI(0x03)		[ 01 00 06 04 10 00 00 00 00 00 00 ... ]

D/RIL[V]  (  113): SMS SEND OK

D/RILJ    (  403): [1997]< RIL_REQUEST_CDMA_SEND_SMS { messageRef = 16, errorCode = 0, ackPdu = null}

D/RIL[V]  (  113): RX: IPC_MISC_CMD(0x0A)	IPC_MISC_PHONE_DEBUG(0x08)	IPC_CMD_NOTI(0x03)		[ [MMC] OOSA state 1... ]

D/RIL[V]  (  113): RX: IPC_MISC_CMD(0x0A)	IPC_MISC_TIME_INFO(0x05)	IPC_CMD_NOTI(0x03)		[ 01 01 0C 01 0C 04 12 2D F0 00 04 ... ]

D/RILJ    (  403): [UNSL]< UNSOL_NITZ_TIME_RECEIVED 12/01/12,04:18:45-32,00

D/CDMA    (  403): [CdmaLteSST] NITZ: 12/01/12,04:18:45-32,00,21535957 start=21535957 delay=0

D/CDMA    (  403): [CdmaLteSST] NITZ: Auto updating time of day to Wed Jan 11 20:18:45 PST 2012 NITZ receive delay=39ms gained=772ms from 12/01/12,04:18:45-32,00

D/CDMA    (  403): [CdmaLteSST] NITZ: update nitz time property

D/CDMA    (  403): [CdmaLteSST] NITZ: end=21536008 dur=51

D/RIL[V]  (  113): RX: IPC_DISP_CMD(0x07)	IPC_DISP_ICON_INFO(0x01)	IPC_CMD_NOTI(0x03)		[ 01 02 00 00 ]

D/RIL[V]  (  113): RX: IPC_DISP_CMD(0x07)	IPC_DISP_ICON_INFO(0x01)	IPC_CMD_NOTI(0x03)		[ 01 01 00 00 ]

D/RIL[V]  (  113): RX: IPC_DISP_CMD(0x07)	IPC_DISP_ICON_INFO(0x01)	IPC_CMD_NOTI(0x03)		[ 01 02 00 00 ]

D/GSM     (  403): [GsmDCT] onReceive: action=com.android.internal.telephony.gprs-data-stall

D/GSM     (  403): [GsmDCT] handleMessage msg={ what=270353 when=0 arg1=20865155 obj=com.android.internal.telephony.gprs-data-stall }

D/GSM     (  403): [GsmDCT] startDataStallAlarm: tag=20865156 delay=360s

D/RIL[V]  (  113): RX: IPC_NET_CMD(0x08)	IPC_NET_REGIST(0x05)	IPC_CMD_NOTI(0x03)		[ 13 02 02 00 00 00 00 00 00 00 00 ... ]

D/RILJ    (  403): [UNSL]< UNSOL_RESPONSE_VOICE_NETWORK_STATE_CHANGED

D/RILJ    (  403): [1998]> OPERATOR

D/RILJ    (  403): [1999]> VOICE_REGISTRATION_STATE

D/RIL[V]  (  113): TX: IPC_NET_CMD(0x08)	IPC_NET_SERVING_NETWORK(0x03)	IPC_CMD_GET(0x02)		[ ]

D/CDMA    (  403): [CdmaLteSST] pollState: network mode here is = 7

D/RILJ    (  403): [2000]> DATA_REGISTRATION_STATE

D/RIL[L]  (  113): TX: IPC_NET_CMD(0x08)	IPC_NET_REGIST(0x05)	IPC_CMD_GET(0x02)		[ FF 03 ]

D/RIL[V]  (  113): RX: IPC_NET_CMD(0x08)	IPC_NET_SERVING_NETWORK(0x03)	IPC_CMD_RESP(0x02)		[ 01 02 13 03 01 00 00 00 23 11 70 ... ]

D/RIL[V]  (  113): TX: IPC_NET_CMD(0x08)	IPC_NET_REGIST(0x05)	IPC_CMD_GET(0x02)		[ FF 02 ]

D/RILJ    (  403): [1998]< OPERATOR {Verizon Wireless, US, 311480}

D/RIL[V]  (  113): RX: IPC_NET_CMD(0x08)	IPC_NET_REGIST(0x05)	IPC_CMD_RESP(0x02)		[ 13 02 02 00 00 00 00 00 00 00 00 ... ]

D/RIL[V]  (  113): TX: IPC_NET_CMD(0x08)	IPC_NET_REGIST(0x05)	IPC_CMD_GET(0x02)		[ FF 03 ]

D/RILJ    (  403): [1999]< VOICE_REGISTRATION_STATE {1, null, null, 6, 4241, 1681358324, 4194305, 0, 112, 5, 64, 1, 68, 0}

D/RIL[V]  (  113): RX: IPC_NET_CMD(0x08)	IPC_NET_REGIST(0x05)	IPC_CMD_RESP(0x02)		[ 13 02 02 00 00 00 00 00 00 00 00 ... ]

D/RIL[L]  (  113): RX: IPC_NET_CMD(0x08)	IPC_NET_REGIST(0x05)	IPC_CMD_RESP(0x02)		[ 21 03 02 00 00 00 00 00 00 00 00 ... ]

D/RIL[C]  (  113): selectCurrentDataModemIndex() : CDMA regi:0, LTE regi:1

D/RILJ    (  403): [2000]< DATA_REGISTRATION_STATE {1, 0000, 00000000, 14, 0, 1}

D/CDMA    (  403): [CdmaLteSST] handleMessage EVENT_POLL_STATE_GPRS

D/CDMA    (  403): [CdmaLteSST] handlePollStateResultMessage: EVENT_POLL_STATE_GPRS

D/CDMA    (  403): [CdmaLteSST] Set CDMA Roaming Indicator to: 64. mCdmaRoaming = false, isPrlLoaded = true. namMatch = true , mIsInPrl = true, mRoamingIndicator = 64, mDefaultRoamingIndicator= 68

D/CDMA    (  403): [CdmaLteSST] pollStateDone LTE/eHRPD STATE_IN_SERVICE newNetworkType = 14

D/CDMA    (  403): [CdmaLteSST] pollStateDone: oldSS=[0 home Verizon Wireless US 311480  LTE:14 CSS not supported 5 112 RoamInd=64 DefRoamInd=68 EmergOnly=false] newSS=[0 home Verizon Wireless US 311480  LTE:14 CSS not supported 5 112 RoamInd=64 DefRoamInd=68 EmergOnly=false]

D/CDMA    (  403): [CdmaLteSST] pollStateDone: hasRegistered=false hasDeegistered=false hasCdmaDataConnectionAttached=false hasCdmaDataConnectionDetached=false hasCdmaDataConnectionChanged=false hasNetworkTypeChanged = false hasChanged=false hasRoamingOn=false hasRoamingOff=false hasLocationChanged=true has4gHandoff = false hasMultiApnSupport=false hasLostMultiApnSupport=false

D/RIL[V]  (  113): RX: IPC_NET_CMD(0x08)	IPC_NET_REGIST(0x05)	IPC_CMD_NOTI(0x03)		[ 13 02 02 00 00 00 00 00 00 00 00 ... ]

D/RILJ    (  403): [UNSL]< UNSOL_RESPONSE_VOICE_NETWORK_STATE_CHANGED

D/RILJ    (  403): [2001]> OPERATOR

D/RIL[V]  (  113): TX: IPC_NET_CMD(0x08)	IPC_NET_SERVING_NETWORK(0x03)	IPC_CMD_GET(0x02)		[ ]

D/RILJ    (  403): [2002]> VOICE_REGISTRATION_STATE

D/CDMA    (  403): [CdmaLteSST] pollState: network mode here is = 7

D/RILJ    (  403): [2003]> DATA_REGISTRATION_STATE

D/RIL[L]  (  113): TX: IPC_NET_CMD(0x08)	IPC_NET_REGIST(0x05)	IPC_CMD_GET(0x02)		[ FF 03 ]

D/RIL[V]  (  113): RX: IPC_NET_CMD(0x08)	IPC_NET_SERVING_NETWORK(0x03)	IPC_CMD_RESP(0x02)		[ 01 02 13 03 01 00 00 00 23 11 70 ... ]

D/RIL[V]  (  113): TX: IPC_NET_CMD(0x08)	IPC_NET_REGIST(0x05)	IPC_CMD_GET(0x02)		[ FF 02 ]

D/RILJ    (  403): [2001]< OPERATOR {Verizon Wireless, US, 311480}

D/RIL[V]  (  113): RX: IPC_NET_CMD(0x08)	IPC_NET_REGIST(0x05)	IPC_CMD_RESP(0x02)		[ 13 02 02 00 00 00 00 00 00 00 00 ... ]

D/RIL[V]  (  113): TX: IPC_NET_CMD(0x08)	IPC_NET_REGIST(0x05)	IPC_CMD_GET(0x02)		[ FF 03 ]

D/RILJ    (  403): [2002]< VOICE_REGISTRATION_STATE {1, null, null, 6, 4387, 1750629009, 11010049, 0, 112, 5, 64, 1, 68, 0}

D/RIL[V]  (  113): RX: IPC_NET_CMD(0x08)	IPC_NET_REGIST(0x05)	IPC_CMD_RESP(0x02)		[ 13 02 02 00 00 00 00 00 00 00 00 ... ]

D/RIL[L]  (  113): RX: IPC_NET_CMD(0x08)	IPC_NET_REGIST(0x05)	IPC_CMD_RESP(0x02)		[ 21 03 02 00 00 00 00 00 00 00 00 ... ]

D/RIL[C]  (  113): selectCurrentDataModemIndex() : CDMA regi:0, LTE regi:1

D/RILJ    (  403): [2003]< DATA_REGISTRATION_STATE {1, 0000, 00000000, 14, 0, 1}

D/CDMA    (  403): [CdmaLteSST] handleMessage EVENT_POLL_STATE_GPRS

D/CDMA    (  403): [CdmaLteSST] handlePollStateResultMessage: EVENT_POLL_STATE_GPRS

D/CDMA    (  403): [CdmaLteSST] Set CDMA Roaming Indicator to: 64. mCdmaRoaming = false, isPrlLoaded = true. namMatch = true , mIsInPrl = true, mRoamingIndicator = 64, mDefaultRoamingIndicator= 68

D/CDMA    (  403): [CdmaLteSST] pollStateDone LTE/eHRPD STATE_IN_SERVICE newNetworkType = 14

D/CDMA    (  403): [CdmaLteSST] pollStateDone: oldSS=[0 home Verizon Wireless US 311480  LTE:14 CSS not supported 5 112 RoamInd=64 DefRoamInd=68 EmergOnly=false] newSS=[0 home Verizon Wireless US 311480  LTE:14 CSS not supported 5 112 RoamInd=64 DefRoamInd=68 EmergOnly=false]

D/CDMA    (  403): [CdmaLteSST] pollStateDone: hasRegistered=false hasDeegistered=false hasCdmaDataConnectionAttached=false hasCdmaDataConnectionDetached=false hasCdmaDataConnectionChanged=false hasNetworkTypeChanged = false hasChanged=false hasRoamingOn=false hasRoamingOff=false hasLocationChanged=true has4gHandoff = false hasMultiApnSupport=false hasLostMultiApnSupport=false

D/RIL[V]  (  113): RX: IPC_NET_CMD(0x08)	IPC_NET_REGIST(0x05)	IPC_CMD_NOTI(0x03)		[ 13 02 02 00 00 00 00 00 00 00 00 ... ]

D/RILJ    (  403): [UNSL]< UNSOL_RESPONSE_VOICE_NETWORK_STATE_CHANGED

D/RILJ    (  403): [2004]> OPERATOR

D/RIL[V]  (  113): TX: IPC_NET_CMD(0x08)	IPC_NET_SERVING_NETWORK(0x03)	IPC_CMD_GET(0x02)		[ ]

D/RILJ    (  403): [2005]> VOICE_REGISTRATION_STATE

D/CDMA    (  403): [CdmaLteSST] pollState: network mode here is = 7

D/RILJ    (  403): [2006]> DATA_REGISTRATION_STATE

D/RIL[L]  (  113): TX: IPC_NET_CMD(0x08)	IPC_NET_REGIST(0x05)	IPC_CMD_GET(0x02)		[ FF 03 ]

D/RIL[V]  (  113): RX: IPC_NET_CMD(0x08)	IPC_NET_SERVING_NETWORK(0x03)	IPC_CMD_RESP(0x02)		[ 01 02 13 03 01 00 00 00 23 11 70 ... ]

D/RIL[V]  (  113): TX: IPC_NET_CMD(0x08)	IPC_NET_REGIST(0x05)	IPC_CMD_GET(0x02)		[ FF 02 ]

D/RILJ    (  403): [2004]< OPERATOR {Verizon Wireless, US, 311480}

D/RIL[V]  (  113): RX: IPC_NET_CMD(0x08)	IPC_NET_REGIST(0x05)	IPC_CMD_RESP(0x02)		[ 13 02 02 00 00 00 00 00 00 00 00 ... ]

D/RIL[V]  (  113): TX: IPC_NET_CMD(0x08)	IPC_NET_REGIST(0x05)	IPC_CMD_GET(0x02)		[ FF 03 ]

D/RILJ    (  403): [2005]< VOICE_REGISTRATION_STATE {1, null, null, 6, 4241, 1681358324, 4194305, 0, 112, 5, 64, 1, 68, 0}

D/RIL[V]  (  113): RX: IPC_NET_CMD(0x08)	IPC_NET_REGIST(0x05)	IPC_CMD_RESP(0x02)		[ 13 02 02 00 00 00 00 00 00 00 00 ... ]

D/RIL[L]  (  113): RX: IPC_NET_CMD(0x08)	IPC_NET_REGIST(0x05)	IPC_CMD_RESP(0x02)		[ 21 03 02 00 00 00 00 00 00 00 00 ... ]

D/RIL[C]  (  113): selectCurrentDataModemIndex() : CDMA regi:0, LTE regi:1

D/RILJ    (  403): [2006]< DATA_REGISTRATION_STATE {1, 0000, 00000000, 14, 0, 1}

D/CDMA    (  403): [CdmaLteSST] handleMessage EVENT_POLL_STATE_GPRS

D/CDMA    (  403): [CdmaLteSST] handlePollStateResultMessage: EVENT_POLL_STATE_GPRS

D/CDMA    (  403): [CdmaLteSST] Set CDMA Roaming Indicator to: 64. mCdmaRoaming = false, isPrlLoaded = true. namMatch = true , mIsInPrl = true, mRoamingIndicator = 64, mDefaultRoamingIndicator= 68

D/CDMA    (  403): [CdmaLteSST] pollStateDone LTE/eHRPD STATE_IN_SERVICE newNetworkType = 14

D/CDMA    (  403): [CdmaLteSST] pollStateDone: oldSS=[0 home Verizon Wireless US 311480  LTE:14 CSS not supported 5 112 RoamInd=64 DefRoamInd=68 EmergOnly=false] newSS=[0 home Verizon Wireless US 311480  LTE:14 CSS not supported 5 112 RoamInd=64 DefRoamInd=68 EmergOnly=false]

D/CDMA    (  403): [CdmaLteSST] pollStateDone: hasRegistered=false hasDeegistered=false hasCdmaDataConnectionAttached=false hasCdmaDataConnectionDetached=false hasCdmaDataConnectionChanged=false hasNetworkTypeChanged = false hasChanged=false hasRoamingOn=false hasRoamingOff=false hasLocationChanged=true has4gHandoff = false hasMultiApnSupport=false hasLostMultiApnSupport=false

D/RIL[L]  (  113): RX: IPC_DISP_CMD(0x07)	IPC_DISP_ICON_INFO(0x01)	IPC_CMD_NOTI(0x03)		[ 01 01 00 00 63 73 07 D1 00 08 ]

D/RILJ    (  403): [2007]> SCREEN_STATE: false

D/RIL[V]  (  113): TX: IPC_MISC_CMD(0x0A)	IPC_MISC_SCREEN_STATUS(0x0D)	IPC_CMD_EVENT(0x05)		[ 00 ]

D/RIL[L]  (  113): TX: IPC_MISC_CMD(0x0A)	IPC_MISC_SCREEN_STATUS(0x0D)	IPC_CMD_EVENT(0x05)		[ 00 ]

D/RILJ    (  403): [2007]< SCREEN_STATE 

D/GSM     (  403): [GsmDCT] onReceive: action=android.intent.action.SCREEN_OFF

D/GSM     (  403): [GsmDCT] stopNetStatPoll

D/GSM     (  403): [GsmDCT] overall state is CONNECTED

D/GSM     (  403): [GsmDCT] startNetStatPoll

