D/RIL[V]  (  113): TX: IPC_NET_CMD(0x08)	IPC_NET_SERVING_NETWORK(0x03)	IPC_CMD_GET(0x02)		[ ]

D/CDMA    (  403): [CdmaLteSST] pollState: network mode here is = 7

D/RILJ    (  403): [1942]> DATA_REGISTRATION_STATE

D/RIL[V]  (  113): RX: IPC_MISC_CMD(0x0A)	IPC_MISC_PHONE_DEBUG(0x08)	IPC_CMD_NOTI(0x03)		[ [MMC] CurPSDataType 0... ]

D/RIL[L]  (  113): TX: IPC_NET_CMD(0x08)	IPC_NET_REGIST(0x05)	IPC_CMD_GET(0x02)		[ FF 03 ]

D/RIL[V]  (  113): RX: IPC_MISC_CMD(0x0A)	IPC_MISC_PHONE_DEBUG(0x08)	IPC_CMD_NOTI(0x03)		[ [MMC] 1x status UPDATED 2... ]

D/RIL[V]  (  113): RX: IPC_MISC_CMD(0x0A)	IPC_MISC_PHONE_DEBUG(0x08)	IPC_CMD_NOTI(0x03)		[ [MMC] DO Status UPDATED 0... ]

D/RIL[V]  (  113): RX: IPC_MISC_CMD(0x0A)	IPC_MISC_PHONE_DEBUG(0x08)	IPC_CMD_NOTI(0x03)		[ [MMC] PS PRI CLASS UPDATED 255... ]

D/RIL[V]  (  113): RX: IPC_MISC_CMD(0x0A)	IPC_MISC_PHONE_DEBUG(0x08)	IPC_CMD_NOTI(0x03)		[ [MMC] LastNotified_PSDataType 0... ]

D/RIL[V]  (  113): RX: IPC_MISC_CMD(0x0A)	IPC_MISC_PHONE_DEBUG(0x08)	IPC_CMD_NOTI(0x03)		[ [MMC] PS Data Type UPDATED 0... ]

D/RIL[V]  (  113): RX: IPC_MISC_CMD(0x0A)	IPC_MISC_PHONE_DEBUG(0x08)	IPC_CMD_NOTI(0x03)		[ [MMC] ACT 19... ]

D/RIL[V]  (  113): RX: IPC_NET_CMD(0x08)	IPC_NET_REGIST(0x05)	IPC_CMD_NOTI(0x03)		[ 13 02 02 00 00 00 00 00 00 00 00 ... ]

D/RILJ    (  403): [UNSL]< UNSOL_RESPONSE_VOICE_NETWORK_STATE_CHANGED

D/RILJ    (  403): [1943]> OPERATOR

D/RIL[V]  (  113): RX: IPC_NET_CMD(0x08)	IPC_NET_SERVING_NETWORK(0x03)	IPC_CMD_RESP(0x02)		[ 01 02 13 01 01 01 01 01 23 11 70 ... ]

D/RILJ    (  403): [1940]< OPERATOR {Verizon Wireless, US, 001001}

D/RIL[V]  (  113): TX: IPC_NET_CMD(0x08)	IPC_NET_REGIST(0x05)	IPC_CMD_GET(0x02)		[ FF 02 ]

D/RILJ    (  403): [1944]> VOICE_REGISTRATION_STATE

D/CDMA    (  403): [CdmaLteSST] pollState: network mode here is = 7

D/RILJ    (  403): [1945]> DATA_REGISTRATION_STATE

D/RIL[V]  (  113): RX: IPC_MISC_CMD(0x0A)	IPC_MISC_PHONE_DEBUG(0x08)	IPC_CMD_NOTI(0x03)		[ [MMC] OOSA state 1... ]

D/RIL[V]  (  113): RX: IPC_NET_CMD(0x08)	IPC_NET_REGIST(0x05)	IPC_CMD_RESP(0x02)		[ 13 02 02 00 00 00 00 00 00 00 00 ... ]

D/RIL[V]  (  113): TX: IPC_NET_CMD(0x08)	IPC_NET_REGIST(0x05)	IPC_CMD_GET(0x02)		[ FF 03 ]

D/RILJ    (  403): [1941]< VOICE_REGISTRATION_STATE {1, null, null, 6, 0, 0, 11010049, 0, 112, 5, 64, 1, 68, 0}

D/RIL[V]  (  113): RX: IPC_DISP_CMD(0x07)	IPC_DISP_EXT_ROAM_INFO(0x04)	IPC_CMD_NOTI(0x03)		[ 40 01 00 00 44 01 10 56 65 72 69 ... ]

D/RILJ    (  403): [UNSL]< UNSOL_RESPONSE_VOICE_NETWORK_STATE_CHANGED

D/RIL[V]  (  113): RX: IPC_NET_CMD(0x08)	IPC_NET_REGIST(0x05)	IPC_CMD_RESP(0x02)		[ 13 02 02 00 00 00 00 00 00 00 00 ... ]

D/RILJ    (  403): [1946]> OPERATOR

D/RIL[V]  (  113): TX: IPC_NET_CMD(0x08)	IPC_NET_SERVING_NETWORK(0x03)	IPC_CMD_GET(0x02)		[ ]

D/RILJ    (  403): [1947]> VOICE_REGISTRATION_STATE

D/CDMA    (  403): [CdmaLteSST] pollState: network mode here is = 7

D/RILJ    (  403): [1948]> DATA_REGISTRATION_STATE

D/RIL[V]  (  113): RX: IPC_NET_CMD(0x08)	IPC_NET_SERVING_NETWORK(0x03)	IPC_CMD_RESP(0x02)		[ 01 02 13 01 01 01 01 01 23 11 70 ... ]

D/RIL[V]  (  113): TX: IPC_NET_CMD(0x08)	IPC_NET_REGIST(0x05)	IPC_CMD_GET(0x02)		[ FF 02 ]

D/RILJ    (  403): [1943]< OPERATOR {Verizon Wireless, US, 001001}

D/RIL[V]  (  113): RX: IPC_NET_CMD(0x08)	IPC_NET_REGIST(0x05)	IPC_CMD_RESP(0x02)		[ 13 02 02 00 00 00 00 00 00 00 00 ... ]

D/RIL[V]  (  113): TX: IPC_NET_CMD(0x08)	IPC_NET_REGIST(0x05)	IPC_CMD_GET(0x02)		[ FF 03 ]

D/RILJ    (  403): [1944]< VOICE_REGISTRATION_STATE {1, null, null, 6, 0, 0, 11010049, 0, 112, 5, 64, 1, 68, 0}

D/RIL[V]  (  113): RX: IPC_NET_CMD(0x08)	IPC_NET_REGIST(0x05)	IPC_CMD_RESP(0x02)		[ 13 02 02 00 00 00 00 00 00 00 00 ... ]

D/RIL[V]  (  113): TX: IPC_NET_CMD(0x08)	IPC_NET_SERVING_NETWORK(0x03)	IPC_CMD_GET(0x02)		[ ]

D/RIL[V]  (  113): RX: IPC_NET_CMD(0x08)	IPC_NET_SERVING_NETWORK(0x03)	IPC_CMD_RESP(0x02)		[ 01 02 13 01 01 01 01 01 23 11 70 ... ]

D/RIL[V]  (  113): TX: IPC_NET_CMD(0x08)	IPC_NET_REGIST(0x05)	IPC_CMD_GET(0x02)		[ FF 02 ]

D/RILJ    (  403): [1946]< OPERATOR {Verizon Wireless, US, 001001}

D/RIL[V]  (  113): RX: IPC_SEC_CMD(0x05)	IPC_SEC_RSIM_ACCESS(0x05)	IPC_CMD_RESP(0x02)		[ 90 00 19 62 17 82 02 41 21 83 02 ... ]

D/RIL[V]  (  113): RX: IPC_NET_CMD(0x08)	IPC_NET_REGIST(0x05)	IPC_CMD_RESP(0x02)		[ 13 02 02 00 00 00 00 00 00 00 00 ... ]

D/RILJ    (  403): [1924]< SIM_IO IccIoResponse sw1:0x90 sw2:0x0

D/RIL[V]  (  113): TX: IPC_SEC_CMD(0x05)	IPC_SEC_RSIM_ACCESS(0x05)	IPC_CMD_GET(0x02)		[ C0 41 6F 00 00 0F ]

D/RILJ    (  403): [1947]< VOICE_REGISTRATION_STATE {1, null, null, 6, 0, 0, 11010049, 0, 112, 5, 64, 1, 68, 0}

D/RIL[V]  (  113): TX: IPC_NET_CMD(0x08)	IPC_NET_REGIST(0x05)	IPC_CMD_GET(0x02)		[ FF 03 ]

D/RILJ    (  403): [1949]> iccIO: SIM_IO 0xb0 0x6f3a  path: 3F007F25,0,0,4

D/RIL[V]  (  113): RX: IPC_NET_CMD(0x08)	IPC_NET_REGIST(0x05)	IPC_CMD_RESP(0x02)		[ 13 02 02 00 00 00 00 00 00 00 00 ... ]

D/RIL[L]  (  113): RX: IPC_SEC_CMD(0x05)	IPC_SEC_RSIM_ACCESS(0x05)	IPC_CMD_RESP(0x02)		[ 90 00 19 62 17 82 02 41 21 83 02 ... ]

D/RILJ    (  403): [1920]< SIM_IO IccIoResponse sw1:0x90 sw2:0x0

D/RIL[L]  (  113): RX: IPC_NET_CMD(0x08)	IPC_NET_REGIST(0x05)	IPC_CMD_RESP(0x02)		[ 21 03 01 00 00 00 00 00 00 00 00 ... ]

D/RIL[L]  (  113): TX: IPC_SEC_CMD(0x05)	IPC_SEC_RSIM_ACCESS(0x05)	IPC_CMD_GET(0x02)		[ C0 00 AD 6F 00 00 0F ]

D/RILJ    (  403): [1942]< DATA_REGISTRATION_STATE {0, null, null, 14, 0, 1}

D/RIL[L]  (  113): TX: IPC_NET_CMD(0x08)	IPC_NET_REGIST(0x05)	IPC_CMD_GET(0x02)		[ FF 03 ]

D/RILJ    (  403): [1950]> iccIO: SIM_IO 0xb0 0x2fe2  path: 3F00,0,0,10

D/RIL[L]  (  113): RX: IPC_NET_CMD(0x08)	IPC_NET_REGIST(0x05)	IPC_CMD_RESP(0x02)		[ 21 03 01 00 00 00 00 00 00 00 00 ... ]

D/RILJ    (  403): [1945]< DATA_REGISTRATION_STATE {0, null, null, 14, 0, 1}

D/RIL[L]  (  113): TX: IPC_NET_CMD(0x08)	IPC_NET_REGIST(0x05)	IPC_CMD_GET(0x02)		[ FF 03 ]

D/CDMA    (  403): [CdmaLteSST] handleMessage EVENT_POLL_STATE_GPRS

D/CDMA    (  403): [CdmaLteSST] handleMessage EVENT_POLL_STATE_GPRS

D/RIL[L]  (  113): RX: IPC_NET_CMD(0x08)	IPC_NET_REGIST(0x05)	IPC_CMD_RESP(0x02)		[ 21 03 01 00 00 00 00 00 00 00 00 ... ]

D/RILJ    (  403): [1948]< DATA_REGISTRATION_STATE {0, null, null, 14, 0, 1}

D/CDMA    (  403): [CdmaLteSST] handleMessage EVENT_POLL_STATE_GPRS

D/CDMA    (  403): [CdmaLteSST] handlePollStateResultMessage: EVENT_POLL_STATE_GPRS

D/CDMA    (  403): [CdmaLteSST] Set CDMA Roaming Indicator to: 64. mCdmaRoaming = false, isPrlLoaded = true. namMatch = true , mIsInPrl = true, mRoamingIndicator = 64, mDefaultRoamingIndicator= 68

D/CDMA    (  403): [CdmaLteSST] pollStateDone CDMA STATE_IN_SERVICE newNetworkType = 6 mNewDataConnectionState = 0

D/CDMA    (  403): [CdmaLteSST] pollStateDone: oldSS=[1 home Verizon Wireless  310004  Unknown:0 CSS not supported 0 0 RoamInd=64 DefRoamInd=68 EmergOnly=false] newSS=[0 home Verizon Wireless US 001001  1xRTT:6 CSS not supported 5 112 RoamInd=64 DefRoamInd=68 EmergOnly=false]

D/CDMA    (  403): [CdmaLteSST] pollStateDone: hasRegistered=true hasDeegistered=false hasCdmaDataConnectionAttached=true hasCdmaDataConnectionDetached=false hasCdmaDataConnectionChanged=true hasNetworkTypeChanged = true hasChanged=true hasRoamingOn=false hasRoamingOff=false hasLocationChanged=true has4gHandoff = false hasMultiApnSupport=false hasLostMultiApnSupport=true

D/CDMA    (  403): [CDMALTEPhone] getDataConnectionState apnType=default ret=DISCONNECTED

D/CDMA    (  403): [CdmaLteSST] getOtasp: state=3

D/CDMA    (  403): [CdmaDCT] Data not allowed due to - radioState= RADIO_OFF - RUIM not loaded

D/CDMA    (  403): [CdmaLteSST] getOtasp: state=3

D/CDMA    (  403): [CdmaDCT] Data not allowed due to - radioState= RADIO_OFF - RUIM not loaded

D/CDMA    (  403): Event EVENT_REGISTERED_TO_NETWORK Received

D/CDMA    (  403): [CdmaDCT] CdmaDCT handleMessage msg={ what=270339 when=-15ms obj=android.os.AsyncResult@4186d690 }

D/CDMA    (  403): [CdmaDCT] ***trySetupData due to (unspecified)

D/CDMA    (  403): [CdmaLteSST] getOtasp: state=3

D/CDMA    (  403): [CdmaDCT] Data not allowed due to - radioState= RADIO_OFF - RUIM not loaded

D/CDMA    (  403): [CdmaDCT] notifyOffApnsOfAvailability - reason= null

D/CDMA    (  403): [CdmaLteSST] getOtasp: state=3

D/CDMA    (  403): [CdmaDCT] Data not allowed due to - radioState= RADIO_OFF - RUIM not loaded

D/CDMA    (  403): [CdmaLteSST] getOtasp: state=3

D/CDMA    (  403): [CdmaDCT] Data not allowed due to - radioState= RADIO_OFF - RUIM not loaded

D/CDMA    (  403): [CDMALTEPhone] getDataConnectionState apnType=default ret=DISCONNECTED

D/RIL[L]  (  113): RX: IPC_MISC_CMD(0x0A)	IPC_MISC_PHONE_DEBUG(0x08)	IPC_CMD_NOTI(0x03)		[ SYNCDONE in s: [6]]

E/RIL[V]  (  113): record_phone_debug_msg: stat failed. No such file or directory.

E/RIL[V]  (  113): Can't open /data/log/dumpstate_cp_debug.log. No such file or directory

D/RIL[L]  (  113): RX: IPC_MISC_CMD(0x0A)	IPC_MISC_PHONE_DEBUG(0x08)	IPC_CMD_NOTI(0x03)		[ To Attachneeded m: [1]]

D/CDMA    (  403): [CdmaLteSST] getOtasp: state=3

D/CDMA    (  403): [CdmaDCT] Data not allowed due to - radioState= RADIO_OFF - RUIM not loaded

D/CDMA    (  403): [CdmaLteSST] getOtasp: state=3

D/CDMA    (  403): [CdmaDCT] Data not allowed due to - radioState= RADIO_OFF - RUIM not loaded

E/RIL[V]  (  113): record_phone_debug_msg: stat failed. No such file or directory.

E/RIL[V]  (  113): Can't open /data/log/dumpstate_cp_debug.log. No such file or directory

D/RIL[L]  (  113): RX: IPC_MISC_CMD(0x0A)	IPC_MISC_PHONE_DEBUG(0x08)	IPC_CMD_NOTI(0x03)		[ Start Attach procedure]

E/RIL[V]  (  113): record_phone_debug_msg: stat failed. No such file or directory.

E/RIL[V]  (  113): Can't open /data/log/dumpstate_cp_debug.log. No such file or directory

D/CDMA    (  403): [CDMALTEPhone] getDataConnectionState apnType=default ret=DISCONNECTED

D/CDMA    (  403): [CdmaLteSST] getOtasp: state=3

D/CDMA    (  403): [CdmaDCT] Data not allowed due to - radioState= RADIO_OFF - RUIM not loaded

D/CDMA    (  403): [CdmaLteSST] getOtasp: state=3

D/CDMA    (  403): [CdmaDCT] Data not allowed due to - radioState= RADIO_OFF - RUIM not loaded

D/CDMA    (  403): [CDMALTEPhone] getDataConnectionState apnType=default ret=DISCONNECTED

D/CDMA    (  403): [CdmaLteSST] getOtasp: state=3

D/CDMA    (  403): [CdmaDCT] Data not allowed due to - radioState= RADIO_OFF - RUIM not loaded

D/CDMA    (  403): [CdmaLteSST] getOtasp: state=3

D/CDMA    (  403): [CdmaDCT] Data not allowed due to - radioState= RADIO_OFF - RUIM not loaded

D/CDMA    (  403): [CdmaLteSST] getOtasp: state=3

D/CDMA    (  403): [CdmaDCT] Data not allowed due to - radioState= RADIO_OFF - RUIM not loaded

D/CDMA    (  403): [CdmaLteSST] getOtasp: state=3

D/CDMA    (  403): [CdmaDCT] Data not allowed due to - radioState= RADIO_OFF - RUIM not loaded

D/CDMA    (  403): [CdmaLteSST] getOtasp: state=3

D/CDMA    (  403): [CdmaDCT] Data not allowed due to - radioState= RADIO_OFF - RUIM not loaded

D/CDMA    (  403): [CdmaLteSST] getOtasp: state=3

D/CDMA    (  403): [CdmaDCT] Data not allowed due to - radioState= RADIO_OFF - RUIM not loaded

D/CDMA    (  403): [CdmaLteSST] getOtasp: state=3

D/CDMA    (  403): [CdmaDCT] Data not allowed due to - radioState= RADIO_OFF - RUIM not loaded

D/CDMA    (  403): [CdmaLteSST] getOtasp: state=3

D/CDMA    (  403): [CdmaDCT] Data not allowed due to - radioState= RADIO_OFF - RUIM not loaded

D/CDMA    (  403): [CDMALTEPhone] getDataConnectionState apnType=default ret=DISCONNECTED

D/CDMA    (  403): [CDMALTEPhone] getDataConnectionState apnType=default ret=DISCONNECTED

D/CDMA    (  403): [CDMALTEPhone] getDataConnectionState apnType=default ret=DISCONNECTED

D/RIL[L]  (  113): RX: IPC_SEC_CMD(0x05)	IPC_SEC_RSIM_ACCESS(0x05)	IPC_CMD_RESP(0x02)		[ 90 00 19 62 17 82 02 41 21 83 02 ... ]

D/RIL[L]  (  113): TX: IPC_SEC_CMD(0x05)	IPC_SEC_RSIM_ACCESS(0x05)	IPC_CMD_GET(0x02)		[ C0 00 05 2F 00 00 0F ]

D/RILJ    (  403): [1921]< SIM_IO IccIoResponse sw1:0x90 sw2:0x0

D/RILJ    (  403): [1951]> iccIO: SIM_IO 0xb0 0x6fad  path: 3F007F20,0,0,4

D/CDMA    (  403): [CDMALTEPhone] getDataConnectionState apnType=default ret=DISCONNECTED

D/CDMA    (  403): [CDMALTEPhone] getDataConnectionState apnType=default ret=DISCONNECTED

D/RIL[V]  (  113): RX: IPC_SEC_CMD(0x05)	IPC_SEC_RSIM_ACCESS(0x05)	IPC_CMD_RESP(0x02)		[ 90 00 19 62 17 82 02 41 21 83 02 ... ]

D/RIL[V]  (  113): TX: IPC_SEC_CMD(0x05)	IPC_SEC_RSIM_ACCESS(0x05)	IPC_CMD_GET(0x02)		[ C0 44 6F 00 00 0F ]

D/RILJ    (  403): [1925]< SIM_IO IccIoResponse sw1:0x90 sw2:0x0

D/RILJ    (  403): [1952]> iccIO: SIM_IO 0xb0 0x6f41  path: 3F007F25,0,0,35

D/RIL[L]  (  113): RX: IPC_SEC_CMD(0x05)	IPC_SEC_RSIM_ACCESS(0x05)	IPC_CMD_RESP(0x02)		[ 90 00 19 62 17 82 02 41 21 83 02 ... ]

D/RIL[L]  (  113): TX: IPC_SEC_CMD(0x05)	IPC_SEC_RSIM_ACCESS(0x05)	IPC_CMD_GET(0x02)		[ C0 00 40 6F 00 00 0F ]

D/RILJ    (  403): [1922]< SIM_IO IccIoResponse sw1:0x90 sw2:0x0

D/RILJ    (  403): [1953]> iccIO: SIM_IO 0xb0 0x2f05  path: 3F00,0,0,6

D/RIL[V]  (  113): RX: IPC_MISC_CMD(0x0A)	IPC_MISC_PHONE_DEBUG(0x08)	IPC_CMD_NOTI(0x03)		[ [MMC] 1x status UPDATED 2... ]

D/RIL[V]  (  113): RX: IPC_MISC_CMD(0x0A)	IPC_MISC_TIME_INFO(0x05)	IPC_CMD_NOTI(0x03)		[ 01 01 0C 01 0C 04 07 20 F0 00 04 ... ]

D/RILJ    (  403): [UNSL]< UNSOL_NITZ_TIME_RECEIVED 12/01/12,04:07:32-32,00

D/CDMA    (  403): [CdmaLteSST] NITZ: 12/01/12,04:07:32-32,00,20863727 start=20863728 delay=1

D/CDMA    (  403): [CdmaLteSST] getNitzTimeZone returning America/Dawson

D/CDMA    (  403): [CdmaLteSST] NITZ: update nitz time property

D/CDMA    (  403): [CdmaLteSST] NITZ: end=20863772 dur=44

D/RIL[V]  (  113): RX: IPC_NET_CMD(0x08)	IPC_NET_REGIST(0x05)	IPC_CMD_NOTI(0x03)		[ 13 02 02 00 00 00 00 00 00 00 00 ... ]

D/RIL[L]  (  113): RX: IPC_SEC_CMD(0x05)	IPC_SEC_RSIM_ACCESS(0x05)	IPC_CMD_RESP(0x02)		[ 90 00 1B 62 19 82 05 42 21 00 27 ... ]

D/RIL[L]  (  113): TX: IPC_SEC_CMD(0x05)	IPC_SEC_RSIM_ACCESS(0x05)	IPC_CMD_GET(0x02)		[ C0 01 02 6F 00 00 0F ]

D/RILJ    (  403): [UNSL]< UNSOL_RESPONSE_VOICE_NETWORK_STATE_CHANGED

D/RILJ    (  403): [1923]< SIM_IO IccIoResponse sw1:0x90 sw2:0x0

D/RILJ    (  403): [1954]> OPERATOR

D/RILJ    (  403): [1955]> VOICE_REGISTRATION_STATE

D/RIL[V]  (  113): TX: IPC_NET_CMD(0x08)	IPC_NET_SERVING_NETWORK(0x03)	IPC_CMD_GET(0x02)		[ ]

D/CDMA    (  403): [CdmaLteSST] pollState: network mode here is = 7

D/RILJ    (  403): [1956]> DATA_REGISTRATION_STATE

D/RILJ    (  403): [1957]> iccIO: SIM_IO 0xb2 0x6f40  path: 3F007F10,1,4,39

D/RIL[L]  (  113): TX: IPC_NET_CMD(0x08)	IPC_NET_REGIST(0x05)	IPC_CMD_GET(0x02)		[ FF 03 ]

D/RIL[L]  (  113): RX: IPC_NET_CMD(0x08)	IPC_NET_REGIST(0x05)	IPC_CMD_RESP(0x02)		[ 21 03 01 00 00 00 00 00 00 00 00 ... ]

D/RIL[V]  (  113): RX: IPC_SEC_CMD(0x05)	IPC_SEC_RSIM_ACCESS(0x05)	IPC_CMD_RESP(0x02)		[ 90 00 1B 62 19 82 05 42 21 00 0B ... ]

D/RIL[V]  (  113): TX: IPC_SEC_CMD(0x05)	IPC_SEC_RSIM_ACCESS(0x05)	IPC_CMD_GET(0x02)		[ C0 22 6F 00 00 0F ]

D/RILJ    (  403): [1926]< SIM_IO IccIoResponse sw1:0x90 sw2:0x0

D/RILJ    (  403): [1958]> iccIO: SIM_IO 0xb2 0x6f44  path: 3F007F25,1,4,11

D/RIL[V]  (  113): RX: IPC_NET_CMD(0x08)	IPC_NET_SERVING_NETWORK(0x03)	IPC_CMD_RESP(0x02)		[ 01 02 13 01 01 01 01 01 23 11 70 ... ]

D/RIL[V]  (  113): TX: IPC_NET_CMD(0x08)	IPC_NET_REGIST(0x05)	IPC_CMD_GET(0x02)		[ FF 02 ]

D/RILJ    (  403): [1954]< OPERATOR {Verizon Wireless, US, 001001}

D/RIL[V]  (  113): RX: IPC_NET_CMD(0x08)	IPC_NET_REGIST(0x05)	IPC_CMD_RESP(0x02)		[ 13 02 02 00 00 00 00 00 00 00 00 ... ]

D/RIL[V]  (  113): TX: IPC_NET_CMD(0x08)	IPC_NET_REGIST(0x05)	IPC_CMD_GET(0x02)		[ FF 03 ]

D/RILJ    (  403): [1955]< VOICE_REGISTRATION_STATE {1, null, null, 6, 4387, 1750629009, 11010049, 0, 112, 5, 64, 1, 68, 0}

D/RIL[V]  (  113): RX: IPC_DISP_CMD(0x07)	IPC_DISP_ICON_INFO(0x01)	IPC_CMD_NOTI(0x03)		[ 01 02 00 00 ]

D/RIL[V]  (  113): RX: IPC_NET_CMD(0x08)	IPC_NET_REGIST(0x05)	IPC_CMD_RESP(0x02)		[ 13 02 02 00 00 00 00 00 00 00 00 ... ]

D/RIL[L]  (  113): RX: IPC_SEC_CMD(0x05)	IPC_SEC_RSIM_ACCESS(0x05)	IPC_CMD_RESP(0x02)		[ 90 00 19 62 17 82 02 41 21 83 02 ... ]

D/RIL[L]  (  113): TX: IPC_SEC_CMD(0x05)	IPC_SEC_RSIM_ACCESS(0x05)	IPC_CMD_GET(0x02)		[ C0 01 04 6F 00 00 0F ]

D/RILJ    (  403): [1956]< DATA_REGISTRATION_STATE {0, null, null, 14, 0, 1}

D/CDMA    (  403): [CdmaLteSST] handleMessage EVENT_POLL_STATE_GPRS

D/CDMA    (  403): [CdmaLteSST] handlePollStateResultMessage: EVENT_POLL_STATE_GPRS

D/RILJ    (  403): [1930]< SIM_IO IccIoResponse sw1:0x90 sw2:0x0

D/CDMA    (  403): [CdmaLteSST] Set CDMA Roaming Indicator to: 64. mCdmaRoaming = false, isPrlLoaded = true. namMatch = true , mIsInPrl = true, mRoamingIndicator = 64, mDefaultRoamingIndicator= 68

D/CDMA    (  403): [CdmaLteSST] pollStateDone CDMA STATE_IN_SERVICE newNetworkType = 6 mNewDataConnectionState = 0

D/CDMA    (  403): [CdmaLteSST] pollStateDone: oldSS=[0 home Verizon Wireless US 001001  1xRTT:6 CSS not supported 5 112 RoamInd=64 DefRoamInd=68 EmergOnly=false] newSS=[0 home Verizon Wireless US 001001  1xRTT:6 CSS not supported 5 112 RoamInd=64 DefRoamInd=68 EmergOnly=false]

D/CDMA    (  403): [CdmaLteSST] pollStateDone: hasRegistered=false hasDeegistered=false hasCdmaDataConnectionAttached=false hasCdmaDataConnectionDetached=false hasCdmaDataConnectionChanged=false hasNetworkTypeChanged = false hasChanged=false hasRoamingOn=false hasRoamingOff=false hasLocationChanged=true has4gHandoff = false hasMultiApnSupport=false hasLostMultiApnSupport=true

D/RILJ    (  403): [1959]> iccIO: SIM_IO 0xb0 0x6f02  path: 3F007FFF,0,0,65

D/CDMA    (  403): [CdmaLteSST] NITZ: Auto updating time of day to Wed Jan 11 20:07:32 PST 2012 NITZ receive delay=25ms gained=-218ms from 12/01/12,04:07:32-32,00

D/RIL[L]  (  113): RX: IPC_SEC_CMD(0x05)	IPC_SEC_RSIM_ACCESS(0x05)	IPC_CMD_RESP(0x02)		[ 90 00 1C 62 1A 82 05 42 21 00 46 ... ]

D/RIL[L]  (  113): TX: IPC_SEC_CMD(0x05)	IPC_SEC_RSIM_ACCESS(0x05)	IPC_CMD_GET(0x02)		[ C0 01 03 6F 00 00 0F ]

D/RILJ    (  403): [1931]< SIM_IO IccIoResponse sw1:0x90 sw2:0x0

D/RILJ    (  403): [1960]> iccIO: SIM_IO 0xb2 0x6f04  path: 3F007FFF,1,4,70

D/RIL[L]  (  113): RX: IPC_SEC_CMD(0x05)	IPC_SEC_RSIM_ACCESS(0x05)	IPC_CMD_RESP(0x02)		[ 90 00 19 62 17 82 02 41 21 83 02 ... ]

D/RIL[L]  (  113): TX: IPC_SEC_CMD(0x05)	IPC_SEC_PIN_STATUS(0x01)	IPC_CMD_GET(0x02)		[ ]

D/RILJ    (  403): [1932]< SIM_IO IccIoResponse sw1:0x90 sw2:0x0

D/RIL[L]  (  113): RX: IPC_SEC_CMD(0x05)	IPC_SEC_PIN_STATUS(0x01)	IPC_CMD_RESP(0x02)		[ 00 00 ]

D/RILJ    (  403): [1961]> iccIO: SIM_IO 0xb0 0x6f03  path: 3F007FFF,0,0,49

D/RIL[L]  (  113): TX: IPC_SEC_CMD(0x05)	IPC_SEC_PHONE_LOCK(0x02)	IPC_CMD_GET(0x02)		[ 03 ]

D/RILJ    (  403): [1933]< GET_SIM_STATUS IccCardState {CARDSTATE_PRESENT,PINSTATE_DISABLED,num_apps=2,gsm_id=0{APPTYPE_USIM,APPSTATE_READY,pin1=PINSTATE_ENABLED_VERIFIED,pin2=PINSTATE_UNKNOWN},cmda_id=1{APPTYPE_CSIM,APPSTATE_READY,pin1=PINSTATE_ENABLED_VERIFIED,pin2=PINSTATE_UNKNOWN},ism_id=0}

D/CDMA    (  403): [IccCard] USIM=READY CSIM=READY

D/RILB    (  403): getLteOnCdmaMode=1 curVal=1 product_type='' lteOnCdmaProductType=''

D/RIL[L]  (  113): RX: IPC_SEC_CMD(0x05)	IPC_SEC_PHONE_LOCK(0x02)	IPC_CMD_RESP(0x02)		[ 03 00 ]

D/RIL[L]  (  113): TX: IPC_SEC_CMD(0x05)	IPC_SEC_PHONE_LOCK(0x02)	IPC_CMD_GET(0x02)		[ 04 ]

D/RILJ    (  403): [1934]< QUERY_FACILITY_LOCK {0}

D/RIL[L]  (  113): RX: IPC_SEC_CMD(0x05)	IPC_SEC_PHONE_LOCK(0x02)	IPC_CMD_RESP(0x02)		[ 04 00 ]

D/CDMA    (  403): [IccCard] Query facility lock : false

D/RIL[L]  (  113): TX: IPC_SEC_CMD(0x05)	IPC_SEC_RSIM_ACCESS(0x05)	IPC_CMD_GET(0x02)		[ B0 00 E2 2F 00 00 0A ]

D/RILJ    (  403): [1935]< QUERY_FACILITY_LOCK {0}

D/CDMA    (  403): [IccCard] Query facility lock : false

D/RIL[L]  (  113): RX: IPC_SEC_CMD(0x05)	IPC_SEC_RSIM_ACCESS(0x05)	IPC_CMD_RESP(0x02)		[ 90 00 0A 98 41 08 00 00 10 50 07 ... ]

D/RIL[L]  (  113): TX: IPC_SEC_CMD(0x05)	IPC_SEC_RSIM_ACCESS(0x05)	IPC_CMD_GET(0x02)		[ B0 00 AD 6F 00 00 04 ]

D/RILJ    (  403): [1950]< SIM_IO IccIoResponse sw1:0x90 sw2:0x0

D/GSM     (  403): iccid: 89148000000105700323

D/RIL[L]  (  113): RX: IPC_SEC_CMD(0x05)	IPC_SEC_RSIM_ACCESS(0x05)	IPC_CMD_RESP(0x02)		[ 90 00 04 00 00 00 03 ]

D/RIL[L]  (  113): TX: IPC_SEC_CMD(0x05)	IPC_SEC_RSIM_ACCESS(0x05)	IPC_CMD_GET(0x02)		[ B0 00 05 2F 00 00 06 ]

D/RILJ    (  403): [1951]< SIM_IO IccIoResponse sw1:0x90 sw2:0x0

D/GSM     (  403): EF_AD: 00000003

D/RIL[V]  (  113): RX: IPC_SEC_CMD(0x05)	IPC_SEC_RSIM_ACCESS(0x05)	IPC_CMD_RESP(0x02)		[ 90 00 19 62 17 82 02 41 21 83 02 ... ]

D/RIL[V]  (  113): TX: IPC_SEC_CMD(0x05)	IPC_SEC_RSIM_ACCESS(0x05)	IPC_CMD_GET(0x02)		[ C0 28 6F 00 00 0F ]

D/RILJ    (  403): [1927]< SIM_IO IccIoResponse sw1:0x90 sw2:0x0

D/RILJ    (  403): [1962]> iccIO: SIM_IO 0xb0 0x6f22  path: 3F007F25,0,0,10

D/RIL[L]  (  113): RX: IPC_SEC_CMD(0x05)	IPC_SEC_RSIM_ACCESS(0x05)	IPC_CMD_RESP(0x02)		[ 90 00 06 65 6E 65 73 FF FF ]

D/RIL[L]  (  113): TX: IPC_SEC_CMD(0x05)	IPC_SEC_RSIM_ACCESS(0x05)	IPC_CMD_GET(0x02)		[ B2 00 40 6F 01 04 27 ]

D/RILJ    (  403): [1953]< SIM_IO IccIoResponse sw1:0x90 sw2:0x0

D/GSM     (  403): [CSIM] EF_PL LOADED

D/GSM     (  403): [CSIM] EF_PL=656e6573ffff

D/RIL[L]  (  113): RX: IPC_SEC_CMD(0x05)	IPC_SEC_RSIM_ACCESS(0x05)	IPC_CMD_RESP(0x02)		[ 90 00 27 4C 69 6E 65 20 31 FF FF ... ]

D/RIL[L]  (  113): TX: IPC_SEC_CMD(0x05)	IPC_SEC_RSIM_ACCESS(0x05)	IPC_CMD_GET(0x02)		[ B0 01 02 6F 00 00 41 ]

D/RILJ    (  403): [1957]< SIM_IO IccIoResponse sw1:0x90 sw2:0x0

D/GSM     (  403): MSISDN: xxxxxxx

D/RIL[V]  (  113): RX: IPC_SEC_CMD(0x05)	IPC_SEC_RSIM_ACCESS(0x05)	IPC_CMD_RESP(0x02)		[ 90 00 1C 62 1A 82 05 42 21 00 05 ... ]

D/RIL[V]  (  113): TX: IPC_SEC_CMD(0x05)	IPC_SEC_RSIM_ACCESS(0x05)	IPC_CMD_GET(0x02)		[ B0 5A 6F 00 00 04 ]

D/RILJ    (  403): [1928]< SIM_IO IccIoResponse sw1:0x90 sw2:0x0

D/RILJ    (  403): [1963]> iccIO: SIM_IO 0xb2 0x6f28  path: 3F007F25,1,4,5

D/RIL[L]  (  113): RX: IPC_SEC_CMD(0x05)	IPC_SEC_RSIM_ACCESS(0x05)	IPC_CMD_RESP(0x02)		[ 90 00 41 80 19 33 31 31 34 38 30 ... ]

D/RIL[L]  (  113): TX: IPC_SEC_CMD(0x05)	IPC_SEC_RSIM_ACCESS(0x05)	IPC_CMD_GET(0x02)		[ B2 01 04 6F 01 04 46 ]

D/RILJ    (  403): [1959]< SIM_IO IccIoResponse sw1:0x90 sw2:0x0

D/GSM     (  403): [CSIM] EF_ISIM_IMPI LOADED

D/RIL[L]  (  113): RX: IPC_SEC_CMD(0x05)	IPC_SEC_RSIM_ACCESS(0x05)	IPC_CMD_RESP(0x02)		[ 90 00 46 80 35 73 69 70 3A 33 31 ... ]

D/RIL[L]  (  113): TX: IPC_SEC_CMD(0x05)	IPC_SEC_RSIM_ACCESS(0x05)	IPC_CMD_GET(0x02)		[ B0 01 03 6F 00 00 31 ]

D/RILJ    (  403): [1960]< SIM_IO IccIoResponse sw1:0x90 sw2:0x0

D/RILJ    (  403): [1964]> iccIO: SIM_IO 0xb2 0x6f04  path: 3F007FFF,2,4,70

D/RIL[L]  (  113): RX: IPC_GPRS_CMD(0x0D)	IPC_GPRS_IP_CONFIGURATION(0x09)	IPC_CMD_NOTI(0x03)		[ 01 C0 03 00 00 00 00 00 00 00 00 ... ]

D/RIL[L]  (  113): RECEIVED IP is IPv6 alone

D/RIL[L]  (  113): RECEIVED FIELD FLAG(960)

D/RIL[L]  (  113):  [*]IP:            0.0.0.0

D/RIL[L]  (  113):  [*]GATEWAY:       0.0.0.0

D/RIL[L]  (  113):  [*]Primary DNS:   0.0.0.0

D/RIL[L]  (  113):  [*]Secondary DNS: 0.0.0.0

D/RIL[L]  (  113):  [*]Subnet Mask:   0.0.0.0

D/RIL[L]  (  113):  [*]PCSCF ADDR:   0.0.0.0

D/RIL[L]  (  113):  [*]IPv6 RAW IFACE ID 0000001FF3D24301

D/RIL[L]  (  113):  [*]IPv6 IFACE ID 0000:001F:F3D2:4301

D/RIL[L]  (  113):  [*]IPv6 PCSCF1  ADDR 2001:4888:3:fff0:c0:104:0:1f

D/RIL[L]  (  113):  [*]IPv6 PCSCF2  ADDR 2001:4888:3:fff0:c0:104:0:23

D/RIL[L]  (  113):  [*]IPv6 PCSCF3  ADDR 2001:4888:2:fff0:a0:104:0:1f

D/RIL[L]  (  113):  [*]IPv6 Primary DNS ADDR 2001:4888:3:fffe:c0:d:0:3

D/RIL[L]  (  113):  [*]IPv6 Secondary  DNS ADDR 2001:4888:2:fffe:a0:d:0:3

D/RIL[L]  (  113): RX: IPC_GPRS_CMD(0x0D)	IPC_GPRS_CALL_STATUS(0x10)	IPC_CMD_NOTI(0x03)		[ 01 01 00 00 00 ]

D/RIL[L]  (  113): RxLTE_ResCallStatus_LTE(): waiting cid(-1), cid(1)

D/RIL[L]  (  113): RxLTE_ResCallStatus_LTE(): Call Status changed --> cid(1), state(1), reason(0)

D/RIL[C]  (  113): Invalid mtu size stored in property

D/RIL[C]  (  113): activate_bridge_dev() Initial attach

D/RIL[C]  (  113): detach_bridge_dev():failed to remove the interface from the bridge

D/RIL[C]  (  113): Unable to delete the specified ipv6 address for rmnet0: Cannot assign requested address:99

D/RIL[C]  (  113): attach_bridge_dev(): No device is connected to bridge as of now

D/RIL[C]  (  113): attach_bridge_dev(): Added Interface lte_rmnet0 to bridge rmnet0

D/RIL[C]  (  113): Making the Ipv6 interface up for  lte_rmnet0

D/RIL[C]  (  113): ifc_remove_ipv6_linklocal_addr(): remove ipv6 addr with index(16)

D/RIL[L]  (  113): resumeDataChannelLTE(): channel 0, state = 1

D/RIL[L]  (  113): RX: IPC_DISP_CMD(0x07)	IPC_DISP_ICON_INFO(0x01)	IPC_CMD_NOTI(0x03)		[ 01 01 00 00 63 70 06 D0 00 08 ]

D/RIL[L]  (  113): RX: IPC_NET_CMD(0x08)	IPC_NET_REGIST(0x05)	IPC_CMD_NOTI(0x03)		[ 21 03 02 41 20 45 01 B2 8E 00 00 ... ]

D/RIL[L]  (  113): Handover reconnection cnt(LTE): 0

D/RILJ    (  403): [UNSL]< UNSOL_RESPONSE_VOICE_NETWORK_STATE_CHANGED

D/RILJ    (  403): [1965]> OPERATOR

D/RILJ    (  403): [1966]> VOICE_REGISTRATION_STATE

D/CDMA    (  403): [CdmaLteSST] pollState: network mode here is = 7

D/RILJ    (  403): [1967]> DATA_REGISTRATION_STATE

D/RIL[L]  (  113): RX: IPC_MISC_CMD(0x0A)	IPC_MISC_PHONE_DEBUG(0x08)	IPC_CMD_NOTI(0x03)		[ LTE_REGI_CNF: [2]#]

D/RIL[V]  (  113): TX: IPC_NET_CMD(0x08)	IPC_NET_SERVING_NETWORK(0x03)	IPC_CMD_GET(0x02)		[ ]

E/RIL[V]  (  113): record_phone_debug_msg: stat failed. No such file or directory.

E/RIL[V]  (  113): Can't open /data/log/dumpstate_cp_debug.log. No such file or directory

D/RIL[L]  (  113): TX: IPC_NET_CMD(0x08)	IPC_NET_REGIST(0x05)	IPC_CMD_GET(0x02)		[ FF 03 ]

D/RIL[L]  (  113): RX: IPC_NET_CMD(0x08)	IPC_NET_REGIST(0x05)	IPC_CMD_RESP(0x02)		[ 21 03 02 00 00 00 00 00 00 00 00 ... ]

D/RIL[V]  (  113): RX: IPC_NET_CMD(0x08)	IPC_NET_SERVING_NETWORK(0x03)	IPC_CMD_RESP(0x02)		[ 01 02 13 03 01 00 00 00 23 11 70 ... ]

D/RILJ    (  403): [1965]< OPERATOR {Verizon Wireless, US, 311480}

D/RIL[V]  (  113): TX: IPC_NET_CMD(0x08)	IPC_NET_REGIST(0x05)	IPC_CMD_GET(0x02)		[ FF 02 ]

D/RIL[C]  (  113): handleIpv6NewPrefix() global addr for rmnet0: 2600:1010:8009:b798:0:1f:f3d2:4301

D/RIL[L]  (  113): RX: IPC_GPRS_CMD(0x0D)	IPC_GPRS_CALL_STATUS(0x10)	IPC_CMD_NOTI(0x03)		[ 01 01 00 00 01 ]

D/RIL[L]  (  113): RxLTE_ResCallStatus_LTE(): waiting cid(-1), cid(1)

D/RIL[L]  (  113): RxLTE_ResCallStatus_LTE(): dedicated_cid : 1

D/RIL[L]  (  113): RxLTE_ResCallStatus_LTE(): Call Status changed --> cid(1), dedicated cid --> (1) state(1), reason(0)

D/RIL[L]  (  113): RxLTE_ResCallStatus_LTE(): Blocked Unsolicited for Dedicated Bearer Not required : IPC_DATA_TE2_DATA_CALL_RESULT_CONNECT

D/RIL[V]  (  113): RX: IPC_NET_CMD(0x08)	IPC_NET_REGIST(0x05)	IPC_CMD_RESP(0x02)		[ 13 02 02 00 00 00 00 00 00 00 00 ... ]

D/RIL[V]  (  113): TX: IPC_NET_CMD(0x08)	IPC_NET_REGIST(0x05)	IPC_CMD_GET(0x02)		[ FF 03 ]

D/RILJ    (  403): [1966]< VOICE_REGISTRATION_STATE {1, null, null, 6, 4387, 1750629009, 11010049, 0, 112, 5, 64, 1, 68, 0}

D/RIL[L]  (  113): RX: IPC_SEC_CMD(0x05)	IPC_SEC_RSIM_ACCESS(0x05)	IPC_CMD_RESP(0x02)		[ 90 00 31 80 09 76 7A 69 6D 73 2E ... ]

D/RILJ    (  403): [1961]< SIM_IO IccIoResponse sw1:0x90 sw2:0x0

D/GSM     (  403): [CSIM] EF_ISIM_DOMAIN LOADED

D/RIL[L]  (  113): TX: IPC_SEC_CMD(0x05)	IPC_SEC_RSIM_ACCESS(0x05)	IPC_CMD_GET(0x02)		[ B2 01 04 6F 02 04 46 ]

D/RIL[V]  (  113): RX: IPC_MISC_CMD(0x0A)	IPC_MISC_PHONE_DEBUG(0x08)	IPC_CMD_NOTI(0x03)		[ [MMC] LTE_RRC_STATE state 1... ]

D/RIL[V]  (  113): RX: IPC_NET_CMD(0x08)	IPC_NET_REGIST(0x05)	IPC_CMD_RESP(0x02)		[ 13 02 02 00 00 00 00 00 00 00 00 ... ]

D/RIL[C]  (  113): selectCurrentDataModemIndex() : CDMA regi:0, LTE regi:1

D/RILJ    (  403): [1967]< DATA_REGISTRATION_STATE {1, 0000, 00000000, 14, 0, 1}

D/CDMA    (  403): [CdmaLteSST] handleMessage EVENT_POLL_STATE_GPRS

D/CDMA    (  403): [CdmaLteSST] handlePollStateResultMessage: EVENT_POLL_STATE_GPRS

D/CDMA    (  403): [CdmaLteSST] Set CDMA Roaming Indicator to: 64. mCdmaRoaming = false, isPrlLoaded = true. namMatch = true , mIsInPrl = true, mRoamingIndicator = 64, mDefaultRoamingIndicator= 68

D/CDMA    (  403): [CdmaLteSST] pollStateDone LTE/eHRPD STATE_IN_SERVICE newNetworkType = 14

D/CDMA    (  403): [CdmaLteSST] pollStateDone: oldSS=[0 home Verizon Wireless US 001001  1xRTT:6 CSS not supported 5 112 RoamInd=64 DefRoamInd=68 EmergOnly=false] newSS=[0 home Verizon Wireless US 311480  LTE:14 CSS not supported 5 112 RoamInd=64 DefRoamInd=68 EmergOnly=false]

D/CDMA    (  403): [CdmaLteSST] pollStateDone: hasRegistered=false hasDeegistered=false hasCdmaDataConnectionAttached=false hasCdmaDataConnectionDetached=false hasCdmaDataConnectionChanged=false hasNetworkTypeChanged = true hasChanged=true hasRoamingOn=false hasRoamingOff=false hasLocationChanged=false has4gHandoff = false hasMultiApnSupport=true hasLostMultiApnSupport=false

D/CDMA    (  403): [CdmaLteSST] GsmDataConnectionTracker Created

D/CDMA    (  403): [CdmaDCT] cleanUpConnection: reason: null

D/CDMA    (  403): [CdmaDCT] setState: DISCONNECTING

D/CDMA    (  403): [CdmaDCT] notifyOffApnsOfAvailability - reason= null

D/CDMA    (  403): [CdmaLteSST] getOtasp: state=3

D/CDMA    (  403): [CdmaDCT] Data not allowed due to - radioState= RADIO_OFF - RUIM not loaded

D/CDMA    (  403): [CdmaLteSST] getOtasp: state=3

D/CDMA    (  403): [CdmaDCT] Data not allowed due to - radioState= RADIO_OFF - RUIM not loaded

D/CDMA    (  403): [CdmaLteSST] getOtasp: state=3

D/CDMA    (  403): [CdmaDCT] Data not allowed due to - radioState= RADIO_OFF - RUIM not loaded

D/CDMA    (  403): [CdmaLteSST] getOtasp: state=3

D/CDMA    (  403): [CdmaDCT] Data not allowed due to - radioState= RADIO_OFF - RUIM not loaded

D/CDMA    (  403): [CdmaLteSST] getOtasp: state=3

D/CDMA    (  403): [CdmaDCT] Data not allowed due to - radioState= RADIO_OFF - RUIM not loaded

D/CDMA    (  403): [CdmaLteSST] getOtasp: state=3

D/CDMA    (  403): [CdmaDCT] Data not allowed due to - radioState= RADIO_OFF - RUIM not loaded

D/CDMA    (  403): [CDMALTEPhone] getDataConnectionState apnType=default ret=CONNECTED

D/CDMA    (  403): [CdmaLteSST] getOtasp: state=3

D/CDMA    (  403): [CdmaDCT] Data not allowed due to - radioState= RADIO_OFF - RUIM not loaded

D/CDMA    (  403): [CdmaLteSST] getOtasp: state=3

D/CDMA    (  403): [CdmaDCT] Data not allowed due to - radioState= RADIO_OFF - RUIM not loaded

D/CDMA    (  403): [CDMALTEPhone] getDataConnectionState apnType=default ret=CONNECTED

D/CDMA    (  403): [CdmaLteSST] getOtasp: state=3

D/CDMA    (  403): [CdmaDCT] Data not allowed due to - radioState= RADIO_OFF - RUIM not loaded

D/CDMA    (  403): [CdmaLteSST] getOtasp: state=3

D/CDMA    (  403): [CdmaDCT] Data not allowed due to - radioState= RADIO_OFF - RUIM not loaded

D/CDMA    (  403): [CdmaLteSST] getOtasp: state=3

D/CDMA    (  403): [CdmaDCT] Data not allowed due to - radioState= RADIO_OFF - RUIM not loaded

D/CDMA    (  403): [CdmaLteSST] getOtasp: state=3

D/CDMA    (  403): [CdmaDCT] Data not allowed due to - radioState= RADIO_OFF - RUIM not loaded

D/CDMA    (  403): [CdmaLteSST] getOtasp: state=3

D/CDMA    (  403): [CdmaDCT] Data not allowed due to - radioState= RADIO_OFF - RUIM not loaded

D/CDMA    (  403): [CdmaLteSST] getOtasp: state=3

D/CDMA    (  403): [CdmaDCT] Data not allowed due to - radioState= RADIO_OFF - RUIM not loaded

D/CDMA    (  403): [CDMALTEPhone] getDataConnectionState apnType=default ret=CONNECTED

D/CDMA    (  403): [CdmaDCT] cleanUpConnection: !tearDown, call conn.resetSynchronously

D/CDMA    (  403): [CdmaDC-42] DcInactiveState: msg.what=RSP_RESET, ignore we're already reset

D/CDMA    (  403): [CdmaDCT] [DataConnection] Stop poll NetStat

D/CDMA    (  403): [CdmaDCT] cleanupConnection: !notificationDeferred

D/CDMA    (  403): [CdmaDCT] gotoIdleAndNotifyDataConnection: reason=null

D/CDMA    (  403): [CdmaDCT] setState: IDLE

D/CDMA    (  403): [CDMALTEPhone] getDataConnectionState apnType=default ret=DISCONNECTED

D/CDMA    (  403): [CdmaLteSST] getOtasp: state=3

D/CDMA    (  403): [CdmaDCT] Data not allowed due to - radioState= RADIO_OFF - RUIM not loaded

D/CDMA    (  403): [CdmaLteSST] getOtasp: state=3

D/CDMA    (  403): [CdmaDCT] Data not allowed due to - radioState= RADIO_OFF - RUIM not loaded

D/CDMA    (  403): [CdmaDCT] notifyOffApnsOfAvailability - reason= null

D/CDMA    (  403): [CdmaLteSST] getOtasp: state=3

D/CDMA    (  403): [CdmaDCT] Data not allowed due to - radioState= RADIO_OFF - RUIM not loaded

D/CDMA    (  403): [CdmaLteSST] getOtasp: state=3

D/CDMA    (  403): [CdmaDCT] Data not allowed due to - radioState= RADIO_OFF - RUIM not loaded

D/CDMA    (  403): [CdmaLteSST] getOtasp: state=3

D/CDMA    (  403): [CdmaDCT] Data not allowed due to - radioState= RADIO_OFF - RUIM not loaded

D/CDMA    (  403): [CdmaLteSST] getOtasp: state=3

D/CDMA    (  403): [CdmaDCT] Data not allowed due to - radioState= RADIO_OFF - RUIM not loaded

D/CDMA    (  403): [CDMALTEPhone] getDataConnectionState apnType=default ret=DISCONNECTED

D/CDMA    (  403): [CdmaLteSST] getOtasp: state=3

D/CDMA    (  403): [CdmaDCT] Data not allowed due to - radioState= RADIO_OFF - RUIM not loaded

D/CDMA    (  403): [CdmaLteSST] getOtasp: state=3

D/CDMA    (  403): [CdmaDCT] Data not allowed due to - radioState= RADIO_OFF - RUIM not loaded

D/CDMA    (  403): [CDMALTEPhone] getDataConnectionState apnType=default ret=DISCONNECTED

D/CDMA    (  403): [CdmaLteSST] getOtasp: state=3

D/CDMA    (  403): [CdmaDCT] Data not allowed due to - radioState= RADIO_OFF - RUIM not loaded

D/CDMA    (  403): [CdmaLteSST] getOtasp: state=3

D/CDMA    (  403): [CdmaDCT] Data not allowed due to - radioState= RADIO_OFF - RUIM not loaded

D/RIL[V]  (  113): RX: IPC_SEC_CMD(0x05)	IPC_SEC_RSIM_ACCESS(0x05)	IPC_CMD_RESP(0x02)		[ 90 00 04 28 0B 3A FA 00 00 00 00 ... ]

D/RIL[V]  (  113): TX: IPC_SEC_CMD(0x05)	IPC_SEC_RSIM_ACCESS(0x05)	IPC_CMD_GET(0x02)		[ B0 3A 6F 00 00 04 ]

D/RILJ    (  403): [1929]< SIM_IO IccIoResponse sw1:0x90 sw2:0x0

D/CDMA    (  403): [CDMALTEPhone] getDataConnectionState apnType=default ret=DISCONNECTED

D/CDMA    (  403): [CdmaLteSST] getOtasp: state=3

D/CDMA    (  403): [CdmaDCT] Data not allowed due to - radioState= RADIO_OFF - RUIM not loaded

D/CDMA    (  403): [CdmaLteSST] getOtasp: state=3

D/CDMA    (  403): [CdmaDCT] Data not allowed due to - radioState= RADIO_OFF - RUIM not loaded

D/CDMA    (  403): [CdmaLteSST] getOtasp: state=3

D/CDMA    (  403): [CdmaDCT] Data not allowed due to - radioState= RADIO_OFF - RUIM not loaded

D/CDMA    (  403): [CdmaLteSST] getOtasp: state=3

D/CDMA    (  403): [CdmaDCT] Data not allowed due to - radioState= RADIO_OFF - RUIM not loaded

D/CDMA    (  403): [CdmaLteSST] getOtasp: state=3

D/CDMA    (  403): [CdmaDCT] Data not allowed due to - radioState= RADIO_OFF - RUIM not loaded

D/CDMA    (  403): [CdmaLteSST] getOtasp: state=3

D/CDMA    (  403): [CdmaDCT] Data not allowed due to - radioState= RADIO_OFF - RUIM not loaded

D/CDMA    (  403): [CDMALTEPhone] getDataConnectionState apnType=default ret=DISCONNECTED

D/CDMA    (  403): [CDMALTEPhone] getDataConnectionState apnType=default ret=DISCONNECTED

D/CDMA    (  403): [CDMALTEPhone] getDataConnectionState apnType=default ret=DISCONNECTED

D/GSM     (  403): [ApnContext] set mDependencyMet as false, for type default, current state is true

D/GSM     (  403): [ApnContext] set enabled as true, for type default, current state is false

D/GSM     (  403): [GsmDCT] applyNewState(default, true(true), true(false))

D/GSM     (  403): [ApnContext] set reason as dependencyMet, for type default,current state IDLE

D/GSM     (  403): [ApnContext] set enabled as true, for type default, current state is true

D/GSM     (  403): [ApnContext] set mDependencyMet as true, for type default, current state is false

D/GSM     (  403): [GsmDCT] trySetupData for type:default due to dependencyMet

D/GSM     (  403): [GsmDCT] trySetupData with mIsPsRestricted=false

D/GSM     (  403): [GsmDCT] isDataAllowed: not allowed due to - SIM not loaded

D/GSM     (  403): [GsmDCT] notifyOffApnsOfAvailability skipped apn due to isReady==false: state=IDLE apnType=default

D/GSM     (  403): [ApnContext] set mDependencyMet as false, for type mms, current state is true

D/GSM     (  403): [GsmDCT] applyNewState(mms, false(false), true(false))

D/GSM     (  403): [ApnContext] set enabled as false, for type mms, current state is false

D/GSM     (  403): [ApnContext] set mDependencyMet as true, for type mms, current state is false

D/GSM     (  403): [ApnContext] set mDependencyMet as false, for type supl, current state is true

D/GSM     (  403): [GsmDCT] applyNewState(supl, false(false), true(false))

D/GSM     (  403): [ApnContext] set enabled as false, for type supl, current state is false

D/GSM     (  403): [ApnContext] set mDependencyMet as true, for type supl, current state is false

D/GSM     (  403): [ApnContext] set mDependencyMet as false, for type dun, current state is true

D/GSM     (  403): [GsmDCT] applyNewState(dun, false(false), true(false))

D/GSM     (  403): [ApnContext] set enabled as false, for type dun, current state is false

D/GSM     (  403): [ApnContext] set mDependencyMet as true, for type dun, current state is false

D/GSM     (  403): [ApnContext] set mDependencyMet as false, for type hipri, current state is true

D/GSM     (  403): [GsmDCT] applyNewState(hipri, false(false), true(false))

D/GSM     (  403): [ApnContext] set enabled as false, for type hipri, current state is false

D/GSM     (  403): [ApnContext] set mDependencyMet as true, for type hipri, current state is false

D/CDMA    (  403): [CDMALTEPhone] getDataConnectionState apnType=default ret=DISCONNECTED

D/GSM     (  403): [ApnContext] set mDependencyMet as false, for type fota, current state is true

D/GSM     (  403): [GsmDCT] applyNewState(fota, false(false), true(false))

D/GSM     (  403): [ApnContext] set enabled as false, for type fota, current state is false

D/GSM     (  403): [ApnContext] set mDependencyMet as true, for type fota, current state is false

D/GSM     (  403): [ApnContext] set mDependencyMet as false, for type ims, current state is true

D/GSM     (  403): [GsmDCT] applyNewState(ims, false(false), true(false))

D/GSM     (  403): [ApnContext] set enabled as false, for type ims, current state is false

D/GSM     (  403): [ApnContext] set mDependencyMet as true, for type ims, current state is false

D/GSM     (  403): [ApnContext] set mDependencyMet as false, for type cbs, current state is true

D/GSM     (  403): [GsmDCT] applyNewState(cbs, false(false), true(false))

D/GSM     (  403): [ApnContext] set enabled as false, for type cbs, current state is false

D/GSM     (  403): [ApnContext] set mDependencyMet as true, for type cbs, current state is false

D/CDMA    (  403): [CDMALTEPhone] getDataConnectionState apnType=default ret=DISCONNECTED

D/CDMA    (  403): [CDMALTEPhone] getDataConnectionState apnType=default ret=DISCONNECTED

D/GSM     (  403): [GsmDCT] get all active apn types

D/CDMA    (  403): [CDMALTEPhone] getDataConnectionState apnType=default ret=DISCONNECTED

D/GSM     (  403): [GsmDCT] isDataAllowed: not allowed due to - SIM not loaded

D/GSM     (  403): [GsmDCT] isDataPossible(default): possible=false isDataAllowed=false apnTypePossible=true apnContextisEnabled=true apnContextState()=IDLE

D/GSM     (  403): [GsmDCT] get active apn string for type:default

D/CDMA    (  403): [CDMALTEPhone] getDataConnectionState apnType=default ret=DISCONNECTED

D/CDMA    (  403): [CdmaDCT] CdmaDCT handleMessage msg={ what=69636 when=-58ms obj=com.android.internal.telephony.DataConnectionAc@41953c68 }

D/CDMA    (  403): [CdmaDCT] Ignore CDMA msgs since CDMA phone is inactive

D/GSM     (  403): [GsmDCT] onReceive: action=android.net.wifi.STATE_CHANGE

D/GSM     (  403): [GsmDCT] onReceive: action=android.net.wifi.WIFI_STATE_CHANGED

D/GSM     (  403): [GsmDCT] handleMessage msg={ what=270337 when=-51ms obj=android.os.AsyncResult@418bb478 }

D/GSM     (  403): [GsmDCT] onRadioAvailable

D/GSM     (  403): [GsmDCT] overall state is IDLE

D/GSM     (  403): [GsmDCT] handleMessage msg={ what=270352 when=-51ms obj=android.os.AsyncResult@418f3f50 }

D/GSM     (  403): [GsmDCT] onDataConnectionAttached

D/GSM     (  403): [GsmDCT] overall state is IDLE

D/GSM     (  403): [GsmDCT] notifyOffApnOfAvailability type:fota

D/GSM     (  403): [GsmDCT] isDataAllowed: not allowed due to - SIM not loaded

D/GSM     (  403): [GsmDCT] isDataPossible(fota): possible=false isDataAllowed=false apnTypePossible=true apnContextisEnabled=false apnContextState()=IDLE

D/GSM     (  403): [GsmDCT] get active apn string for type:fota

D/CDMA    (  403): [CDMALTEPhone] getDataConnectionState apnType=default ret=DISCONNECTED

D/GSM     (  403): [GsmDCT] notifyOffApnOfAvailability type:dun

D/GSM     (  403): [GsmDCT] isDataAllowed: not allowed due to - SIM not loaded

D/GSM     (  403): [GsmDCT] isDataPossible(dun): possible=false isDataAllowed=false apnTypePossible=true apnContextisEnabled=false apnContextState()=IDLE

D/GSM     (  403): [GsmDCT] get active apn string for type:dun

D/CDMA    (  403): [CDMALTEPhone] getDataConnectionState apnType=default ret=DISCONNECTED

D/GSM     (  403): [GsmDCT] notifyOffApnOfAvailability type:supl

D/GSM     (  403): [GsmDCT] isDataAllowed: not allowed due to - SIM not loaded

D/GSM     (  403): [GsmDCT] isDataPossible(supl): possible=false isDataAllowed=false apnTypePossible=true apnContextisEnabled=false apnContextState()=IDLE

D/GSM     (  403): [GsmDCT] get active apn string for type:supl

D/CDMA    (  403): [CDMALTEPhone] getDataConnectionState apnType=default ret=DISCONNECTED

D/GSM     (  403): [GsmDCT] notifyOffApnOfAvailability type:hipri

D/GSM     (  403): [GsmDCT] isDataAllowed: not allowed due to - SIM not loaded

D/GSM     (  403): [GsmDCT] isDataPossible(hipri): possible=false isDataAllowed=false apnTypePossible=true apnContextisEnabled=false apnContextState()=IDLE

D/GSM     (  403): [GsmDCT] get active apn string for type:hipri

D/CDMA    (  403): [CDMALTEPhone] getDataConnectionState apnType=default ret=DISCONNECTED

D/GSM     (  403): [GsmDCT] notifyOffApnOfAvailability type:ims

D/GSM     (  403): [GsmDCT] isDataAllowed: not allowed due to - SIM not loaded

D/GSM     (  403): [GsmDCT] isDataPossible(ims): possible=false isDataAllowed=false apnTypePossible=true apnContextisEnabled=false apnContextState()=IDLE

D/GSM     (  403): [GsmDCT] get active apn string for type:ims

D/CDMA    (  403): [CDMALTEPhone] getDataConnectionState apnType=default ret=DISCONNECTED

D/GSM     (  403): [GsmDCT] notifyOffApnsOfAvailability skipped apn due to isReady==false: state=IDLE apnType=default

D/GSM     (  403): [GsmDCT] notifyOffApnOfAvailability type:mms

D/GSM     (  403): [GsmDCT] isDataAllowed: not allowed due to - SIM not loaded

D/GSM     (  403): [GsmDCT] isDataPossible(mms): possible=false isDataAllowed=false apnTypePossible=true apnContextisEnabled=false apnContextState()=IDLE

D/GSM     (  403): [GsmDCT] get active apn string for type:mms

D/CDMA    (  403): [CDMALTEPhone] getDataConnectionState apnType=default ret=DISCONNECTED

D/GSM     (  403): [GsmDCT] notifyOffApnOfAvailability type:cbs

D/GSM     (  403): [GsmDCT] isDataAllowed: not allowed due to - SIM not loaded

D/GSM     (  403): [GsmDCT] isDataPossible(cbs): possible=false isDataAllowed=false apnTypePossible=true apnContextisEnabled=false apnContextState()=IDLE

D/GSM     (  403): [GsmDCT] get active apn string for type:cbs

D/CDMA    (  403): [CDMALTEPhone] getDataConnectionState apnType=default ret=DISCONNECTED

D/GSM     (  403): [ApnContext] set reason as dataAttached, for type default,current state IDLE

D/GSM     (  403): [GsmDCT] trySetupData for type:default due to dataAttached

D/GSM     (  403): [GsmDCT] trySetupData with mIsPsRestricted=false

D/GSM     (  403): [GsmDCT] isDataAllowed: not allowed due to - SIM not loaded

D/GSM     (  403): [GsmDCT] notifyOffApnOfAvailability type:fota

D/GSM     (  403): [GsmDCT] isDataAllowed: not allowed due to - SIM not loaded

D/GSM     (  403): [GsmDCT] isDataPossible(fota): possible=false isDataAllowed=false apnTypePossible=true apnContextisEnabled=false apnContextState()=IDLE

D/GSM     (  403): [GsmDCT] get active apn string for type:fota

D/CDMA    (  403): [CDMALTEPhone] getDataConnectionState apnType=default ret=DISCONNECTED

D/GSM     (  403): [GsmDCT] notifyOffApnOfAvailability type:dun

D/GSM     (  403): [GsmDCT] isDataAllowed: not allowed due to - SIM not loaded

D/GSM     (  403): [GsmDCT] isDataPossible(dun): possible=false isDataAllowed=false apnTypePossible=true apnContextisEnabled=false apnContextState()=IDLE

D/GSM     (  403): [GsmDCT] get active apn string for type:dun

D/GSM     (  403): [GsmDCT] notifyOffApnOfAvailability type:supl

D/GSM     (  403): [GsmDCT] isDataAllowed: not allowed due to - SIM not loaded

D/GSM     (  403): [GsmDCT] isDataPossible(supl): possible=false isDataAllowed=false apnTypePossible=true apnContextisEnabled=false apnContextState()=IDLE

D/GSM     (  403): [GsmDCT] get active apn string for type:supl

D/RIL[L]  (  113): RX: IPC_SEC_CMD(0x05)	IPC_SEC_RSIM_ACCESS(0x05)	IPC_CMD_RESP(0x02)		[ 90 00 46 80 1A 73 69 70 3A 2B 31 ... ]

D/RILJ    (  403): [1964]< SIM_IO IccIoResponse sw1:0x90 sw2:0x0

D/CDMA    (  403): [CDMALTEPhone] getDataConnectionState apnType=default ret=DISCONNECTED

D/GSM     (  403): [GsmDCT] notifyOffApnOfAvailability type:hipri

D/GSM     (  403): [GsmDCT] isDataAllowed: not allowed due to - SIM not loaded

D/GSM     (  403): [GsmDCT] isDataPossible(hipri): possible=false isDataAllowed=false apnTypePossible=true apnContextisEnabled=false apnContextState()=IDLE

D/GSM     (  403): [GsmDCT] get active apn string for type:hipri

D/GSM     (  403): [GsmDCT] notifyOffApnOfAvailability type:ims

D/GSM     (  403): [GsmDCT] isDataAllowed: not allowed due to - SIM not loaded

D/GSM     (  403): [GsmDCT] isDataPossible(ims): possible=false isDataAllowed=false apnTypePossible=true apnContextisEnabled=false apnContextState()=IDLE

D/GSM     (  403): [GsmDCT] get active apn string for type:ims

D/CDMA    (  403): [CDMALTEPhone] getDataConnectionState apnType=default ret=DISCONNECTED

D/GSM     (  403): [GsmDCT] notifyOffApnsOfAvailability skipped apn due to isReady==false: state=IDLE apnType=default

D/GSM     (  403): [GsmDCT] notifyOffApnOfAvailability type:mms

D/GSM     (  403): [GsmDCT] isDataAllowed: not allowed due to - SIM not loaded

D/GSM     (  403): [GsmDCT] isDataPossible(mms): possible=false isDataAllowed=false apnTypePossible=true apnContextisEnabled=false apnContextState()=IDLE

D/GSM     (  403): [GsmDCT] get active apn string for type:mms

D/GSM     (  403): [GsmDCT] notifyOffApnOfAvailability type:cbs

D/GSM     (  403): [GsmDCT] isDataAllowed: not allowed due to - SIM not loaded

D/CDMA    (  403): [CDMALTEPhone] getDataConnectionState apnType=default ret=DISCONNECTED

D/GSM     (  403): [GsmDCT] isDataPossible(cbs): possible=false isDataAllowed=false apnTypePossible=true apnContextisEnabled=false apnContextState()=IDLE

D/GSM     (  403): [GsmDCT] get active apn string for type:cbs

D/GSM     (  403): [GsmDCT] handleMessage msg={ what=270348 when=-144ms obj=android.os.AsyncResult@418f4050 }

D/GSM     (  403): [GsmDCT] onRoamingOff

D/GSM     (  403): [GsmDCT] notifyOffApnOfAvailability type:fota

D/GSM     (  403): [GsmDCT] isDataAllowed: not allowed due to - SIM not loaded

D/GSM     (  403): [GsmDCT] isDataPossible(fota): possible=false isDataAllowed=false apnTypePossible=true apnContextisEnabled=false apnContextState()=IDLE

D/GSM     (  403): [GsmDCT] get active apn string for type:fota

D/CDMA    (  403): [CDMALTEPhone] getDataConnectionState apnType=default ret=DISCONNECTED

D/GSM     (  403): [GsmDCT] notifyOffApnOfAvailability type:dun

D/GSM     (  403): [GsmDCT] isDataAllowed: not allowed due to - SIM not loaded

D/GSM     (  403): [GsmDCT] isDataPossible(dun): possible=false isDataAllowed=false apnTypePossible=true apnContextisEnabled=false apnContextState()=IDLE

D/GSM     (  403): [GsmDCT] get active apn string for type:dun

D/GSM     (  403): [GsmDCT] notifyOffApnOfAvailability type:supl

D/GSM     (  403): [GsmDCT] isDataAllowed: not allowed due to - SIM not loaded

D/GSM     (  403): [GsmDCT] isDataPossible(supl): possible=false isDataAllowed=false apnTypePossible=true apnContextisEnabled=false apnContextState()=IDLE

D/GSM     (  403): [GsmDCT] get active apn string for type:supl

D/CDMA    (  403): [CDMALTEPhone] getDataConnectionState apnType=default ret=DISCONNECTED

D/GSM     (  403): [GsmDCT] notifyOffApnOfAvailability type:hipri

D/GSM     (  403): [GsmDCT] isDataAllowed: not allowed due to - SIM not loaded

D/GSM     (  403): [GsmDCT] isDataPossible(hipri): possible=false isDataAllowed=false apnTypePossible=true apnContextisEnabled=false apnContextState()=IDLE

D/GSM     (  403): [GsmDCT] get active apn string for type:hipri

D/GSM     (  403): [GsmDCT] notifyOffApnOfAvailability type:ims

D/GSM     (  403): [GsmDCT] isDataAllowed: not allowed due to - SIM not loaded

D/GSM     (  403): [GsmDCT] isDataPossible(ims): possible=false isDataAllowed=false apnTypePossible=true apnContextisEnabled=false apnContextState()=IDLE

D/GSM     (  403): [GsmDCT] get active apn string for type:ims

D/GSM     (  403): [GsmDCT] notifyOffApnsOfAvailability skipped apn due to isReady==false: state=IDLE apnType=default

D/GSM     (  403): [GsmDCT] notifyOffApnOfAvailability type:mms

D/GSM     (  403): [GsmDCT] isDataAllowed: not allowed due to - SIM not loaded

D/GSM     (  403): [GsmDCT] isDataPossible(mms): possible=false isDataAllowed=false apnTypePossible=true apnContextisEnabled=false apnContextState()=IDLE

D/GSM     (  403): [GsmDCT] get active apn string for type:mms

D/CDMA    (  403): [CDMALTEPhone] getDataConnectionState apnType=default ret=DISCONNECTED

