D/GSM     (  403): [GsmDCT] notifyOffApnOfAvailability type:cbs

D/GSM     (  403): [GsmDCT] isDataAllowed: not allowed due to - SIM not loaded

D/GSM     (  403): [GsmDCT] isDataPossible(cbs): possible=false isDataAllowed=false apnTypePossible=true apnContextisEnabled=false apnContextState()=IDLE

D/GSM     (  403): [GsmDCT] get active apn string for type:cbs

D/GSM     (  403): [ApnContext] set reason as roamingOff, for type default,current state IDLE

D/GSM     (  403): [GsmDCT] trySetupData for type:default due to roamingOff

D/GSM     (  403): [GsmDCT] trySetupData with mIsPsRestricted=false

D/GSM     (  403): [GsmDCT] isDataAllowed: not allowed due to - SIM not loaded

D/GSM     (  403): [GsmDCT] notifyOffApnOfAvailability type:fota

D/GSM     (  403): [GsmDCT] isDataAllowed: not allowed due to - SIM not loaded

D/GSM     (  403): [GsmDCT] isDataPossible(fota): possible=false isDataAllowed=false apnTypePossible=true apnContextisEnabled=false apnContextState()=IDLE

D/GSM     (  403): [GsmDCT] get active apn string for type:fota

D/CDMA    (  403): [CDMALTEPhone] getDataConnectionState apnType=default ret=DISCONNECTED

D/GSM     (  403): [GsmDCT] notifyOffApnOfAvailability type:dun

D/GSM     (  403): [GsmDCT] isDataAllowed: not allowed due to - SIM not loaded

D/GSM     (  403): [GsmDCT] isDataPossible(dun): possible=false isDataAllowed=false apnTypePossible=true apnContextisEnabled=false apnContextState()=IDLE

D/GSM     (  403): [GsmDCT] get active apn string for type:dun

D/CDMA    (  403): [CDMALTEPhone] getDataConnectionState apnType=default ret=DISCONNECTED

D/GSM     (  403): [GsmDCT] notifyOffApnOfAvailability type:supl

D/GSM     (  403): [GsmDCT] isDataAllowed: not allowed due to - SIM not loaded

D/GSM     (  403): [GsmDCT] isDataPossible(supl): possible=false isDataAllowed=false apnTypePossible=true apnContextisEnabled=false apnContextState()=IDLE

D/GSM     (  403): [GsmDCT] get active apn string for type:supl

D/GSM     (  403): [GsmDCT] notifyOffApnOfAvailability type:hipri

D/GSM     (  403): [GsmDCT] isDataAllowed: not allowed due to - SIM not loaded

D/GSM     (  403): [GsmDCT] isDataPossible(hipri): possible=false isDataAllowed=false apnTypePossible=true apnContextisEnabled=false apnContextState()=IDLE

D/GSM     (  403): [GsmDCT] get active apn string for type:hipri

D/CDMA    (  403): [CDMALTEPhone] getDataConnectionState apnType=default ret=DISCONNECTED

D/GSM     (  403): [GsmDCT] notifyOffApnOfAvailability type:ims

D/GSM     (  403): [GsmDCT] isDataAllowed: not allowed due to - SIM not loaded

D/GSM     (  403): [GsmDCT] isDataPossible(ims): possible=false isDataAllowed=false apnTypePossible=true apnContextisEnabled=false apnContextState()=IDLE

D/GSM     (  403): [GsmDCT] get active apn string for type:ims

D/CDMA    (  403): [CDMALTEPhone] getDataConnectionState apnType=default ret=DISCONNECTED

D/GSM     (  403): [GsmDCT] notifyOffApnsOfAvailability skipped apn due to isReady==false: state=IDLE apnType=default

D/GSM     (  403): [GsmDCT] notifyOffApnOfAvailability type:mms

D/GSM     (  403): [GsmDCT] isDataAllowed: not allowed due to - SIM not loaded

D/GSM     (  403): [GsmDCT] isDataPossible(mms): possible=false isDataAllowed=false apnTypePossible=true apnContextisEnabled=false apnContextState()=IDLE

D/GSM     (  403): [GsmDCT] get active apn string for type:mms

D/CDMA    (  403): [CDMALTEPhone] getDataConnectionState apnType=default ret=DISCONNECTED

D/GSM     (  403): [GsmDCT] notifyOffApnOfAvailability type:cbs

D/GSM     (  403): [GsmDCT] isDataAllowed: not allowed due to - SIM not loaded

D/GSM     (  403): [GsmDCT] isDataPossible(cbs): possible=false isDataAllowed=false apnTypePossible=true apnContextisEnabled=false apnContextState()=IDLE

D/GSM     (  403): [GsmDCT] get active apn string for type:cbs

D/CDMA    (  403): [CDMALTEPhone] getDataConnectionState apnType=default ret=DISCONNECTED

D/GSM     (  403): [CSIM] EF_CSIM_EPRL LOADED

D/GSM     (  403): [CSIM] CSIM_EPRL=280b3afa

D/GSM     (  403): [CSIM] CSIM PRL version=15098

D/RILJ    (  403): [1968]> iccIO: SIM_IO 0xb2 0x6f04  path: 3F007FFF,3,4,70

D/CDMA    (  403): [CDMALTEPhone] getDataConnectionState apnType=default ret=DISCONNECTED

D/RIL[L]  (  113): TX: IPC_SEC_CMD(0x05)	IPC_SEC_RSIM_ACCESS(0x05)	IPC_CMD_GET(0x02)		[ B2 01 04 6F 03 04 46 ]

D/CDMA    (  403): [CDMALTEPhone] getDataConnectionState apnType=default ret=DISCONNECTED

D/CDMA    (  403): [CDMALTEPhone] getDataConnectionState apnType=default ret=DISCONNECTED

D/CDMA    (  403): [CDMALTEPhone] getDataConnectionState apnType=default ret=DISCONNECTED

D/CDMA    (  403): [CDMALTEPhone] getDataConnectionState apnType=default ret=DISCONNECTED

D/CDMA    (  403): [CDMALTEPhone] getDataConnectionState apnType=default ret=DISCONNECTED

D/CDMA    (  403): [CDMALTEPhone] getDataConnectionState apnType=default ret=DISCONNECTED

D/CDMA    (  403): [CDMALTEPhone] getDataConnectionState apnType=default ret=DISCONNECTED

D/CDMA    (  403): [CDMALTEPhone] getDataConnectionState apnType=default ret=DISCONNECTED

D/CDMA    (  403): [CDMALTEPhone] getDataConnectionState apnType=default ret=DISCONNECTED

D/CDMA    (  403): [CDMALTEPhone] getDataConnectionState apnType=default ret=DISCONNECTED

D/RIL[L]  (  113): RX: IPC_SEC_CMD(0x05)	IPC_SEC_RSIM_ACCESS(0x05)	IPC_CMD_RESP(0x02)		[ 90 00 46 80 10 74 65 6C 3A 2B 31 ... ]

D/RILJ    (  403): [1968]< SIM_IO IccIoResponse sw1:0x90 sw2:0x0

D/GSM     (  403): [CSIM] EF_ISIM_IMPU LOADED

D/GSM     (  403): [ISIM] EF_IMPU record count: 3

D/RIL[V]  (  113): RX: IPC_SEC_CMD(0x05)	IPC_SEC_RSIM_ACCESS(0x05)	IPC_CMD_RESP(0x02)		[ 90 00 04 02 01 02 03 00 00 00 00 ... ]

D/RIL[V]  (  113): TX: IPC_SEC_CMD(0x05)	IPC_SEC_RSIM_ACCESS(0x05)	IPC_CMD_GET(0x02)		[ B0 41 6F 00 00 23 ]

D/RILJ    (  403): [1949]< SIM_IO IccIoResponse sw1:0x90 sw2:0x0

D/GSM     (  403): [CSIM] EF_CSIM_LI LOADED

D/GSM     (  403): [CSIM] EF_LI=656e6573

D/RIL[V]  (  113): RX: IPC_SEC_CMD(0x05)	IPC_SEC_RSIM_ACCESS(0x05)	IPC_CMD_RESP(0x02)		[ 90 00 23 01 02 01 D6 B2 3C AD 7F ... ]

D/RIL[V]  (  113): TX: IPC_SEC_CMD(0x05)	IPC_SEC_RSIM_ACCESS(0x05)	IPC_CMD_GET(0x02)		[ B2 44 6F 01 04 0B ]

D/RILJ    (  403): [1952]< SIM_IO IccIoResponse sw1:0x90 sw2:0x0

D/GSM     (  403): [CSIM] EF_CSIM_SPN LOADED

D/GSM     (  403): [CSIM] CSIM_SPN=010201d6b23cad7fbb41d7b4bccc2ecfe7ffffffffffffffffffffffffffffffffffff

D/GSM     (  403): [CSIM] spn=Verizon Wireless

D/GSM     (  403): [CSIM] spnCondition=true

D/RIL[L]  (  113): RX: IPC_SEC_CMD(0x05)	IPC_SEC_PIN_STATUS(0x01)	IPC_CMD_NOTI(0x03)		[ 83 00 ]

D/RIL[L]  (  113): RX: IPC_PB_CMD(0x06)	IPC_PB_3GPB_CAPA(0x05)	IPC_CMD_NOTI(0x03)		[ 01 07 01 64 00 19 00 00 00 02 64 ... ]

D/RIL[L]  (  113): process_ipc_notify_message_lte(): unknown IPC group

D/RIL[V]  (  113): RX: IPC_SEC_CMD(0x05)	IPC_SEC_RSIM_ACCESS(0x05)	IPC_CMD_RESP(0x02)		[ 90 00 0B 0A 19 46 52 87 35 FF FF ... ]

D/RIL[V]  (  113): TX: IPC_SEC_CMD(0x05)	IPC_SEC_RSIM_ACCESS(0x05)	IPC_CMD_GET(0x02)		[ B0 22 6F 00 00 0A ]

D/RILJ    (  403): [1958]< SIM_IO IccIoResponse sw1:0x90 sw2:0x0

D/GSM     (  403): [CSIM] EF_CSIM_MDN LOADED

D/GSM     (  403): [CSIM] CSIM_MDN=0000000000000000000000

D/GSM     (  403): [CSIM] CSIM MDN=0000000000

D/RIL[V]  (  113): RX: IPC_SEC_CMD(0x05)	IPC_SEC_RSIM_ACCESS(0x05)	IPC_CMD_RESP(0x02)		[ 90 00 0A 00 25 03 47 8E 25 63 80 ... ]

D/RIL[V]  (  113): TX: IPC_SEC_CMD(0x05)	IPC_SEC_RSIM_ACCESS(0x05)	IPC_CMD_GET(0x02)		[ B2 28 6F 01 04 05 ]

D/RILJ    (  403): [1962]< SIM_IO IccIoResponse sw1:0x90 sw2:0x0

D/GSM     (  403): [CSIM] EF_CSIM_IMSIM LOADED

D/GSM     (  403): [CSIM] CSIM_IMSIM=002503478e256380d100

D/RIL_BIPJ(13177): [UNSL]< RIL_UNSOL_STK_BIP_IMSIM_DATA IccIoResponse sw1:0x90 sw2:0x0

D/GSM     (  403): [CSIM] min present=0000000000

D/RIL[V]  (  113): RX: IPC_SEC_CMD(0x05)	IPC_SEC_RSIM_ACCESS(0x05)	IPC_CMD_RESP(0x02)		[ 90 00 05 70 00 FF FF 00 00 00 00 ... ]

D/RILJ    (  403): [1963]< SIM_IO IccIoResponse sw1:0x90 sw2:0x0

D/RILJ    (  403): [1969]> iccIO: SIM_IO 0xb2 0x6f28  path: 3F007F25,2,4,5

D/RIL[V]  (  113): TX: IPC_SEC_CMD(0x05)	IPC_SEC_RSIM_ACCESS(0x05)	IPC_CMD_GET(0x02)		[ B2 28 6F 02 04 05 ]

D/RIL[V]  (  113): RX: IPC_SEC_CMD(0x05)	IPC_SEC_RSIM_ACCESS(0x05)	IPC_CMD_RESP(0x02)		[ 90 00 05 00 00 00 00 00 00 00 00 ... ]

D/RILJ    (  403): [1969]< SIM_IO IccIoResponse sw1:0x90 sw2:0x0

D/RILJ    (  403): [1970]> iccIO: SIM_IO 0xb2 0x6f28  path: 3F007F25,3,4,5

D/RIL[V]  (  113): TX: IPC_SEC_CMD(0x05)	IPC_SEC_RSIM_ACCESS(0x05)	IPC_CMD_GET(0x02)		[ B2 28 6F 03 04 05 ]

D/RIL[V]  (  113): RX: IPC_SEC_CMD(0x05)	IPC_SEC_RSIM_ACCESS(0x05)	IPC_CMD_RESP(0x02)		[ 90 00 05 00 00 00 00 00 00 00 00 ... ]

D/RILJ    (  403): [1970]< SIM_IO IccIoResponse sw1:0x90 sw2:0x0

D/RILJ    (  403): [1971]> iccIO: SIM_IO 0xb2 0x6f28  path: 3F007F25,4,4,5

D/RIL[V]  (  113): TX: IPC_SEC_CMD(0x05)	IPC_SEC_RSIM_ACCESS(0x05)	IPC_CMD_GET(0x02)		[ B2 28 6F 04 04 05 ]

D/RIL[V]  (  113): RX: IPC_SEC_CMD(0x05)	IPC_SEC_RSIM_ACCESS(0x05)	IPC_CMD_RESP(0x02)		[ 90 00 05 00 00 00 00 00 00 00 00 ... ]

D/RILJ    (  403): [1971]< SIM_IO IccIoResponse sw1:0x90 sw2:0x0

D/RILJ    (  403): [1972]> iccIO: SIM_IO 0xb2 0x6f28  path: 3F007F25,5,4,5

D/RIL[V]  (  113): TX: IPC_SEC_CMD(0x05)	IPC_SEC_RSIM_ACCESS(0x05)	IPC_CMD_GET(0x02)		[ B2 28 6F 05 04 05 ]

D/RIL[V]  (  113): RX: IPC_SEC_CMD(0x05)	IPC_SEC_RSIM_ACCESS(0x05)	IPC_CMD_RESP(0x02)		[ 90 00 05 00 00 00 00 00 00 00 00 ... ]

D/RILJ    (  403): [1972]< SIM_IO IccIoResponse sw1:0x90 sw2:0x0

D/RILJ    (  403): [1973]> iccIO: SIM_IO 0xb2 0x6f28  path: 3F007F25,6,4,5

D/RIL[V]  (  113): TX: IPC_SEC_CMD(0x05)	IPC_SEC_RSIM_ACCESS(0x05)	IPC_CMD_GET(0x02)		[ B2 28 6F 06 04 05 ]

D/RIL[V]  (  113): RX: IPC_SEC_CMD(0x05)	IPC_SEC_RSIM_ACCESS(0x05)	IPC_CMD_RESP(0x02)		[ 90 00 05 00 00 00 00 00 00 00 00 ... ]

D/RILJ    (  403): [1973]< SIM_IO IccIoResponse sw1:0x90 sw2:0x0

D/RILJ    (  403): [1974]> iccIO: SIM_IO 0xb2 0x6f28  path: 3F007F25,7,4,5

D/RIL[V]  (  113): TX: IPC_SEC_CMD(0x05)	IPC_SEC_RSIM_ACCESS(0x05)	IPC_CMD_GET(0x02)		[ B2 28 6F 07 04 05 ]

D/RIL[V]  (  113): RX: IPC_SEC_CMD(0x05)	IPC_SEC_RSIM_ACCESS(0x05)	IPC_CMD_RESP(0x02)		[ 90 00 05 00 00 00 00 00 00 00 00 ... ]

D/RILJ    (  403): [1974]< SIM_IO IccIoResponse sw1:0x90 sw2:0x0

D/RILJ    (  403): [1975]> iccIO: SIM_IO 0xb2 0x6f28  path: 3F007F25,8,4,5

D/RIL[V]  (  113): TX: IPC_SEC_CMD(0x05)	IPC_SEC_RSIM_ACCESS(0x05)	IPC_CMD_GET(0x02)		[ B2 28 6F 08 04 05 ]

D/RIL[V]  (  113): RX: IPC_SEC_CMD(0x05)	IPC_SEC_RSIM_ACCESS(0x05)	IPC_CMD_RESP(0x02)		[ 90 00 05 00 00 00 00 00 00 00 00 ... ]

D/RILJ    (  403): [1975]< SIM_IO IccIoResponse sw1:0x90 sw2:0x0

D/RILJ    (  403): [1976]> iccIO: SIM_IO 0xb2 0x6f28  path: 3F007F25,9,4,5

D/RIL[V]  (  113): TX: IPC_SEC_CMD(0x05)	IPC_SEC_RSIM_ACCESS(0x05)	IPC_CMD_GET(0x02)		[ B2 28 6F 09 04 05 ]

D/RIL[V]  (  113): RX: IPC_SEC_CMD(0x05)	IPC_SEC_RSIM_ACCESS(0x05)	IPC_CMD_RESP(0x02)		[ 90 00 05 00 00 00 00 00 00 00 00 ... ]

D/RILJ    (  403): [1976]< SIM_IO IccIoResponse sw1:0x90 sw2:0x0

D/RILJ    (  403): [1977]> iccIO: SIM_IO 0xb2 0x6f28  path: 3F007F25,10,4,5

D/RIL[V]  (  113): TX: IPC_SEC_CMD(0x05)	IPC_SEC_RSIM_ACCESS(0x05)	IPC_CMD_GET(0x02)		[ B2 28 6F 0A 04 05 ]

D/RIL[C]  (  113): check_md5_GED : md5 for /data/radio/nv_data.bin.

D/RIL[C]  (  113): MD5 check OK. (459d469d4a1d98d4fcc760436c0028d3)

D/RIL[L]  (  113): RxRFS_NVWrite_LTE: offset=0x00000000, size=0x00007A00

D/RIL[L]  (  113): openNVFile_LTE_GED: 

D/RIL[L]  (  113): open(/factory/nv_data.bin) fail. Read-only file system.

D/RIL[L]  (  113): RxRFS_NVWrite_LTE: open failed with 30

D/RIL[L]  (  113): openNVFile_LTE_GED: 

D/RIL[L]  (  113): open(/data/radio/nv_data.bin) succeeded.

D/RIL[L]  (  113): RxRFS_NVWrite_LTE: write succeeded.

D/RIL[L]  (  113): TxRFS_CfrmNVWrite_LTE(): length 15

D/RIL[V]  (  113): RX: IPC_SEC_CMD(0x05)	IPC_SEC_RSIM_ACCESS(0x05)	IPC_CMD_RESP(0x02)		[ 90 00 05 00 00 00 00 00 00 00 00 ... ]

D/RILJ    (  403): [1977]< SIM_IO IccIoResponse sw1:0x90 sw2:0x0

D/RILJ    (  403): [1978]> iccIO: SIM_IO 0xb2 0x6f28  path: 3F007F25,11,4,5

D/RIL[V]  (  113): TX: IPC_SEC_CMD(0x05)	IPC_SEC_RSIM_ACCESS(0x05)	IPC_CMD_GET(0x02)		[ B2 28 6F 0B 04 05 ]

D/RIL[V]  (  113): RX: IPC_SEC_CMD(0x05)	IPC_SEC_RSIM_ACCESS(0x05)	IPC_CMD_RESP(0x02)		[ 90 00 05 00 00 00 00 00 00 00 00 ... ]

D/RILJ    (  403): [1978]< SIM_IO IccIoResponse sw1:0x90 sw2:0x0

D/RILJ    (  403): [1979]> iccIO: SIM_IO 0xb2 0x6f28  path: 3F007F25,12,4,5

D/RIL[V]  (  113): TX: IPC_SEC_CMD(0x05)	IPC_SEC_RSIM_ACCESS(0x05)	IPC_CMD_GET(0x02)		[ B2 28 6F 0C 04 05 ]

D/RIL[V]  (  113): RX: IPC_SEC_CMD(0x05)	IPC_SEC_RSIM_ACCESS(0x05)	IPC_CMD_RESP(0x02)		[ 90 00 05 00 00 00 00 00 00 00 00 ... ]

D/RILJ    (  403): [1979]< SIM_IO IccIoResponse sw1:0x90 sw2:0x0

D/RILJ    (  403): [1980]> iccIO: SIM_IO 0xb2 0x6f28  path: 3F007F25,13,4,5

D/RIL[V]  (  113): TX: IPC_SEC_CMD(0x05)	IPC_SEC_RSIM_ACCESS(0x05)	IPC_CMD_GET(0x02)		[ B2 28 6F 0D 04 05 ]

D/RIL[V]  (  113): RX: IPC_SEC_CMD(0x05)	IPC_SEC_RSIM_ACCESS(0x05)	IPC_CMD_RESP(0x02)		[ 90 00 05 00 00 00 00 00 00 00 00 ... ]

D/RILJ    (  403): [1980]< SIM_IO IccIoResponse sw1:0x90 sw2:0x0

D/RILJ    (  403): [1981]> iccIO: SIM_IO 0xb2 0x6f28  path: 3F007F25,14,4,5

D/RIL[V]  (  113): TX: IPC_SEC_CMD(0x05)	IPC_SEC_RSIM_ACCESS(0x05)	IPC_CMD_GET(0x02)		[ B2 28 6F 0E 04 05 ]

D/RIL[V]  (  113): RX: IPC_SEC_CMD(0x05)	IPC_SEC_RSIM_ACCESS(0x05)	IPC_CMD_RESP(0x02)		[ 90 00 05 00 00 00 00 00 00 00 00 ... ]

D/RILJ    (  403): [1981]< SIM_IO IccIoResponse sw1:0x90 sw2:0x0

D/RILJ    (  403): [1982]> iccIO: SIM_IO 0xb2 0x6f28  path: 3F007F25,15,4,5

D/RIL[V]  (  113): TX: IPC_SEC_CMD(0x05)	IPC_SEC_RSIM_ACCESS(0x05)	IPC_CMD_GET(0x02)		[ B2 28 6F 0F 04 05 ]

D/RIL[V]  (  113): RX: IPC_SEC_CMD(0x05)	IPC_SEC_RSIM_ACCESS(0x05)	IPC_CMD_RESP(0x02)		[ 90 00 05 00 00 00 00 00 00 00 00 ... ]

D/RILJ    (  403): [1982]< SIM_IO IccIoResponse sw1:0x90 sw2:0x0

D/RILJ    (  403): [1983]> iccIO: SIM_IO 0xb2 0x6f28  path: 3F007F25,16,4,5

D/RIL[V]  (  113): TX: IPC_SEC_CMD(0x05)	IPC_SEC_RSIM_ACCESS(0x05)	IPC_CMD_GET(0x02)		[ B2 28 6F 10 04 05 ]

D/RIL[V]  (  113): RX: IPC_SEC_CMD(0x05)	IPC_SEC_RSIM_ACCESS(0x05)	IPC_CMD_RESP(0x02)		[ 90 00 05 00 00 00 00 00 00 00 00 ... ]

D/RILJ    (  403): [1983]< SIM_IO IccIoResponse sw1:0x90 sw2:0x0

D/RILJ    (  403): [1984]> iccIO: SIM_IO 0xb2 0x6f28  path: 3F007F25,17,4,5

D/RIL[V]  (  113): TX: IPC_SEC_CMD(0x05)	IPC_SEC_RSIM_ACCESS(0x05)	IPC_CMD_GET(0x02)		[ B2 28 6F 11 04 05 ]

D/RIL[V]  (  113): RX: IPC_SEC_CMD(0x05)	IPC_SEC_RSIM_ACCESS(0x05)	IPC_CMD_RESP(0x02)		[ 90 00 05 00 00 00 00 00 00 00 00 ... ]

D/RILJ    (  403): [1984]< SIM_IO IccIoResponse sw1:0x90 sw2:0x0

D/RILJ    (  403): [1985]> iccIO: SIM_IO 0xb2 0x6f28  path: 3F007F25,18,4,5

D/RIL[V]  (  113): TX: IPC_SEC_CMD(0x05)	IPC_SEC_RSIM_ACCESS(0x05)	IPC_CMD_GET(0x02)		[ B2 28 6F 12 04 05 ]

D/RIL[V]  (  113): RX: IPC_SEC_CMD(0x05)	IPC_SEC_RSIM_ACCESS(0x05)	IPC_CMD_RESP(0x02)		[ 90 00 05 00 00 00 00 00 00 00 00 ... ]

D/RILJ    (  403): [1985]< SIM_IO IccIoResponse sw1:0x90 sw2:0x0

D/RILJ    (  403): [1986]> iccIO: SIM_IO 0xb2 0x6f28  path: 3F007F25,19,4,5

D/RIL[V]  (  113): TX: IPC_SEC_CMD(0x05)	IPC_SEC_RSIM_ACCESS(0x05)	IPC_CMD_GET(0x02)		[ B2 28 6F 13 04 05 ]

D/RIL[V]  (  113): RX: IPC_SEC_CMD(0x05)	IPC_SEC_RSIM_ACCESS(0x05)	IPC_CMD_RESP(0x02)		[ 90 00 05 00 00 00 00 00 00 00 00 ... ]

D/RILJ    (  403): [1986]< SIM_IO IccIoResponse sw1:0x90 sw2:0x0

D/RILJ    (  403): [1987]> iccIO: SIM_IO 0xb2 0x6f28  path: 3F007F25,20,4,5

D/RIL[V]  (  113): TX: IPC_SEC_CMD(0x05)	IPC_SEC_RSIM_ACCESS(0x05)	IPC_CMD_GET(0x02)		[ B2 28 6F 14 04 05 ]

D/RIL[V]  (  113): RX: IPC_SEC_CMD(0x05)	IPC_SEC_RSIM_ACCESS(0x05)	IPC_CMD_RESP(0x02)		[ 90 00 05 00 00 00 00 00 00 00 00 ... ]

D/RILJ    (  403): [1987]< SIM_IO IccIoResponse sw1:0x90 sw2:0x0

D/GSM     (  403): [CSIM] EF_CSIM_CDMAHOME LOADED

D/GSM     (  403): [CSIM] CSIM_CDMAHOME data size=20

D/GSM     (  403): [CSIM] Setting locale to en_us

D/GSM     (  403): SIMRecords: record load complete

D/CDMA    (  403): [IccCard] Broadcasting intent ACTION_SIM_STATE_CHANGED LOADED reason null

D/CDMA    (  403): Event EVENT_RUIM_RECORDS_LOADED Received

D/CDMA    (  403): [CDMALTEPhone] updateCurrentCarrierInProvider from UICC: numeric=311480

D/RIL_BIP_STK(13177): StkBIPManager$1: isfirstTimeLoaded =false , hasRefreshOccurredfalse

D/CDMA    (  403): [CdmaLteSST] CDMA_SUBSCRIPTION: SID=112,0,0,0,0,0,0,0,0,0,0,0,0,0,0,0,0,0,0,0

D/CDMA    (  403): [CdmaLteSST] CDMA_SUBSCRIPTION: NID=65535,0,0,0,0,0,0,0,0,0,0,0,0,0,0,0,0,0,0,0

D/CDMA    (  403): [CdmaLteSST] getOtasp: state=3

D/CDMA    (  403): [CdmaLteSST] CDMA_SUBSCRIPTION: call notifyRegistrants()

D/RILJ    (  403): [1988]> OPERATOR

D/RILJ    (  403): [1989]> VOICE_REGISTRATION_STATE

D/RIL[V]  (  113): TX: IPC_NET_CMD(0x08)	IPC_NET_SERVING_NETWORK(0x03)	IPC_CMD_GET(0x02)		[ ]

D/CDMA    (  403): [CdmaLteSST] pollState: network mode here is = 7

D/RILJ    (  403): [1990]> DATA_REGISTRATION_STATE

D/GSM     (  403): [GsmDCT] handleMessage msg={ what=270338 when=-201ms obj=android.os.AsyncResult@418db838 }

D/GSM     (  403): [GsmDCT] onRecordsLoaded: createAllApnList

D/GSM     (  403): [GsmDCT] createAllApnList: selection=numeric = '311480' and carrier_enabled = 1

D/RIL[L]  (  113): TX: IPC_NET_CMD(0x08)	IPC_NET_REGIST(0x05)	IPC_CMD_GET(0x02)		[ FF 03 ]

D/RIL[V]  (  113): RX: IPC_NET_CMD(0x08)	IPC_NET_SERVING_NETWORK(0x03)	IPC_CMD_RESP(0x02)		[ 01 02 13 03 01 00 00 00 23 11 70 ... ]

D/RIL[V]  (  113): TX: IPC_NET_CMD(0x08)	IPC_NET_REGIST(0x05)	IPC_CMD_GET(0x02)		[ FF 02 ]

D/GSM     (  403): [GsmDCT] createApnList: X result=[[ApnSettingV2] LTE - Verizon Internet, 6, 311480, VZWINTERNET, null, null, null, null, null, -1, default | dun, IPV4V6, IPV4V6, true, 14, [ApnSettingV2] LTE - Verizon FOTA, 7, 311480, VZWADMIN, null, null, null, null, null, -1, fota, IPV4V6, IPV4V6, true, 14, [ApnSettingV2] LTE - Verizon IMS, 8, 311480, VZWIMS, null, null, null, null, null, -1, ims, IPV4V6, IPV4V6, true, 14, [ApnSettingV2] LTE - Verizon CBS, 9, 311480, VZWAPP, null, http://mms.vtext.com/servlets/mms, null, null, null, -1, cbs | mms, IPV4V6, IPV4V6, true, 14, [ApnSettingV2] EHRPD - Verizon Internet, 30, 311480, VZWINTERNET, null, null, null, null, null, -1, default | dun, IPV4V6, IPV4V6, true, 13, [ApnSettingV2] EHRPD - Verizon FOTA, 31, 311480, VZWADMIN, null, null, null, null, null, -1, fota, IPV4V6, IPV4V6, true, 13, [ApnSettingV2] EHRPD - Verizon IMS, 32, 311480, VZWIMS, null, null, null, null, null, -1, ims, IPV4V6, IPV4V6, true, 13, [ApnSettingV2] EHRPD - Verizon CBS, 33, 311480, VZWAPP, null, http://mms.vtext.com/servlets/mms, null, null, null, -1, cbs | mms, IPV4V6, IPV4V6, true, 13]

D/RILJ    (  403): [1988]< OPERATOR {Verizon Wireless, US, 311480}

D/RIL[V]  (  113): RX: IPC_NET_CMD(0x08)	IPC_NET_REGIST(0x05)	IPC_CMD_RESP(0x02)		[ 13 02 02 00 00 00 00 00 00 00 00 ... ]

D/RIL[V]  (  113): TX: IPC_NET_CMD(0x08)	IPC_NET_REGIST(0x05)	IPC_CMD_GET(0x02)		[ FF 03 ]

D/RILJ    (  403): [1989]< VOICE_REGISTRATION_STATE {1, null, null, 6, 4387, 1750629009, 11010049, 0, 112, 5, 64, 1, 68, 0}

D/GSM     (  403): [GsmDCT] createAllApnList: mPreferredApn=[ApnSettingV2] LTE - Verizon Internet, 6, 311480, VZWINTERNET, null, null, null, null, null, -1, default | dun, IPV4V6, IPV4V6, true, 14

D/GSM     (  403): [GsmDCT] createAllApnList: X mAllApns=[[ApnSettingV2] LTE - Verizon Internet, 6, 311480, VZWINTERNET, null, null, null, null, null, -1, default | dun, IPV4V6, IPV4V6, true, 14, [ApnSettingV2] LTE - Verizon FOTA, 7, 311480, VZWADMIN, null, null, null, null, null, -1, fota, IPV4V6, IPV4V6, true, 14, [ApnSettingV2] LTE - Verizon IMS, 8, 311480, VZWIMS, null, null, null, null, null, -1, ims, IPV4V6, IPV4V6, true, 14, [ApnSettingV2] LTE - Verizon CBS, 9, 311480, VZWAPP, null, http://mms.vtext.com/servlets/mms, null, null, null, -1, cbs | mms, IPV4V6, IPV4V6, true, 14, [ApnSettingV2] EHRPD - Verizon Internet, 30, 311480, VZWINTERNET, null, null, null, null, null, -1, default | dun, IPV4V6, IPV4V6, true, 13, [ApnSettingV2] EHRPD - Verizon FOTA, 31, 311480, VZWADMIN, null, null, null, null, null, -1, fota, IPV4V6, IPV4V6, true, 13, [ApnSettingV2] EHRPD - Verizon IMS, 32, 311480, VZWIMS, null, null, null, null, null, -1, ims, IPV4V6, IPV4V6, true, 13, [ApnSettingV2] EHRPD - Verizon CBS, 33, 311480, VZWAPP, null, http://mms.vtext.com/servlets/mms, null, null, null, -1, cbs | mms, IPV4V6, IPV4V6, true, 13]

D/GSM     (  403): [GsmDCT] onRecordsLoaded: notifying data availability

D/GSM     (  403): [GsmDCT] notifyOffApnOfAvailability type:fota

D/GSM     (  403): [GsmDCT] isDataPossible(fota): possible=true isDataAllowed=true apnTypePossible=true apnContextisEnabled=false apnContextState()=IDLE

D/GSM     (  403): [GsmDCT] get active apn string for type:fota

D/GSM     (  403): [GsmDCT] notifyOffApnOfAvailability type:dun

D/GSM     (  403): [GsmDCT] isDataPossible(dun): possible=true isDataAllowed=true apnTypePossible=true apnContextisEnabled=false apnContextState()=IDLE

D/GSM     (  403): [GsmDCT] get active apn string for type:dun

D/RIL[V]  (  113): RX: IPC_NET_CMD(0x08)	IPC_NET_REGIST(0x05)	IPC_CMD_RESP(0x02)		[ 13 02 02 00 00 00 00 00 00 00 00 ... ]

D/GSM     (  403): [GsmDCT] notifyOffApnOfAvailability type:supl

D/GSM     (  403): [GsmDCT] isDataPossible(supl): possible=true isDataAllowed=true apnTypePossible=true apnContextisEnabled=false apnContextState()=IDLE

D/GSM     (  403): [GsmDCT] get active apn string for type:supl

D/CDMA    (  403): [CDMALTEPhone] getDataConnectionState apnType=default ret=DISCONNECTED

D/GSM     (  403): [GsmDCT] notifyOffApnOfAvailability type:hipri

D/GSM     (  403): [GsmDCT] isDataPossible(hipri): possible=true isDataAllowed=true apnTypePossible=true apnContextisEnabled=false apnContextState()=IDLE

D/GSM     (  403): [GsmDCT] get active apn string for type:hipri

D/CDMA    (  403): [CDMALTEPhone] getDataConnectionState apnType=default ret=DISCONNECTED

D/GSM     (  403): [GsmDCT] notifyOffApnOfAvailability type:ims

D/GSM     (  403): [GsmDCT] isDataPossible(ims): possible=true isDataAllowed=true apnTypePossible=true apnContextisEnabled=false apnContextState()=IDLE

D/GSM     (  403): [GsmDCT] get active apn string for type:ims

D/GSM     (  403): [GsmDCT] notifyOffApnsOfAvailability skipped apn due to isReady==false: state=IDLE apnType=default

D/GSM     (  403): [GsmDCT] notifyOffApnOfAvailability type:mms

D/GSM     (  403): [GsmDCT] isDataPossible(mms): possible=true isDataAllowed=true apnTypePossible=true apnContextisEnabled=false apnContextState()=IDLE

D/GSM     (  403): [GsmDCT] get active apn string for type:mms

D/GSM     (  403): [GsmDCT] notifyOffApnOfAvailability type:cbs

D/GSM     (  403): [GsmDCT] isDataPossible(cbs): possible=true isDataAllowed=true apnTypePossible=true apnContextisEnabled=false apnContextState()=IDLE

D/GSM     (  403): [GsmDCT] get active apn string for type:cbs

D/CDMA    (  403): [CDMALTEPhone] getDataConnectionState apnType=default ret=DISCONNECTED

D/GSM     (  403): [ApnContext] set reason as simLoaded, for type default,current state IDLE

D/GSM     (  403): [GsmDCT] trySetupData for type:default due to simLoaded

D/GSM     (  403): [GsmDCT] trySetupData with mIsPsRestricted=false

D/GSM     (  403): [GsmDCT] isEmergency: result=false

D/GSM     (  403): [GsmDCT] buildWaitingApns: Preferred APN:311480:311480:[ApnSettingV2] LTE - Verizon Internet, 6, 311480, VZWINTERNET, null, null, null, null, null, -1, default | dun, IPV4V6, IPV4V6, true, 14

D/GSM     (  403): [GsmDCT] buildWaitingApns: X added preferred apnList=[[ApnSettingV2] LTE - Verizon Internet, 6, 311480, VZWINTERNET, null, null, null, null, null, -1, default | dun, IPV4V6, IPV4V6, true, 14]

D/GSM     (  403): [GsmDCT] trySetupData: Create from mAllApns : [[ApnSettingV2] LTE - Verizon Internet, 6, 311480, VZWINTERNET, null, null, null, null, null, -1, default | dun, IPV4V6, IPV4V6, true, 14][[ApnSettingV2] LTE - Verizon FOTA, 7, 311480, VZWADMIN, null, null, null, null, null, -1, fota, IPV4V6, IPV4V6, true, 14][[ApnSettingV2] LTE - Verizon IMS, 8, 311480, VZWIMS, null, null, null, null, null, -1, ims, IPV4V6, IPV4V6, true, 14][[ApnSettingV2] LTE - Verizon CBS, 9, 311480, VZWAPP, null, http://mms.vtext.com/servlets/mms, null, null, null, -1, cbs | mms, IPV4V6, IPV4V6, true, 14][[ApnSettingV2] EHRPD - Verizon Internet, 30, 311480, VZWINTERNET, null, null, null, null, null, -1, default | dun, IPV4V6, IPV4V6, true, 13][[ApnSettingV2] EHRPD - Verizon FOTA, 31, 311480, VZWADMIN, null, null, null, null, null, -1, fota, IPV4V6, IPV4V6, true, 13][[ApnSettingV2] EHRPD - Verizon IMS, 32, 311480, VZWIMS, null, null, null, null, null, -1, ims, IPV4V6, IPV4V6, true, 13][[ApnSettingV2] EHRPD - Verizon CBS, 33, 311480, VZWAPP, null, http://mms.vtext.com/servlets/mms, null, null, null, -1, cbs | mms, IPV4V6, IPV4V6, true, 13]

D/GSM     (  403): [GsmDCT] Setup watingApns : [[ApnSettingV2] LTE - Verizon Internet, 6, 311480, VZWINTERNET, null, null, null, null, null, -1, default | dun, IPV4V6, IPV4V6, true, 14]

D/GSM     (  403): [GsmDCT] setupData: apnContext=state=IDLE apnType=default

D/GSM     (  403): [GsmDCT] checkForConnectionForApnContext: apnContext=state=IDLE apnType=default NO conn

D/GSM     (  403): [GsmDCT] findReadyDataConnection: apn string <[ApnSettingV2] LTE - Verizon Internet, 6, 311480, VZWINTERNET, null, null, null, null, null, -1, default | dun, IPV4V6, IPV4V6, true, 14>

D/GSM     (  403): [GsmDCT] setupData: No ready GsmDataConnection found!

D/GSM     (  403): [GsmDCT] findFreeDataConnection: NO free GsmDataConnection

D/GSM     (  403): [GsmDCT] createDataConnection E

D/GSM     (  403): [GsmDC-43] DataConnection constructor E

D/GSM     (  403): [GsmDC-43] DataConnection constructor X

D/RILB    (  403): registerForRilConnected h=Handler (com.android.internal.util.StateMachine$SmHandler) {41904470} w=262149

D/RILB    (  403): Notifying: ril connected mRilVersion=6

D/GSM     (  403): [GsmDC-43] clearSettings

D/GSM     (  403): [GsmDC-43] Made GsmDC-43

D/CDMA    (  403): [CDMALTEPhone] getDataConnectionState apnType=default ret=DISCONNECTED

D/GSM     (  403): [GsmDC-43] DcDefaultState: msg.what=EVENT_RIL_CONNECTED mRilVersion=6

D/GSM     (  403): [GsmDCT] createDataConnection() X id=0

D/GSM     (  403): [GsmDCT] setupData: init dc and apnContext refCount=0

D/GSM     (  403): [ApnContext] setState: INITING for type default, previous state:IDLE

D/CDMA    (  403): [CDMALTEPhone] getDataConnectionState apnType=default ret=CONNECTING

D/GSM     (  403): [GsmDCT] isDataPossible(default): possible=true isDataAllowed=true apnTypePossible=true apnContextisEnabled=true apnContextState()=INITING

D/GSM     (  403): [GsmDCT] get active apn string for type:default

D/GSM     (  403): [GsmDCT] setupData: initing!

D/GSM     (  403): [GsmDCT] notifyOffApnOfAvailability type:fota

D/GSM     (  403): [GsmDCT] isDataPossible(fota): possible=true isDataAllowed=true apnTypePossible=true apnContextisEnabled=false apnContextState()=IDLE

D/GSM     (  403): [GsmDCT] get active apn string for type:fota

D/GSM     (  403): [GsmDC-43] DcInactiveState msg.what=EVENT_CONNECT.RefCount = 0

D/GSM     (  403): [GsmDC-43] Connecting to carrier: 'LTE - Verizon Internet' APN: 'VZWINTERNET' proxy: 'null' port: 'null

D/RILJ    (  403): [1991]> SETUP_DATA_CALL 16 0 VZWINTERNET null null 0 IPV4V6

D/CDMA    (  403): [CDMALTEPhone] getDataConnectionState apnType=default ret=CONNECTING

D/GSM     (  403): [GsmDCT] notifyOffApnOfAvailability type:dun

D/GSM     (  403): [GsmDCT] isDataPossible(dun): possible=true isDataAllowed=true apnTypePossible=true apnContextisEnabled=false apnContextState()=IDLE

D/GSM     (  403): [GsmDCT] get active apn string for type:dun

D/RIL[L]  (  113): requestSetupDefaultPDPLTE(): cid(2) iptype(3) pcscfflag(0) apn(VZWINTERNET) con_type(IPV4V6)

D/RIL[L]  (  113): TX: IPC_GPRS_CMD(0x0D)	IPC_GPRS_DEFINE_PDP_CONTEXT(0x01)	IPC_CMD_SET(0x03)		[ 01 02 06 56 5A 57 49 4E 54 45 52 ... ]

D/RIL[L]  (  113): RX: IPC_NET_CMD(0x08)	IPC_NET_REGIST(0x05)	IPC_CMD_RESP(0x02)		[ 21 03 02 00 00 00 00 00 00 00 00 ... ]

D/RIL[C]  (  113): selectCurrentDataModemIndex() : CDMA regi:0, LTE regi:1

D/RILJ    (  403): [1990]< DATA_REGISTRATION_STATE {1, 0000, 00000000, 14, 0, 1}

D/RIL[L]  (  113): RX: IPC_GEN_CMD(0x80)	IPC_GEN_PHONE_RES(0x01)	IPC_CMD_RESP(0x02)		[ 0D 01 03 00 80 ]

D/RIL[L]  (  113): requestSetupDefaultPDPLTE(): cid(2) iptype(3) pcscfflag(0) apn(VZWINTERNET) con_type(IPV4V6)

D/RIL[L]  (  113): TX: IPC_GPRS_CMD(0x0D)	IPC_GPRS_PDP_CONTEXT(0x04)	IPC_CMD_SET(0x03)		[ 01 02 00 00 00 00 00 00 00 00 00 ... ]

D/RIL[L]  (  113): requestSetupDefaultPDPLTE(): state(2)

D/RIL[L]  (  113): RX: IPC_GEN_CMD(0x80)	IPC_GEN_PHONE_RES(0x01)	IPC_CMD_RESP(0x02)		[ 0D 04 03 00 80 ]

D/RIL[L]  (  113): requestSetupDefaultPDPLTE(): cid(2) iptype(3) pcscfflag(0) apn(VZWINTERNET) con_type(IPV4V6)

D/RIL[L]  (  113): requestSetupDefaultPDPLTE(): Waiting cid (2)

D/CDMA    (  403): [CDMALTEPhone] getDataConnectionState apnType=default ret=CONNECTING

D/GSM     (  403): [GsmDCT] notifyOffApnOfAvailability type:supl

D/GSM     (  403): [GsmDCT] isDataPossible(supl): possible=true isDataAllowed=true apnTypePossible=true apnContextisEnabled=false apnContextState()=IDLE

D/GSM     (  403): [GsmDCT] get active apn string for type:supl

D/GSM     (  403): [GsmDCT] notifyOffApnOfAvailability type:hipri

D/GSM     (  403): [GsmDCT] isDataPossible(hipri): possible=true isDataAllowed=true apnTypePossible=true apnContextisEnabled=false apnContextState()=IDLE

D/GSM     (  403): [GsmDCT] get active apn string for type:hipri

D/GSM     (  403): [GsmDCT] notifyOffApnOfAvailability type:ims

D/GSM     (  403): [GsmDCT] isDataPossible(ims): possible=true isDataAllowed=true apnTypePossible=true apnContextisEnabled=false apnContextState()=IDLE

D/GSM     (  403): [GsmDCT] get active apn string for type:ims

D/CDMA    (  403): [CDMALTEPhone] getDataConnectionState apnType=default ret=CONNECTING

D/GSM     (  403): [GsmDCT] notifyOffApnsOfAvailability skipped apn due to isReady==false: state=INITING apnType=default

D/GSM     (  403): [GsmDCT] notifyOffApnOfAvailability type:mms

D/GSM     (  403): [GsmDCT] isDataPossible(mms): possible=true isDataAllowed=true apnTypePossible=true apnContextisEnabled=false apnContextState()=IDLE

D/GSM     (  403): [GsmDCT] get active apn string for type:mms

D/GSM     (  403): [GsmDCT] notifyOffApnOfAvailability type:cbs

D/GSM     (  403): [GsmDCT] isDataPossible(cbs): possible=true isDataAllowed=true apnTypePossible=true apnContextisEnabled=false apnContextState()=IDLE

D/GSM     (  403): [GsmDCT] get active apn string for type:cbs

D/CDMA    (  403): [CdmaLteSST] handleMessage EVENT_POLL_STATE_GPRS

D/CDMA    (  403): [CdmaLteSST] handlePollStateResultMessage: EVENT_POLL_STATE_GPRS

D/CDMA    (  403): [CdmaLteSST] Set CDMA Roaming Indicator to: 64. mCdmaRoaming = false, isPrlLoaded = true. namMatch = true , mIsInPrl = true, mRoamingIndicator = 64, mDefaultRoamingIndicator= 68

D/CDMA    (  403): [CdmaLteSST] pollStateDone LTE/eHRPD STATE_IN_SERVICE newNetworkType = 14

D/CDMA    (  403): [CdmaLteSST] pollStateDone: oldSS=[0 home Verizon Wireless US 311480  LTE:14 CSS not supported 5 112 RoamInd=64 DefRoamInd=68 EmergOnly=false] newSS=[0 home Verizon Wireless US 311480  LTE:14 CSS not supported 5 112 RoamInd=64 DefRoamInd=68 EmergOnly=false]

D/CDMA    (  403): [CdmaLteSST] pollStateDone: hasRegistered=false hasDeegistered=false hasCdmaDataConnectionAttached=false hasCdmaDataConnectionDetached=false hasCdmaDataConnectionChanged=false hasNetworkTypeChanged = false hasChanged=false hasRoamingOn=false hasRoamingOff=false hasLocationChanged=false has4gHandoff = false hasMultiApnSupport=false hasLostMultiApnSupport=false

D/CDMA    (  403): [CDMALTEPhone] getDataConnectionState apnType=default ret=CONNECTING

D/CDMA    (  403): [CDMALTEPhone] getDataConnectionState apnType=default ret=CONNECTING

D/CDMA    (  403): [CDMALTEPhone] getDataConnectionState apnType=default ret=CONNECTING

D/CDMA    (  403): [CDMALTEPhone] getDataConnectionState apnType=default ret=CONNECTING

D/CDMA    (  403): [CDMALTEPhone] getDataConnectionState apnType=default ret=CONNECTING

D/CDMA    (  403): [CDMALTEPhone] getDataConnectionState apnType=default ret=CONNECTING

D/CDMA    (  403): [CDMALTEPhone] getDataConnectionState apnType=default ret=CONNECTING

D/CDMA    (  403): [CDMALTEPhone] getDataConnectionState apnType=default ret=CONNECTING

D/GSM     (  403): [GsmDCT] enableApnType: ims mState(IDLE)

D/GSM     (  403): [GsmDCT] setEnabled(5, true) with old state = false and enabledCount = 1

D/GSM     (  403): [GsmDCT] enableApnType: new apn request for type ims return APN_REQUEST_STARTED

D/GSM     (  403): [GsmDCT] handleMessage msg={ what=270349 when=0 arg1=5 arg2=1 }

D/GSM     (  403): [GsmDCT] onEnableApn: apnContext=state=IDLE apnType=ims call applyNewState

D/GSM     (  403): [GsmDCT] applyNewState(ims, true(false), true(true))

D/GSM     (  403): [ApnContext] set reason as dataEnabled, for type ims,current state IDLE

D/GSM     (  403): [ApnContext] set enabled as true, for type ims, current state is false

D/GSM     (  403): [ApnContext] set mDependencyMet as true, for type ims, current state is true

D/GSM     (  403): [GsmDCT] trySetupData for type:ims due to dataEnabled

D/GSM     (  403): [GsmDCT] trySetupData with mIsPsRestricted=false

D/GSM     (  403): [GsmDCT] isEmergency: result=false

D/GSM     (  403): [GsmDCT] apn info : [ApnSettingV2] LTE - Verizon IMS, 8, 311480, VZWIMS, null, null, null, null, null, -1, ims, IPV4V6, IPV4V6, true, 14

D/GSM     (  403): [GsmDCT] buildWaitingApns: X apnList=[[ApnSettingV2] LTE - Verizon IMS, 8, 311480, VZWIMS, null, null, null, null, null, -1, ims, IPV4V6, IPV4V6, true, 14]

D/GSM     (  403): [GsmDCT] trySetupData: Create from mAllApns : [[ApnSettingV2] LTE - Verizon Internet, 6, 311480, VZWINTERNET, null, null, null, null, null, -1, default | dun, IPV4V6, IPV4V6, true, 14][[ApnSettingV2] LTE - Verizon FOTA, 7, 311480, VZWADMIN, null, null, null, null, null, -1, fota, IPV4V6, IPV4V6, true, 14][[ApnSettingV2] LTE - Verizon IMS, 8, 311480, VZWIMS, null, null, null, null, null, -1, ims, IPV4V6, IPV4V6, true, 14][[ApnSettingV2] LTE - Verizon CBS, 9, 311480, VZWAPP, null, http://mms.vtext.com/servlets/mms, null, null, null, -1, cbs | mms, IPV4V6, IPV4V6, true, 14][[ApnSettingV2] EHRPD - Verizon Internet, 30, 311480, VZWINTERNET, null, null, null, null, null, -1, default | dun, IPV4V6, IPV4V6, true, 13][[ApnSettingV2] EHRPD - Verizon FOTA, 31, 311480, VZWADMIN, null, null, null, null, null, -1, fota, IPV4V6, IPV4V6, true, 13][[ApnSettingV2] EHRPD - Verizon IMS, 32, 311480, VZWIMS, null, null, null, null, null, -1, ims, IPV4V6, IPV4V6, true, 13][[ApnSettingV2] EHRPD - Verizon CBS, 33, 311480, VZWAPP, null, http://mms.vtext.com/servlets/mms, null, null, null, -1, cbs | mms, IPV4V6, IPV4V6, true, 13]

D/GSM     (  403): [GsmDCT] Setup watingApns : [[ApnSettingV2] LTE - Verizon IMS, 8, 311480, VZWIMS, null, null, null, null, null, -1, ims, IPV4V6, IPV4V6, true, 14]

D/GSM     (  403): [GsmDCT] setupData: apnContext=state=IDLE apnType=ims

D/GSM     (  403): [GsmDCT] checkForConnectionForApnContext: apnContext=state=IDLE apnType=ims NO conn

D/GSM     (  403): [GsmDCT] findReadyDataConnection: apn string <[ApnSettingV2] LTE - Verizon IMS, 8, 311480, VZWIMS, null, null, null, null, null, -1, ims, IPV4V6, IPV4V6, true, 14>

D/GSM     (  403): [GsmDCT] findReadyDataConnection: dc apn string <[ApnSettingV2] LTE - Verizon Internet, 6, 311480, VZWINTERNET, null, null, null, null, null, -1, default | dun, IPV4V6, IPV4V6, true, 14>

D/GSM     (  403): [GsmDCT] setupData: No ready GsmDataConnection found!

D/GSM     (  403): [GsmDCT] findFreeDataConnection: NO free GsmDataConnection

D/GSM     (  403): [GsmDCT] createDataConnection E

D/GSM     (  403): [GsmDC-44] DataConnection constructor E

D/GSM     (  403): [GsmDC-44] DataConnection constructor X

D/RILB    (  403): registerForRilConnected h=Handler (com.android.internal.util.StateMachine$SmHandler) {4196e780} w=262149

D/RILB    (  403): Notifying: ril connected mRilVersion=6

D/GSM     (  403): [GsmDC-44] clearSettings

D/GSM     (  403): [GsmDC-44] Made GsmDC-44

D/GSM     (  403): [GsmDC-44] DcDefaultState: msg.what=EVENT_RIL_CONNECTED mRilVersion=6

D/GSM     (  403): [GsmDCT] createDataConnection() X id=1

D/GSM     (  403): [GsmDCT] setupData: init dc and apnContext refCount=0

D/GSM     (  403): [ApnContext] setState: INITING for type ims, previous state:IDLE

D/CDMA    (  403): [CDMALTEPhone] getDataConnectionState apnType=ims ret=CONNECTING

D/GSM     (  403): [GsmDCT] isDataPossible(ims): possible=true isDataAllowed=true apnTypePossible=true apnContextisEnabled=true apnContextState()=INITING

D/GSM     (  403): [GsmDCT] get active apn string for type:ims

D/CDMA    (  403): [CDMALTEPhone] getDataConnectionState apnType=default ret=CONNECTING

D/GSM     (  403): [GsmDCT] setupData: initing!

D/GSM     (  403): [GsmDCT] notifyOffApnOfAvailability type:fota

D/GSM     (  403): [GsmDCT] isDataPossible(fota): possible=true isDataAllowed=true apnTypePossible=true apnContextisEnabled=false apnContextState()=IDLE

D/GSM     (  403): [GsmDCT] get active apn string for type:fota

D/GSM     (  403): [GsmDC-44] DcInactiveState msg.what=EVENT_CONNECT.RefCount = 0

D/GSM     (  403): [GsmDC-44] Connecting to carrier: 'LTE - Verizon IMS' APN: 'VZWIMS' proxy: 'null' port: 'null

D/RILJ    (  403): [1992]> SETUP_DATA_CALL 16 2 VZWIMS null null 0 IPV4V6

D/GSM     (  403): [GsmDCT] notifyOffApnOfAvailability type:dun

D/GSM     (  403): [GsmDCT] isDataPossible(dun): possible=true isDataAllowed=true apnTypePossible=true apnContextisEnabled=false apnContextState()=IDLE

D/GSM     (  403): [GsmDCT] get active apn string for type:dun

D/CDMA    (  403): [CDMALTEPhone] getDataConnectionState apnType=default ret=CONNECTING

D/GSM     (  403): [GsmDCT] notifyOffApnOfAvailability type:supl

D/GSM     (  403): [GsmDCT] isDataPossible(supl): possible=true isDataAllowed=true apnTypePossible=true apnContextisEnabled=false apnContextState()=IDLE

D/GSM     (  403): [GsmDCT] get active apn string for type:supl

D/CDMA    (  403): [CDMALTEPhone] getDataConnectionState apnType=default ret=CONNECTING

D/CDMA    (  403): [CdmaDCT] CdmaDataConnectionTracker finalized

D/GSM     (  403): [GsmDCT] notifyOffApnOfAvailability type:hipri

D/GSM     (  403): [GsmDCT] isDataPossible(hipri): possible=true isDataAllowed=true apnTypePossible=true apnContextisEnabled=false apnContextState()=IDLE

D/GSM     (  403): [GsmDCT] get active apn string for type:hipri

D/CDMA    (  403): [CDMALTEPhone] getDataConnectionState apnType=default ret=CONNECTING

D/GSM     (  403): [GsmDCT] notifyOffApnsOfAvailability skipped apn due to isReady==false: state=INITING apnType=ims

D/GSM     (  403): [GsmDCT] notifyOffApnsOfAvailability skipped apn due to isReady==false: state=INITING apnType=default

D/GSM     (  403): [GsmDCT] notifyOffApnOfAvailability type:mms

D/GSM     (  403): [GsmDCT] isDataPossible(mms): possible=true isDataAllowed=true apnTypePossible=true apnContextisEnabled=false apnContextState()=IDLE

D/GSM     (  403): [GsmDCT] get active apn string for type:mms

D/GSM     (  403): [GsmDCT] notifyOffApnOfAvailability type:cbs

D/GSM     (  403): [GsmDCT] isDataPossible(cbs): possible=true isDataAllowed=true apnTypePossible=true apnContextisEnabled=false apnContextState()=IDLE

D/GSM     (  403): [GsmDCT] get active apn string for type:cbs

D/CDMA    (  403): [CDMALTEPhone] getDataConnectionState apnType=default ret=CONNECTING

D/CDMA    (  403): [CDMALTEPhone] getDataConnectionState apnType=default ret=CONNECTING

D/CDMA    (  403): [CDMALTEPhone] getDataConnectionState apnType=default ret=CONNECTING

D/RIL[L]  (  113): RX: IPC_GPRS_CMD(0x0D)	IPC_GPRS_IP_CONFIGURATION(0x09)	IPC_CMD_NOTI(0x03)		[ 02 47 03 0A A7 0D B6 42 AE 5C 0E ... ]

D/RIL[L]  (  113): RECEIVED IP has both IPv4 and IPv6

D/RIL[L]  (  113): RECEIVED FIELD FLAG(839)

D/RIL[L]  (  113):  [*]IP:            10.167.13.182

D/RIL[L]  (  113):  [*]GATEWAY:       0.0.0.0

D/RIL[L]  (  113):  [*]Primary DNS:   66.174.92.14

D/RIL[L]  (  113):  [*]Secondary DNS: 69.78.96.14

D/RIL[L]  (  113):  [*]Subnet Mask:   0.0.0.0

D/RIL[L]  (  113):  [*]PCSCF ADDR:   0.0.0.0

D/RIL[L]  (  113):  [*]IPv6 RAW IFACE ID 0000001FF3D24901

D/RIL[L]  (  113):  [*]IPv6 IFACE ID 0000:001F:F3D2:4901

D/RIL[L]  (  113):  [*]IPv6 Primary DNS ADDR 2001:4888:3:fffe:c0:d:0:3

D/RIL[L]  (  113):  [*]IPv6 Secondary  DNS ADDR 2001:4888:2:fffe:a0:d:0:3

D/RIL[L]  (  113): RX: IPC_GPRS_CMD(0x0D)	IPC_GPRS_CALL_STATUS(0x10)	IPC_CMD_NOTI(0x03)		[ 02 01 00 00 00 ]

D/RIL[L]  (  113): requestSetupDefaultPDPLTE(): cid(2) iptype(3) pcscfflag(0) apn(VZWINTERNET) con_type(IPV4V6)

D/RIL[L]  (  113): requestSetupDefaultPDPLTE(): Waiting cid (2)

D/RIL[L]  (  113): RxLTE_ResCallStatus_LTE(): waiting cid(2), cid(2)

D/RIL[L]  (  113): RxLTE_ResCallStatus_LTE(): Call Status changed --> cid(2), state(1), reason(0)

D/RIL[C]  (  113): setup_network_interface_ipv4v6() INTERFACE IS UP 

D/RIL[C]  (  113): Invalid mtu size stored in property

D/RIL[C]  (  113): activate_bridge_dev() Initial attach

D/RIL[C]  (  113): detach_bridge_dev():failed to remove the interface from the bridge

D/RIL[C]  (  113): Unable to delete the specified ipv6 address for rmnet1: Cannot assign requested address:99

D/RIL[C]  (  113): attach_bridge_dev(): No device is connected to bridge as of now

D/RIL[C]  (  113): attach_bridge_dev(): Added Interface lte_rmnet1 to bridge rmnet1

D/RIL[C]  (  113): ifc_remove_ipv6_linklocal_addr(): remove ipv6 addr with index(17)

D/RIL[L]  (  113): resumeDataChannelLTE(): channel 1, state = 1

D/RIL[L]  (  113): RxLTE_ResCallStatus_LTE(): waiting ipv6 configuration

D/RIL[L]  (  113): requestSetupDefaultPDPLTE(): cid(1) iptype(3) pcscfflag(1) apn(VZWIMS) con_type(IPV4V6)

D/RIL[L]  (  113): Data already setup cid 1  interfacename lte_rmnet0 ipaddr 0.0.0.0

D/RIL[C]  (  113): sendDataCallResponse(): status=0, cid=1, active=2, ifname=rmnet0, type=IPV6

D/RIL[C]  (  113): sendDataCallResponse(): addresses=2600:1010:8009:b798:0:1f:f3d2:4301/64, dnses=2001:4888:3:fffe:c0:d:0:3 2001:4888:2:fffe:a0:d:0:3, gateways=

D/RILJ    (  403): [1992]< SETUP_DATA_CALL DataCallState: {version=6 status=0 retry=-1 cid=1 active=2 type=IPV6' ifname='rmnet0' addresses=[2600:1010:8009:b798:0:1f:f3d2:4301/64] dnses=[2001:4888:3:fffe:c0:d:0:3,2001:4888:2:fffe:a0:d:0:3] gateways=[]}

D/GSM     (  403): [GsmDC-44] DcActivatingState msg.what=EVENT_SETUP_DATA_CONNECTION_DONE

D/GSM     (  403): [GsmDC-44] onSetupConnectionCompleted received DataCallState: DataCallState: {version=6 status=0 retry=-1 cid=1 active=2 type=IPV6' ifname='rmnet0' addresses=[2600:1010:8009:b798:0:1f:f3d2:4301/64] dnses=[2001:4888:3:fffe:c0:d:0:3,2001:4888:2:fffe:a0:d:0:3] gateways=[]}

D/GSM     (  403): addr/pl=2600:1010:8009:b798:0:1f:f3d2:4301/64

D/GSM     (  403): [GsmDC-44] updateLinkProperty old != new

D/GSM     (  403): [GsmDC-44] DcActivatingState onSetupConnectionCompleted result=SUCCESS  SetupResult.mFailCause=NONE

D/GSM     (  403): [GsmDC-44] notifyConnectionCompleted at 1326341259217 cause=NONE

D/GSM     (  403): [GsmDCT] handleMessage msg={ what=270336 when=0 arg1=1 obj=android.os.AsyncResult@418897c8 }

D/GSM     (  403): [GsmDCT] isDataSetupCompleteOk return true

D/GSM     (  403): [GsmDCT] onDataSetupComplete: success apn=VZWIMS

D/RIL[C]  (  113): sendDataCallList(): status=0, cid=1, active=2, ifname=rmnet0, type=IPV6

D/GSM     (  403): [GsmDCT] notifyDefaultData: type=ims, reason:dataEnabled

D/GSM     (  403): [ApnContext] setState: CONNECTED for type ims, previous state:INITING

D/CDMA    (  403): [CDMALTEPhone] getDataConnectionState apnType=ims ret=CONNECTED

D/GSM     (  403): [GsmDCT] return link properites for ims

D/GSM     (  403): [GsmDCT] get active pdp is not null, return link Capabilities for ims

D/GSM     (  403): [GsmDCT] isDataPossible(ims): possible=true isDataAllowed=true apnTypePossible=true apnContextisEnabled=true apnContextState()=CONNECTED

D/GSM     (  403): [GsmDCT] get active apn string for type:ims

D/GSM     (  403): [GsmDCT] overall state is CONNECTED

D/GSM     (  403): [GsmDCT] startNetStatPoll

D/GSM     (  403): [GsmDCT] startDataStallAlarm: tag=20865152 delay=360s

D/RIL[C]  (  113): sendDataCallList(): addresses=2600:1010:8009:b798:0:1f:f3d2:4301/64, dnses=2001:4888:3:fffe:c0:d:0:3 2001:4888:2:fffe:a0:d:0:3, gateways=

D/RILJ    (  403): responseDataCallList ver=6 num=1

D/RILJ    (  403): [UNSL]< UNSOL_DATA_CALL_LIST_CHANGED [DataCallState: {version=6 status=0 retry=-1 cid=1 active=2 type=IPV6' ifname='rmnet0' addresses=[2600:1010:8009:b798:0:1f:f3d2:4301/64] dnses=[2001:4888:3:fffe:c0:d:0:3,2001:4888:2:fffe:a0:d:0:3] gateways=[]}]

D/GSM     (  403): [GsmDCT] handleMessage msg={ what=270340 when=0 obj=android.os.AsyncResult@41826790 }

D/GSM     (  403): [GsmDCT] onDataStateChanged(ar): E

D/GSM     (  403): [GsmDCT] onDataStateChanged(ar): DataCallState size=1

D/GSM     (  403): [GsmDCT] onDataStateChanged(ar): Found ConnId=1 newState=DataCallState: {version=6 status=0 retry=-1 cid=1 active=2 type=IPV6' ifname='rmnet0' addresses=[2600:1010:8009:b798:0:1f:f3d2:4301/64] dnses=[2001:4888:3:fffe:c0:d:0:3,2001:4888:2:fffe:a0:d:0:3] gateways=[]}

D/GSM     (  403): addr/pl=2600:1010:8009:b798:0:1f:f3d2:4301/64

D/GSM     (  403): [GsmDCT] onDataStateChanged(ar): no change

D/GSM     (  403): [GsmDCT] onDataStateChanged(ar): X

D/CDMA    (  403): [CDMALTEPhone] getDataConnectionState apnType=default ret=CONNECTING

D/RIL[C]  (  113): handleIpv6NewPrefix() global addr for rmnet1: 2600:1010:b005:790f:0:1f:f3d2:4901

D/RIL[L]  (  113): requestIpv6ConfigureLTE()

D/RIL[C]  (  113): sendDataCallResponse(): status=0, cid=2, active=2, ifname=rmnet1, type=IPV4V6

D/RIL[C]  (  113): sendDataCallResponse(): addresses=10.167.13.182 2600:1010:b005:790f:0:1f:f3d2:4901/64, dnses=66.174.92.14 69.78.96.14 2001:4888:3:fffe:c0:d:0:3 2001:4888:2:fffe:a0:d:0:3, gateways=10.167.13.1 2600:1010:b005:790f::1

D/RIL[C]  (  113): sendDataCallList(): status=0, cid=1, active=2, ifname=rmnet0, type=IPV6

D/RIL[C]  (  113): sendDataCallList(): addresses=2600:1010:8009:b798:0:1f:f3d2:4301/64, dnses=2001:4888:3:fffe:c0:d:0:3 2001:4888:2:fffe:a0:d:0:3, gateways=

D/RIL[C]  (  113): sendDataCallList(): status=0, cid=2, active=2, ifname=rmnet1, type=IPV4V6

D/RIL[C]  (  113): sendDataCallList(): addresses=10.167.13.182 2600:1010:b005:790f:0:1f:f3d2:4901/64, dnses=66.174.92.14 69.78.96.14 2001:4888:3:fffe:c0:d:0:3 2001:4888:2:fffe:a0:d:0:3, gateways=10.167.13.1 2600:1010:b005:790f::1

D/RILJ    (  403): [1991]< SETUP_DATA_CALL DataCallState: {version=6 status=0 retry=-1 cid=2 active=2 type=IPV4V6' ifname='rmnet1' addresses=[10.167.13.182,2600:1010:b005:790f:0:1f:f3d2:4901/64] dnses=[66.174.92.14,69.78.96.14,2001:4888:3:fffe:c0:d:0:3,2001:4888:2:fffe:a0:d:0:3] gateways=[10.167.13.1,2600:1010:b005:790f::1]}

D/GSM     (  403): [GsmDC-43] DcActivatingState msg.what=EVENT_SETUP_DATA_CONNECTION_DONE

D/GSM     (  403): [GsmDC-43] onSetupConnectionCompleted received DataCallState: DataCallState: {version=6 status=0 retry=-1 cid=2 active=2 type=IPV4V6' ifname='rmnet1' addresses=[10.167.13.182,2600:1010:b005:790f:0:1f:f3d2:4901/64] dnses=[66.174.92.14,69.78.96.14,2001:4888:3:fffe:c0:d:0:3,2001:4888:2:fffe:a0:d:0:3] gateways=[10.167.13.1,2600:1010:b005:790f::1]}

D/GSM     (  403): addr/pl=10.167.13.182/32

D/GSM     (  403): addr/pl=2600:1010:b005:790f:0:1f:f3d2:4901/64

D/GSM     (  403): [GsmDC-43] updateLinkProperty old != new

D/GSM     (  403): [GsmDC-43] DcActivatingState onSetupConnectionCompleted result=SUCCESS  SetupResult.mFailCause=NONE

D/GSM     (  403): [GsmDC-43] notifyConnectionCompleted at 1326341259256 cause=NONE

D/GSM     (  403): [GsmDCT] handleMessage msg={ what=270336 when=-1ms arg1=2 obj=android.os.AsyncResult@41881588 }

D/GSM     (  403): [GsmDCT] isDataSetupCompleteOk return true

D/GSM     (  403): [GsmDCT] onDataSetupComplete: success apn=VZWINTERNET

D/RILJ    (  403): responseDataCallList ver=6 num=2

D/RILJ    (  403): [UNSL]< UNSOL_DATA_CALL_LIST_CHANGED [DataCallState: {version=6 status=0 retry=-1 cid=1 active=2 type=IPV6' ifname='rmnet0' addresses=[2600:1010:8009:b798:0:1f:f3d2:4301/64] dnses=[2001:4888:3:fffe:c0:d:0:3,2001:4888:2:fffe:a0:d:0:3] gateways=[]}, DataCallState: {version=6 status=0 retry=-1 cid=2 active=2 type=IPV4V6' ifname='rmnet1' addresses=[10.167.13.182,2600:1010:b005:790f:0:1f:f3d2:4901/64] dnses=[66.174.92.14,69.78.96.14,2001:4888:3:fffe:c0:d:0:3,2001:4888:2:fffe:a0:d:0:3] gateways=[10.167.13.1,2600:1010:b005:790f::1]}]

D/GSM     (  403): [GsmDCT] notifyDefaultData: type=default, reason:simLoaded

D/GSM     (  403): [ApnContext] setState: CONNECTED for type default, previous state:INITING

D/CDMA    (  403): [CDMALTEPhone] getDataConnectionState apnType=default ret=CONNECTED

D/GSM     (  403): [GsmDCT] return link properites for default

D/GSM     (  403): [GsmDCT] get active pdp is not null, return link Capabilities for default

D/GSM     (  403): [GsmDCT] isDataPossible(default): possible=true isDataAllowed=true apnTypePossible=true apnContextisEnabled=true apnContextState()=CONNECTED

D/GSM     (  403): [GsmDCT] get active apn string for type:default

D/GSM     (  403): [GsmDCT] overall state is CONNECTED

D/GSM     (  403): [GsmDCT] startDataStallAlarm: tag=20865153 delay=360s

D/GSM     (  403): [GsmDCT] handleMessage msg={ what=270340 when=-29ms obj=android.os.AsyncResult@418f7968 }

D/GSM     (  403): [GsmDCT] onDataStateChanged(ar): E

D/GSM     (  403): [GsmDCT] onDataStateChanged(ar): DataCallState size=2

