D/RIL[C]  (  113): Unable to delete the specified ipv6 address for rmnet0: Cannot assign requested address:99

D/RIL[C]  (  113): make_bridge_dev(): bridge already exists, can't create with the same name!

D/RIL[C]  (  113): make_bridge_dev(): Add Bridge complete

D/RIL[C]  (  113): detach_bridge_dev():failed to remove the interface from the bridge

D/RIL[C]  (  113): deactivate_bridge_dev(): failed to detach device

D/RIL[C]  (  113): Unable to delete the specified ipv6 address for rmnet1: Cannot assign requested address:99

D/RIL[C]  (  113): handleIpv6DelAddr()

D/RIL[C]  (  113): Unable to delete the specified ipv6 address for rmnet1: Cannot assign requested address:99

D/RIL[C]  (  113): make_bridge_dev(): bridge already exists, can't create with the same name!

D/RIL[C]  (  113): make_bridge_dev(): Add Bridge complete

D/RIL[C]  (  113): detach_bridge_dev():failed to remove the interface from the bridge

D/RIL[C]  (  113): deactivate_bridge_dev(): failed to detach device

D/RIL[C]  (  113): Unable to delete the specified ipv6 address for rmnet2: Cannot assign requested address:99

D/RIL[C]  (  113): detach_bridge_dev():failed to remove the interface from the bridge

D/RIL[C]  (  113): deactivate_bridge_dev(): failed to detach device

D/RIL[C]  (  113): Unable to delete the specified ipv6 address for rmnet2: Cannot assign requested address:99

D/RIL[C]  (  113): make_bridge_dev(): bridge already exists, can't create with the same name!

D/RIL[C]  (  113): make_bridge_dev(): Add Bridge complete

D/RIL[C]  (  113): detach_bridge_dev():failed to remove the interface from the bridge

D/RIL[C]  (  113): deactivate_bridge_dev(): failed to detach device

D/RIL[C]  (  113): Unable to delete the specified ipv6 address for rmnet3: Cannot assign requested address:99

D/RIL[C]  (  113): detach_bridge_dev():failed to remove the interface from the bridge

D/RIL[C]  (  113): deactivate_bridge_dev(): failed to detach device

D/RIL[C]  (  113): Unable to delete the specified ipv6 address for rmnet3: Cannot assign requested address:99

E/RIL[V]  (  113): load_cell_cache_db Cell Cache DB is not exist!

D/RIL[C]  (  113): OpenNewInterface0 :CDMA_FD:19

D/RIL[C]  (  113): OpenNewInterface1 :LTE_FD:20

D/RIL[C]  (  113): OpenNewInterface1 :LTE_RFS_FD:21

D/RIL[C]  (  113): __silent_reset StartRXReader() OK!

D/RIL[C]  (  113): [TID] ReaderLoop(13261)

D/RIL[C]  (  113): __silent_reset StartRilProcessor() OK!

D/RIL[C]  (  113): [*] RilProcessorLoop start: TID(13262)

D/RIL[C]  (  113): new ims service connection=43

D/RIL[C]  (  113): process_ims_service_server: ims_service_server.fd=43

D/RIL[L]  (  113): RX: IPC_IMS_CMD(0x70)	IPC_IMS_REGISTRATION(0x03)	IPC_CMD_INDI(0x01)		[ 00 00 ]

D/RIL[L]  (  113): sState(RADIO_STATE_UNAVAILABLE) process_ipc_notify_message_lte invalid CMD ID : 112, sub cmd 3 

D/RIL[C]  (  113): CancelAllRequests [EVT]:Req(0), RX(0)

D/RIL[C]  (  113): CancelAllRequests [EVT]:Req(0), RX(0)

D/RIL[C]  (  113): __silent_reset CancelAllRequests() OK!

D/RIL[C]  (  113): __silent_reset CancelAllReceived() OK!

D/RIL[C]  (  113): ModemPowerReset() Trying Both Modems On

D/RIL[C]  (  113): ModemPowerReset() : CDMA Modem Reset Succeeded!!!

D/RIL[C]  (  113): SendStartSignalToLTEModem()

D/RIL[C]  (  113): IsUSBDriverReady : STATE_ONLINE 300

D/RIL[C]  (  113): SendStartSignalToLTEModem() Succeeded!

D/RIL[C]  (  113): ModemPowerReset() : LTE Modem Reset Succeeded!!!

D/RIL[L]  (  113): RX: IPC_PWR_CMD(0x01)	IPC_PWR_PHONE_PWR_UP(0x01)	IPC_CMD_NOTI(0x03)		[ ]

D/RIL[L]  (  113): ***********************************************

D/RIL[L]  (  113):          LTE MODEM POWER UP NOTI !!!

D/RIL[L]  (  113): ***********************************************

D/RIL[L]  (  113): RX: IPC_SEC_CMD(0x05)	IPC_SEC_SIM_ICC_TYPE(0x07)	IPC_CMD_NOTI(0x03)		[ 02 ]

D/RIL[L]  (  113): sState(RADIO_STATE_UNAVAILABLE) process_ipc_notify_message_lte invalid CMD ID : 5, sub cmd 7 

D/RIL[L]  (  113): RX: IPC_SEC_CMD(0x05)	IPC_SEC_PIN_STATUS(0x01)	IPC_CMD_NOTI(0x03)		[ 00 00 ]

D/RIL[L]  (  113): sState(RADIO_STATE_UNAVAILABLE) process_ipc_notify_message_lte invalid CMD ID : 5, sub cmd 1 

D/RIL[L]  (  113): RX: IPC_SEC_CMD(0x05)	IPC_SEC_PIN_STATUS(0x01)	IPC_CMD_NOTI(0x03)		[ 82 00 ]

D/RIL[L]  (  113): sState(RADIO_STATE_UNAVAILABLE) process_ipc_notify_message_lte invalid CMD ID : 5, sub cmd 1 

D/RIL[V]  (  113): RX: IPC_PWR_CMD(0x01)	IPC_PWR_PHONE_PWR_UP(0x01)	IPC_CMD_NOTI(0x03)		[ ]

D/RIL[V]  (  113): ***********************************************

D/RIL[V]  (  113):          CDMA MODEM POWER UP NOTI !!!

D/RIL[V]  (  113): ***********************************************

D/RIL[V]  (  113): Dial Up Network status : 2

D/RIL[V]  (  113): TX: IPC_CDMA_DATA_CMD(0x03)	IPC_CDMA_DATA_DUN_MODE(0x1E)	IPC_CMD_SET(0x03)		[ 01 ]

D/RIL[C]  (  113): CheckModemPowerUp Terminated!

D/RIL[V]  (  113): TX: IPC_PWR_CMD(0x01)	IPC_PWR_PHONE_STATE(0x07)	IPC_CMD_EXEC(0x01)		[ 04 ]

D/RIL[L]  (  113): TX: IPC_PWR_CMD(0x01)	IPC_PWR_PHONE_STATE(0x07)	IPC_CMD_EXEC(0x01)		[ 01 00 ]

D/RIL[V]  (  113): RX: IPC_GEN_CMD(0x80)	IPC_GEN_PHONE_RES(0x01)	IPC_CMD_RESP(0x02)		[ 03 1E 00 80 ]

D/RIL[V]  (  113): sState (RADIO_STATE_UNAVAILABLE) process_ipc_notify_message_cdma invalid CMD ID : 128, sub cmd 1 

D/RIL[V]  (  113): RX: IPC_CDMA_DATA_CMD(0x03)	IPC_CDMA_DATA_CALL_STATUS(0x21)	IPC_CMD_NOTI(0x03)		[ 00 03 00 00 ]

D/RIL[V]  (  113): sState (RADIO_STATE_UNAVAILABLE) process_ipc_notify_message_cdma invalid CMD ID : 3, sub cmd 33 

D/RIL[V]  (  113): RX: IPC_GEN_CMD(0x80)	IPC_GEN_PHONE_RES(0x01)	IPC_CMD_RESP(0x02)		[ 01 07 00 80 ]

D/RIL[V]  (  113): RX: IPC_PWR_CMD(0x01)	IPC_PWR_PHONE_STATE(0x07)	IPC_CMD_NOTI(0x03)		[ 04 ]

D/RIL[V]  (  113): RX: IPC_MISC_CMD(0x0A)	IPC_MISC_PHONE_DEBUG(0x08)	IPC_CMD_NOTI(0x03)		[ [MMC] CurPSDataType 0... ]

D/RIL[V]  (  113): sState (RADIO_STATE_UNAVAILABLE) process_ipc_notify_message_cdma invalid CMD ID : 10, sub cmd 8 

D/RIL[V]  (  113): RX: IPC_MISC_CMD(0x0A)	IPC_MISC_PHONE_DEBUG(0x08)	IPC_CMD_NOTI(0x03)		[ [MMC] DATACONN_DSTATE UPDATED 2... ]

D/RIL[V]  (  113): sState (RADIO_STATE_UNAVAILABLE) process_ipc_notify_message_cdma invalid CMD ID : 10, sub cmd 8 

D/RIL[L]  (  113): RX: IPC_GEN_CMD(0x80)	IPC_GEN_PHONE_RES(0x01)	IPC_CMD_RESP(0x02)		[ 01 07 01 00 80 ]

D/RIL[L]  (  113): RX: IPC_PWR_CMD(0x01)	IPC_PWR_PHONE_STATE(0x07)	IPC_CMD_NOTI(0x03)		[ 01 ]

D/RIL[C]  (  113): currentState(): state(0) = CDMA [0] + LTE [0]

D/RILJ    (  403): [UNSL]< UNSOL_RESPONSE_RADIO_STATE_CHANGED RADIO_OFF

D/RILB    (  403): Notifying: radio off or not available

D/RILB    (  403): getLteOnCdmaMode=1 curVal=1 product_type='' lteOnCdmaProductType=''

D/RILB    (  403): getLteOnCdmaMode=1 curVal=1 product_type='' lteOnCdmaProductType=''

D/RILB    (  403): getLteOnCdmaMode=1 curVal=1 product_type='' lteOnCdmaProductType=''

D/RILB    (  403): getLteOnCdmaMode=1 curVal=1 product_type='' lteOnCdmaProductType=''

D/RILB    (  403): getLteOnCdmaMode=1 curVal=1 product_type='' lteOnCdmaProductType=''

D/RILJ    (  403): [1908]> RADIO_POWER on

D/CDMA    (  403): [CdmaLteSST] pollStateDone CDMA STATE_IN_SERVICE newNetworkType = 0 mNewDataConnectionState = 1

D/RIL[V]  (  113): TX: IPC_PWR_CMD(0x01)	IPC_PWR_PHONE_STATE(0x07)	IPC_CMD_EXEC(0x01)		[ 03 ]

D/CDMA    (  403): [CdmaLteSST] pollStateDone: oldSS=[0 home Verizon Wireless  310004  1xRTT:6 CSS not supported 5 112 RoamInd=64 DefRoamInd=68 EmergOnly=false] newSS=[3 home null null null  Unknown:0 CSS not supported -1 -1 RoamInd=-1 DefRoamInd=-1 EmergOnly=false]

D/RIL[L]  (  113): ****************   ph->trans_fd[LTE] = 20 

D/CDMA    (  403): [CdmaLteSST] pollStateDone: hasRegistered=false hasDeegistered=true hasCdmaDataConnectionAttached=false hasCdmaDataConnectionDetached=true hasCdmaDataConnectionChanged=true hasNetworkTypeChanged = true hasChanged=true hasRoamingOn=false hasRoamingOff=false hasLocationChanged=true has4gHandoff = false hasMultiApnSupport=false hasLostMultiApnSupport=false

D/RIL[L]  (  113): TX: IPC_PWR_CMD(0x01)	IPC_PWR_PHONE_STATE(0x07)	IPC_CMD_EXEC(0x01)		[ 02 02 ]

D/RIL[L]  (  113): RX: IPC_GEN_CMD(0x80)	IPC_GEN_PHONE_RES(0x01)	IPC_CMD_RESP(0x02)		[ 01 07 01 00 80 ]

D/RIL[L]  (  113): RX: IPC_PWR_CMD(0x01)	IPC_PWR_PHONE_STATE(0x07)	IPC_CMD_NOTI(0x03)		[ 02 ]

D/RIL[L]  (  113): RX: IPC_SEC_CMD(0x05)	IPC_SEC_SIM_ICC_TYPE(0x07)	IPC_CMD_NOTI(0x03)		[ 02 ]

D/RIL[L]  (  113): ICCTYPE is already set : 2

D/RIL[L]  (  113): RX: IPC_SEC_CMD(0x05)	IPC_SEC_PIN_STATUS(0x01)	IPC_CMD_NOTI(0x03)		[ 00 00 ]

D/RIL[L]  (  113): RX: IPC_SEC_CMD(0x05)	IPC_SEC_PIN_STATUS(0x01)	IPC_CMD_NOTI(0x03)		[ 82 00 ]

D/RIL[L]  (  113): TX: IPC_SMS_CMD(0x04)	IPC_SMS_DEVICE_READY(0x07)	IPC_CMD_SET(0x03)		[ ]

D/RIL[L]  (  113): TX: IPC_NET_CMD(0x08)	IPC_NET_MODE_SEL(0x0A)	IPC_CMD_SET(0x03)		[ 01 ]

D/CDMA    (  403): [CdmaLteSST] updateSpnDisplay: changed sending intent showPlmn='true' plmn='Searching for Service'

D/RIL[L]  (  113): RX: IPC_GEN_CMD(0x80)	IPC_GEN_PHONE_RES(0x01)	IPC_CMD_RESP(0x02)		[ 04 07 03 00 80 ]

D/RIL[L]  (  113): RX: IPC_SMS_CMD(0x04)	IPC_SMS_DEVICE_READY(0x07)	IPC_CMD_NOTI(0x03)		[ 02 FF 69 00 48 ]

D/RIL[L]  (  113): RX: IPC_GEN_CMD(0x80)	IPC_GEN_PHONE_RES(0x01)	IPC_CMD_RESP(0x02)		[ 08 0A 03 00 80 ]

D/RIL[L]  (  113): internalAttachLTE()

D/CDMA    (  403): [CDMALTEPhone] getDataConnectionState apnType=default ret=DISCONNECTED

D/CDMA    (  403): [CdmaLteSST] getOtasp: state=3

D/CDMA    (  403): [CdmaDCT] Data not allowed due to - psState= 1

D/CDMA    (  403): [CdmaLteSST] getOtasp: state=3

D/CDMA    (  403): [CdmaDCT] Data not allowed due to - psState= 1

D/RIL[C]  (  113): findApnInfo() no apns in apn_info

D/RIL[L]  (  113): getImsEnable(): Enabled(0) - missing or desabled in DB

D/RIL[L]  (  113): internalAttachLTE(): ondemand is enabled.

D/RIL[L]  (  113): RX: IPC_DISP_CMD(0x07)	IPC_DISP_ICON_INFO(0x01)	IPC_CMD_NOTI(0x03)		[ 01 04 00 00 63 8D 14 BC 00 00 ]

D/RIL[V]  (  113): RX: IPC_GEN_CMD(0x80)	IPC_GEN_PHONE_RES(0x01)	IPC_CMD_RESP(0x02)		[ 01 07 00 80 ]

D/RIL[C]  (  113): currentState(): state(2) = CDMA [5] + LTE [4]

D/RILJ    (  403): [UNSL]< UNSOL_RESPONSE_RADIO_STATE_CHANGED SIM_NOT_READY

D/RILB    (  403): Notifying: Radio On

D/RILB    (  403): getLteOnCdmaMode=1 curVal=1 product_type='' lteOnCdmaProductType=''

D/RILB    (  403): getLteOnCdmaMode=1 curVal=1 product_type='' lteOnCdmaProductType=''

D/RILB    (  403): getLteOnCdmaMode=1 curVal=1 product_type='' lteOnCdmaProductType=''

D/RILB    (  403): getLteOnCdmaMode=1 curVal=1 product_type='' lteOnCdmaProductType=''

D/RILB    (  403): getLteOnCdmaMode=1 curVal=1 product_type='' lteOnCdmaProductType=''

D/RILJ    (  403): [1908]< RADIO_POWER 

D/RIL[L]  (  113): RX: IPC_MISC_CMD(0x0A)	IPC_MISC_PHONE_DEBUG(0x08)	IPC_CMD_NOTI(0x03)		[ GMSS_Start-CalDone]

E/RIL[V]  (  113): record_phone_debug_msg: stat failed. No such file or directory.

E/RIL[V]  (  113): Can't open /data/log/dumpstate_cp_debug.log. No such file or directory

D/CDMA    (  403): [CDMALTEPhone] getDataConnectionState apnType=mms ret=DISCONNECTED

D/CDMA    (  403): [CDMALTEPhone] getDataConnectionState apnType=default ret=DISCONNECTED

D/CDMA    (  403): [CdmaLteSST] getOtasp: state=3

D/CDMA    (  403): [CdmaDCT] Data not allowed due to - psState= 1

D/CDMA    (  403): [CdmaLteSST] getOtasp: state=3

D/CDMA    (  403): [CdmaDCT] Data not allowed due to - psState= 1

D/RIL[L]  (  113): RX: IPC_SAT_CMD(0x0E)	IPC_SAT_PROACTIVE_CMD(0x03)	IPC_CMD_INDI(0x01)		[ 0F 00 D0 0D 81 03 01 05 00 82 02 ... ]

D/RIL[L]  (  113): TX: IPC_SAT_CMD(0x0E)	IPC_SAT_SETUP_EVENT_LIST(0x09)	IPC_CMD_GET(0x02)		[ 02 09 0A 00 00 00 00 00 00 00 00 ... ]

D/RIL[L]  (  113): RX: IPC_SAT_CMD(0x0E)	IPC_SAT_SETUP_EVENT_LIST(0x09)	IPC_CMD_RESP(0x02)		[ 01 ]

D/RIL[L]  (  113): SEND EVENT LIST to BIP Application !!!

D/CDMA    (  403): [CDMALTEPhone] getDataConnectionState apnType=hipri ret=DISCONNECTED

D/CDMA    (  403): [CdmaLteSST] getOtasp: state=3

D/CDMA    (  403): [CdmaDCT] Data not allowed due to - psState= 1

D/CDMA    (  403): [CdmaLteSST] getOtasp: state=3

D/CDMA    (  403): [CdmaDCT] Data not allowed due to - psState= 1

D/CDMA    (  403): [IccCard] Broadcasting intent ACTION_SIM_STATE_CHANGED NOT_READY reason null

D/RIL_BIPJ(13177): [UNSL]< UNSOL_STK_PROACTIVE_COMMAND d00d8103010500820281821902090a

D/CDMA    (  403): Event EVENT_RADIO_OFF_OR_NOT_AVAILABLE Received

D/CDMA    (  403): [CdmaDCT] CdmaDCT handleMessage msg={ what=270342 when=-62ms obj=android.os.AsyncResult@418da5c8 }

D/CDMA    (  403): [CdmaDCT] Radio is off and clean up all connection

D/CDMA    (  403): [CdmaDCT] CdmaDCT handleMessage msg={ what=270356 when=-43ms obj=android.os.AsyncResult@4189cb40 }

D/CDMA    (  403): [CdmaDCT] cleanUpConnection: reason: cdmaDataDetached

D/CDMA    (  403): [CDMALTEPhone] getDataConnectionState apnType=default ret=DISCONNECTED

D/CDMA    (  403): [CdmaDCT] setState: DISCONNECTING

D/CDMA    (  403): [CdmaDCT] notifyOffApnsOfAvailability - reason= cdmaDataDetached

D/CDMA    (  403): [CdmaLteSST] getOtasp: state=3

D/CDMA    (  403): [CdmaDCT] Data not allowed due to - psState= 1 - radioState= RADIO_OFF - RUIM not loaded

D/CDMA    (  403): [CdmaLteSST] getOtasp: state=3

D/CDMA    (  403): [CdmaDCT] Data not allowed due to - psState= 1 - radioState= RADIO_OFF - RUIM not loaded

D/CDMA    (  403): [CdmaLteSST] getOtasp: state=3

D/CDMA    (  403): [CdmaDCT] Data not allowed due to - psState= 1 - radioState= RADIO_OFF - RUIM not loaded

D/CDMA    (  403): [CdmaLteSST] getOtasp: state=3

D/CDMA    (  403): [CdmaDCT] Data not allowed due to - psState= 1 - radioState= RADIO_OFF - RUIM not loaded

D/CDMA    (  403): [CDMALTEPhone] getDataConnectionState apnType=default ret=CONNECTED

D/CDMA    (  403): [CdmaLteSST] getOtasp: state=3

D/CDMA    (  403): [CdmaDCT] Data not allowed due to - psState= 1 - radioState= RADIO_OFF - RUIM not loaded

D/CDMA    (  403): [CdmaLteSST] getOtasp: state=3

D/CDMA    (  403): [CdmaDCT] Data not allowed due to - psState= 1 - radioState= RADIO_OFF - RUIM not loaded

D/CDMA    (  403): [CdmaLteSST] getOtasp: state=3

D/CDMA    (  403): [CdmaDCT] Data not allowed due to - psState= 1 - radioState= RADIO_OFF - RUIM not loaded

D/CDMA    (  403): [CdmaLteSST] getOtasp: state=3

D/CDMA    (  403): [CdmaDCT] Data not allowed due to - psState= 1 - radioState= RADIO_OFF - RUIM not loaded

D/RIL_BIPJ(13177): writing packet: 64 bytes

D/CDMA    (  403): [CdmaLteSST] getOtasp: state=3

D/CDMA    (  403): [CdmaDCT] Data not allowed due to - psState= 1 - radioState= RADIO_OFF - RUIM not loaded

D/CDMA    (  403): [CdmaLteSST] getOtasp: state=3

D/CDMA    (  403): [CdmaDCT] Data not allowed due to - psState= 1 - radioState= RADIO_OFF - RUIM not loaded

D/RIL[L]  (  113): TX: IPC_SAT_CMD(0x0E)	IPC_SAT_PROACTIVE_CMD(0x03)	IPC_CMD_GET(0x02)		[ 0C 81 03 01 05 00 82 02 82 81 83 ... ]

D/CDMA    (  403): [CdmaLteSST] getOtasp: state=3

D/CDMA    (  403): [CdmaDCT] Data not allowed due to - psState= 1 - radioState= RADIO_OFF - RUIM not loaded

D/CDMA    (  403): [CdmaLteSST] getOtasp: state=3

D/CDMA    (  403): [CdmaDCT] Data not allowed due to - psState= 1 - radioState= RADIO_OFF - RUIM not loaded

D/CDMA    (  403): [CdmaLteSST] getOtasp: state=3

D/CDMA    (  403): [CdmaDCT] Data not allowed due to - psState= 1 - radioState= RADIO_OFF - RUIM not loaded

D/CDMA    (  403): [CdmaLteSST] getOtasp: state=3

D/CDMA    (  403): [CdmaDCT] Data not allowed due to - psState= 1 - radioState= RADIO_OFF - RUIM not loaded

D/CDMA    (  403): [CdmaDCT] cleanUpConnection: !tearDown, call conn.resetSynchronously

D/CDMA    (  403): [CdmaDC-42] DcInactiveState: msg.what=RSP_RESET, ignore we're already reset

D/CDMA    (  403): [CdmaDCT] [DataConnection] Stop poll NetStat

D/CDMA    (  403): [CdmaDCT] cleanupConnection: !notificationDeferred

D/CDMA    (  403): [CdmaDCT] gotoIdleAndNotifyDataConnection: reason=cdmaDataDetached

D/CDMA    (  403): [CdmaDCT] setState: IDLE

D/CDMA    (  403): [CDMALTEPhone] getDataConnectionState apnType=default ret=DISCONNECTED

D/CDMA    (  403): [CdmaLteSST] getOtasp: state=3

D/CDMA    (  403): [CdmaDCT] Data not allowed due to - psState= 1 - radioState= RADIO_OFF - RUIM not loaded

D/CDMA    (  403): [CdmaLteSST] getOtasp: state=3

D/CDMA    (  403): [CdmaDCT] Data not allowed due to - psState= 1 - radioState= RADIO_OFF - RUIM not loaded

D/CDMA    (  403): [CdmaDCT] notifyOffApnsOfAvailability - reason= cdmaDataDetached

D/CDMA    (  403): [CdmaLteSST] getOtasp: state=3

D/CDMA    (  403): [CdmaDCT] Data not allowed due to - psState= 1 - radioState= RADIO_OFF - RUIM not loaded

D/CDMA    (  403): [CdmaLteSST] getOtasp: state=3

D/CDMA    (  403): [CdmaDCT] Data not allowed due to - psState= 1 - radioState= RADIO_OFF - RUIM not loaded

D/CDMA    (  403): [CDMALTEPhone] getDataConnectionState apnType=default ret=DISCONNECTED

D/CDMA    (  403): [CDMALTEPhone] getDataConnectionState apnType=default ret=DISCONNECTED

D/CDMA    (  403): [CdmaLteSST] getOtasp: state=3

D/CDMA    (  403): [CdmaDCT] Data not allowed due to - psState= 1 - radioState= RADIO_OFF - RUIM not loaded

D/CDMA    (  403): [CdmaLteSST] getOtasp: state=3

D/CDMA    (  403): [CdmaDCT] Data not allowed due to - psState= 1 - radioState= RADIO_OFF - RUIM not loaded

D/CDMA    (  403): [CdmaLteSST] getOtasp: state=3

D/CDMA    (  403): [CdmaDCT] Data not allowed due to - psState= 1 - radioState= RADIO_OFF - RUIM not loaded

D/CDMA    (  403): [CdmaLteSST] getOtasp: state=3

D/CDMA    (  403): [CdmaDCT] Data not allowed due to - psState= 1 - radioState= RADIO_OFF - RUIM not loaded

D/CDMA    (  403): [CdmaLteSST] getOtasp: state=3

D/CDMA    (  403): [CdmaDCT] Data not allowed due to - psState= 1 - radioState= RADIO_OFF - RUIM not loaded

D/CDMA    (  403): [CdmaLteSST] getOtasp: state=3

D/CDMA    (  403): [CdmaDCT] Data not allowed due to - psState= 1 - radioState= RADIO_OFF - RUIM not loaded

D/CDMA    (  403): [CDMALTEPhone] getDataConnectionState apnType=default ret=DISCONNECTED

D/CDMA    (  403): [CdmaLteSST] getOtasp: state=3

D/CDMA    (  403): [CdmaDCT] Data not allowed due to - psState= 1 - radioState= RADIO_OFF - RUIM not loaded

D/CDMA    (  403): [CdmaLteSST] getOtasp: state=3

D/CDMA    (  403): [CdmaDCT] Data not allowed due to - psState= 1 - radioState= RADIO_OFF - RUIM not loaded

D/CDMA    (  403): [CdmaLteSST] getOtasp: state=3

D/CDMA    (  403): [CdmaDCT] Data not allowed due to - psState= 1 - radioState= RADIO_OFF - RUIM not loaded

D/CDMA    (  403): [CdmaLteSST] getOtasp: state=3

D/CDMA    (  403): [CdmaDCT] Data not allowed due to - psState= 1 - radioState= RADIO_OFF - RUIM not loaded

D/CDMA    (  403): [CdmaLteSST] getOtasp: state=3

D/CDMA    (  403): [CdmaDCT] Data not allowed due to - psState= 1 - radioState= RADIO_OFF - RUIM not loaded

D/CDMA    (  403): [CdmaLteSST] getOtasp: state=3

D/CDMA    (  403): [CdmaDCT] Data not allowed due to - psState= 1 - radioState= RADIO_OFF - RUIM not loaded

D/CDMA    (  403): [CdmaDCT] ***trySetupData due to cdmaDataDetached

D/CDMA    (  403): [CdmaLteSST] getOtasp: state=3

D/CDMA    (  403): [CdmaDCT] Data not allowed due to - psState= 1 - radioState= RADIO_OFF - RUIM not loaded

D/CDMA    (  403): [CdmaDCT] notifyOffApnsOfAvailability - reason= cdmaDataDetached

D/CDMA    (  403): [CdmaLteSST] getOtasp: state=3

D/CDMA    (  403): [CdmaDCT] Data not allowed due to - psState= 1 - radioState= RADIO_OFF - RUIM not loaded

D/CDMA    (  403): [CdmaLteSST] getOtasp: state=3

D/CDMA    (  403): [CdmaDCT] Data not allowed due to - psState= 1 - radioState= RADIO_OFF - RUIM not loaded

D/CDMA    (  403): [CDMALTEPhone] getDataConnectionState apnType=default ret=DISCONNECTED

D/CDMA    (  403): [CdmaLteSST] getOtasp: state=3

D/CDMA    (  403): [CdmaDCT] Data not allowed due to - psState= 1 - radioState= RADIO_OFF - RUIM not loaded

D/CDMA    (  403): [CdmaLteSST] getOtasp: state=3

D/CDMA    (  403): [CdmaDCT] Data not allowed due to - psState= 1 - radioState= RADIO_OFF - RUIM not loaded

D/CDMA    (  403): [CdmaLteSST] getOtasp: state=3

D/CDMA    (  403): [CdmaDCT] Data not allowed due to - psState= 1 - radioState= RADIO_OFF - RUIM not loaded

D/CDMA    (  403): [CdmaLteSST] getOtasp: state=3

D/CDMA    (  403): [CdmaDCT] Data not allowed due to - psState= 1 - radioState= RADIO_OFF - RUIM not loaded

D/CDMA    (  403): [CdmaLteSST] getOtasp: state=3

D/CDMA    (  403): [CdmaDCT] Data not allowed due to - psState= 1 - radioState= RADIO_OFF - RUIM not loaded

D/CDMA    (  403): [CdmaLteSST] getOtasp: state=3

D/CDMA    (  403): [CdmaDCT] Data not allowed due to - psState= 1 - radioState= RADIO_OFF - RUIM not loaded

D/CDMA    (  403): [CDMALTEPhone] getDataConnectionState apnType=default ret=DISCONNECTED

D/CDMA    (  403): [CdmaLteSST] getOtasp: state=3

D/CDMA    (  403): [CdmaDCT] Data not allowed due to - psState= 1 - radioState= RADIO_OFF - RUIM not loaded

D/CDMA    (  403): [CdmaLteSST] getOtasp: state=3

D/CDMA    (  403): [CdmaDCT] Data not allowed due to - psState= 1 - radioState= RADIO_OFF - RUIM not loaded

D/CDMA    (  403): [CDMALTEPhone] getDataConnectionState apnType=default ret=DISCONNECTED

D/CDMA    (  403): [CdmaLteSST] getOtasp: state=3

D/CDMA    (  403): [CdmaDCT] Data not allowed due to - psState= 1 - radioState= RADIO_OFF - RUIM not loaded

D/CDMA    (  403): [CdmaLteSST] getOtasp: state=3

D/CDMA    (  403): [CdmaDCT] Data not allowed due to - psState= 1 - radioState= RADIO_OFF - RUIM not loaded

D/RIL[L]  (  113): RX: IPC_SAT_CMD(0x0E)	IPC_SAT_PROACTIVE_CMD(0x03)	IPC_CMD_RESP(0x02)		[ 90 00 ]

D/RILJ    (  403): [UNSL]< UNSOL_STK_SESSION_END

D/RIL_BIPJ(13177): [0000]< REQUEST_STK_SEND_TERMINAL_RESPONSE 

D/CDMA    (  403): [CDMALTEPhone] getDataConnectionState apnType=default ret=DISCONNECTED

D/CDMA    (  403): [CdmaLteSST] getOtasp: state=3

D/CDMA    (  403): [CdmaDCT] Data not allowed due to - psState= 1 - radioState= RADIO_OFF - RUIM not loaded

D/CDMA    (  403): [CdmaLteSST] getOtasp: state=3

D/CDMA    (  403): [CdmaDCT] Data not allowed due to - psState= 1 - radioState= RADIO_OFF - RUIM not loaded

D/CDMA    (  403): [CDMALTEPhone] getDataConnectionState apnType=default ret=DISCONNECTED

D/RILJ    (  403): [1909]> OPERATOR

D/RILJ    (  403): [1910]> VOICE_REGISTRATION_STATE

D/RIL[V]  (  113): TX: IPC_NET_CMD(0x08)	IPC_NET_SERVING_NETWORK(0x03)	IPC_CMD_GET(0x02)		[ ]

D/CDMA    (  403): [CdmaLteSST] pollState: network mode here is = 7

D/RILJ    (  403): [1911]> DATA_REGISTRATION_STATE

D/RILJ    (  403): [1912]> GET_CURRENT_CALLS

D/RIL[L]  (  113): TX: IPC_NET_CMD(0x08)	IPC_NET_REGIST(0x05)	IPC_CMD_GET(0x02)		[ FF 03 ]

D/RIL[V]  (  113): TX: IPC_CALL_CMD(0x02)	IPC_CALL_LIST(0x06)	IPC_CMD_GET(0x02)		[ ]

D/CDMA    (  403): Event EVENT_RADIO_ON Received

D/RIL[L]  (  113): RX: IPC_NET_CMD(0x08)	IPC_NET_REGIST(0x05)	IPC_CMD_RESP(0x02)		[ 21 03 01 00 00 00 00 00 00 00 00 ... ]

D/CDMA    (  403): [CdmaDCT] CdmaDCT handleMessage msg={ what=270366 when=-141ms }

D/CDMA    (  403): [CdmaDCT] cleanUpConnection: reason: null

D/CDMA    (  403): [CdmaDCT] setState: DISCONNECTING

D/CDMA    (  403): [CdmaDCT] notifyOffApnsOfAvailability - reason= null

D/CDMA    (  403): [CdmaLteSST] getOtasp: state=3

D/CDMA    (  403): [CdmaDCT] Data not allowed due to - psState= 1 - radioState= RADIO_OFF - RUIM not loaded

D/CDMA    (  403): [CdmaLteSST] getOtasp: state=3

D/CDMA    (  403): [CdmaDCT] Data not allowed due to - psState= 1 - radioState= RADIO_OFF - RUIM not loaded

D/CDMA    (  403): [CdmaLteSST] getOtasp: state=3

D/CDMA    (  403): [CdmaDCT] Data not allowed due to - psState= 1 - radioState= RADIO_OFF - RUIM not loaded

D/CDMA    (  403): [CdmaLteSST] getOtasp: state=3

D/CDMA    (  403): [CdmaDCT] Data not allowed due to - psState= 1 - radioState= RADIO_OFF - RUIM not loaded

D/CDMA    (  403): [CdmaLteSST] getOtasp: state=3

D/CDMA    (  403): [CdmaDCT] Data not allowed due to - psState= 1 - radioState= RADIO_OFF - RUIM not loaded

D/CDMA    (  403): [CdmaLteSST] getOtasp: state=3

D/CDMA    (  403): [CdmaDCT] Data not allowed due to - psState= 1 - radioState= RADIO_OFF - RUIM not loaded

D/RIL[V]  (  113): RX: IPC_NET_CMD(0x08)	IPC_NET_SERVING_NETWORK(0x03)	IPC_CMD_RESP(0x02)		[ 01 01 FF 01 01 01 01 01 23 11 00 ... ]

D/RIL[V]  (  113): RX: IPC_CALL_CMD(0x02)	IPC_CALL_LIST(0x06)	IPC_CMD_RESP(0x02)		[ 00 00 00 00 00 00 00 00 00 00 00 ... ]

D/RIL[V]  (  113): TX: IPC_NET_CMD(0x08)	IPC_NET_REGIST(0x05)	IPC_CMD_GET(0x02)		[ FF 02 ]

D/CDMA    (  403): [CDMALTEPhone] getDataConnectionState apnType=default ret=CONNECTED

D/RILJ    (  403): [1909]< OPERATOR {, , }

D/RILJ    (  403): [1912]< GET_CURRENT_CALLS  

D/CDMA    (  403): [CdmaLteSST] getOtasp: state=3

D/CDMA    (  403): [CdmaDCT] Data not allowed due to - psState= 1 - radioState= RADIO_OFF - RUIM not loaded

D/CDMA    (  403): [CdmaLteSST] getOtasp: state=3

D/CDMA    (  403): [CdmaDCT] Data not allowed due to - psState= 1 - radioState= RADIO_OFF - RUIM not loaded

D/RIL[V]  (  113): RX: IPC_NET_CMD(0x08)	IPC_NET_REGIST(0x05)	IPC_CMD_RESP(0x02)		[ FF 04 01 00 00 00 00 00 00 00 00 ... ]

D/RIL[V]  (  113): TX: IPC_NET_CMD(0x08)	IPC_NET_REGIST(0x05)	IPC_CMD_GET(0x02)		[ FF 03 ]

D/RILJ    (  403): [1910]< VOICE_REGISTRATION_STATE {0, null, null, 0, 0, 0, 1, 0, 0, 0, 64, 1, 68, 0}

D/CDMA    (  403): [CdmaLteSST] getOtasp: state=3

D/CDMA    (  403): [CdmaDCT] Data not allowed due to - psState= 1 - radioState= RADIO_OFF - RUIM not loaded

D/CDMA    (  403): [CdmaLteSST] getOtasp: state=3

D/CDMA    (  403): [CdmaDCT] Data not allowed due to - psState= 1 - radioState= RADIO_OFF - RUIM not loaded

D/CDMA    (  403): [CdmaLteSST] getOtasp: state=3

D/CDMA    (  403): [CdmaDCT] Data not allowed due to - psState= 1 - radioState= RADIO_OFF - RUIM not loaded

D/CDMA    (  403): [CdmaLteSST] getOtasp: state=3

D/CDMA    (  403): [CdmaDCT] Data not allowed due to - psState= 1 - radioState= RADIO_OFF - RUIM not loaded

D/RIL[V]  (  113): RX: IPC_NET_CMD(0x08)	IPC_NET_REGIST(0x05)	IPC_CMD_RESP(0x02)		[ FF 04 01 00 00 00 00 00 00 00 00 ... ]

D/CDMA    (  403): [CdmaLteSST] getOtasp: state=3

D/CDMA    (  403): [CdmaDCT] Data not allowed due to - psState= 1 - radioState= RADIO_OFF - RUIM not loaded

D/CDMA    (  403): [CdmaLteSST] getOtasp: state=3

D/CDMA    (  403): [CdmaDCT] Data not allowed due to - psState= 1 - radioState= RADIO_OFF - RUIM not loaded

D/RILJ    (  403): [1911]< DATA_REGISTRATION_STATE {0, null, null, 14, 0, 1}

D/CDMA    (  403): [CDMALTEPhone] getDataConnectionState apnType=default ret=CONNECTED

D/CDMA    (  403): [CdmaDCT] cleanUpConnection: teardown, call conn.disconnect

D/CDMA    (  403): [CdmaDCT] [DataConnection] Stop poll NetStat

D/CDMA    (  403): [CdmaDC-42] DcDefaultState: msg.what=EVENT_DISCONNECT

D/CDMA    (  403): [CdmaDC-42] NotifyDisconnectCompleted DisconnectParams=com.android.internal.telephony.DataConnection$DisconnectParams@418322a8

D/CDMA    (  403): [CdmaLteSST] RIL_REQUEST_OPERATOR.response[2], the numeric,  is bad. Using SystemProperties 'ro.cdma.home.operator.numeric'= 310004

D/CDMA    (  403): Event EVENT_POLL_CALLS_RESULT Received

D/CDMA    (  403): [CdmaCallTracker] update phone state, old=IDLE new=IDLE

D/CDMA    (  403): [CDMALTEPhone] getDataConnectionState apnType=default ret=CONNECTED

D/CDMA    (  403): [CdmaLteSST] handleMessage EVENT_POLL_STATE_GPRS

D/CDMA    (  403): [CdmaLteSST] handlePollStateResultMessage: EVENT_POLL_STATE_GPRS

D/CDMA    (  403): [CdmaLteSST] Set CDMA Roaming Indicator to: 64. mCdmaRoaming = false, isPrlLoaded = true. namMatch = true , mIsInPrl = true, mRoamingIndicator = 64, mDefaultRoamingIndicator= 68

D/CDMA    (  403): [CdmaLteSST] pollStateDone CDMA STATE_IN_SERVICE newNetworkType = 0 mNewDataConnectionState = 1

D/CDMA    (  403): [CdmaLteSST] pollStateDone: oldSS=[3 home Searching for Service null null  Unknown:0 CSS not supported -1 -1 RoamInd=-1 DefRoamInd=-1 EmergOnly=false] newSS=[1 home   310004  Unknown:0 CSS not supported 0 0 RoamInd=64 DefRoamInd=68 EmergOnly=false]

D/CDMA    (  403): [CdmaLteSST] pollStateDone: hasRegistered=false hasDeegistered=false hasCdmaDataConnectionAttached=false hasCdmaDataConnectionDetached=false hasCdmaDataConnectionChanged=false hasNetworkTypeChanged = false hasChanged=true hasRoamingOn=false hasRoamingOff=false hasLocationChanged=true has4gHandoff = false hasMultiApnSupport=false hasLostMultiApnSupport=false

D/CDMA    (  403): [CDMALTEPhone] getDataConnectionState apnType=default ret=CONNECTED

D/CDMA    (  403): [CdmaDCT] CdmaDCT handleMessage msg={ what=270351 when=-26ms obj=android.os.AsyncResult@418a4c68 }

D/CDMA    (  403): [CdmaDCT] DataConnectoinTracker.handleMessage: EVENT_DISCONNECT_DONE msg={ what=270351 when=-26ms obj=android.os.AsyncResult@418a4c68 }

D/CDMA    (  403): [CdmaDCT] EVENT_DISCONNECT_DONE connId=0

D/CDMA    (  403): [CdmaDCT] setState: IDLE

D/CDMA    (  403): [CDMALTEPhone] getDataConnectionState apnType=default ret=DISCONNECTED

D/CDMA    (  403): [CdmaLteSST] getOtasp: state=3

D/CDMA    (  403): [CdmaDCT] Data not allowed due to - psState= 1 - radioState= RADIO_OFF - RUIM not loaded

D/CDMA    (  403): [CdmaLteSST] getOtasp: state=3

D/CDMA    (  403): [CdmaDCT] Data not allowed due to - psState= 1 - radioState= RADIO_OFF - RUIM not loaded

D/CDMA    (  403): [CdmaDCT] notifyOffApnsOfAvailability - reason= null

D/CDMA    (  403): [CdmaLteSST] getOtasp: state=3

D/CDMA    (  403): [CdmaDCT] Data not allowed due to - psState= 1 - radioState= RADIO_OFF - RUIM not loaded

D/CDMA    (  403): [CdmaLteSST] getOtasp: state=3

D/CDMA    (  403): [CdmaDCT] Data not allowed due to - psState= 1 - radioState= RADIO_OFF - RUIM not loaded

D/CDMA    (  403): [CdmaLteSST] getOtasp: state=3

D/CDMA    (  403): [CdmaDCT] Data not allowed due to - psState= 1 - radioState= RADIO_OFF - RUIM not loaded

D/CDMA    (  403): [CdmaLteSST] getOtasp: state=3

D/CDMA    (  403): [CdmaDCT] Data not allowed due to - psState= 1 - radioState= RADIO_OFF - RUIM not loaded

D/CDMA    (  403): [CDMALTEPhone] getDataConnectionState apnType=default ret=DISCONNECTED

D/CDMA    (  403): [CdmaLteSST] getOtasp: state=3

D/CDMA    (  403): [CdmaDCT] Data not allowed due to - psState= 1 - radioState= RADIO_OFF - RUIM not loaded

D/CDMA    (  403): [CdmaLteSST] getOtasp: state=3

D/CDMA    (  403): [CdmaDCT] Data not allowed due to - psState= 1 - radioState= RADIO_OFF - RUIM not loaded

D/CDMA    (  403): [CdmaLteSST] getOtasp: state=3

D/CDMA    (  403): [CdmaDCT] Data not allowed due to - psState= 1 - radioState= RADIO_OFF - RUIM not loaded

D/CDMA    (  403): [CdmaLteSST] getOtasp: state=3

D/CDMA    (  403): [CdmaDCT] Data not allowed due to - psState= 1 - radioState= RADIO_OFF - RUIM not loaded

D/CDMA    (  403): [CDMALTEPhone] getDataConnectionState apnType=default ret=DISCONNECTED

D/CDMA    (  403): [CdmaLteSST] getOtasp: state=3

D/CDMA    (  403): [CdmaDCT] Data not allowed due to - psState= 1 - radioState= RADIO_OFF - RUIM not loaded

D/CDMA    (  403): [CdmaLteSST] getOtasp: state=3

D/CDMA    (  403): [CdmaDCT] Data not allowed due to - psState= 1 - radioState= RADIO_OFF - RUIM not loaded

D/CDMA    (  403): [CDMALTEPhone] getDataConnectionState apnType=default ret=DISCONNECTED

D/CDMA    (  403): [CdmaLteSST] getOtasp: state=3

D/CDMA    (  403): [CdmaDCT] Data not allowed due to - psState= 1 - radioState= RADIO_OFF - RUIM not loaded

D/CDMA    (  403): [CdmaLteSST] getOtasp: state=3

D/CDMA    (  403): [CdmaDCT] Data not allowed due to - psState= 1 - radioState= RADIO_OFF - RUIM not loaded

D/CDMA    (  403): [CDMALTEPhone] getDataConnectionState apnType=default ret=DISCONNECTED

D/CDMA    (  403): [CdmaLteSST] getOtasp: state=3

D/CDMA    (  403): [CdmaDCT] Data not allowed due to - psState= 1 - radioState= RADIO_OFF - RUIM not loaded

D/CDMA    (  403): [CdmaLteSST] getOtasp: state=3

D/CDMA    (  403): [CdmaDCT] Data not allowed due to - psState= 1 - radioState= RADIO_OFF - RUIM not loaded

D/CDMA    (  403): [CdmaDCT] Data Connection activate failed. Scheduling next attempt for 5s

D/CDMA    (  403): [CDMALTEPhone] getDataConnectionState apnType=default ret=DISCONNECTED

D/CDMA    (  403): [CDMALTEPhone] getDataConnectionState apnType=default ret=DISCONNECTED

D/CDMA    (  403): [CDMALTEPhone] getDataConnectionState apnType=default ret=DISCONNECTED

D/CDMA    (  403): [CDMALTEPhone] getDataConnectionState apnType=default ret=DISCONNECTED

D/CDMA    (  403): [CDMALTEPhone] getDataConnectionState apnType=default ret=DISCONNECTED

D/CDMA    (  403): [CDMALTEPhone] getDataConnectionState apnType=default ret=DISCONNECTED

D/CDMA    (  403): [CDMALTEPhone] getDataConnectionState apnType=default ret=DISCONNECTED

D/CDMA    (  403): [CDMALTEPhone] getDataConnectionState apnType=default ret=DISCONNECTED

D/CDMA    (  403): [CDMALTEPhone] getDataConnectionState apnType=default ret=DISCONNECTED

D/CDMA    (  403): [CDMALTEPhone] getDataConnectionState apnType=default ret=DISCONNECTED

D/CDMA    (  403): [CDMALTEPhone] getDataConnectionState apnType=default ret=DISCONNECTED

D/CDMA    (  403): [CDMALTEPhone] getDataConnectionState apnType=default ret=DISCONNECTED

D/CDMA    (  403): [CDMALTEPhone] getDataConnectionState apnType=default ret=DISCONNECTED

D/CDMA    (  403): [CDMALTEPhone] getDataConnectionState apnType=default ret=DISCONNECTED

D/CDMA    (  403): [CDMALTEPhone] getDataConnectionState apnType=default ret=DISCONNECTED

D/CDMA    (  403): [CDMALTEPhone] getDataConnectionState apnType=default ret=DISCONNECTED

D/CDMA    (  403): [CDMALTEPhone] getDataConnectionState apnType=default ret=DISCONNECTED

D/CDMA    (  403): [CDMALTEPhone] getDataConnectionState apnType=default ret=DISCONNECTED

D/CDMA    (  403): [CDMALTEPhone] getDataConnectionState apnType=default ret=DISCONNECTED

D/CDMA    (  403): [CDMALTEPhone] getDataConnectionState apnType=default ret=DISCONNECTED

D/CDMA    (  403): [CDMALTEPhone] getDataConnectionState apnType=default ret=DISCONNECTED

D/CDMA    (  403): [CdmaDCT] onReceive: action=com.android.internal.telephony.cdma-reconnect

D/CDMA    (  403): [CdmaDCT] Reconnect alarm. Previous state was IDLE

D/CDMA    (  403): [CdmaDCT] CdmaDCT handleMessage msg={ what=270339 when=-1ms }

D/CDMA    (  403): [CdmaDCT] ***trySetupData due to (unspecified)

D/CDMA    (  403): [CdmaLteSST] getOtasp: state=3

D/CDMA    (  403): [CdmaDCT] Data not allowed due to - psState= 1 - radioState= RADIO_OFF - RUIM not loaded

D/CDMA    (  403): [CdmaDCT] notifyOffApnsOfAvailability - reason= null

D/CDMA    (  403): [CdmaLteSST] getOtasp: state=3

D/CDMA    (  403): [CdmaDCT] Data not allowed due to - psState= 1 - radioState= RADIO_OFF - RUIM not loaded

D/CDMA    (  403): [CdmaLteSST] getOtasp: state=3

D/CDMA    (  403): [CdmaDCT] Data not allowed due to - psState= 1 - radioState= RADIO_OFF - RUIM not loaded

D/CDMA    (  403): [CdmaLteSST] getOtasp: state=3

D/CDMA    (  403): [CdmaDCT] Data not allowed due to - psState= 1 - radioState= RADIO_OFF - RUIM not loaded

D/CDMA    (  403): [CdmaLteSST] getOtasp: state=3

D/CDMA    (  403): [CdmaDCT] Data not allowed due to - psState= 1 - radioState= RADIO_OFF - RUIM not loaded

D/CDMA    (  403): [CDMALTEPhone] getDataConnectionState apnType=default ret=DISCONNECTED

D/CDMA    (  403): [CdmaLteSST] getOtasp: state=3

D/CDMA    (  403): [CdmaDCT] Data not allowed due to - psState= 1 - radioState= RADIO_OFF - RUIM not loaded

D/CDMA    (  403): [CdmaLteSST] getOtasp: state=3

D/CDMA    (  403): [CdmaDCT] Data not allowed due to - psState= 1 - radioState= RADIO_OFF - RUIM not loaded

D/CDMA    (  403): [CDMALTEPhone] getDataConnectionState apnType=default ret=DISCONNECTED

D/CDMA    (  403): [CdmaLteSST] getOtasp: state=3

D/CDMA    (  403): [CdmaDCT] Data not allowed due to - psState= 1 - radioState= RADIO_OFF - RUIM not loaded

D/CDMA    (  403): [CdmaLteSST] getOtasp: state=3

D/CDMA    (  403): [CdmaDCT] Data not allowed due to - psState= 1 - radioState= RADIO_OFF - RUIM not loaded

D/CDMA    (  403): [CdmaLteSST] getOtasp: state=3

D/CDMA    (  403): [CdmaDCT] Data not allowed due to - psState= 1 - radioState= RADIO_OFF - RUIM not loaded

D/CDMA    (  403): [CdmaLteSST] getOtasp: state=3

D/CDMA    (  403): [CdmaDCT] Data not allowed due to - psState= 1 - radioState= RADIO_OFF - RUIM not loaded

D/CDMA    (  403): [CDMALTEPhone] getDataConnectionState apnType=default ret=DISCONNECTED

D/CDMA    (  403): [CdmaLteSST] getOtasp: state=3

D/CDMA    (  403): [CdmaDCT] Data not allowed due to - psState= 1 - radioState= RADIO_OFF - RUIM not loaded

D/CDMA    (  403): [CdmaLteSST] getOtasp: state=3

D/CDMA    (  403): [CdmaDCT] Data not allowed due to - psState= 1 - radioState= RADIO_OFF - RUIM not loaded

D/CDMA    (  403): [CDMALTEPhone] getDataConnectionState apnType=default ret=DISCONNECTED

D/CDMA    (  403): [CdmaLteSST] getOtasp: state=3

D/CDMA    (  403): [CdmaDCT] Data not allowed due to - psState= 1 - radioState= RADIO_OFF - RUIM not loaded

D/CDMA    (  403): [CdmaLteSST] getOtasp: state=3

D/CDMA    (  403): [CdmaDCT] Data not allowed due to - psState= 1 - radioState= RADIO_OFF - RUIM not loaded

D/CDMA    (  403): [CDMALTEPhone] getDataConnectionState apnType=default ret=DISCONNECTED

D/CDMA    (  403): [CDMALTEPhone] getDataConnectionState apnType=default ret=DISCONNECTED

D/CDMA    (  403): [CDMALTEPhone] getDataConnectionState apnType=default ret=DISCONNECTED

D/RIL[V]  (  113): RX: IPC_PWR_CMD(0x01)	IPC_PWR_PHONE_STATE(0x07)	IPC_CMD_NOTI(0x03)		[ 03 ]

D/RIL[V]  (  113): RX: IPC_SEC_CMD(0x05)	IPC_SEC_SIM_ICC_TYPE(0x07)	IPC_CMD_NOTI(0x03)		[ 03 ]

D/RIL[V]  (  113): RX: IPC_SEC_CMD(0x05)	IPC_SEC_PIN_STATUS(0x01)	IPC_CMD_NOTI(0x03)		[ 82 00 ]

D/RIL[V]  (  113): Got the CDMA SIM status notification

D/RIL[C]  (  113): currentState(): state(4) = CDMA [6] + LTE [4]

D/RILJ    (  403): [UNSL]< UNSOL_RESPONSE_RADIO_STATE_CHANGED SIM_READY

D/RILB    (  403): Notifying: SIM ready

D/RILJ    (  403): [1913]> OPERATOR

D/RILB    (  403): getLteOnCdmaMode=1 curVal=1 product_type='' lteOnCdmaProductType=''

D/RILB    (  403): getLteOnCdmaMode=1 curVal=1 product_type='' lteOnCdmaProductType=''

D/RILB    (  403): getLteOnCdmaMode=1 curVal=1 product_type='' lteOnCdmaProductType=''

D/RILB    (  403): getLteOnCdmaMode=1 curVal=1 product_type='' lteOnCdmaProductType=''

D/RILB    (  403): getLteOnCdmaMode=1 curVal=1 product_type='' lteOnCdmaProductType=''

D/RILJ    (  403): [1914]> VOICE_REGISTRATION_STATE

D/RIL[V]  (  113): TX: IPC_NET_CMD(0x08)	IPC_NET_MODE_SEL(0x0A)	IPC_CMD_SET(0x03)		[ 01 ]

D/CDMA    (  403): [CdmaLteSST] pollState: network mode here is = 7

D/RILJ    (  403): [1915]> DATA_REGISTRATION_STATE

D/CDMA    (  403): [CdmaLteSST] handleMessage EVENT_SIM_READY

D/RILJ    (  403): [1916]> OPERATOR

D/RIL[L]  (  113): TX: IPC_NET_CMD(0x08)	IPC_NET_REGIST(0x05)	IPC_CMD_GET(0x02)		[ FF 03 ]

D/RIL[V]  (  113): RX: IPC_MISC_CMD(0x0A)	IPC_MISC_PHONE_DEBUG(0x08)	IPC_CMD_NOTI(0x03)		[ [MMC] MCC Global State Mode 1... ]

D/RIL[V]  (  113): RX: IPC_GEN_CMD(0x80)	IPC_GEN_PHONE_RES(0x01)	IPC_CMD_RESP(0x02)		[ 08 0A 00 80 ]

D/RIL[V]  (  113): RX: IPC_NET_CMD(0x08)	IPC_NET_MODE_SEL(0x0A)	IPC_CMD_NOTI(0x03)		[ 01 ]

D/RIL[V]  (  113): TX: IPC_NET_CMD(0x08)	IPC_NET_SERVING_NETWORK(0x03)	IPC_CMD_GET(0x02)		[ ]

D/RILJ    (  403): [1917]> VOICE_REGISTRATION_STATE

D/CDMA    (  403): [CdmaLteSST] pollState: network mode here is = 7

D/RILJ    (  403): [1918]> DATA_REGISTRATION_STATE

D/CDMA    (  403): loadEriFileFromXml: check for alternate file

D/CDMA    (  403): loadEriFileFromXml: no alternate file

D/CDMA    (  403): loadEriFileFromXml: open normal file

D/RIL[V]  (  113): RX: IPC_MISC_CMD(0x0A)	IPC_MISC_PHONE_DEBUG(0x08)	IPC_CMD_NOTI(0x03)		[ [MMC] MMC OVERALL STATE IS 1... ]

D/CDMA    (  403): loadEriFileFromXml: eri parsing successful, file loaded

D/CDMA    (  403): [CDMALTEPhone] ERI read, notify registrants

D/CDMA    (  403): [IccCard] Broadcasting intent ACTION_SIM_STATE_CHANGED READY reason null

D/RIL[V]  (  113): RX: IPC_MISC_CMD(0x0A)	IPC_MISC_PHONE_DEBUG(0x08)	IPC_CMD_NOTI(0x03)		[ [C2L 42] C2L_START_GMSS_REQ... ]

D/RIL[V]  (  113): RX: IPC_NET_CMD(0x08)	IPC_NET_SERVING_NETWORK(0x03)	IPC_CMD_RESP(0x02)		[ 01 01 FF 01 01 01 01 01 23 11 00 ... ]

D/RILJ    (  403): [1913]< OPERATOR {, , }

D/RIL[V]  (  113): TX: IPC_NET_CMD(0x08)	IPC_NET_REGIST(0x05)	IPC_CMD_GET(0x02)		[ FF 02 ]

D/RIL[V]  (  113): RX: IPC_SMS_CMD(0x04)	IPC_SMS_DEVICE_READY(0x07)	IPC_CMD_NOTI(0x03)		[ ]

D/RILJ    (  403): [1919]> GET_IMSI

D/RIL[V]  (  113): RX: IPC_NET_CMD(0x08)	IPC_NET_REGIST(0x05)	IPC_CMD_RESP(0x02)		[ FF 04 01 00 00 00 00 00 00 00 00 ... ]

D/RILJ    (  403): [1914]< VOICE_REGISTRATION_STATE {0, null, null, 0, 0, 0, 1, 0, 0, 0, 64, 1, 68, 0}

D/RIL[V]  (  113): TX: IPC_NET_CMD(0x08)	IPC_NET_REGIST(0x05)	IPC_CMD_GET(0x02)		[ FF 03 ]

D/RILJ    (  403): [1920]> iccIO: SIM_IO 0xc0 0x2fe2  path: 3F00,0,0,15

D/RIL[V]  (  113): RX: IPC_NET_CMD(0x08)	IPC_NET_REGIST(0x05)	IPC_CMD_RESP(0x02)		[ FF 04 01 00 00 00 00 00 00 00 00 ... ]

D/RIL[V]  (  113): TX: IPC_NET_CMD(0x08)	IPC_NET_SERVING_NETWORK(0x03)	IPC_CMD_GET(0x02)		[ ]

D/RIL[L]  (  113): TX: IPC_MISC_CMD(0x0A)	IPC_MISC_ME_IMSI(0x02)	IPC_CMD_GET(0x02)		[ ]

D/RIL[V]  (  113): RX: IPC_NET_CMD(0x08)	IPC_NET_SERVING_NETWORK(0x03)	IPC_CMD_RESP(0x02)		[ 01 01 FF 01 01 01 01 01 23 11 00 ... ]

D/RILJ    (  403): [1916]< OPERATOR {, , }

D/RIL[V]  (  113): TX: IPC_NET_CMD(0x08)	IPC_NET_REGIST(0x05)	IPC_CMD_GET(0x02)		[ FF 02 ]

D/RILJ    (  403): [1921]> iccIO: SIM_IO 0xc0 0x6fad  path: 3F007F20,0,0,15

D/RILJ    (  403): [1922]> iccIO: SIM_IO 0xc0 0x2f05  path: 3F00,0,0,15

D/RIL[L]  (  113): TX: IPC_SEC_CMD(0x05)	IPC_SEC_RSIM_ACCESS(0x05)	IPC_CMD_GET(0x02)		[ C0 00 E2 2F 00 00 0F ]

D/RILJ    (  403): [1923]> iccIO: SIM_IO 0xc0 0x6f40  path: 3F007F10,0,0,15

D/RIL[V]  (  113): RX: IPC_NET_CMD(0x08)	IPC_NET_REGIST(0x05)	IPC_CMD_RESP(0x02)		[ FF 04 01 00 00 00 00 00 00 00 00 ... ]

D/RILJ    (  403): [1917]< VOICE_REGISTRATION_STATE {0, null, null, 0, 0, 0, 1, 0, 0, 0, 64, 1, 68, 0}

D/RIL[V]  (  113): TX: IPC_NET_CMD(0x08)	IPC_NET_REGIST(0x05)	IPC_CMD_GET(0x02)		[ FF 03 ]

D/RILJ    (  403): [1924]> iccIO: SIM_IO 0xc0 0x6f3a  path: 3F007F25,0,0,15

D/RILJ    (  403): [1925]> iccIO: SIM_IO 0xc0 0x6f41  path: 3F007F25,0,0,15

D/RIL[V]  (  113): TX: IPC_SEC_CMD(0x05)	IPC_SEC_RSIM_ACCESS(0x05)	IPC_CMD_GET(0x02)		[ C0 3A 6F 00 00 0F ]

D/RILJ    (  403): [1926]> iccIO: SIM_IO 0xc0 0x6f44  path: 3F007F25,0,0,15

D/RIL[V]  (  113): RX: IPC_NET_CMD(0x08)	IPC_NET_REGIST(0x05)	IPC_CMD_RESP(0x02)		[ FF 04 01 00 00 00 00 00 00 00 00 ... ]

D/RILJ    (  403): [1927]> iccIO: SIM_IO 0xc0 0x6f22  path: 3F007F25,0,0,15

D/RILJ    (  403): [1928]> iccIO: SIM_IO 0xc0 0x6f28  path: 3F007F25,0,0,15

D/RILJ    (  403): [1929]> iccIO: SIM_IO 0xb0 0x6f5a  path: 3F007F25,0,0,4

D/RILJ    (  403): [1930]> iccIO: SIM_IO 0xc0 0x6f02  path: 3F007FFF,0,0,15

D/RILJ    (  403): [1931]> iccIO: SIM_IO 0xc0 0x6f04  path: 3F007FFF,0,0,15

D/RILJ    (  403): [1932]> iccIO: SIM_IO 0xc0 0x6f03  path: 3F007FFF,0,0,15

D/RILJ    (  403): [1933]> GET_SIM_STATUS

D/RILJ    (  403): [1934]> QUERY_FACILITY_LOCK

D/RILJ    (  403): [1935]> QUERY_FACILITY_LOCK

D/RILJ    (  403): [1936]> RIL_REQUEST_REPORT_STK_SERVICE_IS_RUNNING

D/CDMA    (  403): [CdmaLteSST] [CdmaServiceStateTracker] ERI file has been loaded, repolling.

D/RILJ    (  403): [1937]> OPERATOR

D/RILJ    (  403): [1936]< RIL_REQUEST_REPORT_STK_SERVICE_IS_RUNNING error: com.android.internal.telephony.CommandException: REQUEST_NOT_SUPPORTED

D/RILJ    (  403): [1938]> VOICE_REGISTRATION_STATE

D/RIL[V]  (  113): TX: IPC_NET_CMD(0x08)	IPC_NET_SERVING_NETWORK(0x03)	IPC_CMD_GET(0x02)		[ ]

D/CDMA    (  403): [CdmaLteSST] pollState: network mode here is = 7

D/RILJ    (  403): [1939]> DATA_REGISTRATION_STATE

D/RIL[V]  (  113): RX: IPC_NET_CMD(0x08)	IPC_NET_SERVING_NETWORK(0x03)	IPC_CMD_RESP(0x02)		[ 01 01 FF 01 01 01 01 01 23 11 00 ... ]

D/RILJ    (  403): [1937]< OPERATOR {, , }

D/CDMA    (  403): [CdmaLteSST] RIL_REQUEST_OPERATOR.response[2], the numeric,  is bad. Using SystemProperties 'ro.cdma.home.operator.numeric'= 310004

D/RIL[V]  (  113): TX: IPC_NET_CMD(0x08)	IPC_NET_REGIST(0x05)	IPC_CMD_GET(0x02)		[ FF 02 ]

D/RIL[V]  (  113): RX: IPC_MISC_CMD(0x0A)	IPC_MISC_PHONE_DEBUG(0x08)	IPC_CMD_NOTI(0x03)		[ [L2C 14] L2C_GMSS_START_CNF... ]

D/RIL[V]  (  113): RX: IPC_MISC_CMD(0x0A)	IPC_MISC_PHONE_DEBUG(0x08)	IPC_CMD_NOTI(0x03)		[ [MMC] MMC OVERALL STATE IS 2... ]

D/RIL[V]  (  113): RX: IPC_NET_CMD(0x08)	IPC_NET_REGIST(0x05)	IPC_CMD_RESP(0x02)		[ FF 04 01 00 00 00 00 00 00 00 00 ... ]

D/RILJ    (  403): [1938]< VOICE_REGISTRATION_STATE {0, null, null, 0, 0, 0, 1, 0, 0, 0, 64, 1, 68, 0}

D/RIL[V]  (  113): TX: IPC_NET_CMD(0x08)	IPC_NET_REGIST(0x05)	IPC_CMD_GET(0x02)		[ FF 03 ]

D/RIL[V]  (  113): RX: IPC_NET_CMD(0x08)	IPC_NET_REGIST(0x05)	IPC_CMD_RESP(0x02)		[ FF 04 01 00 00 00 00 00 00 00 00 ... ]

D/RIL[V]  (  113): RX: IPC_MISC_CMD(0x0A)	IPC_MISC_PHONE_DEBUG(0x08)	IPC_CMD_NOTI(0x03)		[ [MMC] OOSA state 1... ]

D/RIL[L]  (  113): RX: IPC_MISC_CMD(0x0A)	IPC_MISC_PHONE_DEBUG(0x08)	IPC_CMD_NOTI(0x03)		[ C2L_CP_READY_IND [1]@x]

E/RIL[V]  (  113): record_phone_debug_msg: stat failed. No such file or directory.

E/RIL[V]  (  113): Can't open /data/log/dumpstate_cp_debug.log. No such file or directory

D/RIL[L]  (  113): RX: IPC_MISC_CMD(0x0A)	IPC_MISC_PHONE_DEBUG(0x08)	IPC_CMD_NOTI(0x03)		[ L2C_LTE_READY_IND]

E/RIL[V]  (  113): record_phone_debug_msg: stat failed. No such file or directory.

E/RIL[V]  (  113): Can't open /data/log/dumpstate_cp_debug.log. No such file or directory

D/RIL[L]  (  113): RX: IPC_MISC_CMD(0x0A)	IPC_MISC_ME_IMSI(0x02)	IPC_CMD_RESP(0x02)		[ 0F 33 31 31 34 38 30 30 31 30 35 ... ]

D/RILJ    (  403): [1919]< GET_IMSI 

D/GSM     (  403): IMSI: xxxxxxx

D/CDMA    (  403): [IccCard] Broadcasting intent ACTION_SIM_STATE_CHANGED IMSI reason null

D/RIL[L]  (  113): internalAttachLTE()

D/RIL[L]  (  113): requestSetupDefaultPDPLTE() is_attach 1

D/RIL[L]  (  113): requestSetupDefaultPDPLTE(): cid(1) iptype(3) pcscfflag(1) apn(VZWIMS) con_type(IPV4V6)

D/RIL[L]  (  113): TX: IPC_GPRS_CMD(0x0D)	IPC_GPRS_DEFINE_PDP_CONTEXT(0x01)	IPC_CMD_SET(0x03)		[ 01 01 06 56 5A 57 49 4D 53 00 00 ... ]

D/RIL[L]  (  113): RX: IPC_NET_CMD(0x08)	IPC_NET_REGIST(0x05)	IPC_CMD_RESP(0x02)		[ 21 03 01 00 00 00 00 00 00 00 00 ... ]

D/RILJ    (  403): [1915]< DATA_REGISTRATION_STATE {0, null, null, 14, 0, 1}

D/CDMA    (  403): [CdmaLteSST] handleMessage EVENT_POLL_STATE_GPRS

D/RIL[L]  (  113): TX: IPC_NET_CMD(0x08)	IPC_NET_REGIST(0x05)	IPC_CMD_GET(0x02)		[ FF 03 ]

D/RIL[L]  (  113): RX: IPC_GEN_CMD(0x80)	IPC_GEN_PHONE_RES(0x01)	IPC_CMD_RESP(0x02)		[ 0D 01 03 00 80 ]

D/RIL[L]  (  113): requestSetupDefaultPDPLTE() is_attach 1

D/RIL[L]  (  113): requestSetupDefaultPDPLTE(): cid(1) iptype(3) pcscfflag(1) apn(VZWIMS) con_type(IPV4V6)

D/RIL[L]  (  113): RX: IPC_NET_CMD(0x08)	IPC_NET_REGIST(0x05)	IPC_CMD_RESP(0x02)		[ 21 03 01 00 00 00 00 00 00 00 00 ... ]

D/RILJ    (  403): [1918]< DATA_REGISTRATION_STATE {0, null, null, 14, 0, 1}

D/CDMA    (  403): [CdmaLteSST] handleMessage EVENT_POLL_STATE_GPRS

D/RIL[L]  (  113): TX: IPC_NET_CMD(0x08)	IPC_NET_REGIST(0x05)	IPC_CMD_GET(0x02)		[ FF 03 ]

D/RIL[L]  (  113): RX: IPC_MISC_CMD(0x0A)	IPC_MISC_PHONE_DEBUG(0x08)	IPC_CMD_NOTI(0x03)		[ Start 1st PDN request (attach)... ]

E/RIL[V]  (  113): record_phone_debug_msg: stat failed. No such file or directory.

E/RIL[V]  (  113): Can't open /data/log/dumpstate_cp_debug.log. No such file or directory

D/RIL[L]  (  113): RX: IPC_MISC_CMD(0x0A)	IPC_MISC_PHONE_DEBUG(0x08)	IPC_CMD_NOTI(0x03)		[ Wait Attach triggering s: [5]... ]

E/RIL[V]  (  113): record_phone_debug_msg: stat failed. No such file or directory.

E/RIL[V]  (  113): Can't open /data/log/dumpstate_cp_debug.log. No such file or directory

D/RIL[L]  (  113): RX: IPC_NET_CMD(0x08)	IPC_NET_REGIST(0x05)	IPC_CMD_RESP(0x02)		[ 21 03 01 00 00 00 00 00 00 00 00 ... ]

D/RILJ    (  403): [1939]< DATA_REGISTRATION_STATE {0, null, null, 14, 0, 1}

D/CDMA    (  403): [CdmaLteSST] handleMessage EVENT_POLL_STATE_GPRS

D/CDMA    (  403): [CdmaLteSST] handlePollStateResultMessage: EVENT_POLL_STATE_GPRS

D/CDMA    (  403): [CdmaLteSST] Set CDMA Roaming Indicator to: 64. mCdmaRoaming = false, isPrlLoaded = true. namMatch = true , mIsInPrl = true, mRoamingIndicator = 64, mDefaultRoamingIndicator= 68

D/CDMA    (  403): [CdmaLteSST] pollStateDone CDMA STATE_IN_SERVICE newNetworkType = 0 mNewDataConnectionState = 1

D/CDMA    (  403): [CdmaLteSST] pollStateDone: oldSS=[1 home Searching for Service  310004  Unknown:0 CSS not supported 0 0 RoamInd=64 DefRoamInd=68 EmergOnly=false] newSS=[1 home   310004  Unknown:0 CSS not supported 0 0 RoamInd=64 DefRoamInd=68 EmergOnly=false]

D/CDMA    (  403): [CdmaLteSST] pollStateDone: hasRegistered=false hasDeegistered=false hasCdmaDataConnectionAttached=false hasCdmaDataConnectionDetached=false hasCdmaDataConnectionChanged=false hasNetworkTypeChanged = false hasChanged=true hasRoamingOn=false hasRoamingOff=false hasLocationChanged=false has4gHandoff = false hasMultiApnSupport=false hasLostMultiApnSupport=false

D/CDMA    (  403): [CdmaLteSST] updateSpnDisplay: changed sending intent showPlmn='true' plmn='Verizon Wireless'

D/RIL[V]  (  113): RX: IPC_MISC_CMD(0x0A)	IPC_MISC_PHONE_DEBUG(0x08)	IPC_CMD_NOTI(0x03)		[ [MMC] 1x status UPDATED 2... ]

D/RIL[V]  (  113): RX: IPC_MISC_CMD(0x0A)	IPC_MISC_PHONE_DEBUG(0x08)	IPC_CMD_NOTI(0x03)		[ [MMC] PS PRI CLASS UPDATED 0... ]

D/RIL[V]  (  113): RX: IPC_MISC_CMD(0x0A)	IPC_MISC_PHONE_DEBUG(0x08)	IPC_CMD_NOTI(0x03)		[ [MMC] MMC OVERALL STATE IS 3... ]

D/RIL[V]  (  113): RX: IPC_NET_CMD(0x08)	IPC_NET_REGIST(0x05)	IPC_CMD_NOTI(0x03)		[ 13 02 02 00 00 00 00 00 00 00 00 ... ]

D/RILJ    (  403): [UNSL]< UNSOL_RESPONSE_VOICE_NETWORK_STATE_CHANGED

D/RILJ    (  403): [1940]> OPERATOR

D/RILJ    (  403): [1941]> VOICE_REGISTRATION_STATE

